000
CDUS43 KLMK 242027 RRA
CLILEX

CLIMATE REPORT
NATIONAL WEATHER SERVICE LOUISVILLE KY
426 PM EDT WED MAY 24 2017


...................................

...THE LEXINGTON KY CLIMATE SUMMARY FOR MAY 24 2017...
VALID TODAY AS OF 0400 PM LOCAL TIME.

CLIMATE NORMAL PERIOD 1981 TO 2010
CLIMATE RECORD PERIOD 1872 TO 2017


WEATHER ITEM   OBSERVED TIME   RECORD YEAR NORMAL DEPARTURE LAST
                VALUE   (LST)  VALUE       VALUE  FROM      YEAR
                                                  NORMAL
..................................................................
TEMPERATURE (F)
 TODAY
  MAXIMUM         70    143 PM  93    1939  77     -7       81
  MINIMUM         59    634 AM  37    1925  56      3       51
  AVERAGE         65                        66     -1       66

PRECIPITATION (IN)
  TODAY            0.04          1.95 1966   0.16  -0.12     0.00
  MONTH TO DATE    4.34                      4.03   0.31     5.60
  SINCE MAR 1      9.46                     11.70  -2.24    11.70
  SINCE JAN 1     17.56                     18.10  -0.54    17.40

SNOWFALL (IN)
  TODAY            0.0          MM      MM   0.0    0.0      0.0
  MONTH TO DATE    0.0                       0.0    0.0      0.0
  SINCE MAR 1      T                         1.7   -1.7      0.7
  SINCE JUL 1      3.4                      13.0   -9.6     15.3
  SNOW DEPTH       0

DEGREE DAYS
 HEATING
  TODAY            0                         2     -2        0
  MONTH TO DATE   93                        99     -6      137
  SINCE MAR 1    755                      1017   -262      793
  SINCE JUL 1   3465                      4588  -1123     3764

 COOLING
  TODAY            0                         4     -4        1
  MONTH TO DATE   87                        53     34       22
  SINCE MAR 1    158                        75     83       50
  SINCE JAN 1    162                        75     87       50
..................................................................


WIND (MPH)
  HIGHEST WIND SPEED    15   HIGHEST WIND DIRECTION    SE (130)
  HIGHEST GUST SPEED    19   HIGHEST GUST DIRECTION     E (110)
  AVERAGE WIND SPEED     7.3


SKY COVER
  POSSIBLE SUNSHINE  MM
  AVERAGE SKY COVER 0.8


WEATHER CONDITIONS
 THE FOLLOWING WEATHER WAS RECORDED TODAY.
  RAIN
  LIGHT RAIN
  FOG


RELATIVE HUMIDITY (PERCENT)
 HIGHEST    93           100 AM
 LOWEST     68           200 PM
 AVERAGE    81

..........................................................


THE LEXINGTON KY CLIMATE NORMALS FOR TOMORROW
                         NORMAL    RECORD    YEAR
 MAXIMUM TEMPERATURE (F)   77        91      1953
 MINIMUM TEMPERATURE (F)   57        36      1925


SUNRISE AND SUNSET
MAY 24 2017...........SUNRISE   621 AM EDT   SUNSET   850 PM EDT
MAY 25 2017...........SUNRISE   621 AM EDT   SUNSET   851 PM EDT


-  INDICATES NEGATIVE NUMBERS.
R  INDICATES RECORD WAS SET OR TIED.
MM INDICATES DATA IS MISSING.
T  INDICATES TRACE AMOUNT.




$$
