000
CDUS43 KLMK 180628
CLILEX


CLIMATE REPORT
NATIONAL WEATHER SERVICE LOUISVILLE KY
128 AM EST WED JAN 18 2017


...................................

...THE LEXINGTON KY CLIMATE SUMMARY FOR JANUARY 17 2017...

CLIMATE NORMAL PERIOD 1981 TO 2010
CLIMATE RECORD PERIOD 1872 TO 2017


WEATHER ITEM   OBSERVED TIME   RECORD YEAR NORMAL DEPARTURE LAST
                VALUE   (LST)  VALUE       VALUE  FROM      YEAR
                                                  NORMAL
..................................................................
TEMPERATURE (F)
 YESTERDAY
  MAXIMUM         67R   139 PM  67    1952  41     26       36
  MINIMUM         45   1159 PM -13    1982  25     20       11
  AVERAGE         56                        33     23       24

PRECIPITATION (IN)
  YESTERDAY        1.22          1.58 1937   0.10   1.12      T
  MONTH TO DATE    3.52                      1.75   1.77     0.59
  SINCE DEC 1      9.70                      5.68   4.02     7.80
  SINCE JAN 1      3.52                      1.75   1.77     0.59

SNOWFALL (IN)
  YESTERDAY        0.0          10.0  1994   0.1   -0.1       T
  MONTH TO DATE    2.5                       2.0    0.5      0.3
  SINCE DEC 1      2.6                       4.5   -1.9      0.3
  SINCE JUL 1      2.6                       4.8   -2.2      0.3
  SNOW DEPTH       0

DEGREE DAYS
 HEATING
  YESTERDAY        9                        32    -23       41
  MONTH TO DATE  455                       544    -89      524
  SINCE DEC 1   1312                      1445   -133     1020
  SINCE JUL 1   1898                      2332   -434     1706

 COOLING
  YESTERDAY        0                         0      0        0
  MONTH TO DATE    0                         0      0        0
  SINCE DEC 1      0                         0      0        0
  SINCE JAN 1      0                         0      0        0
..................................................................


WIND (MPH)
  HIGHEST WIND SPEED    26   HIGHEST WIND DIRECTION    SW (210)
  HIGHEST GUST SPEED    37   HIGHEST GUST DIRECTION     S (200)
  AVERAGE WIND SPEED    13.7


SKY COVER
  POSSIBLE SUNSHINE  MM
  AVERAGE SKY COVER 0.8


WEATHER CONDITIONS
 THE FOLLOWING WEATHER WAS RECORDED YESTERDAY.
  HEAVY RAIN
  RAIN
  LIGHT RAIN
  FOG


RELATIVE HUMIDITY (PERCENT)
 HIGHEST    93           300 AM
 LOWEST     65           300 PM
 AVERAGE    79

..........................................................


THE LEXINGTON KY CLIMATE NORMALS FOR TODAY
                         NORMAL    RECORD    YEAR
 MAXIMUM TEMPERATURE (F)   41        72      1929
 MINIMUM TEMPERATURE (F)   25       -17      1994


SUNRISE AND SUNSET
JANUARY 18 2017.......SUNRISE   752 AM EST   SUNSET   546 PM EST
JANUARY 19 2017.......SUNRISE   751 AM EST   SUNSET   547 PM EST


-  INDICATES NEGATIVE NUMBERS.
R  INDICATES RECORD WAS SET OR TIED.
MM INDICATES DATA IS MISSING.
T  INDICATES TRACE AMOUNT.




$$
