000
CDUS44 KSHV 272245
CLILFK


CLIMATE REPORT
NATIONAL WEATHER SERVICE SHREVEPORT, LA
445 PM CST THU NOV 27 2014


...................................

...THE LUFKIN CLIMATE SUMMARY FOR NOVEMBER 27 2014...
VALID TODAY AS OF 0400 PM LOCAL TIME.

CLIMATE NORMAL PERIOD 1981 TO 2010
CLIMATE RECORD PERIOD 1906 TO 2014


WEATHER ITEM   OBSERVED TIME   RECORD YEAR NORMAL DEPARTURE LAST
                VALUE   (LST)  VALUE       VALUE  FROM      YEAR
                                                  NORMAL
..................................................................
TEMPERATURE (F)
 TODAY
  MAXIMUM         67    251 PM  87    1945  66      1       49
  MINIMUM         41    720 AM  21    1938  43     -2       29
  AVERAGE         54                        54      0       39

PRECIPITATION (IN)
  TODAY            0.00          1.95 1968   0.17  -0.17     0.00
  MONTH TO DATE    4.07                      4.51  -0.44     3.76
  SINCE DEC 1     44.89                     48.45  -3.56    44.59
  SINCE JAN 1     42.68                     44.01  -1.33    40.28

SNOWFALL (IN)
  TODAY            0.0
  MONTH TO DATE    0.0
  SINCE SEP 1      0.0
  SINCE JUL 1      0.0
  SNOW DEPTH       0

DEGREE DAYS
 HEATING
  TODAY           11                        11      0       26
  MONTH TO DATE  285                       205     80      269
  SINCE SEP 1    287                       271     16      295
  SINCE JUL 1    287                       271     16      295

 COOLING
  TODAY            0                         1     -1        0
  MONTH TO DATE   13                        37    -24       25
  SINCE SEP 1    726                       558    168      674
  SINCE JAN 1   2960                      2581    379     2841
..................................................................


WIND (MPH)
  HIGHEST WIND SPEED    13   HIGHEST WIND DIRECTION     N (20)
  HIGHEST GUST SPEED    18   HIGHEST GUST DIRECTION     N (10)
  AVERAGE WIND SPEED     5.0


SKY COVER
  POSSIBLE SUNSHINE  MM
  AVERAGE SKY COVER 0.0


WEATHER CONDITIONS
 THE FOLLOWING WEATHER WAS RECORDED TODAY.
  NO SIGNIFICANT WEATHER WAS OBSERVED.


RELATIVE HUMIDITY (PERCENT)
 HIGHEST    82           100 AM
 LOWEST     20           300 PM
 AVERAGE    51

..........................................................


THE LUFKIN CLIMATE NORMALS FOR TOMORROW
                         NORMAL    RECORD    YEAR
 MAXIMUM TEMPERATURE (F)   65        86      1945
 MINIMUM TEMPERATURE (F)   43        21      1912


SUNRISE AND SUNSET
NOVEMBER 27 2014......SUNRISE   657 AM CST   SUNSET   517 PM CST
NOVEMBER 28 2014......SUNRISE   657 AM CST   SUNSET   516 PM CST


-  INDICATES NEGATIVE NUMBERS.
R  INDICATES RECORD WAS SET OR TIED.
MM INDICATES DATA IS MISSING.
T  INDICATES TRACE AMOUNT.




$$
