000
CDUS44 KSHV 090838
CLILFK


CLIMATE REPORT
NATIONAL WEATHER SERVICE SHREVEPORT, LA
237 AM CST TUE FEB 9 2016


...................................

...THE LUFKIN CLIMATE SUMMARY FOR FEBRUARY 8 2016...

CLIMATE NORMAL PERIOD 1981 TO 2010
CLIMATE RECORD PERIOD 1906 TO 2016


WEATHER ITEM   OBSERVED TIME   RECORD YEAR NORMAL DEPARTURE LAST
                VALUE   (LST)  VALUE       VALUE  FROM      YEAR
                                                  NORMAL
..................................................................
TEMPERATURE (F)
 YESTERDAY
  MAXIMUM         58    258 PM  85    1946  62     -4       79
  MINIMUM         36    330 AM  10    1933  40     -4       56
  AVERAGE         47                        51     -4       68

PRECIPITATION (IN)
  YESTERDAY        0.00          2.26 1956   0.15  -0.15     0.00
  MONTH TO DATE    0.16                      1.11  -0.95     0.11
  SINCE DEC 1      6.68                      9.73  -3.05     9.52
  SINCE JAN 1      2.63                      5.29  -2.66     7.47

SNOWFALL (IN)
  YESTERDAY        0.0
  MONTH TO DATE    0.0
  SINCE DEC 1      0.0
  SINCE JUL 1      0.0
  SNOW DEPTH       0

DEGREE DAYS
 HEATING
  YESTERDAY       18                        14      4        0
  MONTH TO DATE  129                       116     13      109
  SINCE DEC 1    962                      1089   -127      938
  SINCE JUL 1   1147                      1396   -249     1234

 COOLING
  YESTERDAY        0                         0      0        3
  MONTH TO DATE    3                         0      3        3
  SINCE DEC 1     39                        21     18       16
  SINCE JAN 1      6                         8     -2        4
..................................................................


WIND (MPH)
  HIGHEST WIND SPEED    28   HIGHEST WIND DIRECTION     W (290)
  HIGHEST GUST SPEED    38   HIGHEST GUST DIRECTION     W (290)
  AVERAGE WIND SPEED     9.3


SKY COVER
  POSSIBLE SUNSHINE  MM
  AVERAGE SKY COVER 0.0


WEATHER CONDITIONS
 THE FOLLOWING WEATHER WAS RECORDED YESTERDAY.
  NO SIGNIFICANT WEATHER WAS OBSERVED.


RELATIVE HUMIDITY (PERCENT)
 HIGHEST    92          1200 AM
 LOWEST     15           200 PM
 AVERAGE    54

..........................................................


THE LUFKIN CLIMATE NORMALS FOR TODAY
                         NORMAL    RECORD    YEAR
 MAXIMUM TEMPERATURE (F)   63        86      1932
 MINIMUM TEMPERATURE (F)   41        10      1933


SUNRISE AND SUNSET
FEBRUARY  9 2016......SUNRISE   706 AM CST   SUNSET   601 PM CST
FEBRUARY 10 2016......SUNRISE   705 AM CST   SUNSET   602 PM CST


-  INDICATES NEGATIVE NUMBERS.
R  INDICATES RECORD WAS SET OR TIED.
MM INDICATES DATA IS MISSING.
T  INDICATES TRACE AMOUNT.




$$
