000
CDUS44 KSHV 060833
CLILFK


CLIMATE REPORT
NATIONAL WEATHER SERVICE SHREVEPORT, LA
257 AM CDT FRI MAY 6 2016


...................................

...THE LUFKIN CLIMATE SUMMARY FOR MAY 5 2016...

CLIMATE NORMAL PERIOD 1981 TO 2010
CLIMATE RECORD PERIOD 1906 TO 2016


WEATHER ITEM   OBSERVED TIME   RECORD YEAR NORMAL DEPARTURE LAST
                VALUE   (LST)  VALUE       VALUE  FROM      YEAR
                                                  NORMAL
..................................................................
TEMPERATURE (F)
 YESTERDAY
  MAXIMUM         80    359 PM  93    2010  82     -2       87
                                      1984
  MINIMUM         52    555 AM  43    2013  61     -9       65
  AVERAGE         66                        72     -6       76

PRECIPITATION (IN)
  YESTERDAY        0.00          3.78 1941   0.14  -0.14     0.03
  MONTH TO DATE    0.41                      0.69  -0.28     0.03
  SINCE DEC 1     24.30                     20.01   4.29    22.41
  SINCE JAN 1     20.25                     15.57   4.68    20.36

SNOWFALL (IN)
  YESTERDAY        0.0
  MONTH TO DATE    0.0
  SINCE MAR 1      0.0
  SINCE JUL 1      0.0
  SNOW DEPTH       0

DEGREE DAYS
 HEATING
  YESTERDAY        0                         0      0        0
  MONTH TO DATE    2                         1      1        0
  SINCE MAR 1    150                       280   -130      171
  SINCE JUL 1   1472                      1914   -442     1691

 COOLING
  YESTERDAY        1                         7     -6       11
  MONTH TO DATE   13                        32    -19       41
  SINCE MAR 1    201                       189     12      338
  SINCE JAN 1    215                       208      7      344
..................................................................


WIND (MPH)
  HIGHEST WIND SPEED    14   HIGHEST WIND DIRECTION    NW (310)
  HIGHEST GUST SPEED    22   HIGHEST GUST DIRECTION    NW (300)
  AVERAGE WIND SPEED     3.5


SKY COVER
  POSSIBLE SUNSHINE  MM
  AVERAGE SKY COVER 0.0


WEATHER CONDITIONS
 THE FOLLOWING WEATHER WAS RECORDED YESTERDAY.
  NO SIGNIFICANT WEATHER WAS OBSERVED.


RELATIVE HUMIDITY (PERCENT)
 HIGHEST   100           600 AM
 LOWEST     28           300 PM
 AVERAGE    64

..........................................................


THE LUFKIN CLIMATE NORMALS FOR TODAY
                         NORMAL    RECORD    YEAR
 MAXIMUM TEMPERATURE (F)   83        94      1984
 MINIMUM TEMPERATURE (F)   61        44      2013


SUNRISE AND SUNSET
MAY  6 2016...........SUNRISE   629 AM CDT   SUNSET   802 PM CDT
MAY  7 2016...........SUNRISE   629 AM CDT   SUNSET   803 PM CDT


-  INDICATES NEGATIVE NUMBERS.
R  INDICATES RECORD WAS SET OR TIED.
MM INDICATES DATA IS MISSING.
T  INDICATES TRACE AMOUNT.




$$
