000
CDUS44 KSHV 232248
CLILFK


CLIMATE REPORT
NATIONAL WEATHER SERVICE SHREVEPORT, LA
447 PM CST SUN NOV 23 2014


...................................

...THE LUFKIN CLIMATE SUMMARY FOR NOVEMBER 23 2014...
VALID TODAY AS OF 0400 PM LOCAL TIME.

CLIMATE NORMAL PERIOD 1981 TO 2010
CLIMATE RECORD PERIOD 1906 TO 2014


WEATHER ITEM   OBSERVED TIME   RECORD YEAR NORMAL DEPARTURE LAST
                VALUE   (LST)  VALUE       VALUE  FROM      YEAR
                                                  NORMAL
..................................................................
TEMPERATURE (F)
 TODAY
  MAXIMUM         79    232 PM  84    2010  67     12       47
                                      1973
  MINIMUM         63    857 AM  23    1975  45     18       43
  AVERAGE         71                        56     15       45

PRECIPITATION (IN)
  TODAY            0.30          5.11 1986   0.15   0.15     0.26
  MONTH TO DATE    4.07                      3.87   0.20     1.27
  SINCE DEC 1     44.89                     47.81  -2.92    42.10
  SINCE JAN 1     42.68                     43.37  -0.69    37.79

SNOWFALL (IN)
  TODAY            0.0
  MONTH TO DATE    0.0
  SINCE SEP 1      0.0
  SINCE JUL 1      0.0
  SNOW DEPTH       0

DEGREE DAYS
 HEATING
  TODAY            0                        10    -10       20
  MONTH TO DATE  240                       162     78      169
  SINCE SEP 1    242                       228     14      195
  SINCE JUL 1    242                       228     14      195

 COOLING
  TODAY            6                         1      5        0
  MONTH TO DATE   14                        33    -19       25
  SINCE SEP 1    727                       554    173      674
  SINCE JAN 1   2961                      2577    384     2841
..................................................................


WIND (MPH)
  HIGHEST WIND SPEED    21   HIGHEST WIND DIRECTION    SW (220)
  HIGHEST GUST SPEED    27   HIGHEST GUST DIRECTION    SW (210)
  AVERAGE WIND SPEED    10.1


SKY COVER
  POSSIBLE SUNSHINE  MM
  AVERAGE SKY COVER 0.7


WEATHER CONDITIONS
 THE FOLLOWING WEATHER WAS RECORDED TODAY.
  RAIN
  LIGHT RAIN
  FOG


RELATIVE HUMIDITY (PERCENT)
 HIGHEST    87          1200 AM
 LOWEST     39           300 PM
 AVERAGE    63

..........................................................


THE LUFKIN CLIMATE NORMALS FOR TOMORROW
                         NORMAL    RECORD    YEAR
 MAXIMUM TEMPERATURE (F)   67        85      1945
 MINIMUM TEMPERATURE (F)   44        22      1970


SUNRISE AND SUNSET
NOVEMBER 23 2014......SUNRISE   653 AM CST   SUNSET   517 PM CST
NOVEMBER 24 2014......SUNRISE   654 AM CST   SUNSET   517 PM CST


-  INDICATES NEGATIVE NUMBERS.
R  INDICATES RECORD WAS SET OR TIED.
MM INDICATES DATA IS MISSING.
T  INDICATES TRACE AMOUNT.




$$
