886
CDUS44 KSHV 300803
CLILFK


CLIMATE REPORT
NATIONAL WEATHER SERVICE SHREVEPORT, LA
257 AM CDT SUN APR 30 2017


...................................

...THE LUFKIN CLIMATE SUMMARY FOR APRIL 29 2017...

CLIMATE NORMAL PERIOD 1981 TO 2010
CLIMATE RECORD PERIOD 1906 TO 2017


WEATHER ITEM   OBSERVED TIME   RECORD YEAR NORMAL DEPARTURE LAST
                VALUE   (LST)  VALUE       VALUE  FROM      YEAR
                                                  NORMAL
..................................................................
TEMPERATURE (F)
 YESTERDAY
  MAXIMUM         80    244 PM  91    1990  81     -1       86
  MINIMUM         60   1159 PM  43    1916  59      1       73
  AVERAGE         70                        70      0       80

PRECIPITATION (IN)
  YESTERDAY        0.07          2.80 1953   0.11  -0.04     0.08
  MONTH TO DATE    5.69                      2.94   2.75     5.60
  SINCE DEC 1     20.57                     19.21   1.36    21.53
  SINCE JAN 1     15.66                     14.77   0.89    17.48

SNOWFALL (IN)
  YESTERDAY        0.0
  MONTH TO DATE    0.0
  SINCE MAR 1      0.0
  SINCE JUL 1      T
  SNOW DEPTH       0

DEGREE DAYS
 HEATING
  YESTERDAY        0                         1     -1        0
  MONTH TO DATE   35                        69    -34       39
  SINCE MAR 1    158                       279   -121      148
  SINCE JUL 1   1134                      1913   -779     1470

 COOLING
  YESTERDAY        5                         6     -1       15
  MONTH TO DATE  124                       111     13      119
  SINCE MAR 1    218                       152     66      177
  SINCE JAN 1    300                       171    129      191
..................................................................


WIND (MPH)
  HIGHEST WIND SPEED    24   HIGHEST WIND DIRECTION     W (260)
  HIGHEST GUST SPEED    33   HIGHEST GUST DIRECTION     W (250)
  AVERAGE WIND SPEED    13.9


SKY COVER
  POSSIBLE SUNSHINE  MM
  AVERAGE SKY COVER 1.0


WEATHER CONDITIONS
 THE FOLLOWING WEATHER WAS RECORDED YESTERDAY.
  THUNDERSTORM
  LIGHT RAIN
  FOG
  HAZE


RELATIVE HUMIDITY (PERCENT)
 HIGHEST    94           600 AM
 LOWEST     79           900 AM
 AVERAGE    87

..........................................................


THE LUFKIN CLIMATE NORMALS FOR TODAY
                         NORMAL    RECORD    YEAR
 MAXIMUM TEMPERATURE (F)   81        95      1933
 MINIMUM TEMPERATURE (F)   59        37      1908


SUNRISE AND SUNSET
APRIL 30 2017.........SUNRISE   635 AM CDT   SUNSET   758 PM CDT
MAY  1 2017...........SUNRISE   634 AM CDT   SUNSET   759 PM CDT


-  INDICATES NEGATIVE NUMBERS.
R  INDICATES RECORD WAS SET OR TIED.
MM INDICATES DATA IS MISSING.
T  INDICATES TRACE AMOUNT.




$$
