000
CDUS44 KSHV 220732
CLILFK


CLIMATE REPORT
NATIONAL WEATHER SERVICE SHREVEPORT, LA
232 AM CDT FRI MAY 22 2015


...................................

...THE LUFKIN CLIMATE SUMMARY FOR MAY 21 2015...

CLIMATE NORMAL PERIOD 1981 TO 2010
CLIMATE RECORD PERIOD 1906 TO 2015


WEATHER ITEM   OBSERVED TIME   RECORD YEAR NORMAL DEPARTURE LAST
                VALUE   (LST)  VALUE       VALUE  FROM      YEAR
                                                  NORMAL
..................................................................
TEMPERATURE (F)
 YESTERDAY
  MAXIMUM         77    128 AM  97    2005  86     -9       90
  MINIMUM         64   1159 PM  50    1960  65     -1       70
  AVERAGE         71                        76     -5       80

PRECIPITATION (IN)
  YESTERDAY       MM             2.00 1916   0.15  MM        0.00
  MONTH TO DATE    6.08                      3.03   3.05     5.35
  SINCE DEC 1     28.46                     22.35   6.11    15.80
  SINCE JAN 1     26.41                     17.91   8.50    13.59

SNOWFALL (IN)
  YESTERDAY        0.0
  MONTH TO DATE    0.0
  SINCE MAR 1      0.0
  SINCE JUL 1      T
  SNOW DEPTH      MM

DEGREE DAYS
 HEATING
  YESTERDAY        0                         0      0        0
  MONTH TO DATE    0                         1     -1       11
  SINCE MAR 1    171                       280   -109      322
  SINCE JUL 1   1691                      1914   -223     2125

 COOLING
  YESTERDAY        6                        11     -5       15
  MONTH TO DATE  249                       174     75      175
  SINCE MAR 1    546                       331    215      351
  SINCE JAN 1    552                       350    202      369
..................................................................


WIND (MPH)
  HIGHEST WIND SPEED    23   HIGHEST WIND DIRECTION    NE (50)
  HIGHEST GUST SPEED    31   HIGHEST GUST DIRECTION    NE (50)
  AVERAGE WIND SPEED     6.4


SKY COVER
  POSSIBLE SUNSHINE  MM
  AVERAGE SKY COVER 0.9


WEATHER CONDITIONS
 THE FOLLOWING WEATHER WAS RECORDED YESTERDAY.
  THUNDERSTORM
  HEAVY RAIN
  RAIN
  LIGHT RAIN
  FOG
  HAZE


RELATIVE HUMIDITY (PERCENT)
 HIGHEST    94           400 AM
 LOWEST     84           500 PM
 AVERAGE    89

..........................................................


THE LUFKIN CLIMATE NORMALS FOR TODAY
                         NORMAL    RECORD    YEAR
 MAXIMUM TEMPERATURE (F)   86        97      2005
 MINIMUM TEMPERATURE (F)   65        50      2001
                                             1919


SUNRISE AND SUNSET
MAY 22 2015...........SUNRISE   619 AM CDT   SUNSET   812 PM CDT
MAY 23 2015...........SUNRISE   619 AM CDT   SUNSET   813 PM CDT


-  INDICATES NEGATIVE NUMBERS.
R  INDICATES RECORD WAS SET OR TIED.
MM INDICATES DATA IS MISSING.
T  INDICATES TRACE AMOUNT.




$$
