000
CDUS44 KSHV 200835
CLILFK


CLIMATE REPORT
NATIONAL WEATHER SERVICE SHREVEPORT, LA
235 AM CST SAT DEC 20 2014


...................................

...THE LUFKIN CLIMATE SUMMARY FOR DECEMBER 19 2014...

CLIMATE NORMAL PERIOD 1981 TO 2010
CLIMATE RECORD PERIOD 1906 TO 2014


WEATHER ITEM   OBSERVED TIME   RECORD YEAR NORMAL DEPARTURE LAST
                VALUE   (LST)  VALUE       VALUE  FROM      YEAR
                                                  NORMAL
..................................................................
TEMPERATURE (F)
 YESTERDAY
  MAXIMUM         56   1215 AM  81    2012  60     -4       74
  MINIMUM         51   1159 PM  16    1929  39     12       47
  AVERAGE         54                        49      5       61

PRECIPITATION (IN)
  YESTERDAY        0.66          2.27 1973   0.14   0.52      T
  MONTH TO DATE    0.98                      2.81  -1.83     1.21
  SINCE DEC 1      0.98                      2.81  -1.83     1.21
  SINCE JAN 1     43.66                     47.32  -3.66    41.49

SNOWFALL (IN)
  YESTERDAY        0.0
  MONTH TO DATE    0.0
  SINCE DEC 1      0.0
  SINCE JUL 1      0.0
  SNOW DEPTH      MM

DEGREE DAYS
 HEATING
  YESTERDAY       11                        16     -5        4
  MONTH TO DATE  137                       274   -137      314
  SINCE DEC 1    137                       274   -137      314
  SINCE JUL 1    433                       581   -148      670

 COOLING
  YESTERDAY        0                         0      0        0
  MONTH TO DATE   12                         4      8        8
  SINCE DEC 1     12                         4      8        8
  SINCE JAN 1   2980                      2587    393     2849
..................................................................


WIND (MPH)
  HIGHEST WIND SPEED    18   HIGHEST WIND DIRECTION     E (90)
  HIGHEST GUST SPEED    24   HIGHEST GUST DIRECTION     E (80)
  AVERAGE WIND SPEED     7.3


SKY COVER
  POSSIBLE SUNSHINE  MM
  AVERAGE SKY COVER 1.0


WEATHER CONDITIONS
 THE FOLLOWING WEATHER WAS RECORDED YESTERDAY.
  THUNDERSTORM
  HEAVY RAIN
  RAIN
  LIGHT RAIN
  FOG
  HAZE


RELATIVE HUMIDITY (PERCENT)
 HIGHEST    89           300 AM
 LOWEST     77          1200 AM
 AVERAGE    83

..........................................................


THE LUFKIN CLIMATE NORMALS FOR TODAY
                         NORMAL    RECORD    YEAR
 MAXIMUM TEMPERATURE (F)   60        79      1949
 MINIMUM TEMPERATURE (F)   39        16      1996


SUNRISE AND SUNSET
DECEMBER 20 2014......SUNRISE   713 AM CST   SUNSET   520 PM CST
DECEMBER 21 2014......SUNRISE   714 AM CST   SUNSET   521 PM CST


-  INDICATES NEGATIVE NUMBERS.
R  INDICATES RECORD WAS SET OR TIED.
MM INDICATES DATA IS MISSING.
T  INDICATES TRACE AMOUNT.




$$
