000
CDUS44 KSHV 280755
CLILFK


CLIMATE REPORT
NATIONAL WEATHER SERVICE SHREVEPORT, LA
254 AM CDT TUE JUL 28 2015


...................................

...THE LUFKIN CLIMATE SUMMARY FOR JULY 27 2015...

CLIMATE NORMAL PERIOD 1981 TO 2010
CLIMATE RECORD PERIOD 1906 TO 2015


WEATHER ITEM   OBSERVED TIME   RECORD YEAR NORMAL DEPARTURE LAST
                VALUE   (LST)  VALUE       VALUE  FROM      YEAR
                                                  NORMAL
..................................................................
TEMPERATURE (F)
 YESTERDAY
  MAXIMUM         98    248 PM 105    1934  94      4       97
  MINIMUM         75    337 AM  64    1994  72      3       76
                                      2000
  AVERAGE         87                        83      4       87

PRECIPITATION (IN)
  YESTERDAY        0.00          2.00 1927   0.08  -0.08     0.00
  MONTH TO DATE    0.23                      2.69  -2.46     7.18
  SINCE DEC 1     48.51                     31.33  17.18    29.57
  SINCE JAN 1     46.46                     26.89  19.57    27.36

SNOWFALL (IN)
  YESTERDAY        0.0
  MONTH TO DATE    0.0
  SINCE JUN 1      0.0
  SINCE JUL 1      0.0
  SNOW DEPTH       0

DEGREE DAYS
 HEATING
  YESTERDAY        0                         0      0        0
  MONTH TO DATE    0                         0      0        0
  SINCE JUN 1      0                         0      0        0
  SINCE JUL 1      0                         0      0        0

 COOLING
  YESTERDAY       22                        18      4       22
  MONTH TO DATE  540                       477     63      503
  SINCE JUN 1   1093                       929    164     1042
  SINCE JAN 1   1776                      1398    378     1538
..................................................................


WIND (MPH)
  HIGHEST WIND SPEED    12   HIGHEST WIND DIRECTION     E (100)
  HIGHEST GUST SPEED    15   HIGHEST GUST DIRECTION    SE (150)
  AVERAGE WIND SPEED     4.5


SKY COVER
  POSSIBLE SUNSHINE  MM
  AVERAGE SKY COVER 0.3


WEATHER CONDITIONS
 THE FOLLOWING WEATHER WAS RECORDED YESTERDAY.
  NO SIGNIFICANT WEATHER WAS OBSERVED.


RELATIVE HUMIDITY (PERCENT)
 HIGHEST    94           200 AM
 LOWEST     42           300 PM
 AVERAGE    68

..........................................................


THE LUFKIN CLIMATE NORMALS FOR TODAY
                         NORMAL    RECORD    YEAR
 MAXIMUM TEMPERATURE (F)   94       104      1931
 MINIMUM TEMPERATURE (F)   72        59      1994


SUNRISE AND SUNSET
JULY 28 2015..........SUNRISE   633 AM CDT   SUNSET   818 PM CDT
JULY 29 2015..........SUNRISE   634 AM CDT   SUNSET   817 PM CDT


-  INDICATES NEGATIVE NUMBERS.
R  INDICATES RECORD WAS SET OR TIED.
MM INDICATES DATA IS MISSING.
T  INDICATES TRACE AMOUNT.




$$
