000
CDUS44 KSHV 220735
CLILFK


CLIMATE REPORT
NATIONAL WEATHER SERVICE SHREVEPORT, LA
234 AM CDT TUE JUL 22 2014


...................................

...THE LUFKIN CLIMATE SUMMARY FOR JULY 21 2014...

CLIMATE NORMAL PERIOD 1981 TO 2010
CLIMATE RECORD PERIOD 1906 TO 2014


WEATHER ITEM   OBSERVED TIME   RECORD YEAR NORMAL DEPARTURE LAST
                VALUE   (LST)  VALUE       VALUE  FROM      YEAR
                                                  NORMAL
..................................................................
TEMPERATURE (F)
 YESTERDAY
  MAXIMUM         95    308 PM 104    1934  94      1       93
  MINIMUM         73    229 AM  60    1920  72      1       73
  AVERAGE         84                        83      1       83

PRECIPITATION (IN)
  YESTERDAY        0.00          2.02 1968   0.08  -0.08     0.01
  MONTH TO DATE    7.18                      2.20   4.98     3.17
  SINCE DEC 1     29.57                     30.84  -1.27    28.48
  SINCE JAN 1     27.36                     26.40   0.96    24.17

SNOWFALL (IN)
  YESTERDAY        0.0
  MONTH TO DATE    0.0
  SINCE JUN 1      0.0
  SINCE JUL 1      0.0
  SNOW DEPTH       0

DEGREE DAYS
 HEATING
  YESTERDAY        0                         0      0        0
  MONTH TO DATE    0                         0      0        0
  SINCE JUN 1      0                         0      0        0
  SINCE JUL 1      0                         0      0        0

 COOLING
  YESTERDAY       19                        18      1       18
  MONTH TO DATE  382                       369     13      346
  SINCE JUN 1    921                       821    100      869
  SINCE JAN 1   1417                      1290    127     1383
..................................................................


WIND (MPH)
  HIGHEST WIND SPEED     8   HIGHEST WIND DIRECTION     E (70)
  HIGHEST GUST SPEED     9   HIGHEST GUST DIRECTION    NE (50)
  AVERAGE WIND SPEED     3.6


SKY COVER
  POSSIBLE SUNSHINE  MM
  AVERAGE SKY COVER 0.5


WEATHER CONDITIONS
 THE FOLLOWING WEATHER WAS RECORDED YESTERDAY.
  FOG
  HAZE


RELATIVE HUMIDITY (PERCENT)
 HIGHEST    87          1200 AM
 LOWEST     52           300 PM
 AVERAGE    70

..........................................................


THE LUFKIN CLIMATE NORMALS FOR TODAY
                         NORMAL    RECORD    YEAR
 MAXIMUM TEMPERATURE (F)   94       104      1932
 MINIMUM TEMPERATURE (F)   72        61      1970


SUNRISE AND SUNSET
JULY 22 2014..........SUNRISE   630 AM CDT   SUNSET   821 PM CDT
JULY 23 2014..........SUNRISE   630 AM CDT   SUNSET   820 PM CDT


-  INDICATES NEGATIVE NUMBERS.
R  INDICATES RECORD WAS SET OR TIED.
MM INDICATES DATA IS MISSING.
T  INDICATES TRACE AMOUNT.




$$
