000
CDUS44 KLCH 270806
CLILFT


CLIMATE REPORT
NATIONAL WEATHER SERVICE LAKE CHARLES, LA
306 AM CDT THU APR 27 2017


...................................

...THE LAFAYETTE CLIMATE SUMMARY FOR APRIL 26 2017...

CLIMATE NORMAL PERIOD 1981 TO 2010
CLIMATE RECORD PERIOD 1893 TO 2017


WEATHER ITEM   OBSERVED TIME   RECORD YEAR NORMAL DEPARTURE LAST
                VALUE   (LST)  VALUE       VALUE  FROM      YEAR
                                                  NORMAL
..................................................................
TEMPERATURE (F)
 YESTERDAY
  MAXIMUM         85   1212 PM  92    1925  82      3       85
  MINIMUM         70   1103 PM  41    1910  62      8       71
  AVERAGE         78                        72      6       78

PRECIPITATION (IN)
  YESTERDAY        0.01          2.45 1921   0.14  -0.13     0.00
  MONTH TO DATE    4.86                      3.36   1.50     5.04
  SINCE MAR 1      6.64                      7.15  -0.51    10.45
  SINCE JAN 1     10.16                     17.27  -7.11    19.58

SNOWFALL (IN)
  YESTERDAY        0.0           0.0    MM   0.0    0.0      0.0
  MONTH TO DATE    0.0                       0.0    0.0      0.0
  SINCE MAR 1      0.0                       0.0    0.0      0.0
  SINCE JUL 1      0.0                       T      0.0      0.0
  SNOW DEPTH       0

DEGREE DAYS
 HEATING
  YESTERDAY        0                         0      0        0
  MONTH TO DATE    0                        38    -38       10
  SINCE MAR 1     60                       188   -128       71
  SINCE JUL 1    637                      1418   -781      989

 COOLING
  YESTERDAY       13                         7      6       13
  MONTH TO DATE  226                       129     97      137
  SINCE MAR 1    385                       192    193      250
  SINCE JAN 1    569                       224    345      260
..................................................................


WIND (MPH)
  HIGHEST WIND SPEED    23   HIGHEST WIND DIRECTION     S (190)
  HIGHEST GUST SPEED    34   HIGHEST GUST DIRECTION     S (190)
  AVERAGE WIND SPEED    11.2


SKY COVER
  POSSIBLE SUNSHINE  MM
  AVERAGE SKY COVER 0.8


WEATHER CONDITIONS
 THE FOLLOWING WEATHER WAS RECORDED YESTERDAY.
  LIGHT RAIN


RELATIVE HUMIDITY (PERCENT)
 HIGHEST    85           900 PM
 LOWEST     61          1200 PM
 AVERAGE    73

..........................................................


THE LAFAYETTE CLIMATE NORMALS FOR TODAY
                         NORMAL    RECORD    YEAR
 MAXIMUM TEMPERATURE (F)   82        92      1933
 MINIMUM TEMPERATURE (F)   62        44      1898


SUNRISE AND SUNSET
APRIL 27 2017.........SUNRISE   628 AM CDT   SUNSET   743 PM CDT
APRIL 28 2017.........SUNRISE   627 AM CDT   SUNSET   744 PM CDT


-  INDICATES NEGATIVE NUMBERS.
R  INDICATES RECORD WAS SET OR TIED.
MM INDICATES DATA IS MISSING.
T  INDICATES TRACE AMOUNT.




$$
