000
CDUS44 KLCH 280838
CLILFT


CLIMATE REPORT
NATIONAL WEATHER SERVICE LAKE CHARLES, LA
337 AM CDT THU MAY 28 2015


...................................

...THE LAFAYETTE CLIMATE SUMMARY FOR MAY 27 2015...

CLIMATE NORMAL PERIOD 1981 TO 2010
CLIMATE RECORD PERIOD 1893 TO 2015


WEATHER ITEM   OBSERVED TIME   RECORD YEAR NORMAL DEPARTURE LAST
                VALUE   (LST)  VALUE       VALUE  FROM      YEAR
                                                  NORMAL
..................................................................
TEMPERATURE (F)
 YESTERDAY
  MAXIMUM         81    613 PM  95    1900  89     -8       85
  MINIMUM         67   1002 AM  46    1901  70     -3       72
  AVERAGE         74                        79     -5       79

PRECIPITATION (IN)
  YESTERDAY        0.64          2.93 1932   0.17   0.47     0.29
  MONTH TO DATE    5.41                      4.08   1.33     2.11
  SINCE MAR 1     20.45                     11.80   8.65     6.87
  SINCE JAN 1     27.55                     21.92   5.63    14.12

DEGREE DAYS
 COOLING
  YESTERDAY        9                        14     -5       14
  MONTH TO DATE  308                       303      5      237
  SINCE MAR 1    614                       525     89      403
  SINCE JAN 1    619                       557     62      417
..................................................................


WIND (MPH)
  HIGHEST WIND SPEED    32   HIGHEST WIND DIRECTION     N (350)
  HIGHEST GUST SPEED    39   HIGHEST GUST DIRECTION     N (340)
  AVERAGE WIND SPEED     2.6


SKY COVER
  POSSIBLE SUNSHINE  MM
  AVERAGE SKY COVER 0.4


WEATHER CONDITIONS
 THE FOLLOWING WEATHER WAS RECORDED YESTERDAY.
  THUNDERSTORM
  HEAVY RAIN
  RAIN
  LIGHT RAIN
  FOG
  HAZE


RELATIVE HUMIDITY (PERCENT)
 HIGHEST   100           500 AM
 LOWEST     69           500 PM
 AVERAGE    85

..........................................................


THE LAFAYETTE CLIMATE NORMALS FOR TODAY
                         NORMAL    RECORD    YEAR
 MAXIMUM TEMPERATURE (F)   89        96      1998
                                             1953
                                             1896
 MINIMUM TEMPERATURE (F)   70        51      1901


SUNRISE AND SUNSET
MAY 28 2015...........SUNRISE   608 AM CDT   SUNSET   803 PM CDT
MAY 29 2015...........SUNRISE   608 AM CDT   SUNSET   803 PM CDT


-  INDICATES NEGATIVE NUMBERS.
R  INDICATES RECORD WAS SET OR TIED.
MM INDICATES DATA IS MISSING.
T  INDICATES TRACE AMOUNT.




$$
