000
CDUS44 KLCH 232208
CLILFT


CLIMATE REPORT
NATIONAL WEATHER SERVICE LAKE CHARLES, LA
407 PM CST FRI FEB 23 2018


...................................

...THE LAFAYETTE CLIMATE SUMMARY FOR FEBRUARY 23 2018...
VALID TODAY AS OF 0400 PM LOCAL TIME.

CLIMATE NORMAL PERIOD 1981 TO 2010
CLIMATE RECORD PERIOD 1893 TO 2018


WEATHER ITEM   OBSERVED TIME   RECORD YEAR NORMAL DEPARTURE LAST
                VALUE   (LST)  VALUE       VALUE  FROM      YEAR
                                                  NORMAL
..................................................................
TEMPERATURE (F)
 TODAY
  MAXIMUM         81    341 PM  87    1910  67     14       78
  MINIMUM         71    815 AM  25    1911  48     23       54
  AVERAGE         76                        58     18       66

PRECIPITATION (IN)
  TODAY            T             2.41 2004   0.15  -0.15     0.00
  MONTH TO DATE    1.53                      3.74  -2.21     0.12
  SINCE DEC 1     12.01                     14.99  -2.98    12.58
  SINCE JAN 1      5.72                      9.41  -3.69     3.49

SNOWFALL (IN)
  TODAY            0.0           T    1968   0.0    0.0      0.0
                                      1963
  MONTH TO DATE    0.0                       0.0    0.0      0.0
  SINCE DEC 1      2.0                       0.0    2.0      0.0
  SINCE JUL 1      2.0                       0.0    2.0      0.0
  SNOW DEPTH       0

DEGREE DAYS
 HEATING
  TODAY            0                         8     -8        0
  MONTH TO DATE   93                       237   -144       59
  SINCE DEC 1   1023                       994     29      483
  SINCE JUL 1   1190                      1193     -3      569
..................................................................


WIND (MPH)
  HIGHEST WIND SPEED    15   HIGHEST WIND DIRECTION    SW (210)
  HIGHEST GUST SPEED    21   HIGHEST GUST DIRECTION    SW (210)
  AVERAGE WIND SPEED     4.6


SKY COVER
  POSSIBLE SUNSHINE  MM
  AVERAGE SKY COVER 0.8


WEATHER CONDITIONS
 THE FOLLOWING WEATHER WAS RECORDED TODAY.
  LIGHT RAIN
  FOG


RELATIVE HUMIDITY (PERCENT)
 HIGHEST   100          1200 AM
 LOWEST     74           200 PM
 AVERAGE    87

..........................................................


THE LAFAYETTE CLIMATE NORMALS FOR TOMORROW
                         NORMAL    RECORD    YEAR
 MAXIMUM TEMPERATURE (F)   67        81      2011
                                             1927
 MINIMUM TEMPERATURE (F)   48        26      1901


SUNRISE AND SUNSET
FEBRUARY 23 2018......SUNRISE   640 AM CST   SUNSET   603 PM CST
FEBRUARY 24 2018......SUNRISE   639 AM CST   SUNSET   603 PM CST


-  INDICATES NEGATIVE NUMBERS.
R  INDICATES RECORD WAS SET OR TIED.
MM INDICATES DATA IS MISSING.
T  INDICATES TRACE AMOUNT.




$$
