000
CDUS41 KOKX 170618
CLILGA


CLIMATE REPORT
NATIONAL WEATHER SERVICE NEW YORK NY
218 AM EDT TUE OCT 17 2017


...................................

...THE LAGUARDIA NY CLIMATE SUMMARY FOR OCTOBER 16 2017...

CLIMATE NORMAL PERIOD 1981 TO 2010
CLIMATE RECORD PERIOD 1939 TO 2017


WEATHER ITEM   OBSERVED TIME   RECORD YEAR NORMAL DEPARTURE LAST
                VALUE   (LST)  VALUE       VALUE  FROM      YEAR
                                                  NORMAL
..................................................................
TEMPERATURE (F)
 YESTERDAY
  MAXIMUM         71   1207 AM  82    1958  65      6       74
  MINIMUM         48   1153 PM  39    2009  51     -3       55
  AVERAGE         60                        58      2       65

PRECIPITATION (IN)
  YESTERDAY        0.01          1.64 1974   0.12  -0.11     0.00
  MONTH TO DATE    0.71                      2.00  -1.29     0.62
  SINCE SEP 1      2.55                      5.73  -3.18     3.15
  SINCE JAN 1     35.54                     35.98  -0.44    26.87

SNOWFALL (IN)
  YESTERDAY       MM            MM      MM   0.0   MM        0.0
  MONTH TO DATE    0.0                       0.0    0.0      0.0
  SINCE OCT 1      0.0                       0.0    0.0      0.0
  SINCE JUL 1      0.0                       0.0    0.0      0.0
  SNOW DEPTH       0

DEGREE DAYS
 HEATING
  YESTERDAY        5                         8     -3        0
  MONTH TO DATE   17                        89    -72       48
  SINCE SEP 1     27                       123    -96       53
  SINCE JUL 1     27                       124    -97       53

 COOLING
  YESTERDAY        0                         0      0        0
  MONTH TO DATE   77                        20     57       11
  SINCE SEP 1    289                       177    112      287
  SINCE JAN 1   1420                      1210    210     1704
..................................................................


WIND (MPH)
  HIGHEST WIND SPEED    26   HIGHEST WIND DIRECTION    NW (310)
  HIGHEST GUST SPEED    33   HIGHEST GUST DIRECTION    NW (310)
  AVERAGE WIND SPEED    16.9


SKY COVER
  AVERAGE SKY COVER 0.7


WEATHER CONDITIONS
 THE FOLLOWING WEATHER WAS RECORDED YESTERDAY.
  LIGHT RAIN


RELATIVE HUMIDITY (PERCENT)
 HIGHEST    84          1200 AM
 LOWEST     50          1000 PM
 AVERAGE    67

..........................................................


THE LAGUARDIA NY CLIMATE NORMALS FOR TODAY
                         NORMAL    RECORD    YEAR
 MAXIMUM TEMPERATURE (F)   65        83      2016
 MINIMUM TEMPERATURE (F)   51        38      1970


SUNRISE AND SUNSET
OCTOBER 17 2017.......SUNRISE   709 AM EDT   SUNSET   612 PM EDT
OCTOBER 18 2017.......SUNRISE   710 AM EDT   SUNSET   610 PM EDT


-  INDICATES NEGATIVE NUMBERS.
R  INDICATES RECORD WAS SET OR TIED.
MM INDICATES DATA IS MISSING.
T  INDICATES TRACE AMOUNT.




$$
