000
CDUS41 KOKX 010617
CLILGA


CLIMATE REPORT
NATIONAL WEATHER SERVICE NEW YORK NY
117 AM EST SUN FEB 1 2015


...................................

...THE LAGUARDIA NY CLIMATE SUMMARY FOR JANUARY 31 2015...

CLIMATE NORMAL PERIOD 1981 TO 2010
CLIMATE RECORD PERIOD 1945 TO 2015


WEATHER ITEM   OBSERVED TIME   RECORD YEAR NORMAL DEPARTURE LAST
                VALUE   (LST)  VALUE       VALUE  FROM      YEAR
                                                  NORMAL
..................................................................
TEMPERATURE (F)
 YESTERDAY
  MAXIMUM         26    437 PM  61    1974  40    -14       39
  MINIMUM         13    744 AM   2    1948  27    -14       26
  AVERAGE         20                        33    -13       33

PRECIPITATION (IN)
  YESTERDAY        0.00          0.88 2013   0.10  -0.10     0.00
  MONTH TO DATE    4.98                      3.17   1.81     2.36
  SINCE DEC 1     11.18                      6.73   4.45     6.82
  SINCE JAN 1      4.98                      3.17   1.81     2.36

SNOWFALL (IN)
  YESTERDAY        0.0           4.7  1949   0.3   -0.3      0.0
  MONTH TO DATE   19.7                       7.4   12.3     16.7
  SINCE OCT 1     21.4                      12.9    8.5     24.5
  SINCE JUL 1     21.4                      12.9    8.5     24.5
  SNOW DEPTH       6

DEGREE DAYS
 HEATING
  YESTERDAY       45                        32     13       32
  MONTH TO DATE 1083                       988     95     1116
  SINCE DEC 1   1832                      1824      8     1941
  SINCE JUL 1   2586                      2599    -13     2723

 COOLING
  YESTERDAY        0                         0      0        0
  MONTH TO DATE    0                         0      0        0
  SINCE DEC 1      0                         0      0        0
  SINCE JAN 1      0                         0      0        0
..................................................................


WIND (MPH)
  HIGHEST WIND SPEED    35   HIGHEST WIND DIRECTION    NW (330)
  HIGHEST GUST SPEED    46   HIGHEST GUST DIRECTION    NW (300)
  AVERAGE WIND SPEED    21.5


SKY COVER
  AVERAGE SKY COVER 0.1


WEATHER CONDITIONS
 THE FOLLOWING WEATHER WAS RECORDED YESTERDAY.
  NO SIGNIFICANT WEATHER WAS OBSERVED.


RELATIVE HUMIDITY (PERCENT)
 HIGHEST    61           300 AM
 LOWEST     33           300 PM
 AVERAGE    47

..........................................................


THE LAGUARDIA NY CLIMATE NORMALS FOR TODAY
                         NORMAL    RECORD    YEAR
 MAXIMUM TEMPERATURE (F)   40        66      1989
 MINIMUM TEMPERATURE (F)   27         3      1961


SUNRISE AND SUNSET
FEBRUARY  1 2015......SUNRISE   706 AM EST   SUNSET   513 PM EST
FEBRUARY  2 2015......SUNRISE   705 AM EST   SUNSET   514 PM EST


-  INDICATES NEGATIVE NUMBERS.
R  INDICATES RECORD WAS SET OR TIED.
MM INDICATES DATA IS MISSING.
T  INDICATES TRACE AMOUNT.




$$
