000
CDUS41 KOKX 230616
CLILGA


CLIMATE REPORT
NATIONAL WEATHER SERVICE NEW YORK NY
215 AM EDT THU MAR 23 2017


...................................

...THE LAGUARDIA NY CLIMATE SUMMARY FOR MARCH 22 2017...

CLIMATE NORMAL PERIOD 1981 TO 2010
CLIMATE RECORD PERIOD 1939 TO 2017


WEATHER ITEM   OBSERVED TIME   RECORD YEAR NORMAL DEPARTURE LAST
                VALUE   (LST)  VALUE       VALUE  FROM      YEAR
                                                  NORMAL
..................................................................
TEMPERATURE (F)
 YESTERDAY
  MAXIMUM         51    146 AM  76    2012  52     -1       56
  MINIMUM         26   1159 PM  19    1988  36    -10       37
  AVERAGE         39                        44     -5       47

PRECIPITATION (IN)
  YESTERDAY        0.00          3.15 1977   0.13  -0.13     0.00
  MONTH TO DATE    1.62                      2.74  -1.12     0.68
  SINCE MAR 1      1.62                      2.74  -1.12     0.68
  SINCE JAN 1      7.62                      8.67  -1.05     9.21

SNOWFALL (IN)
  YESTERDAY        0.0           8.5  1967   0.1   -0.1      0.0
  MONTH TO DATE    9.8                       3.7    6.1      1.8
  SINCE OCT 1     33.2                      25.7    7.5     36.2
  SINCE JUL 1     33.2                      25.7    7.5     36.2
  SNOW DEPTH       0

DEGREE DAYS
 HEATING
  YESTERDAY       26                        21      5       18
  MONTH TO DATE  558                       532     26      379
  SINCE MAR 1    558                       532     26      379
  SINCE JUL 1   3245                      3961   -716     3041

 COOLING
  YESTERDAY        0                         0      0        0
  MONTH TO DATE    0                         0      0        5
  SINCE MAR 1      0                         0      0        5
  SINCE JAN 1      0                         0      0        5
..................................................................


WIND (MPH)
  HIGHEST WIND SPEED    36   HIGHEST WIND DIRECTION    NW (310)
  HIGHEST GUST SPEED    45   HIGHEST GUST DIRECTION    NW (300)
  AVERAGE WIND SPEED    22.3


SKY COVER
  AVERAGE SKY COVER 0.2


WEATHER CONDITIONS
 THE FOLLOWING WEATHER WAS RECORDED YESTERDAY.
  NO SIGNIFICANT WEATHER WAS OBSERVED.


RELATIVE HUMIDITY (PERCENT)
 HIGHEST    49           400 AM
 LOWEST     25           600 PM
 AVERAGE    37

..........................................................


THE LAGUARDIA NY CLIMATE NORMALS FOR TODAY
                         NORMAL    RECORD    YEAR
 MAXIMUM TEMPERATURE (F)   52        74      2012
 MINIMUM TEMPERATURE (F)   37        20      1959


SUNRISE AND SUNSET
MARCH 23 2017.........SUNRISE   654 AM EDT   SUNSET   711 PM EDT
MARCH 24 2017.........SUNRISE   652 AM EDT   SUNSET   712 PM EDT


-  INDICATES NEGATIVE NUMBERS.
R  INDICATES RECORD WAS SET OR TIED.
MM INDICATES DATA IS MISSING.
T  INDICATES TRACE AMOUNT.




$$
