000
CDUS41 KOKX 250621
CLILGA


CLIMATE REPORT
NATIONAL WEATHER SERVICE NEW YORK NY
221 AM EDT THU AUG 25 2016


...................................

...THE LAGUARDIA NY CLIMATE SUMMARY FOR AUGUST 24 2016...

CLIMATE NORMAL PERIOD 1981 TO 2010
CLIMATE RECORD PERIOD 1939 TO 2016


WEATHER ITEM   OBSERVED TIME   RECORD YEAR NORMAL DEPARTURE LAST
                VALUE   (LST)  VALUE       VALUE  FROM      YEAR
                                                  NORMAL
..................................................................
TEMPERATURE (F)
 YESTERDAY
  MAXIMUM         89    151 PM  93    1998  83      6       86
  MINIMUM         71    512 AM  55    1971  68      3       73
                                      1940
  AVERAGE         80                        75      5       80

PRECIPITATION (IN)
  YESTERDAY        0.00          1.40 1975   0.13  -0.13     0.00
  MONTH TO DATE    1.12                      3.31  -2.19     1.80
  SINCE JUN 1      8.34                     11.75  -3.41    10.14
  SINCE JAN 1     23.71                     29.44  -5.73    25.19

SNOWFALL (IN)
  YESTERDAY        0.0          MM      MM   0.0    0.0      0.0
  MONTH TO DATE    0.0                       0.0    0.0      0.0
  SINCE OCT 1     36.2                      26.9    9.3     53.8
  SINCE JUL 1      0.0                       0.0    0.0      0.0
  SNOW DEPTH       0

DEGREE DAYS
 HEATING
  YESTERDAY        0                         0      0        0
  MONTH TO DATE    0                         0      0        0
  SINCE JUN 1      2                        16    -14       34
  SINCE JUL 1      0                         0      0        0

 COOLING
  YESTERDAY       15                        10      5       15
  MONTH TO DATE  402                       283    119      356
  SINCE JUN 1   1178                       899    279     1031
  SINCE JAN 1   1297                       965    332     1153
..................................................................


WIND (MPH)
  HIGHEST WIND SPEED    20   HIGHEST WIND DIRECTION     S (160)
  HIGHEST GUST SPEED    24   HIGHEST GUST DIRECTION     S (170)
  AVERAGE WIND SPEED     7.9


SKY COVER
  AVERAGE SKY COVER 0.2


WEATHER CONDITIONS
 THE FOLLOWING WEATHER WAS RECORDED YESTERDAY.
  HAZE


RELATIVE HUMIDITY (PERCENT)
 HIGHEST    66           300 AM
 LOWEST     32           200 PM
 AVERAGE    49

..........................................................


THE LAGUARDIA NY CLIMATE NORMALS FOR TODAY
                         NORMAL    RECORD    YEAR
 MAXIMUM TEMPERATURE (F)   83        96      1948
 MINIMUM TEMPERATURE (F)   68        53      1940


SUNRISE AND SUNSET
AUGUST 25 2016........SUNRISE   616 AM EDT   SUNSET   738 PM EDT
AUGUST 26 2016........SUNRISE   617 AM EDT   SUNSET   737 PM EDT


-  INDICATES NEGATIVE NUMBERS.
R  INDICATES RECORD WAS SET OR TIED.
MM INDICATES DATA IS MISSING.
T  INDICATES TRACE AMOUNT.




$$
