000
CDUS46 KLOX 260115
CLILGB


CLIMATE REPORT
NATIONAL WEATHER SERVICE LOS ANGELES/OXNARD CA
515 PM PST THU DEC 25 2014


...................................

...THE LONG BEACH AIRPORT CA CLIMATE SUMMARY FOR DECEMBER 25 2014...
VALID TODAY AS OF 0500 PM LOCAL TIME.

CLIMATE NORMAL PERIOD 1981 TO 2010
CLIMATE RECORD PERIOD 1958 TO 2014


WEATHER ITEM   OBSERVED TIME   RECORD YEAR NORMAL DEPARTURE LAST
                VALUE   (LST)  VALUE       VALUE  FROM      YEAR
                                                  NORMAL
..................................................................
TEMPERATURE (F)
 TODAY
  MAXIMUM         66    302 PM  83    2013  67     -1       83
  MINIMUM         52    712 AM  31    1974  45      7       49
  AVERAGE         59                        56      3       66

PRECIPITATION (IN)
  TODAY            0.00          0.89 1968   0.08  -0.08     0.00
  MONTH TO DATE    4.37                      1.48   2.89     0.34
  SINCE JUL 1      5.41                      3.35   2.06     1.31
  SINCE JAN 1      8.60                     11.79  -3.19     4.18

SNOWFALL (IN)
  TODAY            0.0
  MONTH TO DATE    0.0
  SINCE DEC 1      0.0
  SINCE JUL 1      0.0

DEGREE DAYS
 HEATING
  TODAY            6                         9     -3        0
  MONTH TO DATE  100                       216   -116      193
  SINCE DEC 1    100                       216   -116      193
  SINCE JUL 1    136                       365   -229      288

 COOLING
  TODAY            0                         0      0        1
  MONTH TO DATE    5                         0      5        9
  SINCE DEC 1      5                         0      5        9
  SINCE JAN 1   1707                      1125    582     1236
..................................................................


WIND (MPH)
  HIGHEST WIND SPEED    20   HIGHEST WIND DIRECTION    NW (330)
  HIGHEST GUST SPEED    25   HIGHEST GUST DIRECTION     N (340)
  AVERAGE WIND SPEED    10.3


SKY COVER
  POSSIBLE SUNSHINE  MM
  AVERAGE SKY COVER 0.2


WEATHER CONDITIONS
 THE FOLLOWING WEATHER WAS RECORDED TODAY.
  NO SIGNIFICANT WEATHER WAS OBSERVED.


RELATIVE HUMIDITY (PERCENT)
 HIGHEST    84          1200 AM
 LOWEST     18           300 PM
 AVERAGE    51

..........................................................


THE LONG BEACH AIRPORT CA CLIMATE NORMALS FOR TOMORROW
                         NORMAL    RECORD    YEAR
 MAXIMUM TEMPERATURE (F)   67        83      2013
 MINIMUM TEMPERATURE (F)   45        32      1987


SUNRISE AND SUNSET
DECEMBER 25 2014......SUNRISE   655 AM PST   SUNSET   450 PM PST
DECEMBER 26 2014......SUNRISE   656 AM PST   SUNSET   451 PM PST


-  INDICATES NEGATIVE NUMBERS.
R  INDICATES RECORD WAS SET OR TIED.
MM INDICATES DATA IS MISSING.
T  INDICATES TRACE AMOUNT.




$$
