000
CDUS46 KLOX 290115
CLILGB


CLIMATE REPORT
NATIONAL WEATHER SERVICE LOS ANGELES/OXNARD CA
614 PM PDT TUE MAR 28 2017


...................................

...THE LONG BEACH AIRPORT CA CLIMATE SUMMARY FOR MARCH 28 2017...
VALID TODAY AS OF 600 PM LOCAL TIME.

CLIMATE NORMAL PERIOD 1981 TO 2010
CLIMATE RECORD PERIOD 1958 TO 2017


WEATHER ITEM   OBSERVED TIME   RECORD YEAR NORMAL DEPARTURE LAST
                VALUE   (LST)  VALUE       VALUE  FROM      YEAR
                                                  NORMAL
..................................................................
TEMPERATURE (F)
 TODAY
  MAXIMUM         80    304 PM  92    2004  70     10       65
  MINIMUM         52    549 AM  43    1991  51      1       53
  AVERAGE         66                        60      6       59

PRECIPITATION (IN)
  TODAY            0.00          1.19 2006   0.05  -0.05     0.00
  MONTH TO DATE    0.15                      1.75  -1.60     0.91
  SINCE OCT 1     19.40                     11.02   8.38     4.81
  SINCE JAN 1     14.20                      7.44   6.76     3.81

SNOWFALL (IN)
  TODAY            0.0
  MONTH TO DATE    0.0
  SINCE MAR 1      0.0
  SINCE JUL 1      0.0

DEGREE DAYS
 HEATING
  TODAY            0                         5     -5        6
  MONTH TO DATE   66                       163    -97       80
  SINCE MAR 1     66                       163    -97       80
  SINCE JUL 1    844                      1054   -210      723

 COOLING
  TODAY            1                         0      1        0
  MONTH TO DATE   22                         0     22        7
  SINCE MAR 1     22                         0     22        7
  SINCE JAN 1     23                         8     15       54
..................................................................


WIND (MPH)
  HIGHEST WIND SPEED    15   HIGHEST WIND DIRECTION     W (290)
  HIGHEST GUST SPEED    18   HIGHEST GUST DIRECTION     W (290)
  AVERAGE WIND SPEED     3.7


SKY COVER
  POSSIBLE SUNSHINE  MM
  AVERAGE SKY COVER 0.0


WEATHER CONDITIONS
 THE FOLLOWING WEATHER WAS RECORDED TODAY.
  HAZE


RELATIVE HUMIDITY (PERCENT)
 HIGHEST    83           400 AM
 LOWEST     10           200 PM
 AVERAGE    47

..........................................................


THE LONG BEACH AIRPORT CA CLIMATE NORMALS FOR TOMORROW
                         NORMAL    RECORD    YEAR
 MAXIMUM TEMPERATURE (F)   70        91      2004
 MINIMUM TEMPERATURE (F)   51        39      1975


SUNRISE AND SUNSET
MARCH 28 2017.........SUNRISE   645 AM PDT   SUNSET   711 PM PDT
MARCH 29 2017.........SUNRISE   644 AM PDT   SUNSET   711 PM PDT


-  INDICATES NEGATIVE NUMBERS.
R  INDICATES RECORD WAS SET OR TIED.
MM INDICATES DATA IS MISSING.
T  INDICATES TRACE AMOUNT.




$$
