000
CDUS46 KLOX 010903
CLILGB


CLIMATE REPORT
NATIONAL WEATHER SERVICE LOS ANGELES/OXNARD CA
103 AM PST SUN MAR 1 2015


...................................

...THE LONG BEACH AIRPORT CA CLIMATE SUMMARY FOR FEBRUARY 28 2015...

CLIMATE NORMAL PERIOD 1981 TO 2010
CLIMATE RECORD PERIOD 1958 TO 2015


WEATHER ITEM   OBSERVED TIME   RECORD YEAR NORMAL DEPARTURE LAST
                VALUE   (LST)  VALUE       VALUE  FROM      YEAR
                                                  NORMAL
..................................................................
TEMPERATURE (F)
 YESTERDAY
  MAXIMUM         65    215 PM  84    2009  68     -3       62
                                      1967
  MINIMUM         55   1159 PM  37    1962  49      6       57
  AVERAGE         60                        58      2       60

PRECIPITATION (IN)
  YESTERDAY        T             1.73 1978   0.10  -0.10     1.20
  MONTH TO DATE    0.24                      3.09  -2.85     2.34
  SINCE OCT 1      6.37                      9.27  -2.90     3.59
  SINCE JAN 1      1.11                      5.69  -4.58     2.35

SNOWFALL (IN)
  YESTERDAY        0.0
  MONTH TO DATE    0.0
  SINCE DEC 1      0.0
  SINCE JUL 1      0.0

DEGREE DAYS
 HEATING
  YESTERDAY        5                         7     -2        5
  MONTH TO DATE   73                       213   -140      141
  SINCE DEC 1    387                       742   -355      483
  SINCE JUL 1    423                       891   -468      578

 COOLING
  YESTERDAY        0                         0      0        0
  MONTH TO DATE   29                         5     24        0
  SINCE DEC 1     42                         9     33       27
  SINCE JAN 1     37                         8     29       15
..................................................................


WIND (MPH)
  HIGHEST WIND SPEED    17   HIGHEST WIND DIRECTION     S (200)
  HIGHEST GUST SPEED    22   HIGHEST GUST DIRECTION     S (200)
  AVERAGE WIND SPEED     7.7


SKY COVER
  POSSIBLE SUNSHINE  MM
  AVERAGE SKY COVER 0.5


WEATHER CONDITIONS
 THE FOLLOWING WEATHER WAS RECORDED YESTERDAY.
  LIGHT RAIN


RELATIVE HUMIDITY (PERCENT)
 HIGHEST    72           200 AM
 LOWEST     52          1100 AM
 AVERAGE    62

..........................................................


THE LONG BEACH AIRPORT CA CLIMATE NORMALS FOR TODAY
                         NORMAL    RECORD    YEAR
 MAXIMUM TEMPERATURE (F)   68        88      2013
 MINIMUM TEMPERATURE (F)   50        37      1962


SUNRISE AND SUNSET
MARCH  1 2015.........SUNRISE   621 AM PST   SUNSET   549 PM PST
MARCH  2 2015.........SUNRISE   620 AM PST   SUNSET   550 PM PST


-  INDICATES NEGATIVE NUMBERS.
R  INDICATES RECORD WAS SET OR TIED.
MM INDICATES DATA IS MISSING.
T  INDICATES TRACE AMOUNT.




$$
