000
CDUS46 KLOX 240143
CLILGB


CLIMATE REPORT
NATIONAL WEATHER SERVICE LOS ANGELES/OXNARD CA
632 PM PDT MON OCT 23 2017


...................................

...THE LONG BEACH AIRPORT CA CLIMATE SUMMARY FOR OCTOBER 23 2017...
VALID TODAY AS OF 0600 PM LOCAL TIME.

CLIMATE NORMAL PERIOD 1981 TO 2010
CLIMATE RECORD PERIOD 1958 TO 2017


WEATHER ITEM   OBSERVED TIME   RECORD YEAR NORMAL DEPARTURE LAST
                VALUE   (LST)  VALUE       VALUE  FROM      YEAR
                                                  NORMAL
..................................................................
TEMPERATURE (F)
 TODAY
  MAXIMUM        105R   159 PM  99    1965  76     29       77
  MINIMUM         65    410 AM  50    1996  57      8       62
                                      1968
  AVERAGE         85                        67     18       70

PRECIPITATION (IN)
  TODAY            0.00          0.13 1973   0.02  -0.02     0.01
  MONTH TO DATE    0.00                      0.41  -0.41     0.30
  SINCE OCT 1      0.00                      0.41  -0.41     0.30
  SINCE JAN 1     14.90                      9.09   5.81     4.29

SNOWFALL (IN)
  TODAY            0.0
  MONTH TO DATE    0.0
  SINCE SEP 1      0.0
  SINCE JUL 1      0.0

DEGREE DAYS
 HEATING
  TODAY            0                         1     -1        0
  MONTH TO DATE    0                         7     -7        1
  SINCE SEP 1      0                         8     -8        1
  SINCE JUL 1      0                         8     -8        1

 COOLING
  TODAY           20                         3     17        5
  MONTH TO DATE  173                        88     85      129
  SINCE SEP 1    439                       319    120      392
  SINCE JAN 1   1405                      1087    318     1336
..................................................................


WIND (MPH)
  HIGHEST WIND SPEED    13   HIGHEST WIND DIRECTION     W (290)
  HIGHEST GUST SPEED    15   HIGHEST GUST DIRECTION     W (280)
  AVERAGE WIND SPEED     5.7


SKY COVER
  POSSIBLE SUNSHINE  MM
  AVERAGE SKY COVER 0.0


WEATHER CONDITIONS
 THE FOLLOWING WEATHER WAS RECORDED TODAY.
  NO SIGNIFICANT WEATHER WAS OBSERVED.


RELATIVE HUMIDITY (PERCENT)
 HIGHEST    59          1200 AM
 LOWEST      8           200 PM
 AVERAGE    34

..........................................................


THE LONG BEACH AIRPORT CA CLIMATE NORMALS FOR TOMORROW
                         NORMAL    RECORD    YEAR
 MAXIMUM TEMPERATURE (F)   76        98      1965
 MINIMUM TEMPERATURE (F)   57        47      1968


SUNRISE AND SUNSET
OCTOBER 23 2017.......SUNRISE   704 AM PDT   SUNSET   609 PM PDT
OCTOBER 24 2017.......SUNRISE   705 AM PDT   SUNSET   608 PM PDT


-  INDICATES NEGATIVE NUMBERS.
R  INDICATES RECORD WAS SET OR TIED.
MM INDICATES DATA IS MISSING.
T  INDICATES TRACE AMOUNT.




$$
