706
CDUS46 KLOX 300118
CLILGB


CLIMATE REPORT
NATIONAL WEATHER SERVICE LOS ANGELES/OXNARD CA
617 PM PDT FRI APR 29 2016


...................................

...THE LONG BEACH AIRPORT CA CLIMATE SUMMARY FOR APRIL 29 2016...
VALID TODAY AS OF 0600 PM LOCAL TIME.

CLIMATE NORMAL PERIOD 1981 TO 2010
CLIMATE RECORD PERIOD 1958 TO 2016


WEATHER ITEM   OBSERVED TIME   RECORD YEAR NORMAL DEPARTURE LAST
                VALUE   (LST)  VALUE       VALUE  FROM      YEAR
                                                  NORMAL
..................................................................
TEMPERATURE (F)
 TODAY
  MAXIMUM         68    405 PM  98    1996  73     -5       93
  MINIMUM         55    410 AM  42    1970  55      0       60
  AVERAGE         62                        64     -2       77

PRECIPITATION (IN)
  TODAY            0.00          0.44 1983   0.01  -0.01     0.00
  MONTH TO DATE    0.08                      0.59  -0.51     0.22
  SINCE OCT 1      4.90                     11.73  -6.83     7.08
  SINCE JAN 1      3.90                      8.15  -4.25     1.82

SNOWFALL (IN)
  TODAY            0.0
  MONTH TO DATE    0.0
  SINCE MAR 1      0.0
  SINCE JUL 1      0.0

DEGREE DAYS
 HEATING
  TODAY            3                         2      1        0
  MONTH TO DATE   32                       104    -72       36
  SINCE MAR 1    132                       283   -151       78
  SINCE JUL 1    775                      1174   -399      501

 COOLING
  TODAY            0                         2     -2       12
  MONTH TO DATE   62                        30     32       62
  SINCE MAR 1     69                        40     29      180
  SINCE JAN 1    116                        48     68      217
..................................................................


WIND (MPH)
  HIGHEST WIND SPEED    16   HIGHEST WIND DIRECTION    SW (220)
  HIGHEST GUST SPEED    21   HIGHEST GUST DIRECTION    SW (210)
  AVERAGE WIND SPEED     6.8


SKY COVER
  POSSIBLE SUNSHINE  MM
  AVERAGE SKY COVER 0.6


WEATHER CONDITIONS
 THE FOLLOWING WEATHER WAS RECORDED TODAY.
  NO SIGNIFICANT WEATHER WAS OBSERVED.


RELATIVE HUMIDITY (PERCENT)
 HIGHEST    86          1200 AM
 LOWEST     52          1200 PM
 AVERAGE    69

..........................................................


THE LONG BEACH AIRPORT CA CLIMATE NORMALS FOR TOMORROW
                         NORMAL    RECORD    YEAR
 MAXIMUM TEMPERATURE (F)   73        93      2014
 MINIMUM TEMPERATURE (F)   55        42      1967


SUNRISE AND SUNSET
APRIL 29 2016.........SUNRISE   605 AM PDT   SUNSET   735 PM PDT
APRIL 30 2016.........SUNRISE   604 AM PDT   SUNSET   736 PM PDT


-  INDICATES NEGATIVE NUMBERS.
R  INDICATES RECORD WAS SET OR TIED.
MM INDICATES DATA IS MISSING.
T  INDICATES TRACE AMOUNT.




$$
