000
CDUS46 KLOX 010901
CLILGB


CLIMATE REPORT
NATIONAL WEATHER SERVICE LOS ANGELES/OXNARD CA
201 AM PDT WED JUL 1 2015


...................................

...THE LONG BEACH AIRPORT CA CLIMATE SUMMARY FOR JUNE 30 2015...

CLIMATE NORMAL PERIOD 1981 TO 2010
CLIMATE RECORD PERIOD 1958 TO 2015


WEATHER ITEM   OBSERVED TIME   RECORD YEAR NORMAL DEPARTURE LAST
                VALUE   (LST)  VALUE       VALUE  FROM      YEAR
                                                  NORMAL
..................................................................
TEMPERATURE (F)
 YESTERDAY
  MAXIMUM         85    700 PM 100    1985  80      5       74
  MINIMUM         68    432 AM  52    1964  63      5       65
  AVERAGE         77                        71      6       70

PRECIPITATION (IN)
  YESTERDAY        T   R         T    1983   0.00   0.00     0.00
                                      1973
  MONTH TO DATE    0.01                      0.07  -0.06     0.00
  SINCE OCT 1      7.86                     12.02  -4.16     4.43
  SINCE JAN 1      2.60                      8.44  -5.84     3.19

SNOWFALL (IN)
  YESTERDAY        0.0
  MONTH TO DATE    0.0
  SINCE JUN 1      0.0
  SINCE JUL 1      0.0

DEGREE DAYS
 HEATING
  YESTERDAY        0                         0      0        0
  MONTH TO DATE    0                         3     -3        0
  SINCE JUN 1      0                         6     -6        0
  SINCE JUL 1    534                      1219   -685      716

 COOLING
  YESTERDAY       12                         6      6        5
  MONTH TO DATE  211                       121     90      146
  SINCE JUN 1    211                       121     90      146
  SINCE JAN 1    467                       224    243      415
..................................................................


WIND (MPH)
  HIGHEST WIND SPEED    18   HIGHEST WIND DIRECTION     S (160)
  HIGHEST GUST SPEED    24   HIGHEST GUST DIRECTION     S (160)
  AVERAGE WIND SPEED     6.4


SKY COVER
  POSSIBLE SUNSHINE  MM
  AVERAGE SKY COVER 0.0


WEATHER CONDITIONS
 THE FOLLOWING WEATHER WAS RECORDED YESTERDAY.
  LIGHT RAIN
  TORNADO


RELATIVE HUMIDITY (PERCENT)
 HIGHEST    79           800 AM
 LOWEST     37           700 PM
 AVERAGE    58

..........................................................


THE LONG BEACH AIRPORT CA CLIMATE NORMALS FOR TODAY
                         NORMAL    RECORD    YEAR
 MAXIMUM TEMPERATURE (F)   80       107      1985
 MINIMUM TEMPERATURE (F)   63        52      1962


SUNRISE AND SUNSET
JULY  1 2015..........SUNRISE   545 AM PDT   SUNSET   807 PM PDT
JULY  2 2015..........SUNRISE   546 AM PDT   SUNSET   807 PM PDT


-  INDICATES NEGATIVE NUMBERS.
R  INDICATES RECORD WAS SET OR TIED.
MM INDICATES DATA IS MISSING.
T  INDICATES TRACE AMOUNT.




$$
