000
CDUS46 KLOX 230120
CLILGB


CLIMATE REPORT
NATIONAL WEATHER SERVICE LOS ANGELES/OXNARD CA
519 PM PST SUN JAN 22 2017


...................................

...THE LONG BEACH AIRPORT CA CLIMATE SUMMARY FOR JANUARY 22 2017...
VALID TODAY AS OF 0500 PM LOCAL TIME.

CLIMATE NORMAL PERIOD 1981 TO 2010
CLIMATE RECORD PERIOD 1958 TO 2017


WEATHER ITEM   OBSERVED TIME   RECORD YEAR NORMAL DEPARTURE LAST
                VALUE   (LST)  VALUE       VALUE  FROM      YEAR
                                                  NORMAL
..................................................................
TEMPERATURE (F)
 TODAY
  MAXIMUM         58    459 PM  83    1976  68    -10       69
  MINIMUM         51   1152 AM  36    1973  46      5       50
                                      1966
  AVERAGE         55                        57     -2       60

PRECIPITATION (IN)
  TODAY            3.67R         2.06 1967   0.07   3.60     0.00
  MONTH TO DATE    8.97                      1.87   7.10     2.02
  SINCE OCT 1     14.17                      5.45   8.72     3.02
  SINCE JAN 1      8.97                      1.87   7.10     2.02

SNOWFALL (IN)
  TODAY            0.0
  MONTH TO DATE    0.0
  SINCE DEC 1      0.0
  SINCE JUL 1      0.0

DEGREE DAYS
 HEATING
  TODAY           10                         8      2        5
  MONTH TO DATE  192                       184      8      170
  SINCE DEC 1    420                       455    -35      406
  SINCE JUL 1    500                       604   -104      498

 COOLING
  TODAY            0                         0      0        0
  MONTH TO DATE    0                         0      0        0
  SINCE DEC 1      1                         1      0        6
  SINCE JAN 1      0                         0      0        0
..................................................................


WIND (MPH)
  HIGHEST WIND SPEED    17   HIGHEST WIND DIRECTION     S (180)
  HIGHEST GUST SPEED    28   HIGHEST GUST DIRECTION     S (180)
  AVERAGE WIND SPEED     9.0


SKY COVER
  POSSIBLE SUNSHINE  MM
  AVERAGE SKY COVER 1.0


WEATHER CONDITIONS
 THE FOLLOWING WEATHER WAS RECORDED TODAY.
  HEAVY RAIN
  RAIN
  LIGHT RAIN
  FOG


RELATIVE HUMIDITY (PERCENT)
 HIGHEST    96           100 PM
 LOWEST     77          1200 AM
 AVERAGE    87

..........................................................


THE LONG BEACH AIRPORT CA CLIMATE NORMALS FOR TOMORROW
                         NORMAL    RECORD    YEAR
 MAXIMUM TEMPERATURE (F)   68        82      1968
 MINIMUM TEMPERATURE (F)   46        37      2002
                                             1973
                                             1963


SUNRISE AND SUNSET
JANUARY 22 2017.......SUNRISE   655 AM PST   SUNSET   514 PM PST
JANUARY 23 2017.......SUNRISE   654 AM PST   SUNSET   515 PM PST


-  INDICATES NEGATIVE NUMBERS.
R  INDICATES RECORD WAS SET OR TIED.
MM INDICATES DATA IS MISSING.
T  INDICATES TRACE AMOUNT.




$$
