000
CDUS46 KLOX 110116
CLILGB


CLIMATE REPORT
NATIONAL WEATHER SERVICE LOS ANGELES/OXNARD CA
516 PM PST SAT DEC 10 2016


...................................

...THE LONG BEACH AIRPORT CA CLIMATE SUMMARY FOR DECEMBER 10 2016...
VALID TODAY AS OF 0500 PM LOCAL TIME.

CLIMATE NORMAL PERIOD 1981 TO 2010
CLIMATE RECORD PERIOD 1958 TO 2016


WEATHER ITEM   OBSERVED TIME   RECORD YEAR NORMAL DEPARTURE LAST
                VALUE   (LST)  VALUE       VALUE  FROM      YEAR
                                                  NORMAL
..................................................................
TEMPERATURE (F)
 TODAY
  MAXIMUM         65    118 PM  86    1958  67     -2       68
  MINIMUM         56    614 AM  36    1972  46     10       56
  AVERAGE         61                        56      5       62

PRECIPITATION (IN)
  TODAY            0.00          0.34 1984   0.06  -0.06     0.00
  MONTH TO DATE    0.00                      0.53  -0.53     0.00
  SINCE OCT 1      1.61                      2.16  -0.55     0.10
  SINCE JAN 1      5.60                     10.84  -5.24     4.19

SNOWFALL (IN)
  TODAY            0.0
  MONTH TO DATE    0.0
  SINCE DEC 1      0.0
  SINCE JUL 1      0.0

DEGREE DAYS
 HEATING
  TODAY            4                         9     -5        3
  MONTH TO DATE   76                        81     -5       16
  SINCE DEC 1     76                        81     -5       16
  SINCE JUL 1    156                       230    -74      108

 COOLING
  TODAY            0                         0      0        0
  MONTH TO DATE    0                         0      0        6
  SINCE DEC 1      0                         0      0        6
  SINCE JAN 1   1446                      1125    321     2008
..................................................................


WIND (MPH)
  HIGHEST WIND SPEED     8   HIGHEST WIND DIRECTION     S (190)
  HIGHEST GUST SPEED    10   HIGHEST GUST DIRECTION     S (190)
  AVERAGE WIND SPEED     2.8


SKY COVER
  POSSIBLE SUNSHINE  MM
  AVERAGE SKY COVER 0.9


WEATHER CONDITIONS
 THE FOLLOWING WEATHER WAS RECORDED TODAY.
  FOG
  HAZE


RELATIVE HUMIDITY (PERCENT)
 HIGHEST    87          1200 AM
 LOWEST     67          1100 AM
 AVERAGE    77

..........................................................


THE LONG BEACH AIRPORT CA CLIMATE NORMALS FOR TOMORROW
                         NORMAL    RECORD    YEAR
 MAXIMUM TEMPERATURE (F)   67        84      1958
 MINIMUM TEMPERATURE (F)   46        34      1972


SUNRISE AND SUNSET
DECEMBER 10 2016......SUNRISE   647 AM PST   SUNSET   444 PM PST
DECEMBER 11 2016......SUNRISE   648 AM PST   SUNSET   444 PM PST


-  INDICATES NEGATIVE NUMBERS.
R  INDICATES RECORD WAS SET OR TIED.
MM INDICATES DATA IS MISSING.
T  INDICATES TRACE AMOUNT.




$$
