000
CDUS46 KLOX 290914
CLILGB


CLIMATE REPORT
NATIONAL WEATHER SERVICE LOS ANGELES/OXNARD CA
214 AM PDT TUE JUL 29 2014


...................................

...THE LONG BEACH AIRPORT CA CLIMATE SUMMARY FOR JULY 28 2014...

CLIMATE NORMAL PERIOD 1981 TO 2010
CLIMATE RECORD PERIOD 1958 TO 2014


WEATHER ITEM   OBSERVED TIME   RECORD YEAR NORMAL DEPARTURE LAST
                VALUE   (LST)  VALUE       VALUE  FROM      YEAR
                                                  NORMAL
..................................................................
TEMPERATURE (F)
 YESTERDAY
  MAXIMUM         90    222 PM  96    1972  83      7       74
  MINIMUM         70   1150 PM  55    1965  65      5       62
  AVERAGE         80                        74      6       68

PRECIPITATION (IN)
  YESTERDAY        0.00          0.02 2003   0.00   0.00     0.00
  MONTH TO DATE    0.01                      0.03  -0.02     0.07
  SINCE JUL 1      0.01                      0.03  -0.02     0.07
  SINCE JAN 1      3.20                      8.47  -5.27     2.94

SNOWFALL (IN)
  YESTERDAY        0.0
  MONTH TO DATE    0.0
  SINCE JUN 1      0.0
  SINCE JUL 1      0.0

DEGREE DAYS
 HEATING
  YESTERDAY        0                         0      0        0
  MONTH TO DATE    0                         0      0        0
  SINCE JUN 1      0                         6     -6        0
  SINCE JUL 1      0                         0      0        0

 COOLING
  YESTERDAY       15                         9      6        3
  MONTH TO DATE  280                       228     52      226
  SINCE JUN 1    426                       349     77      387
  SINCE JAN 1    695                       452    243      536
..................................................................


WIND (MPH)
  HIGHEST WIND SPEED    16   HIGHEST WIND DIRECTION     W (280)
  HIGHEST GUST SPEED    21   HIGHEST GUST DIRECTION     W (290)
  AVERAGE WIND SPEED     4.7


SKY COVER
  POSSIBLE SUNSHINE  MM
  AVERAGE SKY COVER 0.1


WEATHER CONDITIONS
 THE FOLLOWING WEATHER WAS RECORDED YESTERDAY.
  NO SIGNIFICANT WEATHER WAS OBSERVED.


RELATIVE HUMIDITY (PERCENT)
 HIGHEST    84           300 AM
 LOWEST     23           400 PM
 AVERAGE    54

..........................................................


THE LONG BEACH AIRPORT CA CLIMATE NORMALS FOR TODAY
                         NORMAL    RECORD    YEAR
 MAXIMUM TEMPERATURE (F)   83        97      1980
 MINIMUM TEMPERATURE (F)   65        56      2012


SUNRISE AND SUNSET
JULY 29 2014..........SUNRISE   602 AM PDT   SUNSET   755 PM PDT
JULY 30 2014..........SUNRISE   603 AM PDT   SUNSET   755 PM PDT


-  INDICATES NEGATIVE NUMBERS.
R  INDICATES RECORD WAS SET OR TIED.
MM INDICATES DATA IS MISSING.
T  INDICATES TRACE AMOUNT.




$$
