000
CDUS46 KLOX 300111
CLILGB


CLIMATE REPORT
NATIONAL WEATHER SERVICE LOS ANGELES/OXNARD CA
611 PM PDT WED JUL 29 2015


...................................

...THE LONG BEACH AIRPORT CA CLIMATE SUMMARY FOR JULY 29 2015...
VALID TODAY AS OF 0600 PM LOCAL TIME.

CLIMATE NORMAL PERIOD 1981 TO 2010
CLIMATE RECORD PERIOD 1958 TO 2015


WEATHER ITEM   OBSERVED TIME   RECORD YEAR NORMAL DEPARTURE LAST
                VALUE   (LST)  VALUE       VALUE  FROM      YEAR
                                                  NORMAL
..................................................................
TEMPERATURE (F)
 TODAY
  MAXIMUM         84    215 PM  97    1980  83      1       87
  MINIMUM         69    403 AM  56    2012  65      4       68
  AVERAGE         77                        74      3       78

PRECIPITATION (IN)
  TODAY            0.00          0.05 2003   0.00   0.00     0.00
  MONTH TO DATE    0.54                      0.03   0.51     0.01
  SINCE OCT 1      8.40                     12.05  -3.65     4.44
  SINCE JAN 1      3.14                      8.47  -5.33     3.20

SNOWFALL (IN)
  TODAY            0.0
  MONTH TO DATE    0.0
  SINCE JUN 1      0.0
  SINCE JUL 1      0.0

DEGREE DAYS
 HEATING
  TODAY            0                         0      0        0
  MONTH TO DATE    0                         0      0        0
  SINCE JUN 1      0                         6     -6        0
  SINCE JUL 1      0                         0      0        0

 COOLING
  TODAY           12                         9      3       13
  MONTH TO DATE  303                       237     66      293
  SINCE JUN 1    514                       358    156      439
  SINCE JAN 1    770                       461    309      708
..................................................................


WIND (MPH)
  HIGHEST WIND SPEED    12   HIGHEST WIND DIRECTION     W (290)
  HIGHEST GUST SPEED    16   HIGHEST GUST DIRECTION     S (170)
  AVERAGE WIND SPEED     6.1


SKY COVER
  POSSIBLE SUNSHINE  MM
  AVERAGE SKY COVER 0.5


WEATHER CONDITIONS
 THE FOLLOWING WEATHER WAS RECORDED TODAY.
  HAZE


RELATIVE HUMIDITY (PERCENT)
 HIGHEST    84          1200 AM
 LOWEST     51           300 PM
 AVERAGE    68

..........................................................


THE LONG BEACH AIRPORT CA CLIMATE NORMALS FOR TOMORROW
                         NORMAL    RECORD    YEAR
 MAXIMUM TEMPERATURE (F)   83       100      1980
 MINIMUM TEMPERATURE (F)   65        56      1962


SUNRISE AND SUNSET
JULY 29 2015..........SUNRISE   602 AM PDT   SUNSET   756 PM PDT
JULY 30 2015..........SUNRISE   603 AM PDT   SUNSET   755 PM PDT


-  INDICATES NEGATIVE NUMBERS.
R  INDICATES RECORD WAS SET OR TIED.
MM INDICATES DATA IS MISSING.
T  INDICATES TRACE AMOUNT.




$$
