000
CDHW41 PHFO 180239
CLILIH


CLIMATE REPORT
NATIONAL WEATHER SERVICE HONOLULU HI
439 PM HST WED DEC 17 2014


...................................

...THE LIHUE HI CLIMATE SUMMARY FOR DECEMBER 17 2014...
VALID TODAY AS OF 0400 PM LOCAL TIME.

CLIMATE NORMAL PERIOD 1981 TO 2010
CLIMATE RECORD PERIOD 1946 TO 2014


WEATHER ITEM   OBSERVED TIME   RECORD YEAR NORMAL DEPARTURE LAST
                VALUE   (LST)  VALUE       VALUE  FROM      YEAR
                                                  NORMAL
..................................................................
TEMPERATURE (F)
 TODAY
  MAXIMUM         81    110 PM  83    2005  79      2       79
                                      1992
                                      1981
  MINIMUM         73    341 PM  55    1983  67      6       64
  AVERAGE         77                        73      4       72

PRECIPITATION (IN)
  TODAY            0.02          3.37 1952   0.17  -0.15      T
  MONTH TO DATE    0.35                      2.80  -2.45     5.04
  SINCE DEC 1      0.35                      2.80  -2.45     5.04
  SINCE JAN 1     30.86                     34.65  -3.79    36.47

SNOWFALL (IN)
  TODAY            0.0
  MONTH TO DATE    0.0
  SINCE DEC 1      0.0
  SINCE JUL 1      0.0
  SNOW DEPTH       0

DEGREE DAYS
 HEATING
  TODAY            0                         0      0        0
  MONTH TO DATE    0                         0      0        0
  SINCE DEC 1      0                         0      0        0
  SINCE JUL 1      0                         0      0        0

 COOLING
  TODAY           12                         8      4        7
  MONTH TO DATE  126                       147    -21      160
  SINCE DEC 1    126                       147    -21      160
  SINCE JAN 1   3942                      3838    104     3585
..................................................................


WIND (MPH)
  HIGHEST WIND SPEED    20   HIGHEST WIND DIRECTION    NE (60)
  HIGHEST GUST SPEED    24   HIGHEST GUST DIRECTION    NE (50)
  AVERAGE WIND SPEED    11.9


SKY COVER
  POSSIBLE SUNSHINE  MM
  AVERAGE SKY COVER 0.9


WEATHER CONDITIONS
 THE FOLLOWING WEATHER WAS RECORDED TODAY.
  RAIN
  LIGHT RAIN
  FOG
  HAZE


RELATIVE HUMIDITY (PERCENT)
 HIGHEST    87           200 AM
 LOWEST     62          1100 AM
 AVERAGE    75

..........................................................


THE LIHUE HI CLIMATE NORMALS FOR TOMORROW
                         NORMAL    RECORD    YEAR
 MAXIMUM TEMPERATURE (F)   79        87      2005
 MINIMUM TEMPERATURE (F)   67        55      1954


SUNRISE AND SUNSET
DECEMBER 17 2014......SUNRISE   710 AM HST   SUNSET   558 PM HST
DECEMBER 18 2014......SUNRISE   710 AM HST   SUNSET   558 PM HST


-  INDICATES NEGATIVE NUMBERS.
R  INDICATES RECORD WAS SET OR TIED.
MM INDICATES DATA IS MISSING.
T  INDICATES TRACE AMOUNT.




$$
