000
CDHW41 PHFO 161245
CLILIH


CLIMATE REPORT
NATIONAL WEATHER SERVICE HONOLULU HI
245 AM HST SAT DEC 16 2017


...................................

...THE LIHUE HI CLIMATE SUMMARY FOR DECEMBER 15 2017...

CLIMATE NORMAL PERIOD 1981 TO 2010
CLIMATE RECORD PERIOD 1946 TO 2017


WEATHER ITEM   OBSERVED TIME   RECORD YEAR NORMAL DEPARTURE LAST
                VALUE   (LST)  VALUE       VALUE  FROM      YEAR
                                                  NORMAL
..................................................................
TEMPERATURE (F)
 YESTERDAY
  MAXIMUM         73    249 PM  84    2010  79     -6       77
                                      1988
  MINIMUM         63    533 AM  57    1996  68     -5       61
  AVERAGE         68                        73     -5       69

PRECIPITATION (IN)
  YESTERDAY        T             3.49 1987   0.16  -0.16     0.00
  MONTH TO DATE    0.08                      2.45  -2.37     0.90
  SINCE DEC 1      0.08                      2.45  -2.37     0.90
  SINCE JAN 1     22.25                     34.30 -12.05    13.13

SNOWFALL (IN)
  YESTERDAY        0.0
  MONTH TO DATE    0.0
  SINCE DEC 1      0.0
  SINCE JUL 1      0.0
  SNOW DEPTH      MM

DEGREE DAYS
 HEATING
  YESTERDAY        0                         0      0        0
  MONTH TO DATE    0                         0      0        0
  SINCE DEC 1      0                         0      0        0
  SINCE JUL 1      0                         0      0        0

 COOLING
  YESTERDAY        3                         8     -5        4
  MONTH TO DATE   59                       131    -72      124
  SINCE DEC 1     59                       131    -72      124
  SINCE JAN 1   4140                      3822    318     4084
..................................................................


WIND (MPH)
  HIGHEST WIND SPEED    31   HIGHEST WIND DIRECTION    NE (30)
  HIGHEST GUST SPEED    38   HIGHEST GUST DIRECTION     N (20)
  AVERAGE WIND SPEED    19.8


SKY COVER
  POSSIBLE SUNSHINE  MM
  AVERAGE SKY COVER  MM


WEATHER CONDITIONS
 THE FOLLOWING WEATHER WAS RECORDED YESTERDAY.
  NO SIGNIFICANT WEATHER WAS OBSERVED.


RELATIVE HUMIDITY (PERCENT)
 HIGHEST    MM
 LOWEST     MM
 AVERAGE    MM

..........................................................


THE LIHUE HI CLIMATE NORMALS FOR TODAY
                         NORMAL    RECORD    YEAR
 MAXIMUM TEMPERATURE (F)   79        85      1979
 MINIMUM TEMPERATURE (F)   68        57      1989
                                             1985
                                             1983


SUNRISE AND SUNSET
DECEMBER 16 2017......SUNRISE   709 AM HST   SUNSET   557 PM HST
DECEMBER 17 2017......SUNRISE   710 AM HST   SUNSET   558 PM HST


-  INDICATES NEGATIVE NUMBERS.
R  INDICATES RECORD WAS SET OR TIED.
MM INDICATES DATA IS MISSING.
T  INDICATES TRACE AMOUNT.




$$
