000
CDHW41 PHFO 251245
CLILIH


CLIMATE REPORT
NATIONAL WEATHER SERVICE HONOLULU HI
245 AM HST WED MAY 25 2016


...................................

...THE LIHUE HI CLIMATE SUMMARY FOR MAY 24 2016...

CLIMATE NORMAL PERIOD 1981 TO 2010
CLIMATE RECORD PERIOD 1946 TO 2016


WEATHER ITEM   OBSERVED TIME   RECORD YEAR NORMAL DEPARTURE LAST
                VALUE   (LST)  VALUE       VALUE  FROM      YEAR
                                                  NORMAL
..................................................................
TEMPERATURE (F)
 YESTERDAY
  MAXIMUM         83    108 PM  85    1996  82      1       78
                                      1981
  MINIMUM         70    607 AM  62    1985  71     -1       66
  AVERAGE         77                        76      1       72

PRECIPITATION (IN)
  YESTERDAY        0.03          0.83 2014   0.06  -0.03     0.03
  MONTH TO DATE    0.88                      1.71  -0.83     0.58
  SINCE MAR 1      4.34                      8.57  -4.23     3.70
  SINCE JAN 1      5.51                     15.48  -9.97     5.61

SNOWFALL (IN)
  YESTERDAY        0.0
  MONTH TO DATE    0.0
  SINCE MAR 1      0.0
  SINCE JUL 1      0.0
  SNOW DEPTH       0

DEGREE DAYS
 HEATING
  YESTERDAY        0                         0      0        0
  MONTH TO DATE    0                         0      0        0
  SINCE MAR 1      0                         0      0        0
  SINCE JUL 1      0                         0      0        0

 COOLING
  YESTERDAY       12                        12      0        7
  MONTH TO DATE  303                       252     51      290
  SINCE MAR 1    871                       761    110      895
  SINCE JAN 1   1326                      1156    170     1351
..................................................................


WIND (MPH)
  HIGHEST WIND SPEED    25   HIGHEST WIND DIRECTION    NE (40)
  HIGHEST GUST SPEED    32   HIGHEST GUST DIRECTION    NE (30)
  AVERAGE WIND SPEED    11.6


SKY COVER
  POSSIBLE SUNSHINE  MM
  AVERAGE SKY COVER 0.6


WEATHER CONDITIONS
 THE FOLLOWING WEATHER WAS RECORDED YESTERDAY.
  LIGHT RAIN
  HAZE


RELATIVE HUMIDITY (PERCENT)
 HIGHEST    84           100 AM
 LOWEST     67          1200 PM
 AVERAGE    76

..........................................................


THE LIHUE HI CLIMATE NORMALS FOR TODAY
                         NORMAL    RECORD    YEAR
 MAXIMUM TEMPERATURE (F)   82        84      2007
                                             2005
                                             2004
 MINIMUM TEMPERATURE (F)   71        64      1959


SUNRISE AND SUNSET
MAY 25 2016...........SUNRISE   555 AM HST   SUNSET   714 PM HST
MAY 26 2016...........SUNRISE   554 AM HST   SUNSET   715 PM HST


-  INDICATES NEGATIVE NUMBERS.
R  INDICATES RECORD WAS SET OR TIED.
MM INDICATES DATA IS MISSING.
T  INDICATES TRACE AMOUNT.




$$
