000
CDHW41 PHFO 270228
CLILIH


CLIMATE REPORT
NATIONAL WEATHER SERVICE HONOLULU HI
426 PM HST WED APR 26 2017


...................................

...THE LIHUE HI CLIMATE SUMMARY FOR APRIL 26 2017...
VALID TODAY AS OF 0400 PM LOCAL TIME.

CLIMATE NORMAL PERIOD 1981 TO 2010
CLIMATE RECORD PERIOD 1946 TO 2017


WEATHER ITEM   OBSERVED TIME   RECORD YEAR NORMAL DEPARTURE LAST
                VALUE   (LST)  VALUE       VALUE  FROM      YEAR
                                                  NORMAL
..................................................................
TEMPERATURE (F)
 TODAY
  MAXIMUM         82    359 PM  87    1981  80      2       79
  MINIMUM         73    727 AM  60    2009  69      4       76
  AVERAGE         78                        74      4       78

PRECIPITATION (IN)
  TODAY            0.03          2.77 1962   0.06  -0.03     0.03
  MONTH TO DATE    1.69                      2.00  -0.31     0.70
  SINCE MAR 1      5.80                      6.61  -0.81     3.32
  SINCE JAN 1     12.28                     13.52  -1.24     4.49

SNOWFALL (IN)
  TODAY            0.0
  MONTH TO DATE    0.0
  SINCE MAR 1      0.0
  SINCE JUL 1      0.0
  SNOW DEPTH      MM

DEGREE DAYS
 HEATING
  TODAY            0                         0      0        0
  MONTH TO DATE    0                         0      0        0
  SINCE MAR 1      0                         0      0        0
  SINCE JUL 1      0                         0      0        0

 COOLING
  TODAY           13                         9      4       13
  MONTH TO DATE  308                       233     75      272
  SINCE MAR 1    588                       472    116      507
  SINCE JAN 1   1029                       867    162      962
..................................................................


WIND (MPH)
  HIGHEST WIND SPEED    29   HIGHEST WIND DIRECTION     E (70)
  HIGHEST GUST SPEED    34   HIGHEST GUST DIRECTION     E (70)
  AVERAGE WIND SPEED    MM


SKY COVER
  POSSIBLE SUNSHINE  MM
  AVERAGE SKY COVER  MM


WEATHER CONDITIONS
 THE FOLLOWING WEATHER WAS RECORDED TODAY.
  FOG


RELATIVE HUMIDITY (PERCENT)
 HIGHEST    MM
 LOWEST     MM
 AVERAGE    MM

..........................................................


THE LIHUE HI CLIMATE NORMALS FOR TOMORROW
                         NORMAL    RECORD    YEAR
 MAXIMUM TEMPERATURE (F)   80        88      1981
 MINIMUM TEMPERATURE (F)   69        59      2009


SUNRISE AND SUNSET
APRIL 26 2017.........SUNRISE   609 AM HST   SUNSET   702 PM HST
APRIL 27 2017.........SUNRISE   608 AM HST   SUNSET   702 PM HST


-  INDICATES NEGATIVE NUMBERS.
R  INDICATES RECORD WAS SET OR TIED.
MM INDICATES DATA IS MISSING.
T  INDICATES TRACE AMOUNT.




$$
