000
CDHW41 PHFO 310344
CLILIH


CLIMATE REPORT
NATIONAL WEATHER SERVICE HONOLULU HI
534 PM HST SAT AUG 30 2014


...................................

...THE LIHUE HI CLIMATE SUMMARY FOR AUGUST 30 2014...
VALID TODAY AS OF 0500 PM LOCAL TIME.

CLIMATE NORMAL PERIOD 1981 TO 2010
CLIMATE RECORD PERIOD 1946 TO 2014


WEATHER ITEM   OBSERVED TIME   RECORD YEAR NORMAL DEPARTURE LAST
                VALUE   (LST)  VALUE       VALUE  FROM      YEAR
                                                  NORMAL
..................................................................
TEMPERATURE (F)
 TODAY
  MAXIMUM         86    209 PM  90    1996  85      1       86
  MINIMUM         72    651 AM  67    1954  75     -3       76
  AVERAGE         79                        80     -1       81

PRECIPITATION (IN)
  TODAY            0.00          0.33 1956   0.06  -0.06      T
  MONTH TO DATE    3.75                      2.07   1.68     0.74
  SINCE JUN 1      8.33                      5.55   2.78     2.40
  SINCE JAN 1     24.12                     21.39   2.73    17.20

SNOWFALL (IN)
  TODAY            0.0
  MONTH TO DATE    0.0
  SINCE JUN 1      0.0
  SINCE JUL 1      0.0
  SNOW DEPTH       0

DEGREE DAYS
 HEATING
  TODAY            0                         0      0        0
  MONTH TO DATE    0                         0      0        0
  SINCE JUN 1      0                         0      0        0
  SINCE JUL 1      0                         0      0        0

 COOLING
  TODAY           14                        15     -1       16
  MONTH TO DATE  439                       449    -10      434
  SINCE JUN 1   1282                      1282      0     1197
  SINCE JAN 1   2503                      2521    -18     2279
..................................................................


WIND (MPH)
  HIGHEST WIND SPEED    14   HIGHEST WIND DIRECTION     E (70)
  HIGHEST GUST SPEED    16   HIGHEST GUST DIRECTION    NE (50)
  AVERAGE WIND SPEED     7.4


SKY COVER
  POSSIBLE SUNSHINE  MM
  AVERAGE SKY COVER 0.4


WEATHER CONDITIONS
 THE FOLLOWING WEATHER WAS RECORDED TODAY.
  NO SIGNIFICANT WEATHER WAS OBSERVED.


RELATIVE HUMIDITY (PERCENT)
 HIGHEST    84           200 AM
 LOWEST     57           200 PM
 AVERAGE    71

..........................................................


THE LIHUE HI CLIMATE NORMALS FOR TOMORROW
                         NORMAL    RECORD    YEAR
 MAXIMUM TEMPERATURE (F)   85        88      2002
                                             1996
                                             1981
 MINIMUM TEMPERATURE (F)   74        69      1954


SUNRISE AND SUNSET
AUGUST 30 2014........SUNRISE   620 AM HST   SUNSET   656 PM HST
AUGUST 31 2014........SUNRISE   620 AM HST   SUNSET   655 PM HST


-  INDICATES NEGATIVE NUMBERS.
R  INDICATES RECORD WAS SET OR TIED.
MM INDICATES DATA IS MISSING.
T  INDICATES TRACE AMOUNT.




$$
