000
CDHW41 PHFO 041245
CLILIH


CLIMATE REPORT
NATIONAL WEATHER SERVICE HONOLULU HI
245 AM HST SUN DEC 4 2016


...................................

...THE LIHUE HI CLIMATE SUMMARY FOR DECEMBER 3 2016...

CLIMATE NORMAL PERIOD 1981 TO 2010
CLIMATE RECORD PERIOD 1946 TO 2016


WEATHER ITEM   OBSERVED TIME   RECORD YEAR NORMAL DEPARTURE LAST
                VALUE   (LST)  VALUE       VALUE  FROM      YEAR
                                                  NORMAL
..................................................................
TEMPERATURE (F)
 YESTERDAY
  MAXIMUM         81    214 PM  84    1995  79      2       81
                                      1980
                                      1969
  MINIMUM         67    123 AM  58    1956  69     -2       71
  AVERAGE         74                        74      0       76

PRECIPITATION (IN)
  YESTERDAY        T             3.15 1950   0.15  -0.15     0.06
  MONTH TO DATE    0.55                      0.47   0.08     0.28
  SINCE DEC 1      0.55                      0.47   0.08     0.28
  SINCE JAN 1     12.78                     32.32 -19.54    28.56

SNOWFALL (IN)
  YESTERDAY        0.0
  MONTH TO DATE    0.0
  SINCE DEC 1      0.0
  SINCE JUL 1      0.0
  SNOW DEPTH       0

DEGREE DAYS
 HEATING
  YESTERDAY        0                         0      0        0
  MONTH TO DATE    0                         0      0        0
  SINCE DEC 1      0                         0      0        0
  SINCE JUL 1      0                         0      0        0

 COOLING
  YESTERDAY        9                         9      0       11
  MONTH TO DATE   31                        27      4       33
  SINCE DEC 1     31                        27      4       33
  SINCE JAN 1   3991                      3718    273     4112
..................................................................


WIND (MPH)
  HIGHEST WIND SPEED    18   HIGHEST WIND DIRECTION    NW (320)
  HIGHEST GUST SPEED    22   HIGHEST GUST DIRECTION    NW (310)
  AVERAGE WIND SPEED     7.0


SKY COVER
  POSSIBLE SUNSHINE  MM
  AVERAGE SKY COVER 0.3


WEATHER CONDITIONS
 THE FOLLOWING WEATHER WAS RECORDED YESTERDAY.
  NO SIGNIFICANT WEATHER WAS OBSERVED.


RELATIVE HUMIDITY (PERCENT)
 HIGHEST    90           800 AM
 LOWEST     69          1200 PM
 AVERAGE    80

..........................................................


THE LIHUE HI CLIMATE NORMALS FOR TODAY
                         NORMAL    RECORD    YEAR
 MAXIMUM TEMPERATURE (F)   79        84      1995
 MINIMUM TEMPERATURE (F)   69        57      1958


SUNRISE AND SUNSET
DECEMBER  4 2016......SUNRISE   702 AM HST   SUNSET   554 PM HST
DECEMBER  5 2016......SUNRISE   703 AM HST   SUNSET   554 PM HST


-  INDICATES NEGATIVE NUMBERS.
R  INDICATES RECORD WAS SET OR TIED.
MM INDICATES DATA IS MISSING.
T  INDICATES TRACE AMOUNT.




$$
