000
CDHW41 PHFO 200240
CLILIH


CLIMATE REPORT
NATIONAL WEATHER SERVICE HONOLULU HI
430 PM HST FRI SEP 19 2014


...................................

...THE LIHUE HI CLIMATE SUMMARY FOR SEPTEMBER 19 2014...
VALID TODAY AS OF 0400 PM LOCAL TIME.

CLIMATE NORMAL PERIOD 1981 TO 2010
CLIMATE RECORD PERIOD 1946 TO 2014


WEATHER ITEM   OBSERVED TIME   RECORD YEAR NORMAL DEPARTURE LAST
                VALUE   (LST)  VALUE       VALUE  FROM      YEAR
                                                  NORMAL
..................................................................
TEMPERATURE (F)
 TODAY
  MAXIMUM         86    144 PM  87    2011  85      1       86
                                      1994
                                      1981
  MINIMUM         73    700 AM  68    1986  74     -1       76
                                      1957
  AVERAGE         80                        79      1       81

PRECIPITATION (IN)
  TODAY            0.11          1.64 1974   0.08   0.03     0.03
  MONTH TO DATE    0.77                      1.20  -0.43     1.43
  SINCE SEP 1      0.77                      1.20  -0.43     1.43
  SINCE JAN 1     24.94                     22.65   2.29    18.64

SNOWFALL (IN)
  TODAY            0.0
  MONTH TO DATE    0.0
  SINCE SEP 1      0.0
  SINCE JUL 1      0.0
  SNOW DEPTH       0

DEGREE DAYS
 HEATING
  TODAY            0                         0      0        0
  MONTH TO DATE    0                         0      0        0
  SINCE SEP 1      0                         0      0        0
  SINCE JUL 1      0                         0      0        0

 COOLING
  TODAY           15                        14      1       16
  MONTH TO DATE  291                       281     10      290
  SINCE SEP 1    291                       281     10      290
  SINCE JAN 1   2809                      2807      2     2586
..................................................................


WIND (MPH)
  HIGHEST WIND SPEED     9   HIGHEST WIND DIRECTION     E (90)
  HIGHEST GUST SPEED    12   HIGHEST GUST DIRECTION     E (90)
  AVERAGE WIND SPEED     6.4


SKY COVER
  POSSIBLE SUNSHINE  MM
  AVERAGE SKY COVER 0.4


WEATHER CONDITIONS
 THE FOLLOWING WEATHER WAS RECORDED TODAY.
  RAIN
  LIGHT RAIN
  FOG


RELATIVE HUMIDITY (PERCENT)
 HIGHEST    94          1200 AM
 LOWEST     65           100 PM
 AVERAGE    80

..........................................................


THE LIHUE HI CLIMATE NORMALS FOR TOMORROW
                         NORMAL    RECORD    YEAR
 MAXIMUM TEMPERATURE (F)   85        89      1959
 MINIMUM TEMPERATURE (F)   74        67      1957


SUNRISE AND SUNSET
SEPTEMBER 19 2014.....SUNRISE   625 AM HST   SUNSET   636 PM HST
SEPTEMBER 20 2014.....SUNRISE   626 AM HST   SUNSET   635 PM HST


-  INDICATES NEGATIVE NUMBERS.
R  INDICATES RECORD WAS SET OR TIED.
MM INDICATES DATA IS MISSING.
T  INDICATES TRACE AMOUNT.




$$
