000
CDUS44 KLZK 271009
CLILIT


CLIMATE REPORT
NATIONAL WEATHER SERVICE LITTLE ROCK AR
408 AM CST SAT DEC 27 2014


...................................

...THE LITTLE ROCK ADAMS FIELD CLIMATE SUMMARY FOR DECEMBER 26 2014...

CLIMATE NORMAL PERIOD 1981 TO 2010
CLIMATE RECORD PERIOD 1874 TO 2014


WEATHER ITEM   OBSERVED TIME   RECORD YEAR NORMAL DEPARTURE LAST
                VALUE   (LST)  VALUE       VALUE  FROM      YEAR
                                                  NORMAL
..................................................................
TEMPERATURE (F)
 YESTERDAY
  MAXIMUM         55    213 PM  74    1889  50      5       50
  MINIMUM         39    442 AM   5    1983  32      7       28
  AVERAGE         47                        41      6       39

PRECIPITATION (IN)
  YESTERDAY        0.19          3.22 1987   0.15   0.04     0.00
  MONTH TO DATE    2.36                      4.29  -1.93     6.94
  SINCE DEC 1      2.36                      4.29  -1.93     6.94
  SINCE JAN 1     47.33                     49.07  -1.74    52.78

SNOWFALL (IN)
  YESTERDAY        0.0           3.0  1887   0.0    0.0      0.0
  MONTH TO DATE    0.0                       0.1   -0.1      1.2
  SINCE DEC 1      0.0                       0.1   -0.1      1.2
  SINCE JUL 1      0.1                       0.1    0.0      1.2
  SNOW DEPTH       0

DEGREE DAYS
 HEATING
  YESTERDAY       18                        24     -6       26
  MONTH TO DATE  476                       562    -86      561
  SINCE DEC 1    476                       562    -86      561
  SINCE JUL 1   1047                      1076    -29     1145

 COOLING
  YESTERDAY        0                         0      0        0
  MONTH TO DATE    0                         0      0        5
  SINCE DEC 1      0                         0      0        5
  SINCE JAN 1   2050                      2204   -154     2207
..................................................................


WIND (MPH)
  HIGHEST WIND SPEED    14   HIGHEST WIND DIRECTION    SE (140)
  HIGHEST GUST SPEED    18   HIGHEST GUST DIRECTION    SE (140)
  AVERAGE WIND SPEED     5.8


SKY COVER
  POSSIBLE SUNSHINE  MM
  AVERAGE SKY COVER 0.8


WEATHER CONDITIONS
 THE FOLLOWING WEATHER WAS RECORDED YESTERDAY.
  RAIN
  LIGHT RAIN
  FOG


RELATIVE HUMIDITY (PERCENT)
 HIGHEST    89           800 PM
 LOWEST     59           100 PM
 AVERAGE    74

..........................................................


THE LITTLE ROCK ADAMS FIELD CLIMATE NORMALS FOR TODAY
                         NORMAL    RECORD    YEAR
 MAXIMUM TEMPERATURE (F)   50        76      2005
 MINIMUM TEMPERATURE (F)   32        10      1892


SUNRISE AND SUNSET
DECEMBER 27 2014......SUNRISE   715 AM CST   SUNSET   505 PM CST
DECEMBER 28 2014......SUNRISE   715 AM CST   SUNSET   506 PM CST


-  INDICATES NEGATIVE NUMBERS.
R  INDICATES RECORD WAS SET OR TIED.
MM INDICATES DATA IS MISSING.
T  INDICATES TRACE AMOUNT.




$$
