000
CDUS44 KLZK 230645
CLILIT


CLIMATE REPORT
NATIONAL WEATHER SERVICE LITTLE ROCK AR
144 AM CDT TUE MAY 23 2017


...................................

...THE LITTLE ROCK ADAMS FIELD CLIMATE SUMMARY FOR MAY 22 2017...

CLIMATE NORMAL PERIOD 1981 TO 2010
CLIMATE RECORD PERIOD 1874 TO 2017


WEATHER ITEM   OBSERVED TIME   RECORD YEAR NORMAL DEPARTURE LAST
                VALUE   (LST)  VALUE       VALUE  FROM      YEAR
                                                  NORMAL
..................................................................
TEMPERATURE (F)
 YESTERDAY
  MAXIMUM         72   1118 AM  94    2010  83    -11       83
                                      1972
                                      1970
  MINIMUM         58   1209 AM  44    1883  63     -5       59
  AVERAGE         65                        73     -8       71

PRECIPITATION (IN)
  YESTERDAY        0.00          1.75 1927   0.15  -0.15     0.00
  MONTH TO DATE    4.55                      3.63   0.92     2.08
  SINCE MAR 1     18.55                     13.45   5.10    22.14
  SINCE JAN 1     23.55                     20.66   2.89    27.83

SNOWFALL (IN)
  YESTERDAY        0.0          MM      MM   0.0    0.0      0.0
  MONTH TO DATE    0.0                       0.0    0.0      0.0
  SINCE MAR 1      0.0                       0.4   -0.4      0.0
  SINCE JUL 1      0.2                       3.5   -3.3      5.7
  SNOW DEPTH       0

DEGREE DAYS
 HEATING
  YESTERDAY        0                         0      0        0
  MONTH TO DATE   24                        18      6        8
  SINCE MAR 1    378                       537   -159      302
  SINCE JUL 1   2292                      3050   -758     2191

 COOLING
  YESTERDAY        0                         8     -8        6
  MONTH TO DATE   92                       124    -32       82
  SINCE MAR 1    187                       194     -7      171
  SINCE JAN 1    199                       196      3      177
..................................................................


WIND (MPH)
  HIGHEST WIND SPEED    16   HIGHEST WIND DIRECTION    SE (130)
  HIGHEST GUST SPEED    23   HIGHEST GUST DIRECTION     E (90)
  AVERAGE WIND SPEED     5.0


SKY COVER
  POSSIBLE SUNSHINE  MM
  AVERAGE SKY COVER 0.8


WEATHER CONDITIONS
 THE FOLLOWING WEATHER WAS RECORDED YESTERDAY.
  NO SIGNIFICANT WEATHER WAS OBSERVED.


RELATIVE HUMIDITY (PERCENT)
 HIGHEST    90          1000 PM
 LOWEST     47          1100 AM
 AVERAGE    69

..........................................................


THE LITTLE ROCK ADAMS FIELD CLIMATE NORMALS FOR TODAY
                         NORMAL    RECORD    YEAR
 MAXIMUM TEMPERATURE (F)   83        94      1978
 MINIMUM TEMPERATURE (F)   63        42      1963


SUNRISE AND SUNSET
MAY 23 2017...........SUNRISE   601 AM CDT   SUNSET   811 PM CDT
MAY 24 2017...........SUNRISE   600 AM CDT   SUNSET   812 PM CDT


-  INDICATES NEGATIVE NUMBERS.
R  INDICATES RECORD WAS SET OR TIED.
MM INDICATES DATA IS MISSING.
T  INDICATES TRACE AMOUNT.




$$
