000
CDUS44 KLZK 172159
CLILIT


CLIMATE REPORT
NATIONAL WEATHER SERVICE LITTLE ROCK AR
359 PM CST SAT FEB 17 2018


...................................

...THE LITTLE ROCK ADAMS FIELD CLIMATE SUMMARY FOR FEBRUARY 17 2018...
VALID TODAY AS OF 0300 PM LOCAL TIME.

CLIMATE NORMAL PERIOD 1981 TO 2010
CLIMATE RECORD PERIOD 1874 TO 2018


WEATHER ITEM   OBSERVED TIME   RECORD YEAR NORMAL DEPARTURE LAST
                VALUE   (LST)  VALUE       VALUE  FROM      YEAR
                                                  NORMAL
..................................................................
TEMPERATURE (F)
 TODAY
  MAXIMUM         49    353 PM  80    1986  56     -7       69
  MINIMUM         39    917 AM   5    1900  35      4       35
  AVERAGE         44                        45     -1       52

PRECIPITATION (IN)
  TODAY            0.33          2.81 1938   0.13   0.20     0.00
  MONTH TO DATE    2.04                      2.12  -0.08     1.43
  SINCE DEC 1     12.00                     10.64   1.36     7.29
  SINCE JAN 1      4.26                      5.67  -1.41     2.90

SNOWFALL (IN)
  TODAY            0.0           3.9  1910   0.1   -0.1      0.0
  MONTH TO DATE    0.0                       0.9   -0.9      0.0
  SINCE DEC 1      1.7                       2.7   -1.0      0.2
  SINCE JUL 1      1.7                       2.7   -1.0      0.2
  SNOW DEPTH       0

DEGREE DAYS
 HEATING
  TODAY           21                        20      1       13
  MONTH TO DATE  394                       369     25      244
  SINCE DEC 1   1921                      1801    120     1485
  SINCE JUL 1   2387                      2315     72     1824

 COOLING
  TODAY            0                         0      0        0
  MONTH TO DATE    3                         0      3        8
  SINCE DEC 1      3                         3      0       10
  SINCE JAN 1      3                         1      2        8
..................................................................


WIND (MPH)
  HIGHEST WIND SPEED    16   HIGHEST WIND DIRECTION    SE (150)
  HIGHEST GUST SPEED    19   HIGHEST GUST DIRECTION    NW (320)
  AVERAGE WIND SPEED     7.2


SKY COVER
  POSSIBLE SUNSHINE  MM
  AVERAGE SKY COVER 1.0


WEATHER CONDITIONS
 THE FOLLOWING WEATHER WAS RECORDED TODAY.
  RAIN
  LIGHT RAIN
  FOG


RELATIVE HUMIDITY (PERCENT)
 HIGHEST   100           600 AM
 LOWEST     76          1200 AM
 AVERAGE    88

..........................................................


THE LITTLE ROCK ADAMS FIELD CLIMATE NORMALS FOR TOMORROW
                         NORMAL    RECORD    YEAR
 MAXIMUM TEMPERATURE (F)   56        77      1986
 MINIMUM TEMPERATURE (F)   35         5      1936


SUNRISE AND SUNSET
FEBRUARY 17 2018......SUNRISE   652 AM CST   SUNSET   554 PM CST
FEBRUARY 18 2018......SUNRISE   651 AM CST   SUNSET   555 PM CST


-  INDICATES NEGATIVE NUMBERS.
R  INDICATES RECORD WAS SET OR TIED.
MM INDICATES DATA IS MISSING.
T  INDICATES TRACE AMOUNT.




$$
