781
CDUS44 KLZK 250644
CLILIT


CLIMATE REPORT
NATIONAL WEATHER SERVICE LITTLE ROCK AR
144 AM CDT TUE APR 25 2017


...................................

...THE LITTLE ROCK ADAMS FIELD CLIMATE SUMMARY FOR APRIL 24 2017...

CLIMATE NORMAL PERIOD 1981 TO 2010
CLIMATE RECORD PERIOD 1874 TO 2017


WEATHER ITEM   OBSERVED TIME   RECORD YEAR NORMAL DEPARTURE LAST
                VALUE   (LST)  VALUE       VALUE  FROM      YEAR
                                                  NORMAL
..................................................................
TEMPERATURE (F)
 YESTERDAY
  MAXIMUM         76    308 PM  89    1965  75      1       82
                                      1949
  MINIMUM         45    326 AM  36    1910  54     -9       55
  AVERAGE         61                        64     -3       69

PRECIPITATION (IN)
  YESTERDAY        0.00          2.30 1905   0.18  -0.18     0.00
  MONTH TO DATE    3.28                      4.07  -0.79     1.95
  SINCE MAR 1      7.15                      8.75  -1.60    14.28
  SINCE JAN 1     12.15                     15.96  -3.81    19.97

SNOWFALL (IN)
  YESTERDAY        0.0          MM      MM   0.0    0.0      0.0
  MONTH TO DATE    0.0                       0.0    0.0      0.0
  SINCE MAR 1      0.0                       0.4   -0.4      0.0
  SINCE JUL 1      0.2                       3.5   -3.3      5.7
  SNOW DEPTH       0

DEGREE DAYS
 HEATING
  YESTERDAY        4                         3      1        0
  MONTH TO DATE   59                       131    -72       70
  SINCE MAR 1    339                       506   -167      294
  SINCE JUL 1   2253                      3019   -766     2183

 COOLING
  YESTERDAY        0                         2     -2        4
  MONTH TO DATE   60                        38     22       27
  SINCE MAR 1     81                        52     29       48
  SINCE JAN 1     93                        54     39       54
..................................................................


WIND (MPH)
  HIGHEST WIND SPEED    10   HIGHEST WIND DIRECTION    SE (120)
  HIGHEST GUST SPEED    15   HIGHEST GUST DIRECTION    SE (120)
  AVERAGE WIND SPEED     5.6


SKY COVER
  POSSIBLE SUNSHINE  MM
  AVERAGE SKY COVER 0.2


WEATHER CONDITIONS
 THE FOLLOWING WEATHER WAS RECORDED YESTERDAY.
  NO SIGNIFICANT WEATHER WAS OBSERVED.


RELATIVE HUMIDITY (PERCENT)
 HIGHEST    93           100 AM
 LOWEST     25          1100 AM
 AVERAGE    59

..........................................................


THE LITTLE ROCK ADAMS FIELD CLIMATE NORMALS FOR TODAY
                         NORMAL    RECORD    YEAR
 MAXIMUM TEMPERATURE (F)   76        88      1961
 MINIMUM TEMPERATURE (F)   54        35      1910


SUNRISE AND SUNSET
APRIL 25 2017.........SUNRISE   625 AM CDT   SUNSET   749 PM CDT
APRIL 26 2017.........SUNRISE   624 AM CDT   SUNSET   750 PM CDT


-  INDICATES NEGATIVE NUMBERS.
R  INDICATES RECORD WAS SET OR TIED.
MM INDICATES DATA IS MISSING.
T  INDICATES TRACE AMOUNT.




$$
