000
CDUS44 KLZK 210902
CLILIT


CLIMATE REPORT
NATIONAL WEATHER SERVICE LITTLE ROCK AR
401 AM CDT TUE OCT 21 2014


...................................

...THE LITTLE ROCK ADAMS FIELD CLIMATE SUMMARY FOR OCTOBER 20 2014...

CLIMATE NORMAL PERIOD 1981 TO 2010
CLIMATE RECORD PERIOD 1874 TO 2014


WEATHER ITEM   OBSERVED TIME   RECORD YEAR NORMAL DEPARTURE LAST
                VALUE   (LST)  VALUE       VALUE  FROM      YEAR
                                                  NORMAL
..................................................................
TEMPERATURE (F)
 YESTERDAY
  MAXIMUM         73    353 PM  90    1963  74     -1       68
  MINIMUM         49    615 AM  29    1989  51     -2       40
  AVERAGE         61                        62     -1       54

PRECIPITATION (IN)
  YESTERDAY        0.00          1.83 1898   0.19  -0.19     0.00
  MONTH TO DATE    3.28                      3.07   0.21     2.04
  SINCE SEP 1      5.29                      6.25  -0.96     5.25
  SINCE JAN 1     42.42                     37.66   4.76    39.85

SNOWFALL (IN)
  YESTERDAY        0.0          MM      MM   0.0    0.0      0.0
  MONTH TO DATE    0.0                       0.0    0.0      0.0
  SINCE SEP 1      0.0                       0.0    0.0      0.0
  SINCE JUL 1      0.0                       0.0    0.0      0.0
  SNOW DEPTH       0

DEGREE DAYS
 HEATING
  YESTERDAY        4                         5     -1       11
  MONTH TO DATE   27                        55    -28       42
  SINCE SEP 1     31                        66    -35       42
  SINCE JUL 1     31                        66    -35       42

 COOLING
  YESTERDAY        0                         2     -2        0
  MONTH TO DATE   87                        65     22       82
  SINCE SEP 1    417                       377     40      486
  SINCE JAN 1   2027                      2178   -151     2192
..................................................................


WIND (MPH)
  HIGHEST WIND SPEED    12   HIGHEST WIND DIRECTION     W (250)
  HIGHEST GUST SPEED    14   HIGHEST GUST DIRECTION    SW (230)
  AVERAGE WIND SPEED     4.2


SKY COVER
  POSSIBLE SUNSHINE  MM
  AVERAGE SKY COVER 0.4


WEATHER CONDITIONS
 THE FOLLOWING WEATHER WAS RECORDED YESTERDAY.
  NO SIGNIFICANT WEATHER WAS OBSERVED.


RELATIVE HUMIDITY (PERCENT)
 HIGHEST    89          1200 AM
 LOWEST     46           300 PM
 AVERAGE    68

..........................................................


THE LITTLE ROCK ADAMS FIELD CLIMATE NORMALS FOR TODAY
                         NORMAL    RECORD    YEAR
 MAXIMUM TEMPERATURE (F)   73        90      2003
 MINIMUM TEMPERATURE (F)   51        32      1952


SUNRISE AND SUNSET
OCTOBER 21 2014.......SUNRISE   720 AM CDT   SUNSET   627 PM CDT
OCTOBER 22 2014.......SUNRISE   721 AM CDT   SUNSET   626 PM CDT


-  INDICATES NEGATIVE NUMBERS.
R  INDICATES RECORD WAS SET OR TIED.
MM INDICATES DATA IS MISSING.
T  INDICATES TRACE AMOUNT.




$$
