000
CDUS44 KLZK 240632
CLILIT


CLIMATE REPORT
NATIONAL WEATHER SERVICE LITTLE ROCK AR
131 AM CDT FRI MAR 24 2017


...................................

...THE LITTLE ROCK ADAMS FIELD CLIMATE SUMMARY FOR MARCH 23 2017...

CLIMATE NORMAL PERIOD 1981 TO 2010
CLIMATE RECORD PERIOD 1874 TO 2017


WEATHER ITEM   OBSERVED TIME   RECORD YEAR NORMAL DEPARTURE LAST
                VALUE   (LST)  VALUE       VALUE  FROM      YEAR
                                                  NORMAL
..................................................................
TEMPERATURE (F)
 YESTERDAY
  MAXIMUM         83    350 PM  89    1929  66     17       71
  MINIMUM         45    502 AM  28    2002  45      0       60
                                      1885
  AVERAGE         64                        55      9       66

PRECIPITATION (IN)
  YESTERDAY        0.00          3.61 1876   0.16  -0.16     0.00
  MONTH TO DATE    2.86                      3.42  -0.56     8.08
  SINCE MAR 1      2.86                      3.42  -0.56     8.08
  SINCE JAN 1      7.86                     10.63  -2.77    13.77

SNOWFALL (IN)
  YESTERDAY        0.0           T    1968   0.0    0.0      0.0
                                      1934
                                      1876
  MONTH TO DATE    0.0                       0.4   -0.4      0.0
  SINCE MAR 1      0.0                       0.4   -0.4      0.0
  SINCE JUL 1      0.2                       3.5   -3.3      5.7
  SNOW DEPTH       0

DEGREE DAYS
 HEATING
  YESTERDAY        1                        10     -9        0
  MONTH TO DATE  263                       302    -39      163
  SINCE MAR 1    263                       302    -39      163
  SINCE JUL 1   2177                      2815   -638     2052

 COOLING
  YESTERDAY        0                         1     -1        1
  MONTH TO DATE   10                         3      7       14
  SINCE MAR 1     10                         3      7       14
  SINCE JAN 1     22                         5     17       20
..................................................................


WIND (MPH)
  HIGHEST WIND SPEED    20   HIGHEST WIND DIRECTION     S (200)
  HIGHEST GUST SPEED    24   HIGHEST GUST DIRECTION     S (200)
  AVERAGE WIND SPEED     8.6


SKY COVER
  POSSIBLE SUNSHINE  MM
  AVERAGE SKY COVER 0.2


WEATHER CONDITIONS
 THE FOLLOWING WEATHER WAS RECORDED YESTERDAY.
  NO SIGNIFICANT WEATHER WAS OBSERVED.


RELATIVE HUMIDITY (PERCENT)
 HIGHEST    83           500 AM
 LOWEST     37           400 PM
 AVERAGE    60

..........................................................


THE LITTLE ROCK ADAMS FIELD CLIMATE NORMALS FOR TODAY
                         NORMAL    RECORD    YEAR
 MAXIMUM TEMPERATURE (F)   67        90      1929
 MINIMUM TEMPERATURE (F)   45        26      1974
                                             1968


SUNRISE AND SUNSET
MARCH 24 2017.........SUNRISE   707 AM CDT   SUNSET   724 PM CDT
MARCH 25 2017.........SUNRISE   705 AM CDT   SUNSET   725 PM CDT


-  INDICATES NEGATIVE NUMBERS.
R  INDICATES RECORD WAS SET OR TIED.
MM INDICATES DATA IS MISSING.
T  INDICATES TRACE AMOUNT.




$$
