830
CDUS45 KPIH 172337
CLILLJ


CLIMATE REPORT
NATIONAL WEATHER SERVICE POCATELLO ID
436 PM MST SAT FEB 17 2018


...................................

...THE CHALLIS ID CLIMATE SUMMARY FOR FEBRUARY 17 2018...
VALID TODAY AS OF 0400 PM LOCAL TIME.

CLIMATE NORMAL PERIOD 1981 TO 2010
CLIMATE RECORD PERIOD 1898 TO 2018


WEATHER ITEM   OBSERVED TIME   RECORD YEAR NORMAL DEPARTURE LAST
                VALUE   (LST)  VALUE       VALUE  FROM      YEAR
                                                  NORMAL
..................................................................
TEMPERATURE (F)
 TODAY
  MAXIMUM         46   1205 PM  57    1948  36     10       39
  MINIMUM         26    706 AM -17    1993  14     12       23
  AVERAGE         36                        25     11       31

PRECIPITATION (IN)
  TODAY            0.00          0.20 1981   0.02  -0.02      T
  MONTH TO DATE    0.07                      0.36  -0.29     0.58
  SINCE OCT 1      1.41                      2.80  -1.39     5.49
  SINCE JAN 1      0.27                      0.87  -0.60     2.08

SNOWFALL (IN)
  TODAY           MM
  MONTH TO DATE   MM
  SINCE DEC 1     MM
  SINCE JUL 1     MM
  SNOW DEPTH      MM

DEGREE DAYS
 HEATING
  TODAY           29                        40    -11       34
  MONTH TO DATE  504                       716   -212      647
  SINCE DEC 1   2895                      3595   -700     4248
  SINCE JUL 1   4801                      5638   -837     6035

 COOLING
  TODAY            0                         0      0        0
  MONTH TO DATE    0                         0      0        0
  SINCE DEC 1      0                         0      0        0
  SINCE JAN 1      0                         0      0        0
..................................................................


WIND (MPH)
  HIGHEST WIND SPEED    21   HIGHEST WIND DIRECTION     S (180)
  HIGHEST GUST SPEED    26   HIGHEST GUST DIRECTION     S (180)
  AVERAGE WIND SPEED     9.4


SKY COVER
  POSSIBLE SUNSHINE  MM
  AVERAGE SKY COVER 0.6


WEATHER CONDITIONS
 THE FOLLOWING WEATHER WAS RECORDED TODAY.
  NO SIGNIFICANT WEATHER WAS OBSERVED.


RELATIVE HUMIDITY (PERCENT)
 HIGHEST    63           700 AM
 LOWEST     19          1200 PM
 AVERAGE    41

..........................................................


THE CHALLIS ID CLIMATE NORMALS FOR TOMORROW
                         NORMAL    RECORD    YEAR
 MAXIMUM TEMPERATURE (F)   37        55      1977
 MINIMUM TEMPERATURE (F)   15       -23      1942


SUNRISE AND SUNSET
FEBRUARY 17 2018......SUNRISE   734 AM MST   SUNSET   609 PM MST
FEBRUARY 18 2018......SUNRISE   732 AM MST   SUNSET   610 PM MST


-  INDICATES NEGATIVE NUMBERS.
R  INDICATES RECORD WAS SET OR TIED.
MM INDICATES DATA IS MISSING.
T  INDICATES TRACE AMOUNT.




$$
