000
CDUS45 KPIH 210732
CLILLJ


CLIMATE REPORT
NATIONAL WEATHER SERVICE POCATELLO ID
131 AM MDT TUE OCT 21 2014


...................................

...THE CHALLIS ID CLIMATE SUMMARY FOR OCTOBER 20 2014...

CLIMATE NORMAL PERIOD 1981 TO 2010
CLIMATE RECORD PERIOD 1898 TO 2014


WEATHER ITEM   OBSERVED TIME   RECORD YEAR NORMAL DEPARTURE LAST
                VALUE   (LST)  VALUE       VALUE  FROM      YEAR
                                                  NORMAL
..................................................................
TEMPERATURE (F)
 YESTERDAY
  MAXIMUM         75    302 PM  79    2003  57     18       61
  MINIMUM         32    722 AM  17    1982  28      4       27
  AVERAGE         54                        43     11       44

PRECIPITATION (IN)
  YESTERDAY        T             0.30 1914   0.03  -0.03     0.00
  MONTH TO DATE    0.08                      0.39  -0.31     0.25
  SINCE OCT 1      0.08                      0.39  -0.31     0.25
  SINCE JAN 1      6.01                      8.52  -2.51     4.45

SNOWFALL (IN)
  YESTERDAY       MM
  MONTH TO DATE   MM
  SINCE SEP 1     MM
  SINCE JUL 1     MM
  SNOW DEPTH      MM

DEGREE DAYS
 HEATING
  YESTERDAY       11                        22    -11       21
  MONTH TO DATE  278                       372    -94      463
  SINCE SEP 1    430                       648   -218      681
  SINCE JUL 1    498                       721   -223      687

 COOLING
  YESTERDAY        0                         0      0        0
  MONTH TO DATE    0                         0      0        0
  SINCE SEP 1      5                         6     -1       30
  SINCE JAN 1    310                       248     62      420
..................................................................


WIND (MPH)
  HIGHEST WIND SPEED    24   HIGHEST WIND DIRECTION    SW (220)
  HIGHEST GUST SPEED    35   HIGHEST GUST DIRECTION    SW (230)
  AVERAGE WIND SPEED     3.5


SKY COVER
  POSSIBLE SUNSHINE  MM
  AVERAGE SKY COVER 0.3


WEATHER CONDITIONS
 THE FOLLOWING WEATHER WAS RECORDED YESTERDAY.
  NO SIGNIFICANT WEATHER WAS OBSERVED.


RELATIVE HUMIDITY (PERCENT)
 HIGHEST    75           600 AM
 LOWEST     20           400 PM
 AVERAGE    48

..........................................................


THE CHALLIS ID CLIMATE NORMALS FOR TODAY
                         NORMAL    RECORD    YEAR
 MAXIMUM TEMPERATURE (F)   57        76      2003
 MINIMUM TEMPERATURE (F)   28        14      1945


SUNRISE AND SUNSET
OCTOBER 21 2014.......SUNRISE   800 AM MDT   SUNSET   642 PM MDT
OCTOBER 22 2014.......SUNRISE   801 AM MDT   SUNSET   641 PM MDT


-  INDICATES NEGATIVE NUMBERS.
R  INDICATES RECORD WAS SET OR TIED.
MM INDICATES DATA IS MISSING.
T  INDICATES TRACE AMOUNT.




$$
