000
CDUS45 KPIH 280736
CLILLJ


CLIMATE REPORT
NATIONAL WEATHER SERVICE POCATELLO ID
1236 AM MST TUE FEB 28 2017


...................................

...THE CHALLIS ID CLIMATE SUMMARY FOR FEBRUARY 27 2017...

CLIMATE NORMAL PERIOD 1981 TO 2010
CLIMATE RECORD PERIOD 1898 TO 2017


WEATHER ITEM   OBSERVED TIME   RECORD YEAR NORMAL DEPARTURE LAST
                VALUE   (LST)  VALUE       VALUE  FROM      YEAR
                                                  NORMAL
..................................................................
TEMPERATURE (F)
 YESTERDAY
  MAXIMUM         29    505 PM  60    1938  41    -12       51
  MINIMUM          9    306 AM -16    1962  18     -9       25
  AVERAGE         19                        29    -10       38

PRECIPITATION (IN)
  YESTERDAY        T             0.25 1976   0.03  -0.03      T
  MONTH TO DATE    0.98                      0.60   0.38     0.08
  SINCE OCT 1      5.89                      3.04   2.85     2.98
  SINCE JAN 1      2.48                      1.11   1.37     0.64

SNOWFALL (IN)
  YESTERDAY       MM
  MONTH TO DATE   MM
  SINCE DEC 1     MM
  SINCE JUL 1     MM
  SNOW DEPTH      MM

DEGREE DAYS
 HEATING
  YESTERDAY       46                        36     10       27
  MONTH TO DATE 1015                      1092    -77     1042
  SINCE DEC 1   4616                      3971    645     4014
  SINCE JUL 1   6403                      6014    389     5880

 COOLING
  YESTERDAY        0                         0      0        0
  MONTH TO DATE    0                         0      0        0
  SINCE DEC 1      0                         0      0        0
  SINCE JAN 1      0                         0      0        0
..................................................................


WIND (MPH)
  HIGHEST WIND SPEED    15   HIGHEST WIND DIRECTION     W (250)
  HIGHEST GUST SPEED    21   HIGHEST GUST DIRECTION     W (260)
  AVERAGE WIND SPEED     3.6


SKY COVER
  POSSIBLE SUNSHINE  MM
  AVERAGE SKY COVER 0.5


WEATHER CONDITIONS
 THE FOLLOWING WEATHER WAS RECORDED YESTERDAY.
  NO SIGNIFICANT WEATHER WAS OBSERVED.


RELATIVE HUMIDITY (PERCENT)
 HIGHEST    84           600 AM
 LOWEST     46           700 PM
 AVERAGE    65

..........................................................


THE CHALLIS ID CLIMATE NORMALS FOR TODAY
                         NORMAL    RECORD    YEAR
 MAXIMUM TEMPERATURE (F)   41        57      1992
 MINIMUM TEMPERATURE (F)   18       -11      1960


SUNRISE AND SUNSET
FEBRUARY 28 2017......SUNRISE   715 AM MST   SUNSET   624 PM MST
MARCH  1 2017.........SUNRISE   714 AM MST   SUNSET   625 PM MST


-  INDICATES NEGATIVE NUMBERS.
R  INDICATES RECORD WAS SET OR TIED.
MM INDICATES DATA IS MISSING.
T  INDICATES TRACE AMOUNT.




$$
