000
CDUS45 KPIH 190742
CLILLJ


CLIMATE REPORT
NATIONAL WEATHER SERVICE POCATELLO ID
141 AM MDT SAT APR 19 2014


...................................

...THE CHALLIS ID CLIMATE SUMMARY FOR APRIL 18 2014...

CLIMATE NORMAL PERIOD 1981 TO 2010
CLIMATE RECORD PERIOD 1898 TO 2014


WEATHER ITEM   OBSERVED TIME   RECORD YEAR NORMAL DEPARTURE LAST
                VALUE   (LST)  VALUE       VALUE  FROM      YEAR
                                                  NORMAL
..................................................................
TEMPERATURE (F)
 YESTERDAY
  MAXIMUM         58    304 PM  80    1994  58      0       54
  MINIMUM         34   1158 PM  14    2013  30      4       14
  AVERAGE         46                        44      2       34

PRECIPITATION (IN)
  YESTERDAY        T             0.36 1944   0.03  -0.03     0.00
  MONTH TO DATE    0.58                      0.44   0.14     0.01
  SINCE OCT 1      2.99                      4.21  -1.22     2.53
  SINCE JAN 1      2.26                      2.28  -0.02     0.46

SNOWFALL (IN)
  YESTERDAY       MM
  MONTH TO DATE   MM
  SINCE MAR 1     MM
  SINCE JUL 1     MM
  SNOW DEPTH      MM

DEGREE DAYS
 HEATING
  YESTERDAY       19                        21     -2       31
  MONTH TO DATE  389                       411    -22      430
  SINCE MAR 1   1242                      1307    -65     1322
  SINCE JUL 1   6991                      7356   -365     7030

 COOLING
  YESTERDAY        0                         0      0        0
  MONTH TO DATE    0                         0      0        0
  SINCE MAR 1      0                         0      0        0
  SINCE JAN 1      0                         0      0        0
..................................................................


WIND (MPH)
  HIGHEST WIND SPEED    26   HIGHEST WIND DIRECTION     W (280)
  HIGHEST GUST SPEED    37   HIGHEST GUST DIRECTION    SW (240)
  AVERAGE WIND SPEED     7.5


SKY COVER
  POSSIBLE SUNSHINE  MM
  AVERAGE SKY COVER 0.3


WEATHER CONDITIONS
 THE FOLLOWING WEATHER WAS RECORDED YESTERDAY.
  NO SIGNIFICANT WEATHER WAS OBSERVED.


RELATIVE HUMIDITY (PERCENT)
 HIGHEST    77           200 AM
 LOWEST     12           500 PM
 AVERAGE    45

..........................................................


THE CHALLIS ID CLIMATE NORMALS FOR TODAY
                         NORMAL    RECORD    YEAR
 MAXIMUM TEMPERATURE (F)   58        81      1962
 MINIMUM TEMPERATURE (F)   30        13      1927


SUNRISE AND SUNSET
APRIL 19 2014.........SUNRISE   646 AM MDT   SUNSET   827 PM MDT
APRIL 20 2014.........SUNRISE   644 AM MDT   SUNSET   828 PM MDT


-  INDICATES NEGATIVE NUMBERS.
R  INDICATES RECORD WAS SET OR TIED.
MM INDICATES DATA IS MISSING.
T  INDICATES TRACE AMOUNT.




$$
