000
CDUS45 KPIH 300738
CLILLJ


CLIMATE REPORT
NATIONAL WEATHER SERVICE POCATELLO ID
136 AM MDT TUE JUN 30 2015


...................................

...THE CHALLIS ID CLIMATE SUMMARY FOR JUNE 29 2015...

CLIMATE NORMAL PERIOD 1981 TO 2010
CLIMATE RECORD PERIOD 1898 TO 2015


WEATHER ITEM   OBSERVED TIME   RECORD YEAR NORMAL DEPARTURE LAST
                VALUE   (LST)  VALUE       VALUE  FROM      YEAR
                                                  NORMAL
..................................................................
TEMPERATURE (F)
 YESTERDAY
  MAXIMUM         94    100 PM  96    2008  81     13       80
  MINIMUM         60    540 AM  30    1968  48     12       41
  AVERAGE         77                        64     13       61

PRECIPITATION (IN)
  YESTERDAY        0.02          0.52 1955   0.05  -0.03     0.00
  MONTH TO DATE    0.25                      1.59  -1.34     0.33
  SINCE OCT 1      4.30                      7.66  -3.36     3.81
  SINCE JAN 1      2.51                      5.73  -3.22     3.08

SNOWFALL (IN)
  YESTERDAY       MM
  MONTH TO DATE   MM
  SINCE JUN 1     MM
  SINCE JUL 1     MM
  SNOW DEPTH      MM

DEGREE DAYS
 HEATING
  YESTERDAY        0                         2     -2        4
  MONTH TO DATE   47                       164   -117      162
  SINCE JUN 1     47                       164   -117      162
  SINCE JUL 1   6848                      8160  -1312     7729

 COOLING
  YESTERDAY       12                         2     10        0
  MONTH TO DATE   96                        19     77        6
  SINCE JUN 1     96                        19     77        6
  SINCE JAN 1     99                        21     78        6
..................................................................


WIND (MPH)
  HIGHEST WIND SPEED    20   HIGHEST WIND DIRECTION     S (170)
  HIGHEST GUST SPEED    27   HIGHEST GUST DIRECTION     S (170)
  AVERAGE WIND SPEED     5.1


SKY COVER
  POSSIBLE SUNSHINE  MM
  AVERAGE SKY COVER 0.1


WEATHER CONDITIONS
 THE FOLLOWING WEATHER WAS RECORDED YESTERDAY.
  THUNDERSTORM
  LIGHT RAIN


RELATIVE HUMIDITY (PERCENT)
 HIGHEST    66          1100 PM
 LOWEST     19           100 PM
 AVERAGE    43

..........................................................


THE CHALLIS ID CLIMATE NORMALS FOR TODAY
                         NORMAL    RECORD    YEAR
 MAXIMUM TEMPERATURE (F)   81        98      1974
 MINIMUM TEMPERATURE (F)   49        31      1949


SUNRISE AND SUNSET
JUNE 30 2015..........SUNRISE   555 AM MDT   SUNSET   926 PM MDT
JULY  1 2015..........SUNRISE   556 AM MDT   SUNSET   925 PM MDT


-  INDICATES NEGATIVE NUMBERS.
R  INDICATES RECORD WAS SET OR TIED.
MM INDICATES DATA IS MISSING.
T  INDICATES TRACE AMOUNT.




$$
