000
CDUS45 KPIH 260739
CLILLJ


CLIMATE REPORT
NATIONAL WEATHER SERVICE POCATELLO ID
138 AM MDT WED APR 26 2017


...................................

...THE CHALLIS ID CLIMATE SUMMARY FOR APRIL 25 2017...

CLIMATE NORMAL PERIOD 1981 TO 2010
CLIMATE RECORD PERIOD 1898 TO 2017


WEATHER ITEM   OBSERVED TIME   RECORD YEAR NORMAL DEPARTURE LAST
                VALUE   (LST)  VALUE       VALUE  FROM      YEAR
                                                  NORMAL
..................................................................
TEMPERATURE (F)
 YESTERDAY
  MAXIMUM         56    517 PM  83    1977  60     -4       53
  MINIMUM         33    602 AM  18    1921  31      2       39
  AVERAGE         45                        46     -1       46

PRECIPITATION (IN)
  YESTERDAY        0.00          0.45 1995   0.03  -0.03     0.01
  MONTH TO DATE    0.43                      0.65  -0.22     0.61
  SINCE OCT 1      6.64                      4.42   2.22     4.09
  SINCE JAN 1      3.23                      2.49   0.74     1.75

SNOWFALL (IN)
  YESTERDAY       MM
  MONTH TO DATE   MM
  SINCE MAR 1     MM
  SINCE JUL 1     MM
  SNOW DEPTH      MM

DEGREE DAYS
 HEATING
  YESTERDAY       20                        19      1       19
  MONTH TO DATE  567                       553     14      399
  SINCE MAR 1   1317                      1449   -132     1230
  SINCE JUL 1   7762                      7498    264     7165

 COOLING
  YESTERDAY        0                         0      0        0
  MONTH TO DATE    0                         0      0        0
  SINCE MAR 1      0                         0      0        0
  SINCE JAN 1      0                         0      0        0
..................................................................


WIND (MPH)
  HIGHEST WIND SPEED    20   HIGHEST WIND DIRECTION     W (280)
  HIGHEST GUST SPEED    23   HIGHEST GUST DIRECTION    SW (220)
  AVERAGE WIND SPEED     7.1


SKY COVER
  POSSIBLE SUNSHINE  MM
  AVERAGE SKY COVER 0.6


WEATHER CONDITIONS
 THE FOLLOWING WEATHER WAS RECORDED YESTERDAY.
  NO SIGNIFICANT WEATHER WAS OBSERVED.


RELATIVE HUMIDITY (PERCENT)
 HIGHEST    85           100 AM
 LOWEST     24           600 PM
 AVERAGE    55

..........................................................


THE CHALLIS ID CLIMATE NORMALS FOR TODAY
                         NORMAL    RECORD    YEAR
 MAXIMUM TEMPERATURE (F)   60        82      1927
 MINIMUM TEMPERATURE (F)   32        16      1924


SUNRISE AND SUNSET
APRIL 26 2017.........SUNRISE   634 AM MDT   SUNSET   836 PM MDT
APRIL 27 2017.........SUNRISE   633 AM MDT   SUNSET   837 PM MDT


-  INDICATES NEGATIVE NUMBERS.
R  INDICATES RECORD WAS SET OR TIED.
MM INDICATES DATA IS MISSING.
T  INDICATES TRACE AMOUNT.




$$
