000
CDUS45 KPIH 280729
CLILLJ


CLIMATE REPORT
NATIONAL WEATHER SERVICE POCATELLO ID
128 AM MDT SAT MAY 28 2016


...................................

...THE CHALLIS ID CLIMATE SUMMARY FOR MAY 27 2016...

CLIMATE NORMAL PERIOD 1981 TO 2010
CLIMATE RECORD PERIOD 1898 TO 2016


WEATHER ITEM   OBSERVED TIME   RECORD YEAR NORMAL DEPARTURE LAST
                VALUE   (LST)  VALUE       VALUE  FROM      YEAR
                                                  NORMAL
..................................................................
TEMPERATURE (F)
 YESTERDAY
  MAXIMUM         68    338 PM  93    1966  69     -1       65
  MINIMUM         44   1142 PM  28    1923  41      3       42
  AVERAGE         56                        55      1       54

PRECIPITATION (IN)
  YESTERDAY        T             0.49 1947   0.06  -0.06     0.23
  MONTH TO DATE    1.25                      1.25   0.00     0.94
  SINCE OCT 1      5.36                      5.84  -0.48     3.98
  SINCE JAN 1      3.02                      3.91  -0.89     2.19

SNOWFALL (IN)
  YESTERDAY       MM
  MONTH TO DATE   MM
  SINCE MAR 1     MM
  SINCE JUL 1     MM
  SNOW DEPTH      MM

DEGREE DAYS
 HEATING
  YESTERDAY        9                        10     -1       11
  MONTH TO DATE  327                       367    -40      314
  SINCE MAR 1   1649                      1909   -260     1638
  SINCE JUL 1   7584                      7958   -374     6776

 COOLING
  YESTERDAY        0                         0      0        0
  MONTH TO DATE    0                         0      0        0
  SINCE MAR 1      0                         0      0        0
  SINCE JAN 1      0                         0      0        0
..................................................................


WIND (MPH)
  HIGHEST WIND SPEED    25   HIGHEST WIND DIRECTION    SW (240)
  HIGHEST GUST SPEED    36   HIGHEST GUST DIRECTION    SW (220)
  AVERAGE WIND SPEED     7.5


SKY COVER
  POSSIBLE SUNSHINE  MM
  AVERAGE SKY COVER 0.6


WEATHER CONDITIONS
 THE FOLLOWING WEATHER WAS RECORDED YESTERDAY.
  LIGHT RAIN


RELATIVE HUMIDITY (PERCENT)
 HIGHEST    76           400 AM
 LOWEST     20           200 PM
 AVERAGE    48

..........................................................


THE CHALLIS ID CLIMATE NORMALS FOR TODAY
                         NORMAL    RECORD    YEAR
 MAXIMUM TEMPERATURE (F)   70        96      2003
 MINIMUM TEMPERATURE (F)   41        28      1955


SUNRISE AND SUNSET
MAY 28 2016...........SUNRISE   557 AM MDT   SUNSET   912 PM MDT
MAY 29 2016...........SUNRISE   557 AM MDT   SUNSET   913 PM MDT


-  INDICATES NEGATIVE NUMBERS.
R  INDICATES RECORD WAS SET OR TIED.
MM INDICATES DATA IS MISSING.
T  INDICATES TRACE AMOUNT.




$$
