000
CDUS45 KPIH 260732
CLILLJ


CLIMATE REPORT
NATIONAL WEATHER SERVICE POCATELLO ID
1231 AM MST WED NOV 26 2014


...................................

...THE CHALLIS ID CLIMATE SUMMARY FOR NOVEMBER 25 2014...

CLIMATE NORMAL PERIOD 1981 TO 2010
CLIMATE RECORD PERIOD 1898 TO 2014


WEATHER ITEM   OBSERVED TIME   RECORD YEAR NORMAL DEPARTURE LAST
                VALUE   (LST)  VALUE       VALUE  FROM      YEAR
                                                  NORMAL
..................................................................
TEMPERATURE (F)
 YESTERDAY
  MAXIMUM         48   1157 PM  62    1949  34     14       41
  MINIMUM         28    452 AM -17    1985  16     12       11
  AVERAGE         38                        25     13       26

PRECIPITATION (IN)
  YESTERDAY        T             0.25 1983   0.01  -0.01     0.00
  MONTH TO DATE    0.75                      0.44   0.31     0.18
  SINCE OCT 1      1.04                      1.11  -0.07     0.45
  SINCE JAN 1      6.97                      9.24  -2.27     4.65

SNOWFALL (IN)
  YESTERDAY       MM
  MONTH TO DATE   MM
  SINCE SEP 1     MM
  SINCE JUL 1     MM
  SNOW DEPTH      MM

DEGREE DAYS
 HEATING
  YESTERDAY       27                        40    -13       39
  MONTH TO DATE  980                       839    141      810
  SINCE SEP 1   1630                      1760   -130     1740
  SINCE JUL 1   1698                      1833   -135     1746

 COOLING
  YESTERDAY        0                         0      0        0
  MONTH TO DATE    0                         0      0        0
  SINCE SEP 1      5                         6     -1       30
  SINCE JAN 1    310                       248     62      420
..................................................................


WIND (MPH)
  HIGHEST WIND SPEED    17   HIGHEST WIND DIRECTION     S (190)
  HIGHEST GUST SPEED    20   HIGHEST GUST DIRECTION     S (170)
  AVERAGE WIND SPEED     3.0


SKY COVER
  POSSIBLE SUNSHINE  MM
  AVERAGE SKY COVER 1.0


WEATHER CONDITIONS
 THE FOLLOWING WEATHER WAS RECORDED YESTERDAY.
  LIGHT RAIN
  LIGHT SNOW
  FOG


RELATIVE HUMIDITY (PERCENT)
 HIGHEST    92           300 AM
 LOWEST     65          1000 PM
 AVERAGE    79

..........................................................


THE CHALLIS ID CLIMATE NORMALS FOR TODAY
                         NORMAL    RECORD    YEAR
 MAXIMUM TEMPERATURE (F)   33        60      1947
 MINIMUM TEMPERATURE (F)   15        -6      1952


SUNRISE AND SUNSET
NOVEMBER 26 2014......SUNRISE   747 AM MST   SUNSET   501 PM MST
NOVEMBER 27 2014......SUNRISE   749 AM MST   SUNSET   500 PM MST


-  INDICATES NEGATIVE NUMBERS.
R  INDICATES RECORD WAS SET OR TIED.
MM INDICATES DATA IS MISSING.
T  INDICATES TRACE AMOUNT.




$$
