000
CDUS46 KMFR 230837
CLILMT


CLIMATE REPORT
NATIONAL WEATHER SERVICE MEDFORD, OR
137 AM PDT WED APR 23 2014


...................................

...THE KLAMATH FALLS OR CLIMATE SUMMARY FOR APRIL 22 2014...

CLIMATE NORMAL PERIOD 1981 TO 2010
CLIMATE RECORD PERIOD 1928 TO 2014


WEATHER ITEM   OBSERVED TIME   RECORD YEAR NORMAL DEPARTURE LAST
                VALUE   (LST)  VALUE       VALUE  FROM      YEAR
                                                  NORMAL
..................................................................
TEMPERATURE (F)
 YESTERDAY
  MAXIMUM         49    211 PM  81    2012  58     -9       59
  MINIMUM         31   1154 PM  18    1968  31      0       27
  AVERAGE         40                        45     -5       43

PRECIPITATION (IN)
  YESTERDAY        0.01          0.47 1990   0.05  -0.04     0.00
  MONTH TO DATE    0.09                      0.90  -0.81     1.05
  SINCE SEP 1      5.42                     11.16  -5.74     6.19
  SINCE JAN 1      4.68                      5.94  -1.26     2.53

SNOWFALL (IN)
  YESTERDAY       MM                        MM     MM       MM
  MONTH TO DATE   MM                        MM     MM       MM
  SINCE JUL 1      0.0                      MM     MM       MM
  SNOW DEPTH      MM

DEGREE DAYS
 HEATING
  YESTERDAY       25                        20      5       22
  MONTH TO DATE  422                       505    -83      501
  SINCE MAR 1   1136                      1326   -190     1252
  SINCE JUL 1   5919                      6167   -248     5943

 COOLING
  YESTERDAY        0                         0      0        0
  MONTH TO DATE    0                         0      0        0
  SINCE MAR 1      0                         0      0        0
  SINCE JAN 1      0                         0      0        0
..................................................................


WIND (MPH)
  HIGHEST WIND SPEED    29   HIGHEST WIND DIRECTION     W (280)
  HIGHEST GUST SPEED    34   HIGHEST GUST DIRECTION     W (270)
  AVERAGE WIND SPEED    11.5


SKY COVER
  POSSIBLE SUNSHINE  MM
  AVERAGE SKY COVER 0.8


WEATHER CONDITIONS
 THE FOLLOWING WEATHER WAS RECORDED YESTERDAY.
  LIGHT RAIN
  LIGHT SNOW


RELATIVE HUMIDITY (PERCENT)
 HIGHEST    85           100 AM
 LOWEST     34           200 PM

..........................................................


THE KLAMATH FALLS OR CLIMATE NORMALS FOR TODAY
                         NORMAL    RECORD    YEAR
 MAXIMUM TEMPERATURE (F)   59        80      2012
 MINIMUM TEMPERATURE (F)   31        22      1976


SUNRISE AND SUNSET
APRIL 23 2014.........SUNRISE   614 AM PDT   SUNSET   757 PM PDT
APRIL 24 2014.........SUNRISE   612 AM PDT   SUNSET   758 PM PDT


-  INDICATES NEGATIVE NUMBERS.
R  INDICATES RECORD WAS SET OR TIED.
MM INDICATES DATA IS MISSING.
T  INDICATES TRACE AMOUNT.




$$
