000
CDUS46 KMFR 110852
CLILMT


CLIMATE REPORT
NATIONAL WEATHER SERVICE MEDFORD, OR
152 AM PDT FRI JUL 11 2014


...................................

...THE KLAMATH FALLS OR CLIMATE SUMMARY FOR JULY 10 2014...

CLIMATE NORMAL PERIOD 1981 TO 2010
CLIMATE RECORD PERIOD 1928 TO 2014


WEATHER ITEM   OBSERVED TIME   RECORD YEAR NORMAL DEPARTURE LAST
                VALUE   (LST)  VALUE       VALUE  FROM      YEAR
                                                  NORMAL
..................................................................
TEMPERATURE (F)
 YESTERDAY
  MAXIMUM         92    456 PM  99    2002  83      9       89
  MINIMUM         53    440 AM  34    1971  48      5       50
  AVERAGE         73                        65      8       70

PRECIPITATION (IN)
  YESTERDAY        0.00          0.35 1974   0.02  -0.02     0.00
  MONTH TO DATE    0.06                      0.24  -0.18      T
  SINCE SEP 1      7.30                     14.29  -6.99     8.21
  SINCE JAN 1      6.56                      9.07  -2.51     4.55

SNOWFALL (IN)
  YESTERDAY       MM                        MM     MM       MM
  MONTH TO DATE   MM                        MM     MM       MM
  SINCE JUL 1     MM                        MM     MM       MM
  SNOW DEPTH      MM

DEGREE DAYS
 HEATING
  YESTERDAY        0                         2     -2        0
  MONTH TO DATE    0                        24    -24        0
  SINCE JUN 1    175                       241    -66      178
  SINCE JUL 1      0                        24    -24        0

 COOLING
  YESTERDAY        8                         2      6        5
  MONTH TO DATE   85                        17     68       71
  SINCE JUN 1     92                        28     64      117
  SINCE JAN 1     92                        29     63      117
..................................................................


WIND (MPH)
  HIGHEST WIND SPEED    18   HIGHEST WIND DIRECTION     N (340)
  HIGHEST GUST SPEED    23   HIGHEST GUST DIRECTION    NW (330)
  AVERAGE WIND SPEED     5.1


SKY COVER
  POSSIBLE SUNSHINE  MM
  AVERAGE SKY COVER 0.0


WEATHER CONDITIONS
 THE FOLLOWING WEATHER WAS RECORDED YESTERDAY.
  NO SIGNIFICANT WEATHER WAS OBSERVED.


RELATIVE HUMIDITY (PERCENT)
 HIGHEST    93           300 AM
 LOWEST     15           300 PM

..........................................................


THE KLAMATH FALLS OR CLIMATE NORMALS FOR TODAY
                         NORMAL    RECORD    YEAR
 MAXIMUM TEMPERATURE (F)   83       100      2002
 MINIMUM TEMPERATURE (F)   48        36      1965


SUNRISE AND SUNSET
JULY 11 2014..........SUNRISE   541 AM PDT   SUNSET   843 PM PDT
JULY 12 2014..........SUNRISE   542 AM PDT   SUNSET   843 PM PDT


-  INDICATES NEGATIVE NUMBERS.
R  INDICATES RECORD WAS SET OR TIED.
MM INDICATES DATA IS MISSING.
T  INDICATES TRACE AMOUNT.




$$
