000
CDUS46 KMFR 210036
CLILMT


CLIMATE REPORT
NATIONAL WEATHER SERVICE MEDFORD, OR
436 PM PST SAT JAN 20 2018


...................................

...THE KLAMATH FALLS OR CLIMATE SUMMARY FOR JANUARY 20 2018...
VALID TODAY AS OF 0400 PM LOCAL TIME.

CLIMATE NORMAL PERIOD 1981 TO 2010
CLIMATE RECORD PERIOD 1928 TO 2018


WEATHER ITEM   OBSERVED TIME   RECORD YEAR NORMAL DEPARTURE LAST
                VALUE   (LST)  VALUE       VALUE  FROM      YEAR
                                                  NORMAL
..................................................................
TEMPERATURE (F)
 TODAY
  MAXIMUM         37    355 PM  56    1981  40     -3       39
  MINIMUM         23    614 AM  -6    1962  21      2       30
  AVERAGE         30                        30      0       35

PRECIPITATION (IN)
  TODAY            0.00          1.82 1964   0.04  -0.04      T
  MONTH TO DATE    0.62                      1.42  -0.80     1.30
  SINCE OCT 1      2.87                      6.11  -3.24     6.05
  SINCE JAN 1      0.62                      1.42  -0.80     1.30

SNOWFALL (IN)
  TODAY           MM                        MM     MM       MM
  MONTH TO DATE   MM                        MM     MM       MM
  SINCE JUL 1     MM                        MM     MM       MM
  SNOW DEPTH      MM

DEGREE DAYS
 HEATING
  TODAY           35                        35      0       30
  MONTH TO DATE  532                       706   -174      837
  SINCE DEC 1   1612                      1805   -193     1955
  SINCE JUL 1   3198                      3607   -409     3615

 COOLING
  TODAY            0                         0      0        0
  MONTH TO DATE    0                         0      0        0
  SINCE DEC 1      0                         0      0        0
  SINCE JAN 1      0                         0      0        0
..................................................................


WIND (MPH)
  HIGHEST WIND SPEED    13   HIGHEST WIND DIRECTION     W (260)
  HIGHEST GUST SPEED    15   HIGHEST GUST DIRECTION     W (250)
  AVERAGE WIND SPEED     4.0


SKY COVER
  POSSIBLE SUNSHINE  MM
  AVERAGE SKY COVER 0.7


WEATHER CONDITIONS
 THE FOLLOWING WEATHER WAS RECORDED TODAY.
  NO SIGNIFICANT WEATHER WAS OBSERVED.


RELATIVE HUMIDITY (PERCENT)
 HIGHEST    92          1200 AM
 LOWEST     59           200 PM

..........................................................


THE KLAMATH FALLS OR CLIMATE NORMALS FOR TOMORROW
                         NORMAL    RECORD    YEAR
 MAXIMUM TEMPERATURE (F)   40        56      1981
 MINIMUM TEMPERATURE (F)   21       -13      1962


SUNRISE AND SUNSET
JANUARY 20 2018.......SUNRISE   730 AM PST   SUNSET   506 PM PST
JANUARY 21 2018.......SUNRISE   729 AM PST   SUNSET   508 PM PST


-  INDICATES NEGATIVE NUMBERS.
R  INDICATES RECORD WAS SET OR TIED.
MM INDICATES DATA IS MISSING.
T  INDICATES TRACE AMOUNT.




$$
