000
CDUS46 KMFR 220036
CLILMT


CLIMATE REPORT
NATIONAL WEATHER SERVICE MEDFORD, OR
536 PM PDT SUN SEP 21 2014


...................................

...THE KLAMATH FALLS OR CLIMATE SUMMARY FOR SEPTEMBER 21 2014...
VALID TODAY AS OF 0500 PM LOCAL TIME.

CLIMATE NORMAL PERIOD 1981 TO 2010
CLIMATE RECORD PERIOD 1928 TO 2014


WEATHER ITEM   OBSERVED TIME   RECORD YEAR NORMAL DEPARTURE LAST
                VALUE   (LST)  VALUE       VALUE  FROM      YEAR
                                                  NORMAL
..................................................................
TEMPERATURE (F)
 TODAY
  MAXIMUM         83    345 PM  89    1987  74      9       54
  MINIMUM         46    629 AM  23    1968  37      9       41
  AVERAGE         65                        56      9       48

PRECIPITATION (IN)
  TODAY            0.00          0.09 1945   0.02  -0.02    MM
  MONTH TO DATE    0.00                      0.40  -0.40     0.09
  SINCE SEP 1      0.00                      0.40  -0.40     0.09
  SINCE JAN 1      7.51                     10.14  -2.63     4.88

SNOWFALL (IN)
  TODAY           MM                        MM     MM       MM
  MONTH TO DATE   MM                        MM     MM       MM
  SINCE JUL 1     MM                        MM     MM       MM
  SNOW DEPTH      MM

DEGREE DAYS
 HEATING
  TODAY            0                         9     -9       17
  MONTH TO DATE   54                       139    -85      103
  SINCE SEP 1     54                       139    -85      103
  SINCE JUL 1    102                       258   -156      171

 COOLING
  TODAY            0                         0      0        0
  MONTH TO DATE    5                         9     -4       17
  SINCE SEP 1      5                         9     -4       17
  SINCE JAN 1    326                       168    158      285
..................................................................


WIND (MPH)
  HIGHEST WIND SPEED    10   HIGHEST WIND DIRECTION     S (160)
  HIGHEST GUST SPEED    13   HIGHEST GUST DIRECTION     S (160)
  AVERAGE WIND SPEED     3.1


SKY COVER
  POSSIBLE SUNSHINE  MM
  AVERAGE SKY COVER 0.0


WEATHER CONDITIONS
 THE FOLLOWING WEATHER WAS RECORDED TODAY.
  NO SIGNIFICANT WEATHER WAS OBSERVED.


RELATIVE HUMIDITY (PERCENT)
 HIGHEST    80           300 AM
 LOWEST     26           200 PM

..........................................................


THE KLAMATH FALLS OR CLIMATE NORMALS FOR TOMORROW
                         NORMAL    RECORD    YEAR
 MAXIMUM TEMPERATURE (F)   74        90      1987
 MINIMUM TEMPERATURE (F)   37        26      1968


SUNRISE AND SUNSET
SEPTEMBER 21 2014.....SUNRISE   653 AM PDT   SUNSET   706 PM PDT
SEPTEMBER 22 2014.....SUNRISE   654 AM PDT   SUNSET   704 PM PDT


-  INDICATES NEGATIVE NUMBERS.
R  INDICATES RECORD WAS SET OR TIED.
MM INDICATES DATA IS MISSING.
T  INDICATES TRACE AMOUNT.




$$
