000
CDUS46 KMFR 280036
CLILMT


CLIMATE REPORT
NATIONAL WEATHER SERVICE MEDFORD, OR
435 PM PST THU NOV 27 2014


...................................

...THE KLAMATH FALLS OR CLIMATE SUMMARY FOR NOVEMBER 27 2014...
VALID TODAY AS OF 0400 PM LOCAL TIME.

CLIMATE NORMAL PERIOD 1981 TO 2010
CLIMATE RECORD PERIOD 1928 TO 2014


WEATHER ITEM   OBSERVED TIME   RECORD YEAR NORMAL DEPARTURE LAST
                VALUE   (LST)  VALUE       VALUE  FROM      YEAR
                                                  NORMAL
..................................................................
TEMPERATURE (F)
 TODAY
  MAXIMUM         59R   115 PM  57    2011  41     18       50
  MINIMUM         37    745 AM   3    1979  23     14       23
  AVERAGE         48                        32     16       37

PRECIPITATION (IN)
  TODAY            0.00          0.42 1991   0.07  -0.07     0.00
  MONTH TO DATE    0.80                      1.94  -1.14     0.34
  SINCE SEP 1      3.96                      3.52   0.44     0.46
  SINCE JAN 1     11.47                     13.26  -1.79     5.25

SNOWFALL (IN)
  TODAY           MM                        MM     MM       MM
  MONTH TO DATE   MM                        MM     MM       MM
  SINCE JUL 1     MM                        MM     MM        0.0
  SNOW DEPTH      MM

DEGREE DAYS
 HEATING
  TODAY           17                        33    -16       28
  MONTH TO DATE  690                       786    -96      688
  SINCE SEP 1   1259                      1583   -324     1586
  SINCE JUL 1   1307                      1702   -395     1654

 COOLING
  TODAY            0                         0      0        0
  MONTH TO DATE    0                         0      0        0
  SINCE SEP 1      6                        10     -4       17
  SINCE JAN 1    327                       169    158      285
..................................................................


WIND (MPH)
  HIGHEST WIND SPEED    21   HIGHEST WIND DIRECTION     S (190)
  HIGHEST GUST SPEED    26   HIGHEST GUST DIRECTION     S (190)
  AVERAGE WIND SPEED     6.5


SKY COVER
  POSSIBLE SUNSHINE  MM
  AVERAGE SKY COVER 0.2


WEATHER CONDITIONS
 THE FOLLOWING WEATHER WAS RECORDED TODAY.
  FOG


RELATIVE HUMIDITY (PERCENT)
 HIGHEST    92           800 AM
 LOWEST     28           200 PM

..........................................................


THE KLAMATH FALLS OR CLIMATE NORMALS FOR TOMORROW
                         NORMAL    RECORD    YEAR
 MAXIMUM TEMPERATURE (F)   41        57      1959
 MINIMUM TEMPERATURE (F)   23         1      2010


SUNRISE AND SUNSET
NOVEMBER 27 2014......SUNRISE   712 AM PST   SUNSET   437 PM PST
NOVEMBER 28 2014......SUNRISE   713 AM PST   SUNSET   437 PM PST


-  INDICATES NEGATIVE NUMBERS.
R  INDICATES RECORD WAS SET OR TIED.
MM INDICATES DATA IS MISSING.
T  INDICATES TRACE AMOUNT.




$$
