000
CDUS46 KMFR 220835
CLILMT


CLIMATE REPORT
NATIONAL WEATHER SERVICE MEDFORD, OR
135 AM PDT SUN OCT 22 2017


...................................

...THE KLAMATH FALLS OR CLIMATE SUMMARY FOR OCTOBER 21 2017...

CLIMATE NORMAL PERIOD 1981 TO 2010
CLIMATE RECORD PERIOD 1928 TO 2017


WEATHER ITEM   OBSERVED TIME   RECORD YEAR NORMAL DEPARTURE LAST
                VALUE   (LST)  VALUE       VALUE  FROM      YEAR
                                                  NORMAL
..................................................................
TEMPERATURE (F)
 YESTERDAY
  MAXIMUM         51    423 PM  80    2003  60     -9       60
                                      1999
  MINIMUM         29   1259 AM  18    2012  30     -1       31
  AVERAGE         40                        45     -5       46

PRECIPITATION (IN)
  YESTERDAY        0.17          0.49 1934   0.04   0.13     0.00
  MONTH TO DATE    0.47                      0.45   0.02     1.54
  SINCE OCT 1      0.47                      0.45   0.02     1.54
  SINCE JAN 1      8.33                     10.72  -2.39     8.77

SNOWFALL (IN)
  YESTERDAY       MM                        MM     MM       MM
  MONTH TO DATE   MM                        MM     MM       MM
  SINCE JUL 1     MM                        MM     MM       MM
  SNOW DEPTH      MM

DEGREE DAYS
 HEATING
  YESTERDAY       25                        20      5       19
  MONTH TO DATE  437                       339     98      393
  SINCE SEP 1    673                       576     97      660
  SINCE JUL 1    677                       695    -18      767

 COOLING
  YESTERDAY        0                         0      0        0
  MONTH TO DATE    0                         0      0        0
  SINCE SEP 1     66                        10     56        0
  SINCE JAN 1    420                       169    251      215
..................................................................


WIND (MPH)
  HIGHEST WIND SPEED    16   HIGHEST WIND DIRECTION     S (170)
  HIGHEST GUST SPEED    21   HIGHEST GUST DIRECTION     S (170)
  AVERAGE WIND SPEED     7.5


SKY COVER
  POSSIBLE SUNSHINE  MM
  AVERAGE SKY COVER 0.9


WEATHER CONDITIONS
 THE FOLLOWING WEATHER WAS RECORDED YESTERDAY.
  LIGHT RAIN
  LIGHT SNOW
  FOG
  HAZE


RELATIVE HUMIDITY (PERCENT)
 HIGHEST   100           800 AM
 LOWEST     80           300 PM

..........................................................


THE KLAMATH FALLS OR CLIMATE NORMALS FOR TODAY
                         NORMAL    RECORD    YEAR
 MAXIMUM TEMPERATURE (F)   60        75      2003
                                             1965
 MINIMUM TEMPERATURE (F)   30        16      1961


SUNRISE AND SUNSET
OCTOBER 22 2017.......SUNRISE   728 AM PDT   SUNSET   614 PM PDT
OCTOBER 23 2017.......SUNRISE   729 AM PDT   SUNSET   612 PM PDT


-  INDICATES NEGATIVE NUMBERS.
R  INDICATES RECORD WAS SET OR TIED.
MM INDICATES DATA IS MISSING.
T  INDICATES TRACE AMOUNT.




$$
