000
CDUS46 KMFR 270835
CLILMT


CLIMATE REPORT
NATIONAL WEATHER SERVICE MEDFORD, OR
135 AM PDT TUE JUN 27 2017


...................................

...THE KLAMATH FALLS OR CLIMATE SUMMARY FOR JUNE 26 2017...

CLIMATE NORMAL PERIOD 1981 TO 2010
CLIMATE RECORD PERIOD 1928 TO 2017


WEATHER ITEM   OBSERVED TIME   RECORD YEAR NORMAL DEPARTURE LAST
                VALUE   (LST)  VALUE       VALUE  FROM      YEAR
                                                  NORMAL
..................................................................
TEMPERATURE (F)
 YESTERDAY
  MAXIMUM         87    235 PM  98    2015  78      9       87
  MINIMUM         49    511 AM  32    1969  45      4       44
  AVERAGE         68                        61      7       66

PRECIPITATION (IN)
  YESTERDAY        0.07          0.60 1996   0.05   0.02     0.00
  MONTH TO DATE    0.29                      0.85  -0.56     0.82
  SINCE OCT 1     11.26                     13.33  -2.07    11.22
  SINCE JAN 1      6.51                      8.64  -2.13     6.69

SNOWFALL (IN)
  YESTERDAY       MM                        MM     MM       MM
  MONTH TO DATE   MM                        MM     MM       MM
  SINCE JUL 1     MM                        MM     MM       MM
  SNOW DEPTH      MM

DEGREE DAYS
 HEATING
  YESTERDAY        0                         4     -4        0
  MONTH TO DATE  162                       200    -38      168
  SINCE JUN 1    162                       200    -38      168
  SINCE JUL 1   6739                      6956   -217     6252

 COOLING
  YESTERDAY        3                         1      2        1
  MONTH TO DATE   62                         4     58       34
  SINCE JUN 1     62                         4     58       34
  SINCE JAN 1     65                         5     60       34
..................................................................


WIND (MPH)
  HIGHEST WIND SPEED    23   HIGHEST WIND DIRECTION     W (270)
  HIGHEST GUST SPEED    28   HIGHEST GUST DIRECTION     W (270)
  AVERAGE WIND SPEED     5.7


SKY COVER
  POSSIBLE SUNSHINE  MM
  AVERAGE SKY COVER 0.1


WEATHER CONDITIONS
 THE FOLLOWING WEATHER WAS RECORDED YESTERDAY.
  THUNDERSTORM
  LIGHT RAIN


RELATIVE HUMIDITY (PERCENT)
 HIGHEST    93           200 AM
 LOWEST     15           300 PM

..........................................................


THE KLAMATH FALLS OR CLIMATE NORMALS FOR TODAY
                         NORMAL    RECORD    YEAR
 MAXIMUM TEMPERATURE (F)   78        96      2015
 MINIMUM TEMPERATURE (F)   45        31      1965


SUNRISE AND SUNSET
JUNE 27 2017..........SUNRISE   533 AM PDT   SUNSET   847 PM PDT
JUNE 28 2017..........SUNRISE   533 AM PDT   SUNSET   847 PM PDT


-  INDICATES NEGATIVE NUMBERS.
R  INDICATES RECORD WAS SET OR TIED.
MM INDICATES DATA IS MISSING.
T  INDICATES TRACE AMOUNT.




$$
