000
CDUS46 KMFR 170845
CLILMT


CLIMATE REPORT
NATIONAL WEATHER SERVICE MEDFORD, OR
145 AM PDT THU AUG 17 2017


...................................

...THE KLAMATH FALLS OR CLIMATE SUMMARY FOR AUGUST 16 2017...

CLIMATE NORMAL PERIOD 1981 TO 2010
CLIMATE RECORD PERIOD 1928 TO 2017


WEATHER ITEM   OBSERVED TIME   RECORD YEAR NORMAL DEPARTURE LAST
                VALUE   (LST)  VALUE       VALUE  FROM      YEAR
                                                  NORMAL
..................................................................
TEMPERATURE (F)
 YESTERDAY
  MAXIMUM         87    401 PM  96    1977  83      4       94
  MINIMUM         46    522 AM  37    1987  47     -1       50
  AVERAGE         67                        65      2       72

PRECIPITATION (IN)
  YESTERDAY        0.00          0.14 1968   0.01  -0.01     0.00
  MONTH TO DATE    0.27                      0.19   0.08     0.00
  SINCE OCT 1     12.51                     14.19  -1.68    11.64
  SINCE JAN 1      7.76                      9.50  -1.74     7.11

SNOWFALL (IN)
  YESTERDAY       MM                        MM     MM       MM
  MONTH TO DATE   MM                        MM     MM       MM
  SINCE JUL 1     MM                        MM     MM       MM
  SNOW DEPTH      MM

DEGREE DAYS
 HEATING
  YESTERDAY        0                         2     -2        0
  MONTH TO DATE    2                        25    -23       22
  SINCE JUN 1    170                       292   -122      262
  SINCE JUL 1      3                        75    -72       94

 COOLING
  YESTERDAY        2                         2      0        7
  MONTH TO DATE   91                        44     47       44
  SINCE JUN 1    299                       137    162      172
  SINCE JAN 1    302                       138    164      172
..................................................................


WIND (MPH)
  HIGHEST WIND SPEED    23   HIGHEST WIND DIRECTION    NW (320)
  HIGHEST GUST SPEED    28   HIGHEST GUST DIRECTION    NW (330)
  AVERAGE WIND SPEED     7.1


SKY COVER
  POSSIBLE SUNSHINE  MM
  AVERAGE SKY COVER 0.0


WEATHER CONDITIONS
 THE FOLLOWING WEATHER WAS RECORDED YESTERDAY.
  FOG
  HAZE


RELATIVE HUMIDITY (PERCENT)
 HIGHEST    93           400 AM
 LOWEST     18           100 PM

..........................................................


THE KLAMATH FALLS OR CLIMATE NORMALS FOR TODAY
                         NORMAL    RECORD    YEAR
 MAXIMUM TEMPERATURE (F)   83        94      2012
                                             1967
 MINIMUM TEMPERATURE (F)   47        31      1972


SUNRISE AND SUNSET
AUGUST 17 2017........SUNRISE   617 AM PDT   SUNSET   804 PM PDT
AUGUST 18 2017........SUNRISE   618 AM PDT   SUNSET   803 PM PDT


-  INDICATES NEGATIVE NUMBERS.
R  INDICATES RECORD WAS SET OR TIED.
MM INDICATES DATA IS MISSING.
T  INDICATES TRACE AMOUNT.




$$
