142
CDUS46 KMFR 260835
CLILMT


CLIMATE REPORT
NATIONAL WEATHER SERVICE MEDFORD, OR
135 AM PDT SUN MAR 26 2017


...................................

...THE KLAMATH FALLS OR CLIMATE SUMMARY FOR MARCH 25 2017...

CLIMATE NORMAL PERIOD 1981 TO 2010
CLIMATE RECORD PERIOD 1928 TO 2017


WEATHER ITEM   OBSERVED TIME   RECORD YEAR NORMAL DEPARTURE LAST
                VALUE   (LST)  VALUE       VALUE  FROM      YEAR
                                                  NORMAL
..................................................................
TEMPERATURE (F)
 YESTERDAY
  MAXIMUM         50    438 PM  71    1997  52     -2       55
  MINIMUM         27    639 AM  19    2002  27      0       23
                                      1964
  AVERAGE         39                        39      0       39

PRECIPITATION (IN)
  YESTERDAY        0.00          0.45 1981   0.05  -0.05     0.00
  MONTH TO DATE    1.34                      0.98   0.36     1.81
  SINCE OCT 1      9.31                      9.44  -0.13     8.87
  SINCE JAN 1      4.56                      4.75  -0.19     4.34

SNOWFALL (IN)
  YESTERDAY       MM                        MM     MM       MM
  MONTH TO DATE   MM                        MM     MM       MM
  SINCE JUL 1     MM                        MM     MM       MM
  SNOW DEPTH      MM

DEGREE DAYS
 HEATING
  YESTERDAY       26                        26      0       26
  MONTH TO DATE  568                       670   -102      586
  SINCE MAR 1    568                       670   -102      586
  SINCE JUL 1   5406                      5511   -105     5076

 COOLING
  YESTERDAY        0                         0      0        0
  MONTH TO DATE    0                         0      0        0
  SINCE MAR 1      0                         0      0        0
  SINCE JAN 1      0                         0      0        0
..................................................................


WIND (MPH)
  HIGHEST WIND SPEED    15   HIGHEST WIND DIRECTION     W (280)
  HIGHEST GUST SPEED    18   HIGHEST GUST DIRECTION     W (280)
  AVERAGE WIND SPEED     5.8


SKY COVER
  POSSIBLE SUNSHINE  MM
  AVERAGE SKY COVER 0.4


WEATHER CONDITIONS
 THE FOLLOWING WEATHER WAS RECORDED YESTERDAY.
  FOG
  FOG W/VISIBILITY <= 1/4 MILE


RELATIVE HUMIDITY (PERCENT)
 HIGHEST   100           500 AM
 LOWEST     42           400 PM

..........................................................


THE KLAMATH FALLS OR CLIMATE NORMALS FOR TODAY
                         NORMAL    RECORD    YEAR
 MAXIMUM TEMPERATURE (F)   52        71      2015
 MINIMUM TEMPERATURE (F)   27        16      1996


SUNRISE AND SUNSET
MARCH 26 2017.........SUNRISE   659 AM PDT   SUNSET   726 PM PDT
MARCH 27 2017.........SUNRISE   658 AM PDT   SUNSET   728 PM PDT


-  INDICATES NEGATIVE NUMBERS.
R  INDICATES RECORD WAS SET OR TIED.
MM INDICATES DATA IS MISSING.
T  INDICATES TRACE AMOUNT.




$$
