000
CDUS46 KMFR 060846
CLILMT


CLIMATE REPORT
NATIONAL WEATHER SERVICE MEDFORD, OR
146 AM PDT MON JUL 6 2015


...................................

...THE KLAMATH FALLS OR CLIMATE SUMMARY FOR JULY 5 2015...

CLIMATE NORMAL PERIOD 1981 TO 2010
CLIMATE RECORD PERIOD 1928 TO 2015


WEATHER ITEM   OBSERVED TIME   RECORD YEAR NORMAL DEPARTURE LAST
                VALUE   (LST)  VALUE       VALUE  FROM      YEAR
                                                  NORMAL
..................................................................
TEMPERATURE (F)
 YESTERDAY
  MAXIMUM         86    218 PM  98    2007  81      5       92
  MINIMUM         56   1159 PM  33    1986  47      9       50
  AVERAGE         71                        64      7       71

PRECIPITATION (IN)
  YESTERDAY        T             1.37 1948   0.03  -0.03     0.00
  MONTH TO DATE    T                         0.14  -0.14      T
  SINCE OCT 1     11.88                     13.66  -1.78     7.13
  SINCE JAN 1      5.42                      8.97  -3.55     6.50

SNOWFALL (IN)
  YESTERDAY       MM                        MM     MM       MM
  MONTH TO DATE   MM                        MM     MM       MM
  SINCE JUL 1     MM                        MM     MM       MM
  SNOW DEPTH      MM

DEGREE DAYS
 HEATING
  YESTERDAY        0                         2     -2        0
  MONTH TO DATE    0                        14    -14        0
  SINCE JUN 1     52                       231   -179      175
  SINCE JUL 1      0                        14    -14        0

 COOLING
  YESTERDAY        6                         2      4        6
  MONTH TO DATE   60                         7     53       37
  SINCE JUN 1    151                        18    133       44
  SINCE JAN 1    154                        19    135       44
..................................................................


WIND (MPH)
  HIGHEST WIND SPEED    26   HIGHEST WIND DIRECTION     N (360)
  HIGHEST GUST SPEED    33   HIGHEST GUST DIRECTION     N (360)
  AVERAGE WIND SPEED    10.3


SKY COVER
  POSSIBLE SUNSHINE  MM
  AVERAGE SKY COVER 0.3


WEATHER CONDITIONS
 THE FOLLOWING WEATHER WAS RECORDED YESTERDAY.
  THUNDERSTORM
  LIGHT RAIN


RELATIVE HUMIDITY (PERCENT)
 HIGHEST    73           400 AM
 LOWEST     37           200 PM

..........................................................


THE KLAMATH FALLS OR CLIMATE NORMALS FOR TODAY
                         NORMAL    RECORD    YEAR
 MAXIMUM TEMPERATURE (F)   82        93      2014
                                             1968
 MINIMUM TEMPERATURE (F)   47        35      1961


SUNRISE AND SUNSET
JULY  6 2015..........SUNRISE   537 AM PDT   SUNSET   846 PM PDT
JULY  7 2015..........SUNRISE   538 AM PDT   SUNSET   845 PM PDT


-  INDICATES NEGATIVE NUMBERS.
R  INDICATES RECORD WAS SET OR TIED.
MM INDICATES DATA IS MISSING.
T  INDICATES TRACE AMOUNT.




$$
