000
CDUS45 KRIW 260739
CLILND


CLIMATE REPORT
NATIONAL WEATHER SERVICE RIVERTON WY
139 AM MDT TUE JUL 26 2016


...................................

...THE LANDER WY CLIMATE SUMMARY FOR JULY 25 2016...

CLIMATE NORMAL PERIOD 1981 TO 2010
CLIMATE RECORD PERIOD 1891 TO 2016


WEATHER ITEM   OBSERVED TIME   RECORD YEAR NORMAL DEPARTURE LAST
                VALUE   (LST)  VALUE       VALUE  FROM      YEAR
                                                  NORMAL
..................................................................
TEMPERATURE (F)
 YESTERDAY
  MAXIMUM         95    306 PM  97    2011  88      7       89
                                      1945
                                      1933
  MINIMUM         56    449 AM  43    1892  57     -1       53
  AVERAGE         76                        72      4       71

PRECIPITATION (IN)
  YESTERDAY        0.00          0.88 1976   0.03  -0.03     0.00
  MONTH TO DATE    T                         0.59  -0.59     0.50
  SINCE JUN 1      0.57                      1.86  -1.29     1.30
  SINCE JAN 1     15.72                      8.08   7.64    11.82

SNOWFALL (IN)
  YESTERDAY        0.0                       0.0    0.0      0.0
  MONTH TO DATE    0.0                       0.0    0.0      0.0
  SINCE JUN 1      0.0                       0.1   -0.1      0.0
  SINCE JUL 1      0.0                       0.0    0.0      0.0
  SNOW DEPTH       0

DEGREE DAYS
 HEATING
  YESTERDAY        0                         0      0        0
  MONTH TO DATE    4                        11     -7       10
  SINCE JUN 1     26                       137   -111       41
  SINCE JUL 1      4                        11     -7       10

 COOLING
  YESTERDAY       11                         8      3        6
  MONTH TO DATE  181                       164     17      105
  SINCE JUN 1    309                       228     81      215
  SINCE JAN 1    309                       233     76      215
..................................................................


WIND (MPH)
  HIGHEST WIND SPEED    17   HIGHEST WIND DIRECTION    SW (240)
  HIGHEST GUST SPEED    22   HIGHEST GUST DIRECTION    NE (30)
  AVERAGE WIND SPEED     4.3


SKY COVER
  POSSIBLE SUNSHINE  MM
  AVERAGE SKY COVER 0.0


WEATHER CONDITIONS
 THE FOLLOWING WEATHER WAS RECORDED YESTERDAY.
  HAZE


RELATIVE HUMIDITY (PERCENT)
 HIGHEST    43           500 AM
 LOWEST      9           100 PM
 AVERAGE    26

..........................................................


THE LANDER WY CLIMATE NORMALS FOR TODAY
                         NORMAL    RECORD    YEAR
 MAXIMUM TEMPERATURE (F)   88        97      2010
                                             1931
 MINIMUM TEMPERATURE (F)   57        41      1999


SUNRISE AND SUNSET
JULY 26 2016..........SUNRISE   601 AM MDT   SUNSET   842 PM MDT
JULY 27 2016..........SUNRISE   602 AM MDT   SUNSET   840 PM MDT


-  INDICATES NEGATIVE NUMBERS.
R  INDICATES RECORD WAS SET OR TIED.
MM INDICATES DATA IS MISSING.
T  INDICATES TRACE AMOUNT.




$$
