000
CDUS45 KRIW 220730
CLILND


CLIMATE REPORT
NATIONAL WEATHER SERVICE RIVERTON WY
129 AM MDT THU JUN 22 2017


...................................

...THE LANDER WY CLIMATE SUMMARY FOR JUNE 21 2017...

CLIMATE NORMAL PERIOD 1981 TO 2010
CLIMATE RECORD PERIOD 1891 TO 2017


WEATHER ITEM   OBSERVED TIME   RECORD YEAR NORMAL DEPARTURE LAST
                VALUE   (LST)  VALUE       VALUE  FROM      YEAR
                                                  NORMAL
..................................................................
TEMPERATURE (F)
 YESTERDAY
  MAXIMUM         91   1257 PM  95    2016  80     11       95
  MINIMUM         53    435 AM  33    1960  50      3       60
  AVERAGE         72                        65      7       78

PRECIPITATION (IN)
  YESTERDAY        0.00          1.04 1947   0.03  -0.03     0.00
  MONTH TO DATE    0.26                      1.04  -0.78     0.47
  SINCE JUN 1      0.26                      1.04  -0.78     0.47
  SINCE JAN 1     12.75                      7.26   5.49    15.62

SNOWFALL (IN)
  YESTERDAY        0.0                       0.0    0.0      0.0
  MONTH TO DATE    0.0                       0.1   -0.1      0.0
  SINCE JUN 1      0.0                       0.1   -0.1      0.0
  SINCE JUL 1     90.9                      91.4   -0.5     75.2
  SNOW DEPTH       0

DEGREE DAYS
 HEATING
  YESTERDAY        0                         3     -3        0
  MONTH TO DATE   44                       108    -64       22
  SINCE JUN 1     44                       108    -64       22
  SINCE JUL 1   7511                      7730   -219     7015

 COOLING
  YESTERDAY        7                         3      4       13
  MONTH TO DATE   36                        33      3       81
  SINCE JUN 1     36                        33      3       81
  SINCE JAN 1     36                        38     -2       81
..................................................................


WIND (MPH)
  HIGHEST WIND SPEED    25   HIGHEST WIND DIRECTION     W (290)
  HIGHEST GUST SPEED    34   HIGHEST GUST DIRECTION     W (290)
  AVERAGE WIND SPEED     7.4


SKY COVER
  POSSIBLE SUNSHINE  MM
  AVERAGE SKY COVER 0.0


WEATHER CONDITIONS
 THE FOLLOWING WEATHER WAS RECORDED YESTERDAY.
  NO SIGNIFICANT WEATHER WAS OBSERVED.


RELATIVE HUMIDITY (PERCENT)
 HIGHEST    67           700 AM
 LOWEST     16           800 PM
 AVERAGE    42

..........................................................


THE LANDER WY CLIMATE NORMALS FOR TODAY
                         NORMAL    RECORD    YEAR
 MAXIMUM TEMPERATURE (F)   80        97      1954
 MINIMUM TEMPERATURE (F)   50        34      1914


SUNRISE AND SUNSET
JUNE 22 2017..........SUNRISE   537 AM MDT   SUNSET   857 PM MDT
JUNE 23 2017..........SUNRISE   537 AM MDT   SUNSET   857 PM MDT


-  INDICATES NEGATIVE NUMBERS.
R  INDICATES RECORD WAS SET OR TIED.
MM INDICATES DATA IS MISSING.
T  INDICATES TRACE AMOUNT.




$$
