000
CDUS45 KRIW 290738
CLILND


CLIMATE REPORT
NATIONAL WEATHER SERVICE RIVERTON WY
1232 AM MST MON DEC 29 2014


...................................

...THE LANDER WY CLIMATE SUMMARY FOR DECEMBER 28 2014...

CLIMATE NORMAL PERIOD 1981 TO 2010
CLIMATE RECORD PERIOD 1891 TO 2014


WEATHER ITEM   OBSERVED TIME   RECORD YEAR NORMAL DEPARTURE LAST
                VALUE   (LST)  VALUE       VALUE  FROM      YEAR
                                                  NORMAL
..................................................................
TEMPERATURE (F)
 YESTERDAY
  MAXIMUM         22    223 PM  58    1945  32    -10       38
  MINIMUM          0   1231 AM -17    1900   9     -9       19
                                      1894
  AVERAGE         11                        20     -9       29

PRECIPITATION (IN)
  YESTERDAY        0.03          0.37 1972   0.01   0.02     0.27
  MONTH TO DATE    1.50                      0.53   0.97     0.69
  SINCE DEC 1      1.50                      0.53   0.97     0.69
  SINCE JAN 1     11.40                     12.61  -1.21    15.54

SNOWFALL (IN)
  YESTERDAY        0.2                       0.3   -0.1      5.0
  MONTH TO DATE   16.5                       9.3    7.2     13.0
  SINCE DEC 1     16.5                       9.3    7.2     13.0
  SINCE JUL 1     25.4                      34.9   -9.5     42.5
  SNOW DEPTH      10

DEGREE DAYS
 HEATING
  YESTERDAY       54                        45      9       36
  MONTH TO DATE 1070                      1242   -172     1270
  SINCE DEC 1   1070                      1242   -172     1270
  SINCE JUL 1   2611                      3115   -504     3158

 COOLING
  YESTERDAY        0                         0      0        0
  MONTH TO DATE    0                         0      0        0
  SINCE DEC 1      0                         0      0        0
  SINCE JAN 1    445                       472    -27      743
..................................................................


WIND (MPH)
  HIGHEST WIND SPEED    15   HIGHEST WIND DIRECTION     W (250)
  HIGHEST GUST SPEED    17   HIGHEST GUST DIRECTION     W (250)
  AVERAGE WIND SPEED     5.2


SKY COVER
  POSSIBLE SUNSHINE  MM
  AVERAGE SKY COVER 0.4


WEATHER CONDITIONS
 THE FOLLOWING WEATHER WAS RECORDED YESTERDAY.
  LIGHT SNOW
  FOG
  HAZE


RELATIVE HUMIDITY (PERCENT)
 HIGHEST    80           300 PM
 LOWEST     61          1200 AM
 AVERAGE    71

..........................................................


THE LANDER WY CLIMATE NORMALS FOR TODAY
                         NORMAL    RECORD    YEAR
 MAXIMUM TEMPERATURE (F)   32        56      1996
 MINIMUM TEMPERATURE (F)    9       -26      1990


SUNRISE AND SUNSET
DECEMBER 29 2014......SUNRISE   745 AM MST   SUNSET   449 PM MST
DECEMBER 30 2014......SUNRISE   745 AM MST   SUNSET   450 PM MST


-  INDICATES NEGATIVE NUMBERS.
R  INDICATES RECORD WAS SET OR TIED.
MM INDICATES DATA IS MISSING.
T  INDICATES TRACE AMOUNT.




$$
