000
CDUS45 KRIW 310029
CLILND


CLIMATE REPORT
NATIONAL WEATHER SERVICE RIVERTON WY
529 PM MST FRI JAN 30 2015


...................................

...THE LANDER WY CLIMATE SUMMARY FOR JANUARY 30 2015...
VALID TODAY AS OF 0500 PM LOCAL TIME.

CLIMATE NORMAL PERIOD 1981 TO 2010
CLIMATE RECORD PERIOD 1891 TO 2015


WEATHER ITEM   OBSERVED TIME   RECORD YEAR NORMAL DEPARTURE LAST
                VALUE   (LST)  VALUE       VALUE  FROM      YEAR
                                                  NORMAL
..................................................................
TEMPERATURE (F)
 TODAY
  MAXIMUM         38        MM  61    1911  33      5       40
  MINIMUM         24        MM -25    1979  11     13       19
  AVERAGE         31                        22      9       30

PRECIPITATION (IN)
  TODAY            0.00          0.27 1904   0.02  -0.02     0.00
  MONTH TO DATE    T                         0.40  -0.40     0.61
  SINCE DEC 1      1.82                      0.98   0.84     1.30
  SINCE JAN 1      T                         0.40  -0.40     0.61

SNOWFALL (IN)
  TODAY            0.0                       0.2   -0.2      0.0
  MONTH TO DATE    0.3                       7.3   -7.0      8.9
  SINCE DEC 1     21.4                      17.4    4.0     22.0
  SINCE JUL 1     30.3                      43.0  -12.7     51.5
  SNOW DEPTH       0

DEGREE DAYS
 HEATING
  TODAY           34                        43     -9       35
  MONTH TO DATE 1279                      1299    -20     1202
  SINCE DEC 1   2565                      2672   -107     2587
  SINCE JUL 1   4106                      4545   -439     4475

 COOLING
  TODAY            0                         0      0        0
  MONTH TO DATE    0                         0      0        0
  SINCE DEC 1      0                         0      0        0
  SINCE JAN 1      0                         0      0        0
..................................................................


WIND (MPH)
  HIGHEST WIND SPEED     5   HIGHEST WIND DIRECTION     W (270)
  HIGHEST GUST SPEED    MM   HIGHEST GUST DIRECTION    MM
  AVERAGE WIND SPEED     1.6


SKY COVER
  POSSIBLE SUNSHINE  MM
  AVERAGE SKY COVER 0.2


WEATHER CONDITIONS
 THE FOLLOWING WEATHER WAS RECORDED TODAY.
  NO SIGNIFICANT WEATHER WAS OBSERVED.


RELATIVE HUMIDITY (PERCENT)
 HIGHEST    81           200 AM
 LOWEST     59           200 PM
 AVERAGE    70

..........................................................


THE LANDER WY CLIMATE NORMALS FOR TOMORROW
                         NORMAL    RECORD    YEAR
 MAXIMUM TEMPERATURE (F)   33        63      1971
 MINIMUM TEMPERATURE (F)   11       -31      1979


SUNRISE AND SUNSET
JANUARY 30 2015.......SUNRISE   732 AM MST   SUNSET   525 PM MST
JANUARY 31 2015.......SUNRISE   731 AM MST   SUNSET   526 PM MST


-  INDICATES NEGATIVE NUMBERS.
R  INDICATES RECORD WAS SET OR TIED.
MM INDICATES DATA IS MISSING.
T  INDICATES TRACE AMOUNT.




$$
