000
CDUS45 KRIW 300740
CLILND


CLIMATE REPORT
NATIONAL WEATHER SERVICE RIVERTON WY
126 AM MDT SUN AUG 30 2015


...................................

...THE LANDER WY CLIMATE SUMMARY FOR AUGUST 29 2015...

CLIMATE NORMAL PERIOD 1981 TO 2010
CLIMATE RECORD PERIOD 1891 TO 2015


WEATHER ITEM   OBSERVED TIME   RECORD YEAR NORMAL DEPARTURE LAST
                VALUE   (LST)  VALUE       VALUE  FROM      YEAR
                                                  NORMAL
..................................................................
TEMPERATURE (F)
 YESTERDAY
  MAXIMUM         94    220 PM  96    2012  81     13       84
  MINIMUM         56    649 AM  33    1892  51      5       54
  AVERAGE         75                        66      9       69

PRECIPITATION (IN)
  YESTERDAY        0.00          0.08 1932   0.01  -0.01     0.00
  MONTH TO DATE    0.58                      0.57   0.01     1.44
  SINCE JUN 1      1.88                      2.62  -0.74     2.66
  SINCE JAN 1     12.40                      8.84   3.56     6.85

SNOWFALL (IN)
  YESTERDAY        0.0                       0.0    0.0      0.0
  MONTH TO DATE    0.0                       0.0    0.0      0.0
  SINCE JUN 1      0.0                       0.1   -0.1      0.0
  SINCE JUL 1      0.0                       0.0    0.0      0.0
  SNOW DEPTH       0

DEGREE DAYS
 HEATING
  YESTERDAY        0                         2     -2        0
  MONTH TO DATE   22                        19      3       36
  SINCE JUN 1     71                       161    -90      175
  SINCE JUL 1     40                        35      5       39

 COOLING
  YESTERDAY       10                         3      7        4
  MONTH TO DATE  172                       160     12      119
  SINCE JUN 1    418                       432    -14      384
  SINCE JAN 1    418                       437    -19      402
..................................................................


WIND (MPH)
  HIGHEST WIND SPEED    21   HIGHEST WIND DIRECTION     S (190)
  HIGHEST GUST SPEED    26   HIGHEST GUST DIRECTION     S (190)
  AVERAGE WIND SPEED     6.8


SKY COVER
  POSSIBLE SUNSHINE  MM
  AVERAGE SKY COVER 0.0


WEATHER CONDITIONS
 THE FOLLOWING WEATHER WAS RECORDED YESTERDAY.
  NO SIGNIFICANT WEATHER WAS OBSERVED.


RELATIVE HUMIDITY (PERCENT)
 HIGHEST    47           200 AM
 LOWEST     12           300 PM
 AVERAGE    30

..........................................................


THE LANDER WY CLIMATE NORMALS FOR TODAY
                         NORMAL    RECORD    YEAR
 MAXIMUM TEMPERATURE (F)   81        95      1954
 MINIMUM TEMPERATURE (F)   51        30      1910


SUNRISE AND SUNSET
AUGUST 30 2015........SUNRISE   637 AM MDT   SUNSET   753 PM MDT
AUGUST 31 2015........SUNRISE   638 AM MDT   SUNSET   751 PM MDT


-  INDICATES NEGATIVE NUMBERS.
R  INDICATES RECORD WAS SET OR TIED.
MM INDICATES DATA IS MISSING.
T  INDICATES TRACE AMOUNT.




$$
