000
CDUS45 KRIW 290742
CLILND


CLIMATE REPORT
NATIONAL WEATHER SERVICE RIVERTON WY
132 AM MDT FRI APR 29 2016


...................................

...THE LANDER WY CLIMATE SUMMARY FOR APRIL 28 2016...

CLIMATE NORMAL PERIOD 1981 TO 2010
CLIMATE RECORD PERIOD 1891 TO 2016


WEATHER ITEM   OBSERVED TIME   RECORD YEAR NORMAL DEPARTURE LAST
                VALUE   (LST)  VALUE       VALUE  FROM      YEAR
                                                  NORMAL
..................................................................
TEMPERATURE (F)
 YESTERDAY
  MAXIMUM         37    559 PM  81    2000  60    -23       67
  MINIMUM         31   1122 AM  14    1984  35     -4       33
  AVERAGE         34                        48    -14       50

PRECIPITATION (IN)
  YESTERDAY        0.04          1.12 1944   0.08  -0.04     0.00
  MONTH TO DATE    3.82                      1.72   2.10     2.31
  SINCE MAR 1      8.41                      2.88   5.53     2.86
  SINCE JAN 1      9.33                      3.87   5.46     4.42

SNOWFALL (IN)
  YESTERDAY       MM                         0.5   MM        0.0
  MONTH TO DATE    4.3                      15.8  -11.5     10.3
  SINCE MAR 1     37.6                      31.9    5.7     19.2
  SINCE JUL 1     74.6                      85.5  -10.9     73.1
  SNOW DEPTH       0

DEGREE DAYS
 HEATING
  YESTERDAY       31                        17     14       15
  MONTH TO DATE  548                       600    -52      575
  SINCE MAR 1   1369                      1515   -146     1340
  SINCE JUL 1   6520                      7219   -699     6464

 COOLING
  YESTERDAY        0                         0      0        0
  MONTH TO DATE    0                         0      0        0
  SINCE MAR 1      0                         0      0        0
  SINCE JAN 1      0                         0      0        0
..................................................................


WIND (MPH)
  HIGHEST WIND SPEED    12   HIGHEST WIND DIRECTION     E (70)
  HIGHEST GUST SPEED    14   HIGHEST GUST DIRECTION    NE (60)
  AVERAGE WIND SPEED     5.5


SKY COVER
  POSSIBLE SUNSHINE  MM
  AVERAGE SKY COVER 1.0


WEATHER CONDITIONS
 THE FOLLOWING WEATHER WAS RECORDED YESTERDAY.
  LIGHT SNOW
  FOG


RELATIVE HUMIDITY (PERCENT)
 HIGHEST    92           500 AM
 LOWEST     70           200 PM
 AVERAGE    81

..........................................................


THE LANDER WY CLIMATE NORMALS FOR TODAY
                         NORMAL    RECORD    YEAR
 MAXIMUM TEMPERATURE (F)   61        82      2007
                                             1992
 MINIMUM TEMPERATURE (F)   35        15      1935


SUNRISE AND SUNSET
APRIL 29 2016.........SUNRISE   611 AM MDT   SUNSET   814 PM MDT
APRIL 30 2016.........SUNRISE   610 AM MDT   SUNSET   815 PM MDT


-  INDICATES NEGATIVE NUMBERS.
R  INDICATES RECORD WAS SET OR TIED.
MM INDICATES DATA IS MISSING.
T  INDICATES TRACE AMOUNT.




$$
