000
CDUS45 KRIW 060743
CLILND


CLIMATE REPORT
NATIONAL WEATHER SERVICE RIVERTON WY
131 AM MDT MON JUL 6 2015


...................................

...THE LANDER WY CLIMATE SUMMARY FOR JULY 5 2015...

CLIMATE NORMAL PERIOD 1981 TO 2010
CLIMATE RECORD PERIOD 1891 TO 2015


WEATHER ITEM   OBSERVED TIME   RECORD YEAR NORMAL DEPARTURE LAST
                VALUE   (LST)  VALUE       VALUE  FROM      YEAR
                                                  NORMAL
..................................................................
TEMPERATURE (F)
 YESTERDAY
  MAXIMUM         77    756 AM  98    2001  85     -8       96
  MINIMUM         55   1103 PM  37    1901  54      1       55
  AVERAGE         66                        70     -4       76

PRECIPITATION (IN)
  YESTERDAY        0.09          0.68 1904   0.01   0.08     0.00
  MONTH TO DATE    0.09                      0.08   0.01      T
  SINCE JUN 1      0.89                      1.35  -0.46     0.60
  SINCE JAN 1     11.41                      7.57   3.84     4.79

SNOWFALL (IN)
  YESTERDAY        0.0                       0.0    0.0      0.0
  MONTH TO DATE    0.0                       0.0    0.0      0.0
  SINCE JUN 1      0.0                       0.1   -0.1      0.0
  SINCE JUL 1      0.0                       0.0    0.0      0.0
  SNOW DEPTH       0

DEGREE DAYS
 HEATING
  YESTERDAY        0                         1     -1        0
  MONTH TO DATE    0                         5     -5        3
  SINCE JUN 1     31                       131   -100      139
  SINCE JUL 1      0                         5     -5        3

 COOLING
  YESTERDAY        1                         5     -4       11
  MONTH TO DATE   42                        25     17       32
  SINCE JUN 1    152                        89     63       55
  SINCE JAN 1    152                        94     58       73
..................................................................


WIND (MPH)
  HIGHEST WIND SPEED    16   HIGHEST WIND DIRECTION     W (250)
  HIGHEST GUST SPEED    18   HIGHEST GUST DIRECTION     W (250)
  AVERAGE WIND SPEED     5.6


SKY COVER
  POSSIBLE SUNSHINE  MM
  AVERAGE SKY COVER 0.6


WEATHER CONDITIONS
 THE FOLLOWING WEATHER WAS RECORDED YESTERDAY.
  RAIN
  LIGHT RAIN
  FOG
  HAZE


RELATIVE HUMIDITY (PERCENT)
 HIGHEST    93          1000 PM
 LOWEST     35           100 AM
 AVERAGE    64

..........................................................


THE LANDER WY CLIMATE NORMALS FOR TODAY
                         NORMAL    RECORD    YEAR
 MAXIMUM TEMPERATURE (F)   85        97      1973
                                             1930
 MINIMUM TEMPERATURE (F)   54        39      1904


SUNRISE AND SUNSET
JULY  6 2015..........SUNRISE   543 AM MDT   SUNSET   856 PM MDT
JULY  7 2015..........SUNRISE   544 AM MDT   SUNSET   856 PM MDT


-  INDICATES NEGATIVE NUMBERS.
R  INDICATES RECORD WAS SET OR TIED.
MM INDICATES DATA IS MISSING.
T  INDICATES TRACE AMOUNT.




$$
