000
CDUS43 KOAX 230628
CLILNK


CLIMATE REPORT
NATIONAL WEATHER SERVICE OMAHA NEBRASKA
128 AM CDT SAT JUL 23 2016


...................................

...THE LINCOLN, NEBRASKA CLIMATE SUMMARY FOR JULY 22 2016...

CLIMATE NORMAL PERIOD 1981 TO 2010
CLIMATE RECORD PERIOD 1887 TO 2016


WEATHER ITEM   OBSERVED TIME   RECORD YEAR NORMAL DEPARTURE LAST
                VALUE   (LST)  VALUE       VALUE  FROM      YEAR
                                                  NORMAL
..................................................................
TEMPERATURE (F)
 YESTERDAY
  MAXIMUM         96    218 PM 105    2012  89      7       85
                                      1941
                                      1934
  MINIMUM         77    551 AM  53    1947  66     11       61
                                      1942
                                      1915
  AVERAGE         87                        78      9       73

PRECIPITATION (IN)
  YESTERDAY        0.00          1.47 1971   0.10  -0.10     0.00
  MONTH TO DATE    4.21                      2.48   1.73     1.88
  SINCE JUN 1      4.79                      6.83  -2.04     9.54
  SINCE JAN 1     17.10                     17.17  -0.07    25.04

SNOWFALL (IN)
  YESTERDAY        0.0                       0.0    0.0      0.0
  MONTH TO DATE    0.0                       0.0    0.0      0.0
  SINCE JUL 1      0.0                       0.0    0.0      0.0
  SNOW DEPTH       0

DEGREE DAYS
 HEATING
  YESTERDAY        0                         0      0        0
  MONTH TO DATE    0                         0      0        1
  SINCE JUN 1      0                        16    -16        1
  SINCE JUL 1      0                         0      0        1

 COOLING
  YESTERDAY       22                        13      9        8
  MONTH TO DATE  292                       279     13      248
  SINCE JUN 1    712                       521    191      511
  SINCE JAN 1    783                       600    183      563
..................................................................


WIND (MPH)
  HIGHEST WIND SPEED    21   HIGHEST WIND DIRECTION     S (170)
  HIGHEST GUST SPEED    27   HIGHEST GUST DIRECTION     S (190)
  AVERAGE WIND SPEED     7.9


SKY COVER
  POSSIBLE SUNSHINE  MM
  AVERAGE SKY COVER 0.0


WEATHER CONDITIONS
 THE FOLLOWING WEATHER WAS RECORDED YESTERDAY.
  NO SIGNIFICANT WEATHER WAS OBSERVED.


RELATIVE HUMIDITY (PERCENT)
 HIGHEST    79           300 AM
 LOWEST     49           200 PM
 AVERAGE    64

..........................................................


THE LINCOLN, NEBRASKA CLIMATE NORMALS FOR TODAY
                         NORMAL    RECORD    YEAR
 MAXIMUM TEMPERATURE (F)   89       106      1941
 MINIMUM TEMPERATURE (F)   66        48      1948


SUNRISE AND SUNSET
JULY 23 2016..........SUNRISE   615 AM CDT   SUNSET   851 PM CDT
JULY 24 2016..........SUNRISE   616 AM CDT   SUNSET   850 PM CDT


-  INDICATES NEGATIVE NUMBERS.
R  INDICATES RECORD WAS SET OR TIED.
MM INDICATES DATA IS MISSING.
T  INDICATES TRACE AMOUNT.




$$
