602
CDUS43 KOAX 160630
CLILNK


CLIMATE REPORT
NATIONAL WEATHER SERVICE OMAHA NEBRASKA
129 AM CDT WED AUG 16 2017


...................................

...THE LINCOLN, NEBRASKA CLIMATE SUMMARY FOR AUGUST 15 2017...

CLIMATE NORMAL PERIOD 1981 TO 2010
CLIMATE RECORD PERIOD 1887 TO 2017


WEATHER ITEM   OBSERVED TIME   RECORD YEAR NORMAL DEPARTURE LAST
                VALUE   (LST)  VALUE       VALUE  FROM      YEAR
                                                  NORMAL
..................................................................
TEMPERATURE (F)
 YESTERDAY
  MAXIMUM         89    449 PM 106    1937  87      2       86
                                      1936
  MINIMUM         68    850 AM  48    1929  64      4       60
  AVERAGE         79                        76      3       73

PRECIPITATION (IN)
  YESTERDAY        0.01          1.72 1977   0.12  -0.11     0.00
  MONTH TO DATE    0.95                      1.63  -0.68     2.83
  SINCE JUN 1     14.29                      9.38   4.91     8.08
  SINCE JAN 1     27.40                     19.72   7.68    20.39

SNOWFALL (IN)
  YESTERDAY        0.0                       0.0    0.0      0.0
  MONTH TO DATE    0.0                       0.0    0.0      0.0
  SINCE JUL 1      0.0                       0.0    0.0      0.0
  SNOW DEPTH       0

DEGREE DAYS
 HEATING
  YESTERDAY        0                         0      0        0
  MONTH TO DATE    0                         0      0        0
  SINCE JUN 1      2                        17    -15        0
  SINCE JUL 1      0                         1     -1        0

 COOLING
  YESTERDAY       14                        11      3        8
  MONTH TO DATE   91                       174    -83      190
  SINCE JUN 1    833                       806     27     1012
  SINCE JAN 1    916                       885     31     1083
..................................................................


WIND (MPH)
  HIGHEST WIND SPEED    25   HIGHEST WIND DIRECTION     N (020)
  HIGHEST GUST SPEED    29   HIGHEST GUST DIRECTION     N (020)
  AVERAGE WIND SPEED    10.7


SKY COVER
  POSSIBLE SUNSHINE  MM
  AVERAGE SKY COVER 0.5


WEATHER CONDITIONS
 THE FOLLOWING WEATHER WAS RECORDED YESTERDAY.
  THUNDERSTORM
  LIGHT RAIN
  FOG


RELATIVE HUMIDITY (PERCENT)
 HIGHEST    90           400 AM
 LOWEST     59           500 PM
 AVERAGE    75

..........................................................


THE LINCOLN, NEBRASKA CLIMATE NORMALS FOR TODAY
                         NORMAL    RECORD    YEAR
 MAXIMUM TEMPERATURE (F)   87       107      1983
 MINIMUM TEMPERATURE (F)   64        49      2012
                                             1897


SUNRISE AND SUNSET
AUGUST 16 2017........SUNRISE   638 AM CDT   SUNSET   823 PM CDT
AUGUST 17 2017........SUNRISE   639 AM CDT   SUNSET   822 PM CDT


-  INDICATES NEGATIVE NUMBERS.
R  INDICATES RECORD WAS SET OR TIED.
MM INDICATES DATA IS MISSING.
T  INDICATES TRACE AMOUNT.




$$
