000
CDUS43 KOAX 050631
CLILNK


CLIMATE REPORT
NATIONAL WEATHER SERVICE OMAHA NEBRASKA
130 AM CDT THU MAY 5 2016


...................................

...THE LINCOLN, NEBRASKA CLIMATE SUMMARY FOR MAY 4 2016...

CLIMATE NORMAL PERIOD 1981 TO 2010
CLIMATE RECORD PERIOD 1887 TO 2016


WEATHER ITEM   OBSERVED TIME   RECORD YEAR NORMAL DEPARTURE LAST
                VALUE   (LST)  VALUE       VALUE  FROM      YEAR
                                                  NORMAL
..................................................................
TEMPERATURE (F)
 YESTERDAY
  MAXIMUM         73    444 PM  91    1952  70      3       64
  MINIMUM         46   1157 PM  30    1944  46      0       55
                                      1907
  AVERAGE         60                        58      2       60

PRECIPITATION (IN)
  YESTERDAY        0.00          2.47 1959   0.14  -0.14     0.13
  MONTH TO DATE    0.06                      0.52  -0.46     0.51
  SINCE MAR 1      5.36                      5.16   0.20     3.27
  SINCE JAN 1      6.95                      6.57   0.38     5.11

SNOWFALL (IN)
  YESTERDAY        0.0                       0.1   -0.1      0.0
  MONTH TO DATE    0.0                       0.1   -0.1      0.0
  SINCE JUL 1     20.5                      26.0   -5.5     21.9
  SNOW DEPTH       0

DEGREE DAYS
 HEATING
  YESTERDAY        5                         8     -3        5
  MONTH TO DATE   38                        33      5        7
  SINCE MAR 1    874                      1223   -349     1003
  SINCE JUL 1   4791                      5926  -1135     5690

 COOLING
  YESTERDAY        0                         1     -1        0
  MONTH TO DATE    0                         4     -4       12
  SINCE MAR 1      9                        18     -9       17
  SINCE JAN 1      9                        18     -9       17
..................................................................


WIND (MPH)
  HIGHEST WIND SPEED    21   HIGHEST WIND DIRECTION     N (360)
  HIGHEST GUST SPEED    28   HIGHEST GUST DIRECTION    NW (330)
  AVERAGE WIND SPEED    10.9


SKY COVER
  POSSIBLE SUNSHINE  MM
  AVERAGE SKY COVER 0.0


WEATHER CONDITIONS
 THE FOLLOWING WEATHER WAS RECORDED YESTERDAY.
  NO SIGNIFICANT WEATHER WAS OBSERVED.


RELATIVE HUMIDITY (PERCENT)
 HIGHEST    71          1100 PM
 LOWEST     24           500 PM
 AVERAGE    48

..........................................................


THE LINCOLN, NEBRASKA CLIMATE NORMALS FOR TODAY
                         NORMAL    RECORD    YEAR
 MAXIMUM TEMPERATURE (F)   71        97      1909
 MINIMUM TEMPERATURE (F)   47        31      1944


SUNRISE AND SUNSET
MAY  5 2016...........SUNRISE   620 AM CDT   SUNSET   828 PM CDT
MAY  6 2016...........SUNRISE   619 AM CDT   SUNSET   829 PM CDT


-  INDICATES NEGATIVE NUMBERS.
R  INDICATES RECORD WAS SET OR TIED.
MM INDICATES DATA IS MISSING.
T  INDICATES TRACE AMOUNT.




$$
