000
CDUS43 KOAX 050629
CLILNK


CLIMATE REPORT
NATIONAL WEATHER SERVICE OMAHA NEBRASKA
125 AM CDT SAT SEP 5 2015


...................................

...THE LINCOLN, NEBRASKA CLIMATE SUMMARY FOR SEPTEMBER 4 2015...

CLIMATE NORMAL PERIOD 1981 TO 2010
CLIMATE RECORD PERIOD 1887 TO 2015


WEATHER ITEM   OBSERVED TIME   RECORD YEAR NORMAL DEPARTURE LAST
                VALUE   (LST)  VALUE       VALUE  FROM      YEAR
                                                  NORMAL
..................................................................
TEMPERATURE (F)
 YESTERDAY
  MAXIMUM         92    429 PM 102    2012  83      9       93
  MINIMUM         72    910 AM  40    1974  59     13       68
  AVERAGE         82                        71     11       81

PRECIPITATION (IN)
  YESTERDAY        0.04          1.42 1989   0.12  -0.08     0.00
  MONTH TO DATE    0.04                      0.47  -0.43      T
  SINCE SEP 1      0.04                      0.47  -0.43      T
  SINCE JAN 1     29.37                     22.05   7.32    23.70

SNOWFALL (IN)
  YESTERDAY        0.0                       0.0    0.0      0.0
  MONTH TO DATE    0.0                       0.0    0.0      0.0
  SINCE JUL 1      0.0                       0.0    0.0      0.0
  SNOW DEPTH       0

DEGREE DAYS
 HEATING
  YESTERDAY        0                         1     -1        0
  MONTH TO DATE    0                         4     -4        0
  SINCE SEP 1      0                         4     -4        0
  SINCE JUL 1      4                        10     -6        2

 COOLING
  YESTERDAY       17                         7     10       16
  MONTH TO DATE   70                        29     41       38
  SINCE SEP 1     70                        29     41       38
  SINCE JAN 1   1051                      1064    -13     1149
..................................................................


WIND (MPH)
  HIGHEST WIND SPEED    28   HIGHEST WIND DIRECTION     S (160)
  HIGHEST GUST SPEED    33   HIGHEST GUST DIRECTION     S (160)
  AVERAGE WIND SPEED    13.8


SKY COVER
  POSSIBLE SUNSHINE  MM
  AVERAGE SKY COVER 0.1


WEATHER CONDITIONS
 THE FOLLOWING WEATHER WAS RECORDED YESTERDAY.
  LIGHT RAIN
  FOG
  HAZE


RELATIVE HUMIDITY (PERCENT)
 HIGHEST    87           800 AM
 LOWEST     44           400 PM
 AVERAGE    66

..........................................................


THE LINCOLN, NEBRASKA CLIMATE NORMALS FOR TODAY
                         NORMAL    RECORD    YEAR
 MAXIMUM TEMPERATURE (F)   83       103      1913
 MINIMUM TEMPERATURE (F)   58        43      1974
                                             1962
                                             1929


SUNRISE AND SUNSET
SEPTEMBER  5 2015.....SUNRISE   658 AM CDT   SUNSET   753 PM CDT
SEPTEMBER  6 2015.....SUNRISE   659 AM CDT   SUNSET   751 PM CDT


-  INDICATES NEGATIVE NUMBERS.
R  INDICATES RECORD WAS SET OR TIED.
MM INDICATES DATA IS MISSING.
T  INDICATES TRACE AMOUNT.




$$
