000
CDUS43 KOAX 210623
CLILNK


CLIMATE REPORT
NATIONAL WEATHER SERVICE OMAHA NEBRASKA
1223 AM CST SUN JAN 21 2018


...................................

...THE LINCOLN, NEBRASKA CLIMATE SUMMARY FOR JANUARY 20 2018...

CLIMATE NORMAL PERIOD 1981 TO 2010
CLIMATE RECORD PERIOD 1887 TO 2018


WEATHER ITEM   OBSERVED TIME   RECORD YEAR NORMAL DEPARTURE LAST
                VALUE   (LST)  VALUE       VALUE  FROM      YEAR
                                                  NORMAL
..................................................................
TEMPERATURE (F)
 YESTERDAY
  MAXIMUM         51    327 PM  68    1944  35     16       46
  MINIMUM         19    546 AM -18    1888  14      5       37
  AVERAGE         35                        24     11       42

PRECIPITATION (IN)
  YESTERDAY        0.00          0.61 1993   0.02  -0.02     0.05
  MONTH TO DATE    0.12                      0.39  -0.27     1.00
  SINCE DEC 1      0.50                      1.34  -0.84     2.62
  SINCE JAN 1      0.12                      0.39  -0.27     1.00

SNOWFALL (IN)
  YESTERDAY        0.0                       0.1   -0.1      0.0
  MONTH TO DATE    1.6                       3.2   -1.6      2.0
  SINCE JUL 1      5.9                      11.9   -6.0      3.7
  SNOW DEPTH       0

DEGREE DAYS
 HEATING
  YESTERDAY       30                        40    -10       23
  MONTH TO DATE  899                       816     83      813
  SINCE DEC 1   2042                      2000     42     1996
  SINCE JUL 1   3095                      3261   -166     2804

 COOLING
  YESTERDAY        0                         0      0        0
  MONTH TO DATE    0                         0      0        0
  SINCE DEC 1      0                         0      0        0
  SINCE JAN 1      0                         0      0        0
..................................................................


WIND (MPH)
  HIGHEST WIND SPEED    12   HIGHEST WIND DIRECTION     N (10)
  HIGHEST GUST SPEED    13   HIGHEST GUST DIRECTION    SW (220)
  AVERAGE WIND SPEED     4.4


SKY COVER
  POSSIBLE SUNSHINE  MM
  AVERAGE SKY COVER 0.3


WEATHER CONDITIONS
 THE FOLLOWING WEATHER WAS RECORDED YESTERDAY.
  FOG


RELATIVE HUMIDITY (PERCENT)
 HIGHEST    92           400 AM
 LOWEST     66           200 PM
 AVERAGE    79

..........................................................


THE LINCOLN, NEBRASKA CLIMATE NORMALS FOR TODAY
                         NORMAL    RECORD    YEAR
 MAXIMUM TEMPERATURE (F)   36        64      1964
 MINIMUM TEMPERATURE (F)   14       -17      1888


SUNRISE AND SUNSET
JANUARY 21 2018.......SUNRISE   746 AM CST   SUNSET   531 PM CST
JANUARY 22 2018.......SUNRISE   745 AM CST   SUNSET   532 PM CST


-  INDICATES NEGATIVE NUMBERS.
R  INDICATES RECORD WAS SET OR TIED.
MM INDICATES DATA IS MISSING.
T  INDICATES TRACE AMOUNT.




$$
