000
CDUS43 KOAX 220633
CLILNK


CLIMATE REPORT
NATIONAL WEATHER SERVICE OMAHA NEBRASKA
1231 AM CST WED FEB 22 2017


...................................

...THE LINCOLN, NEBRASKA CLIMATE SUMMARY FOR FEBRUARY 21 2017...

CLIMATE NORMAL PERIOD 1981 TO 2010
CLIMATE RECORD PERIOD 1887 TO 2017


WEATHER ITEM   OBSERVED TIME   RECORD YEAR NORMAL DEPARTURE LAST
                VALUE   (LST)  VALUE       VALUE  FROM      YEAR
                                                  NORMAL
..................................................................
TEMPERATURE (F)
 YESTERDAY
  MAXIMUM         76R   355 PM  74    1991  42     34       56
  MINIMUM         26    653 AM  -9    1918  20      6       31
  AVERAGE         51                        31     20       44

PRECIPITATION (IN)
  YESTERDAY        0.00          1.31 1945   0.03  -0.03     0.00
  MONTH TO DATE    0.02                      0.55  -0.53     0.75
  SINCE DEC 1      2.74                      2.14   0.60     6.00
  SINCE JAN 1      1.12                      1.19  -0.07     1.58

SNOWFALL (IN)
  YESTERDAY        0.0                       0.1   -0.1      0.0
  MONTH TO DATE    0.2                       4.3   -4.1      7.3
  SINCE JUL 1      5.1                      18.4  -13.3     20.5
  SNOW DEPTH       0

DEGREE DAYS
 HEATING
  YESTERDAY       14                        34    -20       21
  MONTH TO DATE  549                       778   -229      680
  SINCE DEC 1   2883                      3214   -331     2830
  SINCE JUL 1   3691                      4475   -784     3730

 COOLING
  YESTERDAY        0                         0      0        0
  MONTH TO DATE    0                         0      0        0
  SINCE DEC 1      0                         0      0        0
  SINCE JAN 1      0                         0      0        0
..................................................................


WIND (MPH)
  HIGHEST WIND SPEED    22   HIGHEST WIND DIRECTION    SW (210)
  HIGHEST GUST SPEED    27   HIGHEST GUST DIRECTION    SW (220)
  AVERAGE WIND SPEED     8.9


SKY COVER
  POSSIBLE SUNSHINE  MM
  AVERAGE SKY COVER 0.0


WEATHER CONDITIONS
 THE FOLLOWING WEATHER WAS RECORDED YESTERDAY.
  FOG


RELATIVE HUMIDITY (PERCENT)
 HIGHEST    92           100 AM
 LOWEST     18           400 PM
 AVERAGE    55

..........................................................


THE LINCOLN, NEBRASKA CLIMATE NORMALS FOR TODAY
                         NORMAL    RECORD    YEAR
 MAXIMUM TEMPERATURE (F)   42        74      1982
 MINIMUM TEMPERATURE (F)   20       -10      1989


SUNRISE AND SUNSET
FEBRUARY 22 2017......SUNRISE   711 AM CST   SUNSET   610 PM CST
FEBRUARY 23 2017......SUNRISE   710 AM CST   SUNSET   612 PM CST


-  INDICATES NEGATIVE NUMBERS.
R  INDICATES RECORD WAS SET OR TIED.
MM INDICATES DATA IS MISSING.
T  INDICATES TRACE AMOUNT.




$$
