000
CDUS43 KLOT 100635
CLILOT


CLIMATE REPORT
NATIONAL WEATHER SERVICE CHICAGO IL
134 AM CDT THU JUL 10 2014


...................................

...THE ROMEOVILLE  WFO CLIMATE SUMMARY FOR JULY 9 2014...

CLIMATE NORMAL PERIOD 1981 TO 2010
CLIMATE RECORD PERIOD 1992 TO 2014


WEATHER ITEM   OBSERVED RECORD YEAR NORMAL DEPARTURE LAST
                VALUE   VALUE       VALUE  FROM      YEAR
                                           NORMAL
...........................................................
TEMPERATURE (F)
 YESTERDAY
  MAXIMUM         78     92    2007  84     -6       84
                               2001
  MINIMUM         60     56    1997  64     -4       72
                               1996
  AVERAGE         69                 74     -5       78

PRECIPITATION (IN)
  YESTERDAY        0.00   1.71 2002   0.13  -0.13     0.01
  MONTH TO DATE    1.51               1.22   0.29     0.21
  SINCE JUN 1     10.73               5.56   5.17     4.65
  SINCE JAN 1     26.10              20.26   5.84    25.64

DEGREE DAYS
 HEATING
  YESTERDAY        0                  0      0
  MONTH TO DATE    3                  0      3
  SINCE JUN 1     15                 33    -18
  SINCE JUL 1      3                  0      3

 COOLING
  YESTERDAY        4                  9     -5
  MONTH TO DATE   45                 81    -36
  SINCE JUN 1    243                261    -18
  SINCE JAN 1    331                319     12
...........................................................







THE ROMEOVILLE  WFO CLIMATE NORMALS FOR TODAY
                         NORMAL    RECORD    YEAR
 MAXIMUM TEMPERATURE (F)   84        93      2001
 MINIMUM TEMPERATURE (F)   64        52      1996


SUNRISE AND SUNSET
JULY 10 2014..........SUNRISE   527 AM CDT   SUNSET   828 PM CDT
JULY 11 2014..........SUNRISE   528 AM CDT   SUNSET   827 PM CDT


-  INDICATES NEGATIVE NUMBERS.
R  INDICATES RECORD WAS SET OR TIED.
MM INDICATES DATA IS MISSING.
T  INDICATES TRACE AMOUNT.




$$
