000
CDUS43 KLOT 280633
CLILOT


CLIMATE REPORT
NATIONAL WEATHER SERVICE CHICAGO IL
1233 AM CST SUN DEC 28 2014


...................................

...THE ROMEOVILLE  WFO CLIMATE SUMMARY FOR DECEMBER 27 2014...

CLIMATE NORMAL PERIOD 1981 TO 2010
CLIMATE RECORD PERIOD 1992 TO 2014


WEATHER ITEM   OBSERVED RECORD YEAR NORMAL DEPARTURE LAST
                VALUE   VALUE       VALUE  FROM      YEAR
                                           NORMAL
...........................................................
TEMPERATURE (F)
 YESTERDAY
  MAXIMUM         48     61    2008  32     16       42
  MINIMUM         28      0    2000  17     11       22
  AVERAGE         38                 24     14       32

PRECIPITATION (IN)
  YESTERDAY        T      1.71 2008   0.08  -0.08     0.00
  MONTH TO DATE    1.05               1.96  -0.91     1.26
  SINCE DEC 1      1.05               1.96  -0.91     1.26
  SINCE JAN 1     48.73              39.78   8.95    40.61

SNOWFALL (IN)
  YESTERDAY        0.0    0.5  2009   0.3   -0.3      0.0
                               2001
  MONTH TO DATE    T                  7.9   -7.9     10.2
  SINCE DEC 1      T                  7.9   -7.9     10.2
  SINCE JUL 1      1.4                8.8   -7.4     11.1
  SNOW DEPTH       0

DEGREE DAYS
 HEATING
  YESTERDAY       27                 41    -14
  MONTH TO DATE  848                990   -142
  SINCE DEC 1    848                990   -142
  SINCE JUL 1   2324               2209    115

 COOLING
  YESTERDAY        0                  0      0
  MONTH TO DATE    0                  0      0
  SINCE DEC 1      0                  0      0
  SINCE JAN 1    748                862   -114
...........................................................







THE ROMEOVILLE  WFO CLIMATE NORMALS FOR TODAY
                         NORMAL    RECORD    YEAR
 MAXIMUM TEMPERATURE (F)   32        52      2013
 MINIMUM TEMPERATURE (F)   17         2      2000
                                             1993


SUNRISE AND SUNSET
DECEMBER 28 2014......SUNRISE   718 AM CST   SUNSET   430 PM CST
DECEMBER 29 2014......SUNRISE   719 AM CST   SUNSET   430 PM CST


-  INDICATES NEGATIVE NUMBERS.
R  INDICATES RECORD WAS SET OR TIED.
MM INDICATES DATA IS MISSING.
T  INDICATES TRACE AMOUNT.




$$
