000
CDUS43 KLOT 200643
CLILOT


CLIMATE REPORT
NATIONAL WEATHER SERVICE CHICAGO IL
142 AM CDT MON OCT 20 2014


...................................

...THE ROMEOVILLE  WFO CLIMATE SUMMARY FOR OCTOBER 19 2014...

CLIMATE NORMAL PERIOD 1981 TO 2010
CLIMATE RECORD PERIOD 1992 TO 2014


WEATHER ITEM   OBSERVED RECORD YEAR NORMAL DEPARTURE LAST
                VALUE   VALUE       VALUE  FROM      YEAR
                                           NORMAL
...........................................................
TEMPERATURE (F)
 YESTERDAY
  MAXIMUM         54     79    1995  62     -8       54
  MINIMUM         32     20    1992  42    -10       41
  AVERAGE         43                 52     -9       48

PRECIPITATION (IN)
  YESTERDAY        0.00   0.69 1995   0.11  -0.11      T
  MONTH TO DATE    4.44               2.14   2.30     2.67
  SINCE SEP 1      7.44               5.27   2.17     4.24
  SINCE JAN 1     46.10              33.09  13.01    33.56

SNOWFALL (IN)
  YESTERDAY        0.0   MM      MM   0.0    0.0      0.0
  MONTH TO DATE    T                  0.0    0.0       T
  SINCE SEP 1      T                  0.0    0.0       T
  SINCE JUL 1      T                  0.0    0.0       T
  SNOW DEPTH       0

DEGREE DAYS
 HEATING
  YESTERDAY       22                 13      9
  MONTH TO DATE  233                201     32
  SINCE SEP 1    355                292     63
  SINCE JUL 1    367                300     67

 COOLING
  YESTERDAY        0                  0      0
  MONTH TO DATE    3                 12     -9
  SINCE SEP 1     76                106    -30
  SINCE JAN 1    747                859   -112
...........................................................







THE ROMEOVILLE  WFO CLIMATE NORMALS FOR TODAY
                         NORMAL    RECORD    YEAR
 MAXIMUM TEMPERATURE (F)   61        85      2003
 MINIMUM TEMPERATURE (F)   42        28      2002


SUNRISE AND SUNSET
OCTOBER 20 2014.......SUNRISE   710 AM CDT   SUNSET   604 PM CDT
OCTOBER 21 2014.......SUNRISE   711 AM CDT   SUNSET   602 PM CDT


-  INDICATES NEGATIVE NUMBERS.
R  INDICATES RECORD WAS SET OR TIED.
MM INDICATES DATA IS MISSING.
T  INDICATES TRACE AMOUNT.




$$
