000
CDUS43 KLOT 280639
CLILOT


CLIMATE REPORT
NATIONAL WEATHER SERVICE CHICAGO IL
134 AM CDT FRI AUG 28 2015


...................................

...THE ROMEOVILLE  WFO CLIMATE SUMMARY FOR AUGUST 27 2015...

CLIMATE NORMAL PERIOD 1981 TO 2010
CLIMATE RECORD PERIOD 1992 TO 2015


WEATHER ITEM   OBSERVED RECORD YEAR NORMAL DEPARTURE LAST
                VALUE   VALUE       VALUE  FROM      YEAR
                                           NORMAL
...........................................................
TEMPERATURE (F)
 YESTERDAY
  MAXIMUM         73     93    2013  81     -8       82
  MINIMUM         50R    55    1992  62    -12       64
  AVERAGE         62                 71     -9       73

PRECIPITATION (IN)
  YESTERDAY        0.00   1.87 2009   0.12  -0.12     0.00
  MONTH TO DATE    2.86               3.54  -0.68     9.67
  SINCE JUN 1     15.51              12.59   2.92    23.23
  SINCE JAN 1     27.42              27.29   0.13    38.60

DEGREE DAYS
 HEATING
  YESTERDAY        3                  0      3
  MONTH TO DATE    9                  0      9
  SINCE JUN 1     47                 35     12
  SINCE JUL 1     20                  2     18

 COOLING
  YESTERDAY        0                  7     -7
  MONTH TO DATE  178                207    -29
  SINCE JUN 1    552                669   -117
  SINCE JAN 1    628                727    -99
...........................................................







THE ROMEOVILLE  WFO CLIMATE NORMALS FOR TODAY
                         NORMAL    RECORD    YEAR
 MAXIMUM TEMPERATURE (F)   81        92      2003
 MINIMUM TEMPERATURE (F)   61        51      1992


SUNRISE AND SUNSET
AUGUST 28 2015........SUNRISE   614 AM CDT   SUNSET   732 PM CDT
AUGUST 29 2015........SUNRISE   615 AM CDT   SUNSET   731 PM CDT


-  INDICATES NEGATIVE NUMBERS.
R  INDICATES RECORD WAS SET OR TIED.
MM INDICATES DATA IS MISSING.
T  INDICATES TRACE AMOUNT.




$$
