000
CDUS43 KLOT 010639
CLILOT


CLIMATE REPORT
NATIONAL WEATHER SERVICE CHICAGO IL
139 AM CDT WED JUL 1 2015


...................................

...THE ROMEOVILLE  WFO CLIMATE SUMMARY FOR JUNE 30 2015...

CLIMATE NORMAL PERIOD 1981 TO 2010
CLIMATE RECORD PERIOD 1992 TO 2015


WEATHER ITEM   OBSERVED RECORD YEAR NORMAL DEPARTURE LAST
                VALUE   VALUE       VALUE  FROM      YEAR
                                           NORMAL
...........................................................
TEMPERATURE (F)
 YESTERDAY
  MAXIMUM         77     93    1996  84     -7       84
  MINIMUM         59     54    2000  63     -4       64
  AVERAGE         68                 74     -6       74

PRECIPITATION (IN)
  YESTERDAY        T      1.90 2014   0.12  -0.12     1.90
  MONTH TO DATE    8.50               4.34   4.16     9.22
  SINCE JUN 1      8.50               4.34   4.16     9.22
  SINCE JAN 1     20.41              19.04   1.37    24.59

DEGREE DAYS
 HEATING
  YESTERDAY        0                  0      0
  MONTH TO DATE   27                 31     -4
  SINCE JUN 1     27                 33     -6
  SINCE JUL 1   6751               6219    532

 COOLING
  YESTERDAY        3                  9     -6
  MONTH TO DATE  137                180    -43
  SINCE JUN 1    137                180    -43
  SINCE JAN 1    213                238    -25
...........................................................







THE ROMEOVILLE  WFO CLIMATE NORMALS FOR TODAY
                         NORMAL    RECORD    YEAR
 MAXIMUM TEMPERATURE (F)   84        91      2002
                                             1992
 MINIMUM TEMPERATURE (F)   64        54      2010
                                             2001
                                             1995


SUNRISE AND SUNSET
JULY  1 2015..........SUNRISE   522 AM CDT   SUNSET   830 PM CDT
JULY  2 2015..........SUNRISE   522 AM CDT   SUNSET   830 PM CDT


-  INDICATES NEGATIVE NUMBERS.
R  INDICATES RECORD WAS SET OR TIED.
MM INDICATES DATA IS MISSING.
T  INDICATES TRACE AMOUNT.




$$
