000
CDUS43 KLOT 300632
CLILOT


CLIMATE REPORT
NATIONAL WEATHER SERVICE CHICAGO IL
132 AM CDT SAT AUG 30 2014


...................................

...THE ROMEOVILLE  WFO CLIMATE SUMMARY FOR AUGUST 29 2014...

CLIMATE NORMAL PERIOD 1981 TO 2010
CLIMATE RECORD PERIOD 1992 TO 2014


WEATHER ITEM   OBSERVED RECORD YEAR NORMAL DEPARTURE LAST
                VALUE   VALUE       VALUE  FROM      YEAR
                                           NORMAL
...........................................................
TEMPERATURE (F)
 YESTERDAY
  MAXIMUM         86     93    2010  81      5       90
  MINIMUM         68     50    1994  61      7       69
  AVERAGE         77                 71      6       80

PRECIPITATION (IN)
  YESTERDAY        T      1.68 1993   0.12  -0.12     0.00
  MONTH TO DATE    9.73               3.79   5.94     2.42
  SINCE JUN 1     23.29              12.84  10.45     7.55
  SINCE JAN 1     38.66              27.54  11.12    28.54

DEGREE DAYS
 HEATING
  YESTERDAY        0                  0      0
  MONTH TO DATE    3                  0      3
  SINCE JUN 1     24                 35    -11
  SINCE JUL 1     12                  2     10

 COOLING
  YESTERDAY       12                  6      6
  MONTH TO DATE  220                219      1
  SINCE JUN 1    562                681   -119
  SINCE JAN 1    650                739    -89
...........................................................







THE ROMEOVILLE  WFO CLIMATE NORMALS FOR TODAY
                         NORMAL    RECORD    YEAR
 MAXIMUM TEMPERATURE (F)   81        95      2013
 MINIMUM TEMPERATURE (F)   61        51      2009
                                             2004


SUNRISE AND SUNSET
AUGUST 30 2014........SUNRISE   616 AM CDT   SUNSET   729 PM CDT
AUGUST 31 2014........SUNRISE   617 AM CDT   SUNSET   727 PM CDT


-  INDICATES NEGATIVE NUMBERS.
R  INDICATES RECORD WAS SET OR TIED.
MM INDICATES DATA IS MISSING.
T  INDICATES TRACE AMOUNT.




$$
