029
CDUS43 KLOT 290632
CLILOT


CLIMATE REPORT
NATIONAL WEATHER SERVICE CHICAGO IL
131 AM CDT FRI APR 29 2016


...................................

...THE ROMEOVILLE  WFO CLIMATE SUMMARY FOR APRIL 28 2016...

CLIMATE NORMAL PERIOD 1981 TO 2010
CLIMATE RECORD PERIOD 1992 TO 2016


WEATHER ITEM   OBSERVED RECORD YEAR NORMAL DEPARTURE LAST
                VALUE   VALUE       VALUE  FROM      YEAR
                                           NORMAL
...........................................................
TEMPERATURE (F)
 YESTERDAY
  MAXIMUM         53     79    2004  66    -13       63
  MINIMUM         44     28    1992  44      0       36
  AVERAGE         49                 55     -6       50

PRECIPITATION (IN)
  YESTERDAY        0.06   0.67 2014   0.16  -0.10     0.00
  MONTH TO DATE    2.20               3.62  -1.42     3.46
  SINCE MAR 1      5.93               6.39  -0.46     4.25
  SINCE JAN 1      8.00              10.10  -2.10     7.09

SNOWFALL (IN)
  YESTERDAY        0.0    0.0  2011   0.0    0.0      0.0
                               2010
                               2009
  MONTH TO DATE    0.4                0.5   -0.1       T
  SINCE MAR 1      2.4                4.9   -2.5      5.2
  SINCE JUL 1     22.3               32.3  -10.0     36.4
  SNOW DEPTH       0

DEGREE DAYS
 HEATING
  YESTERDAY       16                 11      5
  MONTH TO DATE  431                430      1
  SINCE MAR 1   1063               1247   -184
  SINCE JUL 1   5096               5975   -879

 COOLING
  YESTERDAY        0                  0      0
  MONTH TO DATE   11                  0     11
  SINCE MAR 1     11                  0     11
  SINCE JAN 1     11                  0     11
...........................................................







THE ROMEOVILLE  WFO CLIMATE NORMALS FOR TODAY
                         NORMAL    RECORD    YEAR
 MAXIMUM TEMPERATURE (F)   66        81      2007
 MINIMUM TEMPERATURE (F)   44        32      2008


SUNRISE AND SUNSET
APRIL 29 2016.........SUNRISE   551 AM CDT   SUNSET   749 PM CDT
APRIL 30 2016.........SUNRISE   550 AM CDT   SUNSET   750 PM CDT


-  INDICATES NEGATIVE NUMBERS.
R  INDICATES RECORD WAS SET OR TIED.
MM INDICATES DATA IS MISSING.
T  INDICATES TRACE AMOUNT.




$$
