159
CDUS43 KLMK 250626
CLILOU


CLIMATE REPORT
NATIONAL WEATHER SERVICE LOUISVILLE KY
126 AM EST SAT NOV 25 2017


...................................

...THE LOUISVILLE BOWMAN KY CLIMATE SUMMARY FOR NOVEMBER 24 2017...

CLIMATE NORMAL PERIOD 1981 TO 2010
CLIMATE RECORD PERIOD 9999 TO 9999


WEATHER ITEM   OBSERVED TIME   RECORD YEAR NORMAL DEPARTURE LAST
                VALUE   (LST)  VALUE       VALUE  FROM      YEAR
                                                  NORMAL
..................................................................
TEMPERATURE (F)
 YESTERDAY
  MAXIMUM         60    420 PM  MM      MM  52      8       55
  MINIMUM         29    410 AM  MM      MM  35     -6       46
  AVERAGE         45                        44      1       51

PRECIPITATION (IN)
  YESTERDAY        0.00         MM      MM   0.13  -0.13     0.00
  MONTH TO DATE    2.80                      2.86  -0.06     0.85
  SINCE SEP 1     13.03                      9.24   3.79     3.70
  SINCE JAN 1     42.76                     40.78   1.98    39.27

SNOWFALL (IN)
  YESTERDAY       MM            MM      MM  MM     MM       MM
  MONTH TO DATE   MM                        MM     MM       MM
  SINCE SEP 1     MM                        MM     MM       MM
  SINCE JUL 1     MM                        MM     MM       MM
  SNOW DEPTH      MM

DEGREE DAYS
 HEATING
  YESTERDAY       20                        21     -1       14
  MONTH TO DATE  421                       392     29      310
  SINCE SEP 1    657                       668    -11      423
  SINCE JUL 1    657                       668    -11      423

 COOLING
  YESTERDAY        0                         0      0        0
  MONTH TO DATE    7                         0      7       12
  SINCE SEP 1    235                       203     32      408
  SINCE JAN 1   1569                      1442    127     1882
..................................................................


WIND (MPH)
  HIGHEST WIND SPEED    15   HIGHEST WIND DIRECTION     S (190)
  HIGHEST GUST SPEED    21   HIGHEST GUST DIRECTION    SW (210)
  AVERAGE WIND SPEED     6.1


SKY COVER
  POSSIBLE SUNSHINE  MM
  AVERAGE SKY COVER 0.0


WEATHER CONDITIONS
 THE FOLLOWING WEATHER WAS RECORDED YESTERDAY.
  NO SIGNIFICANT WEATHER WAS OBSERVED.


RELATIVE HUMIDITY (PERCENT)
 HIGHEST    92           400 AM
 LOWEST     28           300 PM
 AVERAGE    60

..........................................................


THE LOUISVILLE BOWMAN KY CLIMATE NORMALS FOR TODAY
                         NORMAL
 MAXIMUM TEMPERATURE (F)   52
 MINIMUM TEMPERATURE (F)   35


SUNRISE AND SUNSET
NOVEMBER 25 2017......SUNRISE   735 AM EST   SUNSET   525 PM EST
NOVEMBER 26 2017......SUNRISE   736 AM EST   SUNSET   524 PM EST


-  INDICATES NEGATIVE NUMBERS.
R  INDICATES RECORD WAS SET OR TIED.
MM INDICATES DATA IS MISSING.
T  INDICATES TRACE AMOUNT.




$$
