000
CDUS43 KJKL 260625
CLILOZ

CLIMATE REPORT
NATIONAL WEATHER SERVICE JACKSON KY
224 AM EDT SUN OCT 26 2014

...................................

...THE LONDON KY CLIMATE SUMMARY FOR OCTOBER 25 2014...

CLIMATE NORMAL PERIOD 1981 TO 2010
CLIMATE RECORD PERIOD 1954 TO 2014


WEATHER ITEM   OBSERVED TIME   RECORD YEAR NORMAL DEPARTURE LAST
                VALUE   (LST)  VALUE       VALUE  FROM      YEAR
                                                  NORMAL
..................................................................
TEMPERATURE (F)
 YESTERDAY
  MAXIMUM         70    309 PM  82    1963  67      3       49
  MINIMUM         39    502 AM  25    1965  42     -3       30
  AVERAGE         55                        54      1       40

PRECIPITATION (IN)
  YESTERDAY        0.00          1.17 2010   0.11  -0.11     0.00
  MONTH TO DATE    6.74                      2.39   4.35     2.84
  SINCE SEP 1      8.13                      5.76   2.37     5.45
  SINCE JAN 1        MM                     38.44     MM    46.49

SNOWFALL (IN)
  YESTERDAY       MM
  MONTH TO DATE   MM
  SINCE SEP 1     MM
  SINCE JUL 1     MM
  SNOW DEPTH      MM

DEGREE DAYS
 HEATING
  YESTERDAY       10                        11     -1       25
  MONTH TO DATE  172                       190    -18      180
  SINCE SEP 1    190                       236    -46      195
  SINCE JUL 1    190                       237    -47      195

 COOLING
  YESTERDAY        0                         0      0        0
  MONTH TO DATE   20                        17      3       39
  SINCE SEP 1    193                       160     33      188
  SINCE JAN 1     MM                      1184     MM     1080
..................................................................


WIND (MPH)
  HIGHEST WIND SPEED    10   HIGHEST WIND DIRECTION    SW (240)
  HIGHEST GUST SPEED    15   HIGHEST GUST DIRECTION    SW (230)
  AVERAGE WIND SPEED     2.7


SKY COVER
  POSSIBLE SUNSHINE  MM
  AVERAGE SKY COVER 0.2


WEATHER CONDITIONS
 THE FOLLOWING WEATHER WAS RECORDED YESTERDAY.
  FOG


RELATIVE HUMIDITY (PERCENT)
 HIGHEST    93          1000 PM
 LOWEST     53           300 PM
 AVERAGE    73

..........................................................


THE LONDON KY CLIMATE NORMALS FOR TODAY
                         NORMAL    RECORD    YEAR
 MAXIMUM TEMPERATURE (F)   66        83      1991
 MINIMUM TEMPERATURE (F)   42        18      1962


SUNRISE AND SUNSET
OCTOBER 26 2014.......SUNRISE   755 AM EDT   SUNSET   646 PM EDT
OCTOBER 27 2014.......SUNRISE   756 AM EDT   SUNSET   644 PM EDT


-  INDICATES NEGATIVE NUMBERS.
R  INDICATES RECORD WAS SET OR TIED.
MM INDICATES DATA IS MISSING.
T  INDICATES TRACE AMOUNT.




$$
