000
CDUS43 KJKL 252122
CLILOZ

CLIMATE REPORT
NATIONAL WEATHER SERVICE JACKSON KY
422 PM EST SUN FEB 25 2018

...................................

...THE LONDON KY CLIMATE SUMMARY FOR FEBRUARY 25 2018...
VALID TODAY AS OF 0400 PM LOCAL TIME.

CLIMATE NORMAL PERIOD 1981 TO 2010
CLIMATE RECORD PERIOD 1954 TO 2018

WEATHER ITEM   OBSERVED TIME   RECORD YEAR NORMAL DEPARTURE LAST
                VALUE   (LST)  VALUE       VALUE  FROM      YEAR
                                                  NORMAL
..................................................................
TEMPERATURE (F)
 TODAY
  MAXIMUM         70    117 AM  74    2000  53     17       68
  MINIMUM         52    359 PM  -3    1967  32     20       28
  AVERAGE         61                        42     19       48

PRECIPITATION (IN)
  TODAY            0.78          1.94 1979   0.13   0.65    MM
  MONTH TO DATE    8.77                      3.30   5.47     1.13
  SINCE DEC 1     13.19                     11.08   2.11    11.51
  SINCE JAN 1     10.28                      6.84   3.44     5.21

SNOWFALL (IN)
  TODAY           MM
  MONTH TO DATE   MM
  SINCE DEC 1     MM
  SINCE JUL 1     MM
  SNOW DEPTH      MM

DEGREE DAYS
 HEATING
  TODAY            4                        23    -19       17
  MONTH TO DATE  438                       644   -206      455

 COOLING
  TODAY            0                         0      0        0
  MONTH TO DATE    8                         0      8        0
  SINCE DEC 1      8                         1      7        0
  SINCE JAN 1      8                         0      8        0
..................................................................

WIND (MPH)
  HIGHEST WIND SPEED    32   HIGHEST WIND DIRECTION     W (280)
  HIGHEST GUST SPEED    46   HIGHEST GUST DIRECTION     S (200)
  AVERAGE WIND SPEED     7.8

SKY COVER
  POSSIBLE SUNSHINE  MM
  AVERAGE SKY COVER 0.5

WEATHER CONDITIONS
 THE FOLLOWING WEATHER WAS RECORDED TODAY.
  HEAVY RAIN
  RAIN
  LIGHT RAIN
  FOG

RELATIVE HUMIDITY (PERCENT)
 HIGHEST   100           600 AM
 LOWEST     63           400 PM
 AVERAGE    82

..........................................................

THE LONDON KY CLIMATE NORMALS FOR TOMORROW
                         NORMAL    RECORD    YEAR
 MAXIMUM TEMPERATURE (F)   53        81      1977
 MINIMUM TEMPERATURE (F)   32         2      1967

SUNRISE AND SUNSET
FEBRUARY 25 2018......SUNRISE   713 AM EST   SUNSET   627 PM EST
FEBRUARY 26 2018......SUNRISE   711 AM EST   SUNSET   628 PM EST

-  INDICATES NEGATIVE NUMBERS.
R  INDICATES RECORD WAS SET OR TIED.
MM INDICATES DATA IS MISSING.
T  INDICATES TRACE AMOUNT.

$$

CARICO
