000
CDUS43 KJKL 180545
CLILOZ

CLIMATE REPORT
NATIONAL WEATHER SERVICE JACKSON KY
1245 AM EST WED JAN 18 2017


...................................

...THE LONDON KY CLIMATE SUMMARY FOR JANUARY 17 2017...

CLIMATE NORMAL PERIOD 1981 TO 2010
CLIMATE RECORD PERIOD 1954 TO 2017


WEATHER ITEM   OBSERVED TIME   RECORD YEAR NORMAL DEPARTURE LAST
                VALUE   (LST)  VALUE       VALUE  FROM      YEAR
                                                  NORMAL
..................................................................
TEMPERATURE (F)
 YESTERDAY
  MAXIMUM         62    134 PM  69    1974  45     17       32
  MINIMUM         52   1159 PM -15    1982  26     26       17
  AVERAGE         57                        35     22       25

PRECIPITATION (IN)
  YESTERDAY        0.82          1.84 2006   0.11   0.71      T
  MONTH TO DATE    2.81                      1.94   0.87     0.84
  SINCE DEC 1      9.11                      6.18   2.93     6.29
  SINCE JAN 1      2.81                      1.94   0.87     0.84

SNOWFALL (IN)
  YESTERDAY       MM
  MONTH TO DATE   MM
  SINCE DEC 1     MM
  SINCE JUL 1     MM
  SNOW DEPTH      MM

DEGREE DAYS
 HEATING
  YESTERDAY        8                        30    -22       40
  MONTH TO DATE  396                       506   -110      518
  SINCE DEC 1   1190                      1328   -138      993
  SINCE JUL 1   1781                      2158   -377     1658

COOLING
  YESTERDAY        0                         0      0        0
  MONTH TO DATE    0                         0      0        0
  SINCE DEC 1      0                         1     -1        0
  SINCE JAN 1      0                         0      0        0
..................................................................


WIND (MPH)
  HIGHEST WIND SPEED    21   HIGHEST WIND DIRECTION    SW (210)
  HIGHEST GUST SPEED    29   HIGHEST GUST DIRECTION    SW (210)
  AVERAGE WIND SPEED     9.4


SKY COVER
  POSSIBLE SUNSHINE  MM
  AVERAGE SKY COVER 1.0


WEATHER CONDITIONS
 THE FOLLOWING WEATHER WAS RECORDED YESTERDAY.
  HEAVY RAIN
  RAIN
  LIGHT RAIN
  FOG


RELATIVE HUMIDITY (PERCENT)
 HIGHEST    93           400 AM
 LOWEST     69           100 AM
 AVERAGE    81

..........................................................


THE LONDON KY CLIMATE NORMALS FOR TODAY
                         NORMAL    RECORD    YEAR
 MAXIMUM TEMPERATURE (F)   45        69      1996
 MINIMUM TEMPERATURE (F)   26        -7      1994


SUNRISE AND SUNSET
JANUARY 18 2017.......SUNRISE   748 AM EST   SUNSET   546 PM EST
JANUARY 19 2017.......SUNRISE   747 AM EST   SUNSET   548 PM EST


-  INDICATES NEGATIVE NUMBERS.
R  INDICATES RECORD WAS SET OR TIED.
MM INDICATES DATA IS MISSING.
T  INDICATES TRACE AMOUNT.




$$
