000
CDUS43 KJKL 300546
CLILOZ

CLIMATE REPORT
NATIONAL WEATHER SERVICE JACKSON KY
145 AM EDT WED JUL 30 2014
...................................

...THE LONDON KY CLIMATE SUMMARY FOR JULY 29 2014...

CLIMATE NORMAL PERIOD 1981 TO 2010
CLIMATE RECORD PERIOD 1954 TO 2014

WEATHER ITEM   OBSERVED TIME   RECORD YEAR NORMAL DEPARTURE LAST
                VALUE   (LST)  VALUE       VALUE  FROM      YEAR
                                                  NORMAL
..................................................................
TEMPERATURE (F)
 YESTERDAY
  MAXIMUM         73    459 PM  96    1999  86    -13       79
  MINIMUM         57   1159 PM  51    2013  66     -9       51
  AVERAGE         65                        76    -11       65

PRECIPITATION (IN)
  YESTERDAY        0.00          1.71 2000   0.12  -0.12     0.00
  MONTH TO DATE    7.00                      3.80   3.20     6.80
  SINCE JUN 1      9.71                      8.20   1.51    14.04
  SINCE JAN 1     28.70                     28.73  -0.03    37.05

SNOWFALL (IN)
  YESTERDAY       MM
  MONTH TO DATE   MM
  SINCE JUN 1     MM
  SINCE JUL 1     MM
  SNOW DEPTH      MM

DEGREE DAYS
 HEATING
  YESTERDAY        0                         0      0        0
  MONTH TO DATE    0                         0      0        0
  SINCE JUN 1      0                         9     -9        0
  SINCE JUL 1      0                         0      0        0

 COOLING
  YESTERDAY        0                        11    -11        0
  MONTH TO DATE  267                       319    -52      268
  SINCE JUN 1    549                       562    -13      499
  SINCE JAN 1    715                       676     39      599
..................................................................

WIND (MPH)
  HIGHEST WIND SPEED    14   HIGHEST WIND DIRECTION     W (280)
  HIGHEST GUST SPEED    17   HIGHEST GUST DIRECTION     W (290)
  AVERAGE WIND SPEED     4.8

SKY COVER
  POSSIBLE SUNSHINE  MM
  AVERAGE SKY COVER 0.4

WEATHER CONDITIONS
 THE FOLLOWING WEATHER WAS RECORDED YESTERDAY.
  NO SIGNIFICANT WEATHER WAS OBSERVED.

RELATIVE HUMIDITY (PERCENT)
 HIGHEST    86          1100 PM
 LOWEST     46           300 PM
 AVERAGE    66
..........................................................

THE LONDON KY CLIMATE NORMALS FOR TODAY
                         NORMAL    RECORD    YEAR
 MAXIMUM TEMPERATURE (F)   86       101      1999
 MINIMUM TEMPERATURE (F)   66        54      1974

SUNRISE AND SUNSET
JULY 30 2014..........SUNRISE   640 AM EDT   SUNSET   845 PM EDT
JULY 31 2014..........SUNRISE   641 AM EDT   SUNSET   844 PM EDT

-  INDICATES NEGATIVE NUMBERS.
R  INDICATES RECORD WAS SET OR TIED.
MM INDICATES DATA IS MISSING.
T  INDICATES TRACE AMOUNT.

$$
