000
CDUS43 KJKL 220537
CLILOZ

CLIMATE REPORT
NATIONAL WEATHER SERVICE JACKSON KY
1237 AM EST WED FEB 22 2017


...................................

...THE LONDON KY CLIMATE SUMMARY FOR FEBRUARY 21 2017...

CLIMATE NORMAL PERIOD 1981 TO 2010
CLIMATE RECORD PERIOD 1954 TO 2017

WEATHER ITEM   OBSERVED TIME   RECORD YEAR NORMAL DEPARTURE LAST
                VALUE   (LST)  VALUE       VALUE  FROM      YEAR
                                                  NORMAL
..................................................................
TEMPERATURE (F)
 YESTERDAY
  MAXIMUM         71R   144 PM  70    1980  51     20       60
  MINIMUM         46    514 AM   3    1963  31     15       51
  AVERAGE         59                        41     18       56

PRECIPITATION (IN)
  YESTERDAY        T             2.94 2015   0.14  -0.14     0.62
  MONTH TO DATE    0.77                      2.75  -1.98     5.27
  SINCE DEC 1     11.15                     10.53   0.62    12.80
  SINCE JAN 1      4.85                      6.29  -1.44     7.35

SNOWFALL (IN)
  YESTERDAY       MM
  MONTH TO DATE   MM
  SINCE DEC 1     MM
  SINCE JUL 1     MM
  SNOW DEPTH      MM

DEGREE DAYS
 HEATING
  YESTERDAY        6                        24    -18        9
  MONTH TO DATE  424                       551   -127      584
  SINCE DEC 1   1910                      2284   -374     2090
  SINCE JUL 1   2501                      3114   -613     2755

 COOLING
  YESTERDAY        0                         0      0        0
  MONTH TO DATE    0                         0      0        0
  SINCE DEC 1      0                         1     -1        0
  SINCE JAN 1      0                         0      0        0
..................................................................

WIND (MPH)
  HIGHEST WIND SPEED    14   HIGHEST WIND DIRECTION     S (160)
  HIGHEST GUST SPEED    20   HIGHEST GUST DIRECTION     S (160)
  AVERAGE WIND SPEED     3.8

SKY COVER
  POSSIBLE SUNSHINE  MM
  AVERAGE SKY COVER 0.4

WEATHER CONDITIONS
 THE FOLLOWING WEATHER WAS RECORDED YESTERDAY.
  LIGHT RAIN

RELATIVE HUMIDITY (PERCENT)
 HIGHEST    80          1100 PM
 LOWEST     34          1200 PM
 AVERAGE    57

..........................................................

THE LONDON KY CLIMATE NORMALS FOR TODAY
                         NORMAL    RECORD    YEAR
 MAXIMUM TEMPERATURE (F)   52        70      1962
 MINIMUM TEMPERATURE (F)   31        -5      1963

SUNRISE AND SUNSET
FEBRUARY 22 2017......SUNRISE   716 AM EST   SUNSET   624 PM EST
FEBRUARY 23 2017......SUNRISE   715 AM EST   SUNSET   625 PM EST

-  INDICATES NEGATIVE NUMBERS.
R  INDICATES RECORD WAS SET OR TIED.
MM INDICATES DATA IS MISSING.
T  INDICATES TRACE AMOUNT.

$$
