000
CDUS44 KCRP 250644
CLILRD
CLILRD

CLIMATE REPORT
NATIONAL WEATHER SERVICE CORPUS CHRISTI TX
139 AM CDT MON MAY 25 2015


...................................

...THE LAREDO CLIMATE SUMMARY FOR MAY 24 2015...

CLIMATE NORMAL PERIOD 1981 TO 2010
CLIMATE RECORD PERIOD 1900 TO 2015


WEATHER ITEM   OBSERVED TIME   RECORD YEAR NORMAL DEPARTURE LAST
                VALUE   (LST)  VALUE       VALUE  FROM      YEAR
                                                  NORMAL
..................................................................
TEMPERATURE (F)
 YESTERDAY
  MAXIMUM         90    548 PM 108    2011  95     -5       93
                                      1989
  MINIMUM         68    621 AM  59    1940  73     -5       76
  AVERAGE         79                        84     -5       85

PRECIPITATION (IN)
  YESTERDAY        0.09          2.40 1936   0.08   0.01     0.00
  MONTH TO DATE    5.83                      1.91   3.92     3.71
  SINCE MAR 1     13.91                      4.45   9.46     4.82
  SINCE JAN 1     14.79                      6.29   8.50     5.03

SNOWFALL (IN)
  YESTERDAY        0.0
  MONTH TO DATE    0.0
  SINCE MAR 1      0.0
  SINCE JUL 1      0.0

DEGREE DAYS
 HEATING
  YESTERDAY        0                         0      0        0
  MONTH TO DATE    0                         0      0        0
  SINCE MAR 1    129                        82     47      104
  SINCE JUL 1   1064                       926    138     1095

 COOLING
  YESTERDAY       14                        19     -5       20
  MONTH TO DATE  371                       404    -33      350
  SINCE MAR 1    774                       919   -145      872
  SINCE JAN 1    822                      1004   -182      984
..................................................................


WIND (MPH)
  HIGHEST WIND SPEED    21   HIGHEST WIND DIRECTION    SE (140)
  HIGHEST GUST SPEED    26   HIGHEST GUST DIRECTION    SE (150)
  AVERAGE WIND SPEED    12.2


SKY COVER
  POSSIBLE SUNSHINE  MM
  AVERAGE SKY COVER 0.2


WEATHER CONDITIONS
 THE FOLLOWING WEATHER WAS RECORDED YESTERDAY.
  LIGHT RAIN


RELATIVE HUMIDITY (PERCENT)
 HIGHEST   100          1200 AM
 LOWEST     52           500 PM

..........................................................


THE LAREDO CLIMATE NORMALS FOR TODAY
                         NORMAL    RECORD    YEAR
 MAXIMUM TEMPERATURE (F)   95       109      1989
 MINIMUM TEMPERATURE (F)   73        60      1918


SUNRISE AND SUNSET
MAY 25 2015...........SUNRISE   645 AM CDT   SUNSET   825 PM CDT
MAY 26 2015...........SUNRISE   644 AM CDT   SUNSET   826 PM CDT


-  INDICATES NEGATIVE NUMBERS.
R  INDICATES RECORD WAS SET OR TIED.
MM INDICATES DATA IS MISSING.
T  INDICATES TRACE AMOUNT.




$$
