000
CDUS44 KCRP 220656
CLILRD

CLIMATE REPORT
NATIONAL WEATHER SERVICE CORPUS CHRISTI TX
153 AM CDT TUE JUL 22 2014


...................................

...THE LAREDO CLIMATE SUMMARY FOR JULY 21 2014...

CLIMATE NORMAL PERIOD 1981 TO 2010
CLIMATE RECORD PERIOD 1900 TO 2014


WEATHER ITEM   OBSERVED TIME   RECORD YEAR NORMAL DEPARTURE LAST
                VALUE   (LST)  VALUE       VALUE  FROM      YEAR
                                                  NORMAL
..................................................................
TEMPERATURE (F)
 YESTERDAY
  MAXIMUM        107    506 PM 110    1998 100      7       98
  MINIMUM         80    649 AM  61    1940  77      3       73
  AVERAGE         94                        88      6       86

PRECIPITATION (IN)
  YESTERDAY        0.00          0.91 1992   0.05  -0.05     0.17
  MONTH TO DATE    0.93                      1.55  -0.62     2.44
  SINCE JUN 1      1.48                      3.78  -2.30     4.45
  SINCE JAN 1      6.51                     10.65  -4.14    11.53

SNOWFALL (IN)
  YESTERDAY        0.0
  MONTH TO DATE    0.0
  SINCE JUN 1      0.0
  SINCE JUL 1      0.0

DEGREE DAYS
 HEATING
  YESTERDAY        0                         0      0        0
  MONTH TO DATE    0                         0      0        0
  SINCE JUN 1      0                         0      0        0
  SINCE JUL 1      0                         0      0        0

 COOLING
  YESTERDAY       29                        23      6       21
  MONTH TO DATE  494                       483     11      461
  SINCE JUN 1   1230                      1143     87     1167
  SINCE JAN 1   2355                      2286     69     2368
..................................................................


WIND (MPH)
  HIGHEST WIND SPEED    22   HIGHEST WIND DIRECTION    SE (130)
  HIGHEST GUST SPEED    28   HIGHEST GUST DIRECTION    SE (120)
  AVERAGE WIND SPEED    11.3


SKY COVER
  POSSIBLE SUNSHINE  MM
  AVERAGE SKY COVER 0.0


WEATHER CONDITIONS
 THE FOLLOWING WEATHER WAS RECORDED YESTERDAY.
  HAZE


RELATIVE HUMIDITY (PERCENT)
 HIGHEST    85           600 AM
 LOWEST     24           400 PM

..........................................................


THE LAREDO CLIMATE NORMALS FOR TODAY
                         NORMAL    RECORD    YEAR
 MAXIMUM TEMPERATURE (F)  100       107      1998
 MINIMUM TEMPERATURE (F)   77        66      1908


SUNRISE AND SUNSET
JULY 22 2014..........SUNRISE   656 AM CDT   SUNSET   832 PM CDT
JULY 23 2014..........SUNRISE   656 AM CDT   SUNSET   832 PM CDT


-  INDICATES NEGATIVE NUMBERS.
R  INDICATES RECORD WAS SET OR TIED.
MM INDICATES DATA IS MISSING.
T  INDICATES TRACE AMOUNT.

$$

CB
