000
CDUS44 KCRP 260709
CLILRD

CLIMATE REPORT
NATIONAL WEATHER SERVICE CORPUS CHRISTI TX
205 AM CDT SUN OCT 26 2014


...................................

...THE LAREDO CLIMATE SUMMARY FOR OCTOBER 25 2014...

CLIMATE NORMAL PERIOD 1981 TO 2010
CLIMATE RECORD PERIOD 1900 TO 2014


WEATHER ITEM   OBSERVED TIME   RECORD YEAR NORMAL DEPARTURE LAST
                VALUE   (LST)  VALUE       VALUE  FROM      YEAR
                                                  NORMAL
..................................................................
TEMPERATURE (F)
 YESTERDAY
  MAXIMUM         90    328 PM  98    2010  84      6       87
  MINIMUM         64    633 AM  37    1908  63      1       61
  AVERAGE         77                        74      3       74

PRECIPITATION (IN)
  YESTERDAY        0.00          2.15 1974   0.06  -0.06     0.00
  MONTH TO DATE    0.13                      1.92  -1.79     3.62
  SINCE SEP 1      5.93                      4.85   1.08     6.97
  SINCE JAN 1     13.51                     17.84  -4.33    19.84

SNOWFALL (IN)
  YESTERDAY        0.0
  MONTH TO DATE    0.0
  SINCE SEP 1      0.0
  SINCE JUL 1      0.0

DEGREE DAYS
 HEATING
  YESTERDAY        0                         1     -1        0
  MONTH TO DATE    0                         2     -2        0
  SINCE SEP 1      0                         3     -3        0
  SINCE JUL 1      0                         3     -3        0

 COOLING
  YESTERDAY       12                         9      3        9
  MONTH TO DATE  363                       295     68      301
  SINCE SEP 1    909                       837     72      861
  SINCE JAN 1   4342                      4080    262     4266
..................................................................


WIND (MPH)
  HIGHEST WIND SPEED    14   HIGHEST WIND DIRECTION    SE (130)
  HIGHEST GUST SPEED    20   HIGHEST GUST DIRECTION     S (160)
  AVERAGE WIND SPEED     5.8


SKY COVER
  POSSIBLE SUNSHINE  MM
  AVERAGE SKY COVER 0.0


WEATHER CONDITIONS
 THE FOLLOWING WEATHER WAS RECORDED YESTERDAY.
  NO SIGNIFICANT WEATHER WAS OBSERVED.


RELATIVE HUMIDITY (PERCENT)
 HIGHEST    97           600 AM
 LOWEST     34           300 PM

..........................................................


THE LAREDO CLIMATE NORMALS FOR TODAY
                         NORMAL    RECORD    YEAR
 MAXIMUM TEMPERATURE (F)   84       100      1902
 MINIMUM TEMPERATURE (F)   63        41      1932


SUNRISE AND SUNSET
OCTOBER 26 2014.......SUNRISE   745 AM CDT   SUNSET   659 PM CDT
OCTOBER 27 2014.......SUNRISE   745 AM CDT   SUNSET   658 PM CDT


-  INDICATES NEGATIVE NUMBERS.
R  INDICATES RECORD WAS SET OR TIED.
MM INDICATES DATA IS MISSING.
T  INDICATES TRACE AMOUNT.




$$
