000
CDUS44 KCRP 290026
CLILRD

CLIMATE REPORT
NATIONAL WEATHER SERVICE CORPUS CHRISTI TX
723 PM CDT SAT MAR 28 2015


...................................

...THE LAREDO CLIMATE SUMMARY FOR MARCH 28 2015...
VALID TODAY AS OF 700 PM LOCAL TIME.

CLIMATE NORMAL PERIOD 1981 TO 2010
CLIMATE RECORD PERIOD 1900 TO 2015


WEATHER ITEM   OBSERVED TIME   RECORD YEAR NORMAL DEPARTURE LAST
                VALUE   (LST)  VALUE       VALUE  FROM      YEAR
                                                  NORMAL
..................................................................
TEMPERATURE (F)
 TODAY
  MAXIMUM         86    505 PM 104    1924  83      3       96
  MINIMUM         52    648 AM  33    1930  60     -8       68
  AVERAGE         69                        72     -3       82

PRECIPITATION (IN)
  TODAY            0.00          0.38 1935   0.03  -0.03     0.00
  MONTH TO DATE    2.57                      1.05   1.52     1.08
  SINCE MAR 1      2.57                      1.05   1.52     1.08
  SINCE JAN 1      3.45                      2.89   0.56     1.29

SNOWFALL (IN)
  TODAY            0.0
  MONTH TO DATE    0.0
  SINCE MAR 1      0.0
  SINCE JUL 1      0.0

DEGREE DAYS
 HEATING
  TODAY            0                         1     -1        0
  MONTH TO DATE  128                        66     62       99
  SINCE MAR 1    128                        66     62       99
  SINCE JUL 1   1063                       910    153     1090

 COOLING
  TODAY            4                         8     -4       17
  MONTH TO DATE   60                       149    -89      105
  SINCE MAR 1     60                       149    -89      105
  SINCE JAN 1    108                       234   -126      217
..................................................................


WIND (MPH)
  HIGHEST WIND SPEED    22   HIGHEST WIND DIRECTION     S (160)
  HIGHEST GUST SPEED    25   HIGHEST GUST DIRECTION    SE (140)


SKY COVER
  POSSIBLE SUNSHINE  MM
  AVERAGE SKY COVER 0.0


WEATHER CONDITIONS
 THE FOLLOWING WEATHER WAS RECORDED TODAY.
  NO SIGNIFICANT WEATHER WAS OBSERVED.


RELATIVE HUMIDITY (PERCENT)
 HIGHEST    71           700 AM
 LOWEST     18           300 PM
 AVERAGE    45

..........................................................


THE LAREDO CLIMATE NORMALS FOR TOMORROW
                         NORMAL    RECORD    YEAR
 MAXIMUM TEMPERATURE (F)   84       101      1954
 MINIMUM TEMPERATURE (F)   60        34      1930


SUNRISE AND SUNSET
MARCH 28 2015.........SUNRISE   733 AM CDT   SUNSET   753 PM CDT
MARCH 29 2015.........SUNRISE   732 AM CDT   SUNSET   754 PM CDT


-  INDICATES NEGATIVE NUMBERS.
R  INDICATES RECORD WAS SET OR TIED.
MM INDICATES DATA IS MISSING.
T  INDICATES TRACE AMOUNT.




$$
