000
CDUS44 KCRP 180046
CLILRD

CLIMATE REPORT
NATIONAL WEATHER SERVICE CORPUS CHRISTI TX
640 PM CST SUN DEC 17 2017


...................................

...THE LAREDO CLIMATE SUMMARY FOR DECEMBER 17 2017...
VALID TODAY AS OF 600 PM LOCAL TIME.

CLIMATE NORMAL PERIOD 1981 TO 2010
CLIMATE RECORD PERIOD 1900 TO 2017


WEATHER ITEM   OBSERVED TIME   RECORD YEAR NORMAL DEPARTURE LAST
                VALUE   (LST)  VALUE       VALUE  FROM      YEAR
                                                  NORMAL
..................................................................
TEMPERATURE (F)
 TODAY
  MAXIMUM         51        MM  87    1924  67    -16       85
  MINIMUM         48        MM  22    1932  46      2       66
  AVERAGE         50                        57     -7       76

PRECIPITATION (IN)
  TODAY            T             1.34 1926   0.03  -0.03     0.00
  MONTH TO DATE    2.57                      0.44   2.13     1.56
  SINCE DEC 1      2.57                      0.44   2.13     1.56
  SINCE JAN 1     24.84                     19.76   5.08    24.44

SNOWFALL (IN)
  TODAY            0.0
  MONTH TO DATE    1.3
  SINCE DEC 1      1.3
  SINCE JUL 1      1.3

DEGREE DAYS
 HEATING
  TODAY           15                         9      6        0
  MONTH TO DATE  172                       137     35      114
  SINCE DEC 1    172                       137     35      114
  SINCE JUL 1    241                       252    -11      131

 COOLING
  TODAY            0                         1     -1       11
  MONTH TO DATE   37                        21     16       17
  SINCE DEC 1     37                        21     16       17
  SINCE JAN 1   4871                      4276    595     4743
..................................................................


WIND (MPH)
  HIGHEST WIND SPEED    MM   HIGHEST WIND DIRECTION    MM
  HIGHEST GUST SPEED    MM   HIGHEST GUST DIRECTION    MM


SKY COVER
  POSSIBLE SUNSHINE  MM
  AVERAGE SKY COVER 1.0


WEATHER CONDITIONS
 THE FOLLOWING WEATHER WAS RECORDED TODAY.
  LIGHT RAIN
  FOG


RELATIVE HUMIDITY (PERCENT)
 HIGHEST   100           700 AM
 LOWEST     89           200 PM
 AVERAGE    95

..........................................................


THE LAREDO CLIMATE NORMALS FOR TOMORROW
                         NORMAL    RECORD    YEAR
 MAXIMUM TEMPERATURE (F)   67        89      2012
 MINIMUM TEMPERATURE (F)   46        24      1996


SUNRISE AND SUNSET
DECEMBER 17 2017......SUNRISE   722 AM CST   SUNSET   546 PM CST
DECEMBER 18 2017......SUNRISE   722 AM CST   SUNSET   547 PM CST


-  INDICATES NEGATIVE NUMBERS.
R  INDICATES RECORD WAS SET OR TIED.
MM INDICATES DATA IS MISSING.
T  INDICATES TRACE AMOUNT.




$$
