000
CDUS44 KCRP 140148
CLILRD

CLIMATE REPORT
NATIONAL WEATHER SERVICE CORPUS CHRISTI TX
748 PM CST SAT FEB 13 2016


...THE LAREDO CLIMATE SUMMARY FOR FEBRUARY 13 2016...
VALID TODAY AS OF 700 PM LOCAL TIME.

CLIMATE NORMAL PERIOD 1981 TO 2010
CLIMATE RECORD PERIOD 1900 TO 2016


WEATHER ITEM   OBSERVED TIME   RECORD YEAR NORMAL DEPARTURE LAST
                VALUE   (LST)  VALUE       VALUE  FROM      YEAR
                                                  NORMAL
..................................................................
TEMPERATURE (F)
 TODAY
  MAXIMUM         83    430 PM  93    1974  72     11       73
  MINIMUM         55    729 AM  18    1905  50      5       52
  AVERAGE         69                        61      8       63

PRECIPITATION (IN)
  TODAY            0.00          0.58 1959   0.03  -0.03     0.00
  MONTH TO DATE    0.00                      0.42  -0.42     0.17
  SINCE DEC 1      2.01                      2.20  -0.19     1.71
  SINCE JAN 1      1.88                      1.32   0.56     0.76

SNOWFALL (IN)
  TODAY            0.0
  MONTH TO DATE    0.0
  SINCE DEC 1      0.0
  SINCE JUL 1      0.0

DEGREE DAYS
 HEATING
  TODAY            0                         6     -6        2
  MONTH TO DATE   77                        91    -14       72
  SINCE DEC 1    488                       655   -167      628
  SINCE JUL 1    559                       770   -211      786

 COOLING
  TODAY            4                         2      2        0
  MONTH TO DATE   17                        22     -5       15
  SINCE DEC 1     87                        85      2       60
  SINCE JAN 1     24                        50    -26       24
..................................................................


WIND (MPH)
  HIGHEST WIND SPEED    14   HIGHEST WIND DIRECTION    SE (120)
  HIGHEST GUST SPEED    18   HIGHEST GUST DIRECTION     E (110)


SKY COVER
  POSSIBLE SUNSHINE  MM
  AVERAGE SKY COVER 0.3


WEATHER CONDITIONS
 THE FOLLOWING WEATHER WAS RECORDED TODAY.
  FOG


RELATIVE HUMIDITY (PERCENT)
 HIGHEST   100           500 AM
 LOWEST     30           500 PM
 AVERAGE    65

..........................................................


THE LAREDO CLIMATE NORMALS FOR TOMORROW
                         NORMAL    RECORD    YEAR
 MAXIMUM TEMPERATURE (F)   72        92      2014
                                             2000
 MINIMUM TEMPERATURE (F)   50        29      1951


SUNRISE AND SUNSET
FEBRUARY 13 2016......SUNRISE   717 AM CST   SUNSET   628 PM CST
FEBRUARY 14 2016......SUNRISE   716 AM CST   SUNSET   628 PM CST


-  INDICATES NEGATIVE NUMBERS.
R  INDICATES RECORD WAS SET OR TIED.
MM INDICATES DATA IS MISSING.
T  INDICATES TRACE AMOUNT.

$$
