000
CDUS44 KCRP 290920 RRB
CLILRD

CLIMATE REPORT
NATIONAL WEATHER SERVICE CORPUS CHRISTI TX
418 AM CDT THU SEP 29 2016


...................................

...THE LAREDO CLIMATE SUMMARY FOR SEPTEMBER 28 2016...

CLIMATE NORMAL PERIOD 1981 TO 2010
CLIMATE RECORD PERIOD 1900 TO 2016


WEATHER ITEM   OBSERVED TIME   RECORD YEAR NORMAL DEPARTURE LAST
                VALUE   (LST)  VALUE       VALUE  FROM      YEAR
                                                  NORMAL
..................................................................
TEMPERATURE (F)
 YESTERDAY
  MAXIMUM         89        MM 107    2005  90     -1       98
  MINIMUM         68        MM  46    1942  70     -2       69
  AVERAGE         79                        80     -1       84

PRECIPITATION (IN)
  YESTERDAY        0.00          1.21 2013   0.09  -0.09     0.00
  MONTH TO DATE    5.05                      2.76   2.29     1.19
  SINCE SEP 1      5.05                      2.76   2.29     1.19
  SINCE JAN 1     22.13                     15.75   6.38    21.18

SNOWFALL (IN)
  YESTERDAY        0.0
  MONTH TO DATE    0.0
  SINCE SEP 1      0.0
  SINCE JUL 1      0.0

DEGREE DAYS
 HEATING
  YESTERDAY        0                         0      0        0
  MONTH TO DATE    0                         0      0        0
  SINCE SEP 1      0                         0      0        0
  SINCE JUL 1      0                         0      0        0

 COOLING
  YESTERDAY       14                        15     -1       19
  MONTH TO DATE  595                       511     84      591
  SINCE SEP 1    595                       511     84      591
  SINCE JAN 1   4014                      3754    260     3680
..................................................................


WIND (MPH)
  HIGHEST WIND SPEED     7   HIGHEST WIND DIRECTION     N (350)
  HIGHEST GUST SPEED    MM   HIGHEST GUST DIRECTION    MM
  AVERAGE WIND SPEED     3.7


SKY COVER
  POSSIBLE SUNSHINE  MM
  AVERAGE SKY COVER 0.2


WEATHER CONDITIONS
 THE FOLLOWING WEATHER WAS RECORDED YESTERDAY.
  NO SIGNIFICANT WEATHER WAS OBSERVED.


RELATIVE HUMIDITY (PERCENT)
 HIGHEST    93           100 AM
 LOWEST     52           400 PM

..........................................................


THE LAREDO CLIMATE NORMALS FOR TODAY
                         NORMAL    RECORD    YEAR
 MAXIMUM TEMPERATURE (F)   90       106      1928
 MINIMUM TEMPERATURE (F)   69        45      1918


SUNRISE AND SUNSET
SEPTEMBER 29 2016.....SUNRISE   730 AM CDT   SUNSET   726 PM CDT
SEPTEMBER 30 2016.....SUNRISE   730 AM CDT   SUNSET   724 PM CDT


-  INDICATES NEGATIVE NUMBERS.
R  INDICATES RECORD WAS SET OR TIED.
MM INDICATES DATA IS MISSING.
T  INDICATES TRACE AMOUNT.

$$

GW
