000
CDUS44 KCRP 190810 RRA
CLILRD

CLIMATE REPORT
NATIONAL WEATHER SERVICE CORPUS CHRISTI TX
308 AM CDT SAT AUG 19 2017


...................................

...THE LAREDO CLIMATE SUMMARY FOR AUGUST 18 2017...

CLIMATE NORMAL PERIOD 1981 TO 2010
CLIMATE RECORD PERIOD 1900 TO 2017


WEATHER ITEM   OBSERVED TIME   RECORD YEAR NORMAL DEPARTURE LAST
                VALUE   (LST)  VALUE       VALUE  FROM      YEAR
                                                  NORMAL
..................................................................
TEMPERATURE (F)
 YESTERDAY
  MAXIMUM        105        MM 110    1909 100      5       98
  MINIMUM         80        MM  61    1908  77      3       75
  AVERAGE         93                        89      4       87

PRECIPITATION (IN)
  YESTERDAY        0.00          2.16 1967   0.06  -0.06     0.00
  MONTH TO DATE    0.73                      0.79  -0.06     1.19
  SINCE JUN 1      2.11                      5.03  -2.92     4.45
  SINCE JAN 1     12.51                     11.90   0.61    14.96

SNOWFALL (IN)
  YESTERDAY        0.0
  MONTH TO DATE    0.0
  SINCE JUN 1      0.0
  SINCE JUL 1      0.0

DEGREE DAYS
 HEATING
  YESTERDAY        0                         0      0        0
  MONTH TO DATE    0                         0      0        0
  SINCE JUN 1      0                         0      0        0
  SINCE JUL 1      0                         0      0        0

 COOLING
  YESTERDAY       28                        24      4       22
  MONTH TO DATE  449                       432     17      445
  SINCE JUN 1   1906                      1805    101     1885
  SINCE JAN 1   3429                      2948    481     3149
..................................................................


WIND (MPH)
  HIGHEST WIND SPEED    24   HIGHEST WIND DIRECTION    SE (120)
  HIGHEST GUST SPEED    33   HIGHEST GUST DIRECTION    SE (130)
  AVERAGE WIND SPEED    13.5


SKY COVER
  POSSIBLE SUNSHINE  MM
  AVERAGE SKY COVER 0.1


WEATHER CONDITIONS
 THE FOLLOWING WEATHER WAS RECORDED YESTERDAY.
  NO SIGNIFICANT WEATHER WAS OBSERVED.


RELATIVE HUMIDITY (PERCENT)
 HIGHEST    85           700 AM
 LOWEST     27           400 PM

..........................................................


THE LAREDO CLIMATE NORMALS FOR TODAY
                         NORMAL    RECORD    YEAR
 MAXIMUM TEMPERATURE (F)  100       110      1909
 MINIMUM TEMPERATURE (F)   77        66      1908


SUNRISE AND SUNSET
AUGUST 19 2017........SUNRISE   711 AM CDT   SUNSET   812 PM CDT
AUGUST 20 2017........SUNRISE   711 AM CDT   SUNSET   811 PM CDT


-  INDICATES NEGATIVE NUMBERS.
R  INDICATES RECORD WAS SET OR TIED.
MM INDICATES DATA IS MISSING.
T  INDICATES TRACE AMOUNT.




$$
