000
CDUS44 KCRP 270643
CLILRD

CLIMATE REPORT
NATIONAL WEATHER SERVICE CORPUS CHRISTI TX
141 AM CDT WED AUG 27 2014


...................................

...THE LAREDO CLIMATE SUMMARY FOR AUGUST 26 2014...

CLIMATE NORMAL PERIOD 1981 TO 2010
CLIMATE RECORD PERIOD 1900 TO 2014


WEATHER ITEM   OBSERVED TIME   RECORD YEAR NORMAL DEPARTURE LAST
                VALUE   (LST)  VALUE       VALUE  FROM      YEAR
                                                  NORMAL
..................................................................
TEMPERATURE (F)
 YESTERDAY
  MAXIMUM        105    403 PM 108    1935  99      6       94
  MINIMUM         78    742 AM  62    1973  77      1       77
  AVERAGE         92                        88      4       86

PRECIPITATION (IN)
  YESTERDAY        0.00          1.00 1918   0.09  -0.09     0.91
  MONTH TO DATE    0.49                      1.40  -0.91     1.14
  SINCE JUN 1      2.38                      5.64  -3.26     5.59
  SINCE JAN 1      7.41                     12.51  -5.10    12.67

SNOWFALL (IN)
  YESTERDAY        0.0
  MONTH TO DATE    0.0
  SINCE JUN 1      0.0
  SINCE JUL 1      0.0

DEGREE DAYS
 HEATING
  YESTERDAY        0                         0      0        0
  MONTH TO DATE    0                         0      0        0
  SINCE JUN 1      0                         0      0        0
  SINCE JUL 1      0                         0      0        0

 COOLING
  YESTERDAY       27                        23      4       21
  MONTH TO DATE  682                       618     64      654
  SINCE JUN 1   2181                      1991    190     2087
  SINCE JAN 1   3306                      3134    172     3288
..................................................................


WIND (MPH)
  HIGHEST WIND SPEED    23   HIGHEST WIND DIRECTION     E (110)
  HIGHEST GUST SPEED    28   HIGHEST GUST DIRECTION     E (110)
  AVERAGE WIND SPEED     9.0


SKY COVER
  POSSIBLE SUNSHINE  MM
  AVERAGE SKY COVER 0.0


WEATHER CONDITIONS
 THE FOLLOWING WEATHER WAS RECORDED YESTERDAY.
  NO SIGNIFICANT WEATHER WAS OBSERVED.


RELATIVE HUMIDITY (PERCENT)
 HIGHEST    85           600 AM
 LOWEST     23           400 PM

..........................................................


THE LAREDO CLIMATE NORMALS FOR TODAY
                         NORMAL    RECORD    YEAR
 MAXIMUM TEMPERATURE (F)   99       106      1940
 MINIMUM TEMPERATURE (F)   77        61      1973


SUNRISE AND SUNSET
AUGUST 27 2014........SUNRISE   714 AM CDT   SUNSET   804 PM CDT
AUGUST 28 2014........SUNRISE   715 AM CDT   SUNSET   803 PM CDT


-  INDICATES NEGATIVE NUMBERS.
R  INDICATES RECORD WAS SET OR TIED.
MM INDICATES DATA IS MISSING.
T  INDICATES TRACE AMOUNT.

$$

CB
