000
CDUS44 KCRP 222135
CLILRD

CLIMATE REPORT
NATIONAL WEATHER SERVICE CORPUS CHRISTI TX
429 PM CDT MON MAY 22 2017


...................................

...THE LAREDO CLIMATE SUMMARY FOR MAY 22 2017...
VALID AS OF 400 PM LOCAL TIME.

CLIMATE NORMAL PERIOD 1981 TO 2010
CLIMATE RECORD PERIOD 1900 TO 2017


WEATHER ITEM   OBSERVED TIME   RECORD YEAR NORMAL DEPARTURE LAST
                VALUE   (LST)  VALUE       VALUE  FROM      YEAR
                                                  NORMAL
..................................................................
TEMPERATURE (F)
 TODAY
  MAXIMUM         85        MM 107    1998  95    -10       90
  MINIMUM         67        MM  55    1911  73     -6       76
  AVERAGE         76                        84     -8       83

PRECIPITATION (IN)
  TODAY            T             4.68 1977   0.07  -0.07     0.00
  MONTH TO DATE    4.08                      1.75   2.33     2.33
  SINCE MAR 1      7.90                      4.29   3.61     8.21
  SINCE JAN 1      8.87                      6.13   2.74    10.10

SNOWFALL (IN)
  TODAY            0.0
  MONTH TO DATE    0.0
  SINCE MAR 1      0.0
  SINCE JUL 1      0.0
  SNOW DEPTH      MM

DEGREE DAYS
 HEATING
  TODAY            0                         0      0        0
  MONTH TO DATE    0                         0      0        0
  SINCE MAR 1     16                        82    -66       18
  SINCE JUL 1    396                       926   -530      594

 COOLING
  TODAY           11                        19     -8       18
  MONTH TO DATE  380                       366     14      315
  SINCE MAR 1   1048                       881    167      956
  SINCE JAN 1   1354                       966    388     1074
..................................................................


WIND (MPH)
  HIGHEST WIND SPEED     8   HIGHEST WIND DIRECTION    NE (50)
  HIGHEST GUST SPEED    MM   HIGHEST GUST DIRECTION    MM


SKY COVER
  POSSIBLE SUNSHINE  MM
  AVERAGE SKY COVER 1.0


WEATHER CONDITIONS
 THE FOLLOWING WEATHER WAS RECORDED TODAY.
  LIGHT RAIN


RELATIVE HUMIDITY (PERCENT)
 HIGHEST    87          1100 AM
 LOWEST     65           300 PM
 AVERAGE    76

..........................................................


THE LAREDO CLIMATE NORMALS FOR TOMORROW
                         NORMAL    RECORD    YEAR
 MAXIMUM TEMPERATURE (F)   95       107      2011
                                             1989
 MINIMUM TEMPERATURE (F)   73        49      1928


SUNRISE AND SUNSET
MAY 22 2017...........SUNRISE   646 AM CDT   SUNSET   824 PM CDT
MAY 23 2017...........SUNRISE   645 AM CDT   SUNSET   824 PM CDT


-  INDICATES NEGATIVE NUMBERS.
R  INDICATES RECORD WAS SET OR TIED.
MM INDICATES DATA IS MISSING.
T  INDICATES TRACE AMOUNT.




$$

92
