000
CDUS44 KCRP 050917
CLILRD

CLIMATE REPORT
NATIONAL WEATHER SERVICE CORPUS CHRISTI TX
317 AM CST THU MAR 5 2015


...................................

...THE LAREDO CLIMATE SUMMARY FOR MARCH 4 2015...

CLIMATE NORMAL PERIOD 1981 TO 2010
CLIMATE RECORD PERIOD 1900 TO 2015


WEATHER ITEM   OBSERVED TIME   RECORD YEAR NORMAL DEPARTURE LAST
                VALUE   (LST)  VALUE       VALUE  FROM      YEAR
                                                  NORMAL
..................................................................
TEMPERATURE (F)
 YESTERDAY
  MAXIMUM         71    517 PM  96    1976  76     -5       52
  MINIMUM         47   1155 PM  26    1922  54     -7       37
  AVERAGE         59                        65     -6       45

PRECIPITATION (IN)
  YESTERDAY        0.01          0.55 1968   0.04  -0.03     0.37
  MONTH TO DATE    0.04                      0.17  -0.13     0.41
  SINCE MAR 1      0.04                      0.17  -0.13     0.41
  SINCE JAN 1      0.92                      2.01  -1.09     0.62

SNOWFALL (IN)
  YESTERDAY       MM
  MONTH TO DATE    0.0
  SINCE MAR 1      0.0
  SINCE JUL 1      0.0

DEGREE DAYS
 HEATING
  YESTERDAY        6                         4      2       20
  MONTH TO DATE   47                        16     31       41
  SINCE MAR 1     47                        16     31       41
  SINCE JUL 1    982                       860    122     1032

 COOLING
  YESTERDAY        0                         4     -4        0
  MONTH TO DATE    0                        15    -15       14
  SINCE MAR 1      0                        15    -15       14
  SINCE JAN 1     48                       100    -52      126
..................................................................


WIND (MPH)
  HIGHEST WIND SPEED    33   HIGHEST WIND DIRECTION     N (10)
  HIGHEST GUST SPEED    39   HIGHEST GUST DIRECTION     N (10)
  AVERAGE WIND SPEED     5.2


SKY COVER
  POSSIBLE SUNSHINE  MM
  AVERAGE SKY COVER 0.9


WEATHER CONDITIONS
 THE FOLLOWING WEATHER WAS RECORDED YESTERDAY.
  LIGHT RAIN
  FOG


RELATIVE HUMIDITY (PERCENT)
 HIGHEST   100          1200 AM
 LOWEST     76           300 PM

..........................................................


THE LAREDO CLIMATE NORMALS FOR TODAY
                         NORMAL    RECORD    YEAR
 MAXIMUM TEMPERATURE (F)   77       103      1916
 MINIMUM TEMPERATURE (F)   54        29      1917


SUNRISE AND SUNSET
MARCH  5 2015.........SUNRISE   658 AM CST   SUNSET   641 PM CST
MARCH  6 2015.........SUNRISE   657 AM CST   SUNSET   641 PM CST


-  INDICATES NEGATIVE NUMBERS.
R  INDICATES RECORD WAS SET OR TIED.
MM INDICATES DATA IS MISSING.
T  INDICATES TRACE AMOUNT.




$$
