000
CDUS44 KCRP 250722 RRA
CLILRD

CLIMATE REPORT
NATIONAL WEATHER SERVICE CORPUS CHRISTI TX
221 AM CDT MON JUL 25 2016


...................................

...THE LAREDO CLIMATE SUMMARY FOR JULY 24 2016...

CLIMATE NORMAL PERIOD 1981 TO 2010
CLIMATE RECORD PERIOD 1900 TO 2016


WEATHER ITEM   OBSERVED TIME   RECORD YEAR NORMAL DEPARTURE LAST
                VALUE   (LST)  VALUE       VALUE  FROM      YEAR
                                                  NORMAL
..................................................................
TEMPERATURE (F)
 YESTERDAY
  MAXIMUM        105        MM 109    1994 100      5      103
  MINIMUM         79        MM  64    1908  77      2       80
  AVERAGE         92                        88      4       92

PRECIPITATION (IN)
  YESTERDAY        0.00          4.00 1919   0.05  -0.05     0.00
  MONTH TO DATE    0.04                      1.70  -1.66      T
  SINCE JUN 1      1.96                      3.93  -1.97     1.20
  SINCE JAN 1     12.47                     10.80   1.67    19.90

SNOWFALL (IN)
  YESTERDAY        0.0
  MONTH TO DATE    0.0
  SINCE JUN 1      0.0
  SINCE JUL 1      0.0

DEGREE DAYS
 HEATING
  YESTERDAY        0                         0      0        0
  MONTH TO DATE    0                         0      0        0
  SINCE JUN 1      0                         0      0        0
  SINCE JUL 1      0                         0      0        0

 COOLING
  YESTERDAY       27                        23      4       27
  MONTH TO DATE  634                       552     82      573
  SINCE JUN 1   1277                      1212     65     1173
  SINCE JAN 1   2541                      2355    186     2115
..................................................................


WIND (MPH)
  HIGHEST WIND SPEED    22   HIGHEST WIND DIRECTION    SE (140)
  HIGHEST GUST SPEED    31   HIGHEST GUST DIRECTION     E (100)
  AVERAGE WIND SPEED    12.8


SKY COVER
  POSSIBLE SUNSHINE  MM
  AVERAGE SKY COVER 0.1


WEATHER CONDITIONS
 THE FOLLOWING WEATHER WAS RECORDED YESTERDAY.
  HAZE


RELATIVE HUMIDITY (PERCENT)
 HIGHEST    85           600 AM
 LOWEST     30           400 PM

..........................................................


THE LAREDO CLIMATE NORMALS FOR TODAY
                         NORMAL    RECORD    YEAR
 MAXIMUM TEMPERATURE (F)  100       110      1994
 MINIMUM TEMPERATURE (F)   77        66      1915


SUNRISE AND SUNSET
JULY 25 2016..........SUNRISE   658 AM CDT   SUNSET   831 PM CDT
JULY 26 2016..........SUNRISE   658 AM CDT   SUNSET   830 PM CDT


-  INDICATES NEGATIVE NUMBERS.
R  INDICATES RECORD WAS SET OR TIED.
MM INDICATES DATA IS MISSING.
T  INDICATES TRACE AMOUNT.




$$
