000
CDUS46 KMTR 130831
CLILVK


CLIMATE REPORT
NATIONAL WEATHER SERVICE SAN FRANCISCO BAY AREA
130 AM PDT SUN JUL 13 2014


...................................

...THE LIVERMORE AIRPORT CLIMATE SUMMARY FOR JULY 12 2014...

CLIMATE NORMAL PERIOD 1981 TO 2010
CLIMATE RECORD PERIOD 1930 TO 2014


WEATHER ITEM   OBSERVED TIME   RECORD YEAR NORMAL DEPARTURE LAST
                VALUE   (LST)  VALUE       VALUE  FROM      YEAR
                                                  NORMAL
..................................................................
TEMPERATURE (F)
 YESTERDAY
  MAXIMUM         83    327 PM 112    1961  88     -5       85
  MINIMUM         58   1159 PM  45    1974  57      1       54
  AVERAGE         71                        72     -1       70

PRECIPITATION (IN)
  YESTERDAY        0.00          0.00 2006   0.00   0.00     0.00
  MONTH TO DATE    T                         0.00   0.00     0.00
  SINCE JUL 1      T                         0.00   0.00     0.00
  SINCE JAN 1      4.88                      9.90  -5.02     2.12

DEGREE DAYS
 HEATING
  YESTERDAY        0                         0      0        0
  MONTH TO DATE    0                         0      0        0
  SINCE JUN 1      4                        32    -28        5
  SINCE JUL 1      0                         0      0        0

 COOLING
  YESTERDAY        6                         8     -2        5
  MONTH TO DATE   98                        82     16      135
  SINCE JUN 1    291                       192     99      325
  SINCE JAN 1    417                       245    172      426
..................................................................


WIND (MPH)
  RESULTANT WIND SPEED   9   RESULTANT WIND DIRECTION   W (280)
  HIGHEST WIND SPEED    21   HIGHEST WIND DIRECTION     W (290)
  HIGHEST GUST SPEED    24   HIGHEST GUST DIRECTION     W (280)
  AVERAGE WIND SPEED    10.1


SKY COVER
  POSSIBLE SUNSHINE  MM
  AVERAGE SKY COVER 0.4


WEATHER CONDITIONS
 THE FOLLOWING WEATHER WAS RECORDED YESTERDAY.
  NO SIGNIFICANT WEATHER WAS OBSERVED.


RELATIVE HUMIDITY (PERCENT)
 HIGHEST    93          1100 PM
 LOWEST     34           200 PM
 AVERAGE    64

..........................................................


THE LIVERMORE AIRPORT CLIMATE NORMALS FOR TODAY
                         NORMAL    RECORD    YEAR
 MAXIMUM TEMPERATURE (F)   88       107      1984
 MINIMUM TEMPERATURE (F)   57        45      1942


SUNRISE AND SUNSET
JULY 13 2014..........SUNRISE   556 AM PDT   SUNSET   829 PM PDT
JULY 14 2014..........SUNRISE   557 AM PDT   SUNSET   829 PM PDT


-  INDICATES NEGATIVE NUMBERS.
R  INDICATES RECORD WAS SET OR TIED.
MM INDICATES DATA IS MISSING.
T  INDICATES TRACE AMOUNT.




$$
