000
CDUS46 KMTR 250839
CLILVK


CLIMATE REPORT
NATIONAL WEATHER SERVICE SAN FRANCISCO BAY AREA
139 AM PDT SAT OCT 25 2014


...................................

...THE LIVERMORE AIRPORT CLIMATE SUMMARY FOR OCTOBER 24 2014...

CLIMATE NORMAL PERIOD 1981 TO 2010
CLIMATE RECORD PERIOD 1930 TO 2014


WEATHER ITEM   OBSERVED TIME   RECORD YEAR NORMAL DEPARTURE LAST
                VALUE   (LST)  VALUE       VALUE  FROM      YEAR
                                                  NORMAL
..................................................................
TEMPERATURE (F)
 YESTERDAY
  MAXIMUM         80    226 PM  90    1959  74      6       64
  MINIMUM         51    638 AM  31    1956  48      3       50
  AVERAGE         66                        61      5       57

PRECIPITATION (IN)
  YESTERDAY        0.00          0.53 1998   0.04  -0.04     0.00
  MONTH TO DATE    0.02                      0.61  -0.59     0.00
  SINCE JUL 1      0.23                      0.84  -0.61     0.47
  SINCE JAN 1      5.11                     10.74  -5.63     2.59

DEGREE DAYS
 HEATING
  YESTERDAY        0                         5     -5        8
  MONTH TO DATE   11                        64    -53       33
  SINCE SEP 1     11                        81    -70       37
  SINCE JUL 1     11                        88    -77       37

 COOLING
  YESTERDAY        1                         0      1        0
  MONTH TO DATE  117                        38     79       30
  SINCE SEP 1    349                       202    147      215
  SINCE JAN 1   1263                       827    436     1039
..................................................................


WIND (MPH)
  RESULTANT WIND SPEED   4   RESULTANT WIND DIRECTION   W (280)
  HIGHEST WIND SPEED    16   HIGHEST WIND DIRECTION     W (250)
  HIGHEST GUST SPEED    21   HIGHEST GUST DIRECTION    SW (240)
  AVERAGE WIND SPEED     5.7


SKY COVER
  POSSIBLE SUNSHINE  MM
  AVERAGE SKY COVER 0.0


WEATHER CONDITIONS
 THE FOLLOWING WEATHER WAS RECORDED YESTERDAY.
  NO SIGNIFICANT WEATHER WAS OBSERVED.


RELATIVE HUMIDITY (PERCENT)
 HIGHEST    89           400 AM
 LOWEST     35           100 PM
 AVERAGE    62

..........................................................


THE LIVERMORE AIRPORT CLIMATE NORMALS FOR TODAY
                         NORMAL    RECORD    YEAR
 MAXIMUM TEMPERATURE (F)   74        93      1959
 MINIMUM TEMPERATURE (F)   48        34      1935


SUNRISE AND SUNSET
OCTOBER 25 2014.......SUNRISE   725 AM PDT   SUNSET   617 PM PDT
OCTOBER 26 2014.......SUNRISE   726 AM PDT   SUNSET   615 PM PDT


-  INDICATES NEGATIVE NUMBERS.
R  INDICATES RECORD WAS SET OR TIED.
MM INDICATES DATA IS MISSING.
T  INDICATES TRACE AMOUNT.




$$
