513
CDUS45 KBYZ 211031
CLILVM


CLIMATE REPORT
NATIONAL WEATHER SERVICE BILLINGS MT
331 AM MST SAT JAN 21 2017


...................................

...THE LIVINGSTON MT CLIMATE SUMMARY FOR JANUARY 20 2017...

CLIMATE NORMAL PERIOD 1981 TO 2010
CLIMATE RECORD PERIOD 1948 TO 2017


WEATHER ITEM   OBSERVED TIME   RECORD YEAR NORMAL DEPARTURE LAST
                VALUE   (LST)  VALUE       VALUE  FROM      YEAR
                                                  NORMAL
..................................................................
TEMPERATURE (F)
 YESTERDAY
  MAXIMUM         43    306 PM  58    2005  37      6       38
  MINIMUM         16   1159 PM -30    1954  18     -2       31
  AVERAGE         30                        27      3       35

PRECIPITATION (IN)
  YESTERDAY        0.00          0.24 1986   0.02  -0.02      T
  MONTH TO DATE    0.18                      0.32  -0.14     0.11
  SINCE OCT 1      4.11                      2.69   1.42     3.81
  SINCE JAN 1      0.18                      0.32  -0.14     0.11

DEGREE DAYS
 HEATING
  YESTERDAY       35                        38     -3       30
  MONTH TO DATE  948                       764    184      754
  SINCE DEC 1   2377                      1970    407     1885
  SINCE JUL 1   3875                      3929    -54     3562

 COOLING
  YESTERDAY        0                         0      0        0
  MONTH TO DATE    0                         0      0        0
  SINCE DEC 1      0                         0      0        0
  SINCE JAN 1      0                         0      0        0
..................................................................


WIND (MPH)
  HIGHEST WIND SPEED    26   HIGHEST WIND DIRECTION    SW (220)
  HIGHEST GUST SPEED    33   HIGHEST GUST DIRECTION    SW (230)
  AVERAGE WIND SPEED    11.6


SKY COVER
  POSSIBLE SUNSHINE  MM
  AVERAGE SKY COVER 0.3


WEATHER CONDITIONS
 THE FOLLOWING WEATHER WAS RECORDED YESTERDAY.
  NO SIGNIFICANT WEATHER WAS OBSERVED.


RELATIVE HUMIDITY (PERCENT)
 HIGHEST    82           400 AM
 LOWEST     30           300 PM
 AVERAGE    56

..........................................................


THE LIVINGSTON MT CLIMATE NORMALS FOR TODAY
                         NORMAL    RECORD    YEAR
 MAXIMUM TEMPERATURE (F)   37        57      2009
 MINIMUM TEMPERATURE (F)   18       -32      1962


SUNRISE AND SUNSET
JANUARY 21 2017.......SUNRISE   754 AM MST   SUNSET   513 PM MST
JANUARY 22 2017.......SUNRISE   753 AM MST   SUNSET   514 PM MST


-  INDICATES NEGATIVE NUMBERS.
R  INDICATES RECORD WAS SET OR TIED.
MM INDICATES DATA IS MISSING.
T  INDICATES TRACE AMOUNT.





&&

THIS IS AN AUTOMATED...UNATTENDED WEATHER STATION AND MAY
UNDERESTIMATE WINTER PRECIPITATION.

$$
