000
CDUS45 KBYZ 230935
CLILVM


CLIMATE REPORT
NATIONAL WEATHER SERVICE BILLINGS MT
333 AM MDT WED JUL 23 2014


...................................

...THE LIVINGSTON MT CLIMATE SUMMARY FOR JULY 22 2014...

CLIMATE NORMAL PERIOD 1981 TO 2010
CLIMATE RECORD PERIOD 1948 TO 2014


WEATHER ITEM   OBSERVED TIME   RECORD YEAR NORMAL DEPARTURE LAST
                VALUE   (LST)  VALUE       VALUE  FROM      YEAR
                                                  NORMAL
..................................................................
TEMPERATURE (F)
 YESTERDAY
  MAXIMUM         90    211 PM  99    2007  87      3       96
                                      2003
                                      1960
  MINIMUM         52    447 AM  40    1954  50      2       47
  AVERAGE         71                        68      3       72

PRECIPITATION (IN)
  YESTERDAY        0.07          0.78 1970   0.05   0.02     0.00
  MONTH TO DATE    0.45                      1.12  -0.67     1.28
  SINCE OCT 1     11.54                     12.14  -0.60     9.37
  SINCE JAN 1      9.25                      9.77  -0.52     7.07

DEGREE DAYS
 HEATING
  YESTERDAY        0                         1     -1        0
  MONTH TO DATE    9                        41    -32        0
  SINCE JUN 1    204                       248    -44      137
  SINCE JUL 1      9                        41    -32        0

 COOLING
  YESTERDAY        6                         4      2        7
  MONTH TO DATE  127                        70     57      136
  SINCE JUN 1    129                        89     40      178
  SINCE JAN 1    134                        90     44      186
..................................................................


WIND (MPH)
  HIGHEST WIND SPEED    33   HIGHEST WIND DIRECTION     S (200)
  HIGHEST GUST SPEED    44   HIGHEST GUST DIRECTION    SW (210)
  AVERAGE WIND SPEED     9.4


SKY COVER
  POSSIBLE SUNSHINE  MM
  AVERAGE SKY COVER 0.1


WEATHER CONDITIONS
 THE FOLLOWING WEATHER WAS RECORDED YESTERDAY.
  THUNDERSTORM
  LIGHT RAIN


RELATIVE HUMIDITY (PERCENT)
 HIGHEST    83           500 AM
 LOWEST     21           100 PM
 AVERAGE    52

..........................................................


THE LIVINGSTON MT CLIMATE NORMALS FOR TODAY
                         NORMAL    RECORD    YEAR
 MAXIMUM TEMPERATURE (F)   87       101      2003
 MINIMUM TEMPERATURE (F)   50        42      2001


SUNRISE AND SUNSET
JULY 23 2014..........SUNRISE   555 AM MDT   SUNSET   901 PM MDT
JULY 24 2014..........SUNRISE   556 AM MDT   SUNSET   900 PM MDT


-  INDICATES NEGATIVE NUMBERS.
R  INDICATES RECORD WAS SET OR TIED.
MM INDICATES DATA IS MISSING.
T  INDICATES TRACE AMOUNT.





&&

THIS IS AN AUTOMATED...UNATTENDED WEATHER STATION AND MAY
UNDERESTIMATE WINTER PRECIPITATION.

$$
