000
CDUS45 KBYZ 250723
CLILVM


CLIMATE REPORT
NATIONAL WEATHER SERVICE BILLINGS MT
123 AM MDT THU MAY 25 2017


...................................

...THE LIVINGSTON MT CLIMATE SUMMARY FOR MAY 24 2017...

CLIMATE NORMAL PERIOD 1981 TO 2010
CLIMATE RECORD PERIOD 1948 TO 2017


WEATHER ITEM   OBSERVED TIME   RECORD YEAR NORMAL DEPARTURE LAST
                VALUE   (LST)  VALUE       VALUE  FROM      YEAR
                                                  NORMAL
..................................................................
TEMPERATURE (F)
 YESTERDAY
  MAXIMUM         74    939 AM  86    1988  67      7       61
  MINIMUM         41   1021 PM  27    2007  39      2       41
  AVERAGE         58                        53      5       51

PRECIPITATION (IN)
  YESTERDAY        0.00          2.08 2011   0.09  -0.09      T
  MONTH TO DATE    3.17                      1.97   1.20     1.80
  SINCE OCT 1     11.97                      7.94   4.03     8.16
  SINCE JAN 1      8.04                      5.57   2.47     4.46

DEGREE DAYS
 HEATING
  YESTERDAY        7                        12     -5       14
  MONTH TO DATE  335                       368    -33      332
  SINCE MAR 1   1682                      1968   -286     1631
  SINCE JUL 1   6908                      7316   -408     6234

 COOLING
  YESTERDAY        0                         0      0        0
  MONTH TO DATE    0                         0      0        0
  SINCE MAR 1      0                         0      0        0
  SINCE JAN 1      0                         0      0        0
..................................................................


WIND (MPH)
  HIGHEST WIND SPEED    39   HIGHEST WIND DIRECTION     S (200)
  HIGHEST GUST SPEED    48   HIGHEST GUST DIRECTION    SW (210)
  AVERAGE WIND SPEED    23.4


SKY COVER
  POSSIBLE SUNSHINE  MM
  AVERAGE SKY COVER 0.4


WEATHER CONDITIONS
 THE FOLLOWING WEATHER WAS RECORDED YESTERDAY.
  NO SIGNIFICANT WEATHER WAS OBSERVED.


RELATIVE HUMIDITY (PERCENT)
 HIGHEST    43           200 AM
 LOWEST     16           600 PM
 AVERAGE    30

..........................................................


THE LIVINGSTON MT CLIMATE NORMALS FOR TODAY
                         NORMAL    RECORD    YEAR
 MAXIMUM TEMPERATURE (F)   67        86      1999
 MINIMUM TEMPERATURE (F)   39        26      2004


SUNRISE AND SUNSET
MAY 25 2017...........SUNRISE   540 AM MDT   SUNSET   858 PM MDT
MAY 26 2017...........SUNRISE   540 AM MDT   SUNSET   859 PM MDT


-  INDICATES NEGATIVE NUMBERS.
R  INDICATES RECORD WAS SET OR TIED.
MM INDICATES DATA IS MISSING.
T  INDICATES TRACE AMOUNT.




$$
