000
CDUS45 KBYZ 282223
CLILVM


CLIMATE REPORT
NATIONAL WEATHER SERVICE BILLINGS MT
422 PM MDT THU MAY 28 2015


...................................

...THE LIVINGSTON MT CLIMATE SUMMARY FOR MAY 28 2015...
VALID TODAY AS OF 0400 PM LOCAL TIME.

CLIMATE NORMAL PERIOD 1981 TO 2010
CLIMATE RECORD PERIOD 1948 TO 2015


WEATHER ITEM   OBSERVED TIME   RECORD YEAR NORMAL DEPARTURE LAST
                VALUE   (LST)  VALUE       VALUE  FROM      YEAR
                                                  NORMAL
..................................................................
TEMPERATURE (F)
 TODAY
  MAXIMUM         62   1124 AM  88    1958  68     -6       85
  MINIMUM         48   1213 AM  30    1984  40      8       53
  AVERAGE         55                        54      1       69

PRECIPITATION (IN)
  TODAY            0.29          1.16 2010   0.09   0.20     0.00
  MONTH TO DATE    3.60                      2.35   1.25     1.72
  SINCE OCT 1      8.08                      8.32  -0.24     8.73
  SINCE JAN 1      6.29                      5.95   0.34     6.44

DEGREE DAYS
 HEATING
  TODAY           10                        11     -1        0
  MONTH TO DATE  430                       415     15      356
  SINCE MAR 1   1658                      2015   -357     1889
  SINCE JUL 1   6272                      7363  -1091     7132

 COOLING
  TODAY            0                         0      0        4
  MONTH TO DATE    0                         0      0        5
  SINCE MAR 1      0                         0      0        5
  SINCE JAN 1      0                         0      0        5
..................................................................


WIND (MPH)
  HIGHEST WIND SPEED    23   HIGHEST WIND DIRECTION     W (250)
  HIGHEST GUST SPEED    26   HIGHEST GUST DIRECTION     W (250)
  AVERAGE WIND SPEED    10.9


SKY COVER
  POSSIBLE SUNSHINE  MM
  AVERAGE SKY COVER 0.7


WEATHER CONDITIONS
 THE FOLLOWING WEATHER WAS RECORDED TODAY.
  THUNDERSTORM
  HEAVY RAIN
  RAIN
  LIGHT RAIN
  FOG


RELATIVE HUMIDITY (PERCENT)
 HIGHEST    80          1200 AM
 LOWEST     57          1100 AM
 AVERAGE    69

..........................................................


THE LIVINGSTON MT CLIMATE NORMALS FOR TOMORROW
                         NORMAL    RECORD    YEAR
 MAXIMUM TEMPERATURE (F)   68        88      2003
 MINIMUM TEMPERATURE (F)   40        29      1954


SUNRISE AND SUNSET
MAY 28 2015...........SUNRISE   538 AM MDT   SUNSET   900 PM MDT
MAY 29 2015...........SUNRISE   538 AM MDT   SUNSET   901 PM MDT


-  INDICATES NEGATIVE NUMBERS.
R  INDICATES RECORD WAS SET OR TIED.
MM INDICATES DATA IS MISSING.
T  INDICATES TRACE AMOUNT.





&&

THIS IS AN AUTOMATED...UNATTENDED WEATHER STATION AND MAY
UNDERESTIMATE WINTER PRECIPITATION.

$$
