347
CDUS45 KBYZ 272226
CLILVM


CLIMATE REPORT
NATIONAL WEATHER SERVICE BILLINGS MT
421 PM MDT FRI MAY 27 2016


...................................

...THE LIVINGSTON MT CLIMATE SUMMARY FOR MAY 27 2016...
VALID TODAY AS OF 0400 PM LOCAL TIME.

CLIMATE NORMAL PERIOD 1981 TO 2010
CLIMATE RECORD PERIOD 1948 TO 2016


WEATHER ITEM   OBSERVED TIME   RECORD YEAR NORMAL DEPARTURE LAST
                VALUE   (LST)  VALUE       VALUE  FROM      YEAR
                                                  NORMAL
..................................................................
TEMPERATURE (F)
 TODAY
  MAXIMUM         63   1102 AM  91    1966  67     -4       67
  MINIMUM         36    429 AM  28    2005  40     -4       48
  AVERAGE         50                        54     -4       58

PRECIPITATION (IN)
  TODAY            0.01          1.13 2006   0.10  -0.09     0.02
  MONTH TO DATE    1.93                      2.26  -0.33     3.31
  SINCE OCT 1      8.29                      8.23   0.06     7.79
  SINCE JAN 1      4.59                      5.86  -1.27     6.00

DEGREE DAYS
 HEATING
  TODAY           15                        12      3        7
  MONTH TO DATE  373                       404    -31      420
  SINCE MAR 1   1672                      2004   -332     1648
  SINCE JUL 1   6275                      7352  -1077     6262

 COOLING
  TODAY            0                         0      0        0
  MONTH TO DATE    0                         0      0        0
  SINCE MAR 1      0                         0      0        0
  SINCE JAN 1      0                         0      0        0
..................................................................


WIND (MPH)
  HIGHEST WIND SPEED    26   HIGHEST WIND DIRECTION    SW (240)
  HIGHEST GUST SPEED    33   HIGHEST GUST DIRECTION    SW (240)
  AVERAGE WIND SPEED     9.1


SKY COVER
  POSSIBLE SUNSHINE  MM
  AVERAGE SKY COVER 0.4


WEATHER CONDITIONS
 THE FOLLOWING WEATHER WAS RECORDED TODAY.
  LIGHT RAIN


RELATIVE HUMIDITY (PERCENT)
 HIGHEST    92           500 AM
 LOWEST     49           100 PM
 AVERAGE    71

..........................................................


THE LIVINGSTON MT CLIMATE NORMALS FOR TOMORROW
                         NORMAL    RECORD    YEAR
 MAXIMUM TEMPERATURE (F)   68        88      1958
 MINIMUM TEMPERATURE (F)   40        30      1984


SUNRISE AND SUNSET
MAY 27 2016...........SUNRISE   539 AM MDT   SUNSET   900 PM MDT
MAY 28 2016...........SUNRISE   538 AM MDT   SUNSET   901 PM MDT


-  INDICATES NEGATIVE NUMBERS.
R  INDICATES RECORD WAS SET OR TIED.
MM INDICATES DATA IS MISSING.
T  INDICATES TRACE AMOUNT.





&&

THIS IS AN AUTOMATED...UNATTENDED WEATHER STATION AND MAY
UNDERESTIMATE WINTER PRECIPITATION.

$$
