000
CDUS45 KBYZ 240724
CLILVM


CLIMATE REPORT
NATIONAL WEATHER SERVICE BILLINGS MT
124 AM MDT MON JUL 24 2017


...................................

...THE LIVINGSTON MT CLIMATE SUMMARY FOR JULY 23 2017...

CLIMATE NORMAL PERIOD 1981 TO 2010
CLIMATE RECORD PERIOD 1948 TO 2017


WEATHER ITEM   OBSERVED TIME   RECORD YEAR NORMAL DEPARTURE LAST
                VALUE   (LST)  VALUE       VALUE  FROM      YEAR
                                                  NORMAL
..................................................................
TEMPERATURE (F)
 YESTERDAY
  MAXIMUM         97    328 PM 101    2003  87     10       83
  MINIMUM         46    512 AM  42    2001  50     -4       58
  AVERAGE         72                        68      4       71

PRECIPITATION (IN)
  YESTERDAY        0.00          1.26 1992   0.04  -0.04      T
  MONTH TO DATE    0.42                      1.16  -0.74     1.16
  SINCE OCT 1     14.10                     12.18   1.92    10.66
  SINCE JAN 1     10.17                      9.81   0.36     6.96

DEGREE DAYS
 HEATING
  YESTERDAY        0                         1     -1        0
  MONTH TO DATE    0                        42    -42       33
  SINCE JUN 1    158                       249    -91      111
  SINCE JUL 1      0                        42    -42       33

 COOLING
  YESTERDAY        7                         4      3        6
  MONTH TO DATE  175                        74    101       97
  SINCE JUN 1    198                        93    105      167
  SINCE JAN 1    198                        94    104      167
..................................................................


WIND (MPH)
  HIGHEST WIND SPEED    37   HIGHEST WIND DIRECTION    SW (230)
  HIGHEST GUST SPEED    48   HIGHEST GUST DIRECTION    SW (230)
  AVERAGE WIND SPEED     6.0


SKY COVER
  POSSIBLE SUNSHINE  MM
  AVERAGE SKY COVER 0.0


WEATHER CONDITIONS
 THE FOLLOWING WEATHER WAS RECORDED YESTERDAY.
  NO SIGNIFICANT WEATHER WAS OBSERVED.


RELATIVE HUMIDITY (PERCENT)
 HIGHEST    66           400 AM
 LOWEST     12           600 PM
 AVERAGE    39

..........................................................


THE LIVINGSTON MT CLIMATE NORMALS FOR TODAY
                         NORMAL    RECORD    YEAR
 MAXIMUM TEMPERATURE (F)   87        99      1999
 MINIMUM TEMPERATURE (F)   50        41      2010


SUNRISE AND SUNSET
JULY 24 2017..........SUNRISE   556 AM MDT   SUNSET   859 PM MDT
JULY 25 2017..........SUNRISE   558 AM MDT   SUNSET   858 PM MDT


-  INDICATES NEGATIVE NUMBERS.
R  INDICATES RECORD WAS SET OR TIED.
MM INDICATES DATA IS MISSING.
T  INDICATES TRACE AMOUNT.




$$
