000
CDUS45 KBYZ 270934
CLILVM


CLIMATE REPORT
NATIONAL WEATHER SERVICE BILLINGS MT
333 AM MDT FRI MAR 27 2015


...................................

...THE LIVINGSTON MT CLIMATE SUMMARY FOR MARCH 26 2015...

CLIMATE NORMAL PERIOD 1981 TO 2010
CLIMATE RECORD PERIOD 1948 TO 2015


WEATHER ITEM   OBSERVED TIME   RECORD YEAR NORMAL DEPARTURE LAST
                VALUE   (LST)  VALUE       VALUE  FROM      YEAR
                                                  NORMAL
..................................................................
TEMPERATURE (F)
 YESTERDAY
  MAXIMUM         63    257 PM  72    1999  50     13       50
  MINIMUM         44    347 AM -12    1955  26     18       34
  AVERAGE         54                        38     16       42

PRECIPITATION (IN)
  YESTERDAY        0.00          0.69        0.03  -0.03     0.17
  MONTH TO DATE    0.27                      0.65  -0.38     1.63
  SINCE OCT 1      3.25                      4.01  -0.76     5.02
  SINCE JAN 1      1.46                      1.64  -0.18     2.73

DEGREE DAYS
 HEATING
  YESTERDAY       11                        27    -16       23
  MONTH TO DATE  559                       778   -219      789
  SINCE MAR 1    559                       778   -219      789
  SINCE JUL 1   5173                      6126   -953     6032

 COOLING
  YESTERDAY        0                         0      0        0
  MONTH TO DATE    0                         0      0        0
  SINCE MAR 1      0                         0      0        0
  SINCE JAN 1      0                         0      0        0
..................................................................


WIND (MPH)
  HIGHEST WIND SPEED    35   HIGHEST WIND DIRECTION     W (270)
  HIGHEST GUST SPEED    47   HIGHEST GUST DIRECTION     W (270)
  AVERAGE WIND SPEED    22.3


SKY COVER
  POSSIBLE SUNSHINE  MM
  AVERAGE SKY COVER 0.9


WEATHER CONDITIONS
 THE FOLLOWING WEATHER WAS RECORDED YESTERDAY.
  NO SIGNIFICANT WEATHER WAS OBSERVED.


RELATIVE HUMIDITY (PERCENT)
 HIGHEST    58           300 AM
 LOWEST     34           300 PM
 AVERAGE    46

..........................................................


THE LIVINGSTON MT CLIMATE NORMALS FOR TODAY
                         NORMAL    RECORD    YEAR
 MAXIMUM TEMPERATURE (F)   50        72      1986
 MINIMUM TEMPERATURE (F)   26         2      1965


SUNRISE AND SUNSET
MARCH 27 2015.........SUNRISE   712 AM MDT   SUNSET   743 PM MDT
MARCH 28 2015.........SUNRISE   710 AM MDT   SUNSET   745 PM MDT


-  INDICATES NEGATIVE NUMBERS.
R  INDICATES RECORD WAS SET OR TIED.
MM INDICATES DATA IS MISSING.
T  INDICATES TRACE AMOUNT.





&&

THIS IS AN AUTOMATED...UNATTENDED WEATHER STATION AND MAY
UNDERESTIMATE WINTER PRECIPITATION.

$$
