000
CDUS45 KBYZ 180718
CLILVM


CLIMATE REPORT
NATIONAL WEATHER SERVICE BILLINGS MT
1218 AM MST SUN FEB 18 2018


...................................

...THE LIVINGSTON MT CLIMATE SUMMARY FOR FEBRUARY 17 2018...

CLIMATE NORMAL PERIOD 1981 TO 2010
CLIMATE RECORD PERIOD 1948 TO 2018


WEATHER ITEM   OBSERVED TIME   RECORD YEAR NORMAL DEPARTURE LAST
                VALUE   (LST)  VALUE       VALUE  FROM      YEAR
                                                  NORMAL
..................................................................
TEMPERATURE (F)
 YESTERDAY
  MAXIMUM         40    918 PM  60    1996  40      0       53
  MINIMUM         27    107 AM -31    2006  18      9       29
  AVERAGE         34                        29      5       41

PRECIPITATION (IN)
  YESTERDAY        0.04          0.93 1955   0.02   0.02     0.00
  MONTH TO DATE    0.28                      0.28   0.00     0.67
  SINCE OCT 1      4.32                      3.14   1.18     5.01
  SINCE JAN 1      1.28                      0.77   0.51     1.08

DEGREE DAYS
 HEATING
  YESTERDAY       31                        36     -5       24
  MONTH TO DATE  698                       625     73      614
  SINCE DEC 1   2948                      3007    -59     3376
  SINCE JUL 1   4771                      4966   -195     4874

 COOLING
  YESTERDAY        0                         0      0        0
  MONTH TO DATE    0                         0      0        0
  SINCE DEC 1      0                         0      0        0
  SINCE JAN 1      0                         0      0        0
..................................................................


WIND (MPH)
  HIGHEST WIND SPEED    46   HIGHEST WIND DIRECTION    SW (220)
  HIGHEST GUST SPEED    56   HIGHEST GUST DIRECTION    SW (220)
  AVERAGE WIND SPEED    26.5


SKY COVER
  POSSIBLE SUNSHINE  MM
  AVERAGE SKY COVER 1.0


WEATHER CONDITIONS
 THE FOLLOWING WEATHER WAS RECORDED YESTERDAY.
  LIGHT RAIN
  SNOW
  LIGHT SNOW
  FOG


RELATIVE HUMIDITY (PERCENT)
 HIGHEST    78          1200 AM
 LOWEST     48          1200 PM
 AVERAGE    63

..........................................................


THE LIVINGSTON MT CLIMATE NORMALS FOR TODAY
                         NORMAL    RECORD    YEAR
 MAXIMUM TEMPERATURE (F)   40        59      2016
 MINIMUM TEMPERATURE (F)   18       -33      2006


SUNRISE AND SUNSET
FEBRUARY 18 2018......SUNRISE   719 AM MST   SUNSET   553 PM MST
FEBRUARY 19 2018......SUNRISE   717 AM MST   SUNSET   554 PM MST


-  INDICATES NEGATIVE NUMBERS.
R  INDICATES RECORD WAS SET OR TIED.
MM INDICATES DATA IS MISSING.
T  INDICATES TRACE AMOUNT.




$$
