000
CDUS45 KBYZ 130953
CLILVM


CLIMATE REPORT
NATIONAL WEATHER SERVICE BILLINGS MT
351 AM MDT SUN JUL 13 2014


...................................

...THE LIVINGSTON MT CLIMATE SUMMARY FOR JULY 12 2014...

CLIMATE NORMAL PERIOD 1981 TO 2010
CLIMATE RECORD PERIOD 1948 TO 2014


WEATHER ITEM   OBSERVED TIME   RECORD YEAR NORMAL DEPARTURE LAST
                VALUE   (LST)  VALUE       VALUE  FROM      YEAR
                                                  NORMAL
..................................................................
TEMPERATURE (F)
 YESTERDAY
  MAXIMUM         87    307 PM 103    2002  84      3       88
  MINIMUM         59    532 AM  33    2008  49     10       53
  AVERAGE         73                        67      6       71

PRECIPITATION (IN)
  YESTERDAY        0.23          0.47 1976   0.05   0.18      T
  MONTH TO DATE    0.23                      0.63  -0.40     1.23
  SINCE OCT 1     11.32                     11.65  -0.33     9.32
  SINCE JAN 1      9.03                      9.28  -0.25     7.02

DEGREE DAYS
 HEATING
  YESTERDAY        0                         2     -2        0
  MONTH TO DATE    9                        29    -20        0
  SINCE JUN 1    204                       236    -32      137
  SINCE JUL 1      9                        29    -20        0

 COOLING
  YESTERDAY        8                         3      5        6
  MONTH TO DATE   63                        30     33       82
  SINCE JUN 1     65                        49     16      124
  SINCE JAN 1     70                        50     20      132
..................................................................


WIND (MPH)
  HIGHEST WIND SPEED    16   HIGHEST WIND DIRECTION     W (270)
  HIGHEST GUST SPEED    23   HIGHEST GUST DIRECTION     W (270)
  AVERAGE WIND SPEED     6.4


SKY COVER
  POSSIBLE SUNSHINE  MM
  AVERAGE SKY COVER 0.4


WEATHER CONDITIONS
 THE FOLLOWING WEATHER WAS RECORDED YESTERDAY.
  THUNDERSTORM
  RAIN
  LIGHT RAIN
  FOG


RELATIVE HUMIDITY (PERCENT)
 HIGHEST    90           200 AM
 LOWEST     47          1000 PM
 AVERAGE    69

..........................................................


THE LIVINGSTON MT CLIMATE NORMALS FOR TODAY
                         NORMAL    RECORD    YEAR
 MAXIMUM TEMPERATURE (F)   84       103      2002
 MINIMUM TEMPERATURE (F)   49        35      1965


SUNRISE AND SUNSET
JULY 13 2014..........SUNRISE   545 AM MDT   SUNSET   909 PM MDT
JULY 14 2014..........SUNRISE   546 AM MDT   SUNSET   909 PM MDT


-  INDICATES NEGATIVE NUMBERS.
R  INDICATES RECORD WAS SET OR TIED.
MM INDICATES DATA IS MISSING.
T  INDICATES TRACE AMOUNT.





&&

THIS IS AN AUTOMATED...UNATTENDED WEATHER STATION AND MAY
UNDERESTIMATE WINTER PRECIPITATION.

$$
