000
CDUS45 KBYZ 271035
CLILVM


CLIMATE REPORT
NATIONAL WEATHER SERVICE BILLINGS MT
334 AM MST TUE JAN 27 2015


...................................

...THE LIVINGSTON MT CLIMATE SUMMARY FOR JANUARY 26 2015...

CLIMATE NORMAL PERIOD 1981 TO 2010
CLIMATE RECORD PERIOD 1948 TO 2015


WEATHER ITEM   OBSERVED TIME   RECORD YEAR NORMAL DEPARTURE LAST
                VALUE   (LST)  VALUE       VALUE  FROM      YEAR
                                                  NORMAL
..................................................................
TEMPERATURE (F)
 YESTERDAY
  MAXIMUM         65R   115 PM  56    2013  37     28       42
  MINIMUM         45    540 AM -23    1972  18     27       18
  AVERAGE         55                        27     28       30

PRECIPITATION (IN)
  YESTERDAY        0.00          0.38        0.01  -0.01      T
  MONTH TO DATE    0.54                      0.41   0.13     0.19
  SINCE OCT 1      2.33                      2.78  -0.45     2.48
  SINCE JAN 1      0.54                      0.41   0.13     0.19

DEGREE DAYS
 HEATING
  YESTERDAY       10                        38    -28       35
  MONTH TO DATE  864                       992   -128      781
  SINCE DEC 1   1911                      2198   -287     2029
  SINCE JUL 1   3649                      4157   -508     3736

 COOLING
  YESTERDAY        0                         0      0        0
  MONTH TO DATE    0                         0      0        0
  SINCE DEC 1      0                         0      0        0
  SINCE JAN 1      0                         0      0        0
..................................................................


WIND (MPH)
  HIGHEST WIND SPEED    41   HIGHEST WIND DIRECTION    SW (230)
  HIGHEST GUST SPEED    56   HIGHEST GUST DIRECTION     W (280)
  AVERAGE WIND SPEED    26.7


SKY COVER
  POSSIBLE SUNSHINE  MM
  AVERAGE SKY COVER 0.0


WEATHER CONDITIONS
 THE FOLLOWING WEATHER WAS RECORDED YESTERDAY.
  NO SIGNIFICANT WEATHER WAS OBSERVED.


RELATIVE HUMIDITY (PERCENT)
 HIGHEST    45           500 AM
 LOWEST     22           100 PM
 AVERAGE    34

..........................................................


THE LIVINGSTON MT CLIMATE NORMALS FOR TODAY
                         NORMAL    RECORD    YEAR
 MAXIMUM TEMPERATURE (F)   37        57      1986
 MINIMUM TEMPERATURE (F)   18       -29      1972


SUNRISE AND SUNSET
JANUARY 27 2015.......SUNRISE   749 AM MST   SUNSET   520 PM MST
JANUARY 28 2015.......SUNRISE   748 AM MST   SUNSET   522 PM MST


-  INDICATES NEGATIVE NUMBERS.
R  INDICATES RECORD WAS SET OR TIED.
MM INDICATES DATA IS MISSING.
T  INDICATES TRACE AMOUNT.





&&

THIS IS AN AUTOMATED...UNATTENDED WEATHER STATION AND MAY
UNDERESTIMATE WINTER PRECIPITATION.

$$
