000
CDUS45 KBYZ 240723
CLILVM


CLIMATE REPORT
NATIONAL WEATHER SERVICE BILLINGS MT
123 AM MDT SUN SEP 24 2017


...................................

...THE LIVINGSTON MT CLIMATE SUMMARY FOR SEPTEMBER 23 2017...

CLIMATE NORMAL PERIOD 1981 TO 2010
CLIMATE RECORD PERIOD 1948 TO 2017


WEATHER ITEM   OBSERVED TIME   RECORD YEAR NORMAL DEPARTURE LAST
                VALUE   (LST)  VALUE       VALUE  FROM      YEAR
                                                  NORMAL
..................................................................
TEMPERATURE (F)
 YESTERDAY
  MAXIMUM         48    507 PM  91    1987  69    -21       55
  MINIMUM         33    301 AM  23    1993  37     -4       48
  AVERAGE         41                        53    -12       52

PRECIPITATION (IN)
  YESTERDAY        T             1.38 2005   0.05  -0.05     0.09
  MONTH TO DATE    2.65                      0.90   1.75     1.64
  SINCE OCT 1     17.43                     14.50   2.93    13.69
  SINCE JAN 1     13.50                     12.13   1.37     9.99

DEGREE DAYS
 HEATING
  YESTERDAY       24                        12     12       13
  MONTH TO DATE  210                       194     16      215
  SINCE SEP 1    210                       194     16      215
  SINCE JUL 1    233                       312    -79      303

 COOLING
  YESTERDAY        0                         0      0        0
  MONTH TO DATE   52                        13     39       17
  SINCE SEP 1     52                        13     39       17
  SINCE JAN 1    396                       228    168      329
..................................................................


WIND (MPH)
  HIGHEST WIND SPEED    12   HIGHEST WIND DIRECTION     E (80)
  HIGHEST GUST SPEED    13   HIGHEST GUST DIRECTION     E (80)
  AVERAGE WIND SPEED     3.3


SKY COVER
  POSSIBLE SUNSHINE  MM
  AVERAGE SKY COVER 1.0


WEATHER CONDITIONS
 THE FOLLOWING WEATHER WAS RECORDED YESTERDAY.
  LIGHT SNOW


RELATIVE HUMIDITY (PERCENT)
 HIGHEST   100           100 AM
 LOWEST     56           400 PM
 AVERAGE    78

..........................................................


THE LIVINGSTON MT CLIMATE NORMALS FOR TODAY
                         NORMAL    RECORD    YEAR
 MAXIMUM TEMPERATURE (F)   68        91      2001
 MINIMUM TEMPERATURE (F)   37        22      1984


SUNRISE AND SUNSET
SEPTEMBER 24 2017.....SUNRISE   712 AM MDT   SUNSET   715 PM MDT
SEPTEMBER 25 2017.....SUNRISE   713 AM MDT   SUNSET   713 PM MDT


-  INDICATES NEGATIVE NUMBERS.
R  INDICATES RECORD WAS SET OR TIED.
MM INDICATES DATA IS MISSING.
T  INDICATES TRACE AMOUNT.




$$
