000
CDUS45 KBYZ 280931
CLILVM


CLIMATE REPORT
NATIONAL WEATHER SERVICE BILLINGS MT
331 AM MDT MON JUL 28 2014


...................................

...THE LIVINGSTON MT CLIMATE SUMMARY FOR JULY 27 2014...

CLIMATE NORMAL PERIOD 1981 TO 2010
CLIMATE RECORD PERIOD 1948 TO 2014


WEATHER ITEM   OBSERVED TIME   RECORD YEAR NORMAL DEPARTURE LAST
                VALUE   (LST)  VALUE       VALUE  FROM      YEAR
                                                  NORMAL
..................................................................
TEMPERATURE (F)
 YESTERDAY
  MAXIMUM         90    418 PM  99    2006  87      3       87
                                      1999
  MINIMUM         45    503 AM  40    1969  50     -5       49
  AVERAGE         68                        68      0       68

PRECIPITATION (IN)
  YESTERDAY        0.00          0.69 2009   0.03  -0.03      T
  MONTH TO DATE    0.45                      1.31  -0.86     1.28
  SINCE OCT 1     11.54                     12.33  -0.79     9.37
  SINCE JAN 1      9.25                      9.96  -0.71     7.07

DEGREE DAYS
 HEATING
  YESTERDAY        0                         1     -1        0
  MONTH TO DATE    9                        46    -37        0
  SINCE JUN 1    204                       253    -49      137
  SINCE JUL 1      9                        46    -37        0

 COOLING
  YESTERDAY        3                         4     -1        3
  MONTH TO DATE  151                        90     61      176
  SINCE JUN 1    153                       109     44      218
  SINCE JAN 1    158                       110     48      226
..................................................................


WIND (MPH)
  HIGHEST WIND SPEED    15   HIGHEST WIND DIRECTION     E (110)
  HIGHEST GUST SPEED    20   HIGHEST GUST DIRECTION     E (70)
  AVERAGE WIND SPEED     7.5


SKY COVER
  POSSIBLE SUNSHINE  MM
  AVERAGE SKY COVER 0.0


WEATHER CONDITIONS
 THE FOLLOWING WEATHER WAS RECORDED YESTERDAY.
  NO SIGNIFICANT WEATHER WAS OBSERVED.


RELATIVE HUMIDITY (PERCENT)
 HIGHEST    66           600 AM
 LOWEST     12           400 PM
 AVERAGE    39

..........................................................


THE LIVINGSTON MT CLIMATE NORMALS FOR TODAY
                         NORMAL    RECORD    YEAR
 MAXIMUM TEMPERATURE (F)   87       101      2006
 MINIMUM TEMPERATURE (F)   50        40      1949


SUNRISE AND SUNSET
JULY 28 2014..........SUNRISE   601 AM MDT   SUNSET   855 PM MDT
JULY 29 2014..........SUNRISE   602 AM MDT   SUNSET   854 PM MDT


-  INDICATES NEGATIVE NUMBERS.
R  INDICATES RECORD WAS SET OR TIED.
MM INDICATES DATA IS MISSING.
T  INDICATES TRACE AMOUNT.





&&

THIS IS AN AUTOMATED...UNATTENDED WEATHER STATION AND MAY
UNDERESTIMATE WINTER PRECIPITATION.

$$
