000
CDUS45 KBYZ 292233
CLILVM


CLIMATE REPORT
NATIONAL WEATHER SERVICE BILLINGS MT
431 PM MDT MON AUG 29 2016


...................................

...THE LIVINGSTON MT CLIMATE SUMMARY FOR AUGUST 29 2016...
VALID TODAY AS OF 0400 PM LOCAL TIME.

CLIMATE NORMAL PERIOD 1981 TO 2010
CLIMATE RECORD PERIOD 1948 TO 2016


WEATHER ITEM   OBSERVED TIME   RECORD YEAR NORMAL DEPARTURE LAST
                VALUE   (LST)  VALUE       VALUE  FROM      YEAR
                                                  NORMAL
..................................................................
TEMPERATURE (F)
 TODAY
  MAXIMUM         85    254 PM  95    2005  80      5       89
                                      1998
  MINIMUM         44    537 AM  35    1992  44      0       50
  AVERAGE         65                        62      3       70

PRECIPITATION (IN)
  TODAY            0.00          1.04 1962   0.04  -0.04     0.00
  MONTH TO DATE    1.16                      1.04   0.12     1.21
  SINCE OCT 1     12.05                     13.53  -1.48    11.86
  SINCE JAN 1      8.35                     11.16  -2.81    10.07

DEGREE DAYS
 HEATING
  TODAY            0                         4     -4        0
  MONTH TO DATE   55                        58     -3       57
  SINCE JUN 1    166                       315   -149      121
  SINCE JUL 1     88                       108    -20       67

 COOLING
  TODAY            0                         1     -1        5
  MONTH TO DATE   77                        85     -8      119
  SINCE JUN 1    299                       213     86      333
  SINCE JAN 1    299                       214     85      334
..................................................................


WIND (MPH)
  HIGHEST WIND SPEED    20   HIGHEST WIND DIRECTION     E (80)
  HIGHEST GUST SPEED    24   HIGHEST GUST DIRECTION     E (70)
  AVERAGE WIND SPEED     7.0


SKY COVER
  POSSIBLE SUNSHINE  MM
  AVERAGE SKY COVER 0.0


WEATHER CONDITIONS
 THE FOLLOWING WEATHER WAS RECORDED TODAY.
  NO SIGNIFICANT WEATHER WAS OBSERVED.


RELATIVE HUMIDITY (PERCENT)
 HIGHEST    76           600 AM
 LOWEST     23           300 PM
 AVERAGE    50

..........................................................


THE LIVINGSTON MT CLIMATE NORMALS FOR TOMORROW
                         NORMAL    RECORD    YEAR
 MAXIMUM TEMPERATURE (F)   80        96      2007
                                             1954
 MINIMUM TEMPERATURE (F)   44        31      1993


SUNRISE AND SUNSET
AUGUST 29 2016........SUNRISE   640 AM MDT   SUNSET   804 PM MDT
AUGUST 30 2016........SUNRISE   641 AM MDT   SUNSET   802 PM MDT


-  INDICATES NEGATIVE NUMBERS.
R  INDICATES RECORD WAS SET OR TIED.
MM INDICATES DATA IS MISSING.
T  INDICATES TRACE AMOUNT.





&&

THIS IS AN AUTOMATED...UNATTENDED WEATHER STATION AND MAY
UNDERESTIMATE WINTER PRECIPITATION.

$$
