000
CDUS45 KBYZ 281033
CLILVM


CLIMATE REPORT
NATIONAL WEATHER SERVICE BILLINGS MT
330 AM MST TUE FEB 28 2017


...................................

...THE LIVINGSTON MT CLIMATE SUMMARY FOR FEBRUARY 27 2017...

CLIMATE NORMAL PERIOD 1981 TO 2010
CLIMATE RECORD PERIOD 1948 TO 2017


WEATHER ITEM   OBSERVED TIME   RECORD YEAR NORMAL DEPARTURE LAST
                VALUE   (LST)  VALUE       VALUE  FROM      YEAR
                                                  NORMAL
..................................................................
TEMPERATURE (F)
 YESTERDAY
  MAXIMUM         29    521 PM  63    1992  43    -14       62
  MINIMUM         14    743 AM -21    1960  20     -6       38
  AVERAGE         22                        31     -9       50

PRECIPITATION (IN)
  YESTERDAY        T             0.25 1952   0.02  -0.02     0.01
  MONTH TO DATE    0.91                      0.48   0.43     0.16
  SINCE OCT 1      5.25                      3.34   1.91     4.01
  SINCE JAN 1      1.32                      0.97   0.35     0.31

DEGREE DAYS
 HEATING
  YESTERDAY       43                        34      9       15
  MONTH TO DATE  930                       972    -42      675
  SINCE DEC 1   3692                      3354    338     2877
  SINCE JUL 1   5190                      5313   -123     4554

 COOLING
  YESTERDAY        0                         0      0        0
  MONTH TO DATE    0                         0      0        0
  SINCE DEC 1      0                         0      0        0
  SINCE JAN 1      0                         0      0        0
..................................................................


WIND (MPH)
  HIGHEST WIND SPEED    26   HIGHEST WIND DIRECTION    SW (220)
  HIGHEST GUST SPEED    30   HIGHEST GUST DIRECTION    SW (230)
  AVERAGE WIND SPEED     8.5


SKY COVER
  POSSIBLE SUNSHINE  MM
  AVERAGE SKY COVER 0.9


WEATHER CONDITIONS
 THE FOLLOWING WEATHER WAS RECORDED YESTERDAY.
  LIGHT SNOW
  FOG


RELATIVE HUMIDITY (PERCENT)
 HIGHEST    88          1100 PM
 LOWEST     50          1200 AM
 AVERAGE    69

..........................................................


THE LIVINGSTON MT CLIMATE NORMALS FOR TODAY
                         NORMAL    RECORD    YEAR
 MAXIMUM TEMPERATURE (F)   43        65      1992
 MINIMUM TEMPERATURE (F)   20       -18      1996


SUNRISE AND SUNSET
FEBRUARY 28 2017......SUNRISE   701 AM MST   SUNSET   608 PM MST
MARCH  1 2017.........SUNRISE   700 AM MST   SUNSET   609 PM MST


-  INDICATES NEGATIVE NUMBERS.
R  INDICATES RECORD WAS SET OR TIED.
MM INDICATES DATA IS MISSING.
T  INDICATES TRACE AMOUNT.





&&

THIS IS AN AUTOMATED...UNATTENDED WEATHER STATION AND MAY
UNDERESTIMATE WINTER PRECIPITATION.

$$
