000
CDUS45 KBYZ 200955
CLILVM


CLIMATE REPORT
NATIONAL WEATHER SERVICE BILLINGS MT
350 AM MDT WED AUG 20 2014


...................................

...THE LIVINGSTON MT CLIMATE SUMMARY FOR AUGUST 19 2014...

CLIMATE NORMAL PERIOD 1981 TO 2010
CLIMATE RECORD PERIOD 1948 TO 2014


WEATHER ITEM   OBSERVED TIME   RECORD YEAR NORMAL DEPARTURE LAST
                VALUE   (LST)  VALUE       VALUE  FROM      YEAR
                                                  NORMAL
..................................................................
TEMPERATURE (F)
 YESTERDAY
  MAXIMUM         90    105 PM  98    2008  84      6       97
  MINIMUM         49    452 AM  36    1996  47      2       53
  AVERAGE         70                        65      5       75

PRECIPITATION (IN)
  YESTERDAY        0.00          0.67 1966   0.03  -0.03     0.00
  MONTH TO DATE    0.25                      0.68  -0.43     0.08
  SINCE OCT 1     11.79                     13.17  -1.38     9.46
  SINCE JAN 1      9.50                     10.80  -1.30     7.16

DEGREE DAYS
 HEATING
  YESTERDAY        0                         2     -2        0
  MONTH TO DATE    0                        26    -26        0
  SINCE JUN 1    204                       283    -79      137
  SINCE JUL 1      9                        76    -67        0

 COOLING
  YESTERDAY        5                         3      2       10
  MONTH TO DATE  109                        67     42      109
  SINCE JUN 1    284                       195     89      337
  SINCE JAN 1    289                       196     93      345
..................................................................


WIND (MPH)
  HIGHEST WIND SPEED    45   HIGHEST WIND DIRECTION    SW (210)
  HIGHEST GUST SPEED    56   HIGHEST GUST DIRECTION    SW (210)
  AVERAGE WIND SPEED    13.4


SKY COVER
  POSSIBLE SUNSHINE  MM
  AVERAGE SKY COVER 0.1


WEATHER CONDITIONS
 THE FOLLOWING WEATHER WAS RECORDED YESTERDAY.
  NO SIGNIFICANT WEATHER WAS OBSERVED.


RELATIVE HUMIDITY (PERCENT)
 HIGHEST    66           500 AM
 LOWEST     14           100 PM
 AVERAGE    40

..........................................................


THE LIVINGSTON MT CLIMATE NORMALS FOR TODAY
                         NORMAL    RECORD    YEAR
 MAXIMUM TEMPERATURE (F)   83        96      1971
 MINIMUM TEMPERATURE (F)   47        38      1956


SUNRISE AND SUNSET
AUGUST 20 2014........SUNRISE   628 AM MDT   SUNSET   821 PM MDT
AUGUST 21 2014........SUNRISE   629 AM MDT   SUNSET   819 PM MDT


-  INDICATES NEGATIVE NUMBERS.
R  INDICATES RECORD WAS SET OR TIED.
MM INDICATES DATA IS MISSING.
T  INDICATES TRACE AMOUNT.





&&

THIS IS AN AUTOMATED...UNATTENDED WEATHER STATION AND MAY
UNDERESTIMATE WINTER PRECIPITATION.

$$
