000
CDUS41 KRNK 022126
CLILWB


CLIMATE REPORT
NATIONAL WEATHER SERVICE BLACKSBURG VA
522 PM EDT TUE SEP 2 2014


...................................

...THE LEWISBURG WV CLIMATE SUMMARY FOR SEPTEMBER 2 2014...
VALID TODAY AS OF 0500 PM LOCAL TIME.

CLIMATE NORMAL PERIOD 1981 TO 2010
CLIMATE RECORD PERIOD 1973 TO 2014


WEATHER ITEM   OBSERVED TIME   RECORD YEAR NORMAL DEPARTURE
                VALUE   (LST)  VALUE       VALUE  FROM
                                                  NORMAL
...............................................................
TEMPERATURE (F)
 TODAY
  MAXIMUM         88    200 PM  91    2011  79      9
  MINIMUM         65        MM  39    1987  54     11
  AVERAGE         77                        67     10

PRECIPITATION (IN)
  TODAY            0.00          0.00 2013   0.10  -0.10
  MONTH TO DATE    T                         0.21  -0.21
  SINCE SEP 1      T                         0.21  -0.21
  SINCE JAN 1     18.69                     28.31  -9.62

SNOWFALL (IN)
  TODAY            0.0
  MONTH TO DATE    0.0
  SINCE SEP 1      0.0
  SINCE JUL 1      0.0
  SNOW DEPTH       0

DEGREE DAYS
 HEATING
  TODAY            0                               -1
  MONTH TO DATE    0                               -2
  SINCE SEP 1      0                               -2
  SINCE JUL 1     22                               -8

 COOLING
  TODAY           12                                9
  MONTH TO DATE   24                               18
  SINCE SEP 1     24                               18
  SINCE JAN 1    541                               85
...............................................................


WIND (MPH)
  HIGHEST WIND SPEED    14   HIGHEST WIND DIRECTION    SW (240)
  HIGHEST GUST SPEED    18   HIGHEST GUST DIRECTION    SW (240)
  AVERAGE WIND SPEED     4.6




RELATIVE HUMIDITY (PERCENT)
 HIGHEST    93
 LOWEST     42
 AVERAGE    68

..........................................................


THE LEWISBURG WV CLIMATE NORMALS FOR TOMORROW
                         NORMAL    RECORD    YEAR
 MAXIMUM TEMPERATURE (F)   79        93      2011
 MINIMUM TEMPERATURE (F)   54        42      1995


SUNRISE AND SUNSET
SEPTEMBER  2 2014.....SUNRISE   652 AM EDT   SUNSET   749 PM EDT
SEPTEMBER  3 2014.....SUNRISE   653 AM EDT   SUNSET   748 PM EDT


-  INDICATES NEGATIVE NUMBERS.
R  INDICATES RECORD WAS SET OR TIED.
MM INDICATES DATA IS MISSING.
T  INDICATES TRACE AMOUNT.

REMARKS

DUE TO MISSING PRECIPITATION DATA ON JANUARY 25...THE ANNUAL
TOTAL AND DEPARTURE FROM NORMAL FOR PRECIPITAION WILL BE
CALCULATED WITHOUT DATA FROM THAT DATE.

$$

MBS
