000
CDUS41 KRNK 142112 CCA
CLILWB

CLIMATE REPORT
NATIONAL WEATHER SERVICE BLACKSBURG VA
510 PM EDT SUN SEP 14 2014


...................................

...THE LEWISBURG WV CLIMATE SUMMARY FOR SEPTEMBER 14 2014...
VALID TODAY AS OF 0500 PM LOCAL TIME.

CLIMATE NORMAL PERIOD 1981 TO 2010
CLIMATE RECORD PERIOD 1973 TO 2014


WEATHER ITEM   OBSERVED TIME   RECORD YEAR NORMAL DEPARTURE
                VALUE   (LST)  VALUE       VALUE  FROM
                                                  NORMAL
...............................................................
TEMPERATURE (F)
 TODAY
  MAXIMUM         62    400 PM  91    1998  75    -13
  MINIMUM         48    400 AM  32    1985  50     -2
  AVERAGE         55                        63     -8

PRECIPITATION (IN)
  TODAY            0.00          0.00 2013   0.12  -0.12
  MONTH TO DATE    0.96                      1.48  -0.52
  SINCE SEP 1      0.96                      1.48  -0.52
  SINCE JAN 1     19.65                     29.58  -9.93

SNOWFALL (IN)
  TODAY            0.0
  MONTH TO DATE    0.0
  SINCE SEP 1      0.0
  SINCE JUL 1      0.0
  SNOW DEPTH       0

DEGREE DAYS
 HEATING
  TODAY           10                                6
  MONTH TO DATE   18                              -13
  SINCE SEP 1     18                              -13
  SINCE JUL 1     40                              -19

 COOLING
  TODAY            0                               -1
  MONTH TO DATE   89                               59
  SINCE SEP 1     89                               59
  SINCE JAN 1    606                              126
...............................................................


WIND (MPH)
  HIGHEST WIND SPEED     6   HIGHEST WIND DIRECTION     N (20)
  HIGHEST GUST SPEED    MM   HIGHEST GUST DIRECTION    MM
  AVERAGE WIND SPEED     2.0




RELATIVE HUMIDITY (PERCENT)
 HIGHEST    96
 LOWEST     77
 AVERAGE    87

..........................................................


THE LEWISBURG WV CLIMATE NORMALS FOR TOMORROW
                         NORMAL    RECORD    YEAR
 MAXIMUM TEMPERATURE (F)   75        88      1998
 MINIMUM TEMPERATURE (F)   50        35      1985


SUNRISE AND SUNSET
SEPTEMBER 14 2014.....SUNRISE   703 AM EDT   SUNSET   731 PM EDT
SEPTEMBER 15 2014.....SUNRISE   703 AM EDT   SUNSET   729 PM EDT


-  INDICATES NEGATIVE NUMBERS.
R  INDICATES RECORD WAS SET OR TIED.
MM INDICATES DATA IS MISSING.
T  INDICATES TRACE AMOUNT.

REMARKS

DUE TO MISSING PRECIPITATION DATA ON JANUARY 25...THE ANNUAL
TOTAL AND DEPARTURE FROM NORMAL FOR PRECIPITATION WILL BE
CALCULATED WITHOUT DATA FROM THAT DATE.


$$
