000
CDUS43 KTOP 192234
CLILWC


CLIMATE REPORT
NATIONAL WEATHER SERVICE TOPEKA KS
434 PM CST FRI JAN 19 2018


...................................

...THE LAWRENCE KS CLIMATE SUMMARY FOR JANUARY 19 2018...
VALID TODAY AS OF 0400 PM LOCAL TIME.

CLIMATE NORMAL PERIOD 1981 TO 2010
CLIMATE RECORD PERIOD 9999 TO 9999


WEATHER ITEM   OBSERVED NORMAL DEPARTURE LAST
                VALUE   VALUE  FROM      YEAR
                               NORMAL
...............................................
TEMPERATURE (F)
 TODAY
  MAXIMUM         47     40      7       48
  MINIMUM         27     18      9       38
  AVERAGE         37     29      8       43

PRECIPITATION (IN)
  TODAY            0.00   0.03  -0.03     0.02
  MONTH TO DATE    0.58   0.56   0.02     0.95
  SINCE DEC 1      0.82   2.03  -1.21     1.95
  SINCE JAN 1      0.58   0.56   0.02     0.95

DEGREE DAYS
 HEATING
  TODAY           28     36     -8       22
  MONTH TO DATE  815    684    131      693
  SINCE DEC 1   1820   1719    101     1724
  SINCE JUL 1   2710   2727    -17     2368

 COOLING
  TODAY            0      0      0        0
  MONTH TO DATE    0      0      0        0
  SINCE DEC 1      0      0      0        0
  SINCE JAN 1      0      0      0        0
...............................................


WIND (MPH)
  HIGHEST WIND SPEED    16   HIGHEST WIND DIRECTION     S (160)
  HIGHEST GUST SPEED    22   HIGHEST GUST DIRECTION    SW (210)
  AVERAGE WIND SPEED    10.0



WEATHER CONDITIONS
 THE FOLLOWING WEATHER WAS RECORDED TODAY.
  NO SIGNIFICANT WEATHER WAS OBSERVED.


RELATIVE HUMIDITY (PERCENT)
 HIGHEST    69
 LOWEST     45
 AVERAGE    57

..........................................................


THE LAWRENCE KS CLIMATE NORMALS FOR TOMORROW
                         NORMAL
 MAXIMUM TEMPERATURE (F)   40
 MINIMUM TEMPERATURE (F)   19


SUNRISE AND SUNSET
JANUARY 19 2018.......SUNRISE   736 AM CST   SUNSET   527 PM CST
JANUARY 20 2018.......SUNRISE   736 AM CST   SUNSET   528 PM CST


-  INDICATES NEGATIVE NUMBERS.
R  INDICATES RECORD WAS SET OR TIED.
MM INDICATES DATA IS MISSING.
T  INDICATES TRACE AMOUNT.




$$
