000
CDUS43 KTOP 290631
CLILWC


CLIMATE REPORT
NATIONAL WEATHER SERVICE TOPEKA KS
1231 AM CST SAT NOV 29 2014


...................................

...THE LAWRENCE KS CLIMATE SUMMARY FOR NOVEMBER 28 2014...

CLIMATE NORMAL PERIOD 1981 TO 2010
CLIMATE RECORD PERIOD 9999 TO 9999


WEATHER ITEM   OBSERVED NORMAL DEPARTURE LAST
                VALUE   VALUE  FROM      YEAR
                               NORMAL
...............................................
TEMPERATURE (F)
 YESTERDAY
  MAXIMUM         63     49     14       44
  MINIMUM         27     27      0       20
  AVERAGE         45     38      7       32

PRECIPITATION (IN)
  YESTERDAY        0.00   0.06  -0.06     0.00
  MONTH TO DATE    0.37   2.05  -1.68     0.28
  SINCE SEP 1     10.56   9.09   1.47     7.67
  SINCE JAN 1     35.01  36.95  -1.94    27.95

DEGREE DAYS
 HEATING
  YESTERDAY       20     27     -7       33
  MONTH TO DATE  799    589    210      632
  SINCE SEP 1   1136    950    186      978
  SINCE JUL 1   1137    953    184      978

 COOLING
  YESTERDAY        0      0      0        0
  MONTH TO DATE    0      0      0        0
  SINCE SEP 1    119    179    -60      271
  SINCE JAN 1   1426   1370     56     1492
...............................................


WIND (MPH)
  HIGHEST WIND SPEED    20   HIGHEST WIND DIRECTION    SW (210)
  HIGHEST GUST SPEED    23   HIGHEST GUST DIRECTION    SW (210)
  AVERAGE WIND SPEED    10.5


SKY COVER
  AVERAGE SKY COVER 0.0


WEATHER CONDITIONS
 THE FOLLOWING WEATHER WAS RECORDED YESTERDAY.
  NO SIGNIFICANT WEATHER WAS OBSERVED.


RELATIVE HUMIDITY (PERCENT)
 HIGHEST    81
 LOWEST     34
 AVERAGE    58

..........................................................


THE LAWRENCE KS CLIMATE NORMALS FOR TODAY
                         NORMAL
 MAXIMUM TEMPERATURE (F)   48
 MINIMUM TEMPERATURE (F)   26


SUNRISE AND SUNSET
NOVEMBER 29 2014......SUNRISE   719 AM CST   SUNSET   459 PM CST
NOVEMBER 30 2014......SUNRISE   720 AM CST   SUNSET   459 PM CST


-  INDICATES NEGATIVE NUMBERS.
R  INDICATES RECORD WAS SET OR TIED.
MM INDICATES DATA IS MISSING.
T  INDICATES TRACE AMOUNT.




$$
