000
CDUS43 KTOP 240633
CLILWC


CLIMATE REPORT
NATIONAL WEATHER SERVICE TOPEKA KS
131 AM CDT SUN JUL 24 2016


...................................

...THE LAWRENCE KS CLIMATE SUMMARY FOR JULY 23 2016...

CLIMATE NORMAL PERIOD 1981 TO 2010
CLIMATE RECORD PERIOD 9999 TO 9999


WEATHER ITEM   OBSERVED NORMAL DEPARTURE LAST
                VALUE   VALUE  FROM      YEAR
                               NORMAL
...............................................
TEMPERATURE (F)
 YESTERDAY
  MAXIMUM         95     90      5       90
  MINIMUM         75     68      7       69
  AVERAGE         85     79      6       80

PRECIPITATION (IN)
  YESTERDAY        0.00   0.10  -0.10     0.00
  MONTH TO DATE    4.57   3.32   1.25     7.50
  SINCE JUN 1      5.66   8.78  -3.12    11.81
  SINCE JAN 1     20.30  22.67  -2.37    26.09

DEGREE DAYS
 HEATING
  YESTERDAY        0      0      0        0
  MONTH TO DATE    0      0      0        1
  SINCE JUN 1      0      8     -8        4
  SINCE JUL 1      0      0      0        1

 COOLING
  YESTERDAY       20     14      6       15
  MONTH TO DATE  336    303     33      286
  SINCE JUN 1    748    578    170      626
  SINCE JAN 1    828    697    131      702
...............................................


WIND (MPH)
  HIGHEST WIND SPEED    18   HIGHEST WIND DIRECTION     S (170)
  HIGHEST GUST SPEED    22   HIGHEST GUST DIRECTION     S (170)
  AVERAGE WIND SPEED     8.1


SKY COVER
  AVERAGE SKY COVER 0.0


WEATHER CONDITIONS
 THE FOLLOWING WEATHER WAS RECORDED YESTERDAY.
  NO SIGNIFICANT WEATHER WAS OBSERVED.


RELATIVE HUMIDITY (PERCENT)
 HIGHEST    94
 LOWEST     49
 AVERAGE    72

..........................................................


THE LAWRENCE KS CLIMATE NORMALS FOR TODAY
                         NORMAL
 MAXIMUM TEMPERATURE (F)   90
 MINIMUM TEMPERATURE (F)   68


SUNRISE AND SUNSET
JULY 24 2016..........SUNRISE   615 AM CDT   SUNSET   839 PM CDT
JULY 25 2016..........SUNRISE   616 AM CDT   SUNSET   838 PM CDT


-  INDICATES NEGATIVE NUMBERS.
R  INDICATES RECORD WAS SET OR TIED.
MM INDICATES DATA IS MISSING.
T  INDICATES TRACE AMOUNT.

$$
