000
CDUS43 KTOP 262133
CLILWC


CLIMATE REPORT
NATIONAL WEATHER SERVICE TOPEKA KS
432 PM CDT WED APR 26 2017


...................................

...THE LAWRENCE KS CLIMATE SUMMARY FOR APRIL 26 2017...
VALID TODAY AS OF 0400 PM LOCAL TIME.

CLIMATE NORMAL PERIOD 1981 TO 2010
CLIMATE RECORD PERIOD 9999 TO 9999


WEATHER ITEM   OBSERVED NORMAL DEPARTURE LAST
                VALUE   VALUE  FROM      YEAR
                               NORMAL
...............................................
TEMPERATURE (F)
 TODAY
  MAXIMUM         51     70    -19       75
  MINIMUM         42     46     -4       58
  AVERAGE         47     58    -11       67

PRECIPITATION (IN)
  TODAY            0.05   0.14  -0.09     1.84
  MONTH TO DATE    4.50   3.11   1.39     3.38
  SINCE MAR 1      6.86   5.73   1.13     5.03
  SINCE JAN 1      7.87   8.04  -0.17     6.15

DEGREE DAYS
 HEATING
  TODAY           18      8     10        0
  MONTH TO DATE  201    296    -95      207
  SINCE MAR 1    720    937   -217      691
  SINCE JUL 1   4001   4952   -951     4193

 COOLING
  TODAY            0      1     -1        2
  MONTH TO DATE   25     19      6       15
  SINCE MAR 1     32     22     10       18
  SINCE JAN 1     32     22     10       18
...............................................


WIND (MPH)
  HIGHEST WIND SPEED    22   HIGHEST WIND DIRECTION    NW (310)
  HIGHEST GUST SPEED    30   HIGHEST GUST DIRECTION    NW (310)
  AVERAGE WIND SPEED    15.2



WEATHER CONDITIONS
 THE FOLLOWING WEATHER WAS RECORDED TODAY.
  LIGHT RAIN
  FOG


RELATIVE HUMIDITY (PERCENT)
 HIGHEST    93
 LOWEST     63
 AVERAGE    78

..........................................................


THE LAWRENCE KS CLIMATE NORMALS FOR TOMORROW
                         NORMAL
 MAXIMUM TEMPERATURE (F)   70
 MINIMUM TEMPERATURE (F)   47


SUNRISE AND SUNSET
APRIL 26 2017.........SUNRISE   629 AM CDT   SUNSET   809 PM CDT
APRIL 27 2017.........SUNRISE   627 AM CDT   SUNSET   810 PM CDT


-  INDICATES NEGATIVE NUMBERS.
R  INDICATES RECORD WAS SET OR TIED.
MM INDICATES DATA IS MISSING.
T  INDICATES TRACE AMOUNT.




$$
