000
CDUS43 KTOP 232148
CLILWC


CLIMATE REPORT
NATIONAL WEATHER SERVICE TOPEKA KS
447 PM CDT MON OCT 23 2017


...................................

...THE LAWRENCE KS CLIMATE SUMMARY FOR OCTOBER 23 2017...
VALID TODAY AS OF 430 PM LOCAL TIME.

CLIMATE NORMAL PERIOD 1981 TO 2010
CLIMATE RECORD PERIOD 9999 TO 9999


WEATHER ITEM   OBSERVED NORMAL DEPARTURE LAST
                VALUE   VALUE  FROM      YEAR
                               NORMAL
...............................................
TEMPERATURE (F)
 TODAY
  MAXIMUM         68     66      2       76
  MINIMUM         41     41      0       46
  AVERAGE         55     54      1       61

PRECIPITATION (IN)
  TODAY            T      0.08  -0.08     0.00
  MONTH TO DATE    3.40   2.32   1.08     1.53
  SINCE SEP 1      6.87   6.48   0.39     7.65
  SINCE JAN 1     34.01  34.34  -0.33    31.24

DEGREE DAYS
 HEATING
  TODAY           10     12     -2        4
  MONTH TO DATE  102    194    -92      132
  SINCE SEP 1    121    254   -133      160
  SINCE JUL 1    124    257   -133      160

 COOLING
  TODAY            0      0      0        0
  MONTH TO DATE   45     24     21       37
  SINCE SEP 1    248    177     71      258
  SINCE JAN 1   1327   1368    -41     1575
...............................................


WIND (MPH)
  HIGHEST WIND SPEED    32   HIGHEST WIND DIRECTION    NW (310)
  HIGHEST GUST SPEED    41   HIGHEST GUST DIRECTION    NW (310)
  AVERAGE WIND SPEED    10.8



WEATHER CONDITIONS
 THE FOLLOWING WEATHER WAS RECORDED TODAY.
  NO SIGNIFICANT WEATHER WAS OBSERVED.


RELATIVE HUMIDITY (PERCENT)
 HIGHEST    96
 LOWEST     34
 AVERAGE    65

..........................................................


THE LAWRENCE KS CLIMATE NORMALS FOR TOMORROW
                         NORMAL
 MAXIMUM TEMPERATURE (F)   66
 MINIMUM TEMPERATURE (F)   41


SUNRISE AND SUNSET
OCTOBER 23 2017.......SUNRISE   739 AM CDT   SUNSET   631 PM CDT
OCTOBER 24 2017.......SUNRISE   740 AM CDT   SUNSET   629 PM CDT


-  INDICATES NEGATIVE NUMBERS.
R  INDICATES RECORD WAS SET OR TIED.
MM INDICATES DATA IS MISSING.
T  INDICATES TRACE AMOUNT.




$$
