694
CDUS43 KTOP 220633
CLILWC


CLIMATE REPORT
NATIONAL WEATHER SERVICE TOPEKA KS
132 AM CDT FRI MAY 22 2015


...................................

...THE LAWRENCE KS CLIMATE SUMMARY FOR MAY 21 2015...

CLIMATE NORMAL PERIOD 1981 TO 2010
CLIMATE RECORD PERIOD 9999 TO 9999


WEATHER ITEM   OBSERVED NORMAL DEPARTURE LAST
                VALUE   VALUE  FROM      YEAR
                               NORMAL
...............................................
TEMPERATURE (F)
 YESTERDAY
  MAXIMUM         69     78     -9       89
  MINIMUM         44     55    -11       66
  AVERAGE         57     66     -9       78

PRECIPITATION (IN)
  YESTERDAY        0.00   0.19  -0.19     0.00
  MONTH TO DATE    5.27   3.34   1.93     1.09
  SINCE MAR 1      8.79   9.73  -0.94     5.63
  SINCE JAN 1     10.48  12.04  -1.56     6.68

DEGREE DAYS
 HEATING
  YESTERDAY        8      2      6        0
  MONTH TO DATE   76     90    -14      114
  SINCE MAR 1    919   1054   -135     1209
  SINCE JUL 1   5208   5069    139     5635

 COOLING
  YESTERDAY        0      4     -4       13
  MONTH TO DATE   48     48      0       87
  SINCE MAR 1     53     71    -18       97
  SINCE JAN 1     53     71    -18       97
...............................................


WIND (MPH)
  HIGHEST WIND SPEED    14   HIGHEST WIND DIRECTION     N (350)
  HIGHEST GUST SPEED    21   HIGHEST GUST DIRECTION     N (350)
  AVERAGE WIND SPEED     4.8


SKY COVER
  AVERAGE SKY COVER 0.3


WEATHER CONDITIONS
 THE FOLLOWING WEATHER WAS RECORDED YESTERDAY.
  FOG


RELATIVE HUMIDITY (PERCENT)
 HIGHEST    93
 LOWEST     37
 AVERAGE    65

..........................................................


THE LAWRENCE KS CLIMATE NORMALS FOR TODAY
                         NORMAL
 MAXIMUM TEMPERATURE (F)   78
 MINIMUM TEMPERATURE (F)   55


SUNRISE AND SUNSET
MAY 22 2015...........SUNRISE   603 AM CDT   SUNSET   833 PM CDT
MAY 23 2015...........SUNRISE   602 AM CDT   SUNSET   834 PM CDT


-  INDICATES NEGATIVE NUMBERS.
R  INDICATES RECORD WAS SET OR TIED.
MM INDICATES DATA IS MISSING.
T  INDICATES TRACE AMOUNT.




$$
