000
CDUS46 KOTX 250027
CLILWS


CLIMATE REPORT
NATIONAL WEATHER SERVICE SPOKANE, WA
426 PM PST SAT JAN 24 2015


...................................

...THE LEWISTON ID AIRPORT CLIMATE SUMMARY FOR JANUARY 23 2015...

CLIMATE NORMAL PERIOD 1981 TO 2010
CLIMATE RECORD PERIOD 1881 TO 2015


WEATHER ITEM   OBSERVED TIME   RECORD YEAR NORMAL DEPARTURE LAST
                VALUE   (LST)  VALUE       VALUE  FROM      YEAR
                                                  NORMAL
..................................................................
TEMPERATURE (F)
 YESTERDAY
  MAXIMUM         50    339 PM  62    1953  43      7       33
  MINIMUM         36   1211 AM -13    1930  30      6       29
  AVERAGE         43                        36      7       31

PRECIPITATION (IN)
  YESTERDAY        0.00          0.78 1981   0.03  -0.03      T
  MONTH TO DATE    0.82                      0.82   0.00     0.33
  SINCE OCT 1      5.01                      3.93   1.08     1.86
  SINCE JAN 1      0.82                      0.82   0.00     0.33

SNOWFALL (IN)
  YESTERDAY        0.0           5.9  1957   0.1   -0.1       T
  MONTH TO DATE    1.5                       1.9   -0.4       T
  SINCE DEC 1      1.5                       5.4   -3.9      2.5
  SINCE JUL 1      1.5                       7.2   -5.7      2.5
  SNOW DEPTH       0

DEGREE DAYS
 HEATING
  YESTERDAY       22                        28     -6       34
  MONTH TO DATE  649                       687    -38      655
  SINCE DEC 1   1481                      1655   -174     1709
  SINCE JUL 1   2459                      2895   -436     3063

 COOLING
  YESTERDAY        0                         0      0        0
  MONTH TO DATE    0                         0      0        0
  SINCE DEC 1      0                         0      0        0
  SINCE JAN 1      0                         0      0        0
..................................................................


WIND (MPH)
  HIGHEST WIND SPEED    15   HIGHEST WIND DIRECTION    NE (60)
  HIGHEST GUST SPEED    19   HIGHEST GUST DIRECTION     E (90)
  AVERAGE WIND SPEED     7.4


SKY COVER
  POSSIBLE SUNSHINE  MM
  AVERAGE SKY COVER 0.7


WEATHER CONDITIONS
 THE FOLLOWING WEATHER WAS RECORDED YESTERDAY.
  NO SIGNIFICANT WEATHER WAS OBSERVED.


RELATIVE HUMIDITY (PERCENT)
 HIGHEST    89          1100 PM
 LOWEST     66           300 PM
 AVERAGE    78

..........................................................


THE LEWISTON ID AIRPORT CLIMATE NORMALS FOR TODAY
                         NORMAL    RECORD    YEAR
 MAXIMUM TEMPERATURE (F)   43        59      1959
                                             1935
 MINIMUM TEMPERATURE (F)   30       -13      1930


SUNRISE AND SUNSET
JANUARY 24 2015.......SUNRISE   720 AM PST   SUNSET   440 PM PST
JANUARY 25 2015.......SUNRISE   719 AM PST   SUNSET   442 PM PST


-  INDICATES NEGATIVE NUMBERS.
R  INDICATES RECORD WAS SET OR TIED.
MM INDICATES DATA IS MISSING.
T  INDICATES TRACE AMOUNT.




$$
