000
CDUS46 KOTX 282331
CLILWS


CLIMATE REPORT
NATIONAL WEATHER SERVICE SPOKANE, WA
431 PM PDT WED SEP 28 2016


...................................

...THE LEWISTON ID AIRPORT CLIMATE SUMMARY FOR SEPTEMBER 28 2016...
VALID AS OF 0400 PM LOCAL TIME.

CLIMATE NORMAL PERIOD 1981 TO 2010
CLIMATE RECORD PERIOD 1881 TO 2016


WEATHER ITEM   OBSERVED TIME   RECORD YEAR NORMAL DEPARTURE LAST
                VALUE   (LST)  VALUE       VALUE  FROM      YEAR
                                                  NORMAL
..................................................................
TEMPERATURE (F)
 TODAY
  MAXIMUM         85    257 PM  95    1963  72     13       75
  MINIMUM         54    617 AM  33    1985  47      7       40
  AVERAGE         70                        60     10       58

PRECIPITATION (IN)
  TODAY            0.00          0.94 1995   0.02  -0.02     0.00
  MONTH TO DATE    0.52                      0.62  -0.10     0.65
  SINCE OCT 1     13.61                     12.26   1.35    10.96
  SINCE JAN 1     10.16                      9.15   1.01     6.77

SNOWFALL (IN)
  TODAY            0.0           0.0  1998   0.0    0.0      0.0
  MONTH TO DATE    0.0                       0.0    0.0      0.0
  SINCE SEP 1      0.0                       0.0    0.0      0.0
  SINCE JUL 1      0.0                       0.0    0.0      0.0
  SNOW DEPTH       0

DEGREE DAYS
 HEATING
  TODAY            0                         6     -6        7
  MONTH TO DATE   61                        85    -24       82
  SINCE SEP 1     61                        85    -24       82
  SINCE JUL 1     72                       100    -28       82

 COOLING
  TODAY            5                         1      4        0
  MONTH TO DATE   38                        86    -48       57
  SINCE SEP 1     38                        86    -48       57
  SINCE JAN 1    854                       803     51     1206
..................................................................


WIND (MPH)
  HIGHEST WIND SPEED    12   HIGHEST WIND DIRECTION     W (270)
  HIGHEST GUST SPEED    15   HIGHEST GUST DIRECTION     W (280)
  AVERAGE WIND SPEED     2.6


SKY COVER
  POSSIBLE SUNSHINE  MM
  AVERAGE SKY COVER 0.0


WEATHER CONDITIONS
 THE FOLLOWING WEATHER WAS RECORDED TODAY.
  NO SIGNIFICANT WEATHER WAS OBSERVED.


RELATIVE HUMIDITY (PERCENT)
 HIGHEST    67
 LOWEST     27
 AVERAGE    47

..........................................................


THE LEWISTON ID AIRPORT CLIMATE NORMALS FOR TOMORROW
                         NORMAL    RECORD    YEAR
 MAXIMUM TEMPERATURE (F)   72        88      1963
 MINIMUM TEMPERATURE (F)   46        31      1985
                                             1950


SUNRISE AND SUNSET
SEPTEMBER 28 2016.....SUNRISE   643 AM PDT   SUNSET   633 PM PDT
SEPTEMBER 29 2016.....SUNRISE   645 AM PDT   SUNSET   631 PM PDT


-  INDICATES NEGATIVE NUMBERS.
R  INDICATES RECORD WAS SET OR TIED.
MM INDICATES DATA IS MISSING.
T  INDICATES TRACE AMOUNT.




$$
