000
CDUS46 KOTX 250826
CLILWS


CLIMATE REPORT
NATIONAL WEATHER SERVICE SPOKANE, WA
1226 AM PST SAT FEB 25 2017


...................................

...THE LEWISTON ID AIRPORT CLIMATE SUMMARY FOR FEBRUARY 24 2017...

CLIMATE NORMAL PERIOD 1981 TO 2010
CLIMATE RECORD PERIOD 1881 TO 2017


WEATHER ITEM   OBSERVED TIME   RECORD YEAR NORMAL DEPARTURE LAST
                VALUE   (LST)  VALUE       VALUE  FROM      YEAR
                                                  NORMAL
..................................................................
TEMPERATURE (F)
 YESTERDAY
  MAXIMUM         42    410 PM  72    1986  49     -7       57
  MINIMUM         23    701 AM  13    1962  32     -9       35
  AVERAGE         33                        40     -7       46

PRECIPITATION (IN)
  YESTERDAY        0.00          0.39 1950   0.03  -0.03     0.00
  MONTH TO DATE    1.65                      0.66   0.99     0.47
  SINCE OCT 1      7.34                      4.85   2.49     4.85
  SINCE JAN 1      2.46                      1.74   0.72     1.40

SNOWFALL (IN)
  YESTERDAY        0.0           3.0  1994   0.1   -0.1      0.0
  MONTH TO DATE    3.6                       1.9    1.7      0.2
  SINCE DEC 1     30.0                       7.8   22.2      6.4
  SINCE JUL 1     30.0                       9.6   20.4      6.4
  SNOW DEPTH       0

DEGREE DAYS
 HEATING
  YESTERDAY       32                        25      7       19
  MONTH TO DATE  647                       639      8      497
  SINCE DEC 1   2961                      2518    443     2170
  SINCE JUL 1   3910                      3758    152     3173

 COOLING
  YESTERDAY        0                         0      0        0
  MONTH TO DATE    0                         0      0        0
  SINCE DEC 1      0                         0      0        0
  SINCE JAN 1      0                         0      0        0
..................................................................


WIND (MPH)
  HIGHEST WIND SPEED    10   HIGHEST WIND DIRECTION     E (110)
  HIGHEST GUST SPEED    14   HIGHEST GUST DIRECTION     E (80)
  AVERAGE WIND SPEED     4.3


SKY COVER
  POSSIBLE SUNSHINE  MM
  AVERAGE SKY COVER 0.4


WEATHER CONDITIONS
 THE FOLLOWING WEATHER WAS RECORDED YESTERDAY.
  NO SIGNIFICANT WEATHER WAS OBSERVED.


RELATIVE HUMIDITY (PERCENT)
 HIGHEST    88           700 AM
 LOWEST     36           400 PM
 AVERAGE    62

..........................................................


THE LEWISTON ID AIRPORT CLIMATE NORMALS FOR TODAY
                         NORMAL    RECORD    YEAR
 MAXIMUM TEMPERATURE (F)   49        66      1905
 MINIMUM TEMPERATURE (F)   32        11      2011


SUNRISE AND SUNSET
FEBRUARY 25 2017......SUNRISE   634 AM PST   SUNSET   529 PM PST
FEBRUARY 26 2017......SUNRISE   632 AM PST   SUNSET   530 PM PST


-  INDICATES NEGATIVE NUMBERS.
R  INDICATES RECORD WAS SET OR TIED.
MM INDICATES DATA IS MISSING.
T  INDICATES TRACE AMOUNT.




$$
