000
CDUS46 KOTX 250824
CLILWS


CLIMATE REPORT
NATIONAL WEATHER SERVICE SPOKANE, WA
124 AM PDT THU AUG 25 2016


...................................

...THE LEWISTON ID AIRPORT CLIMATE SUMMARY FOR AUGUST 24 2016...

CLIMATE NORMAL PERIOD 1981 TO 2010
CLIMATE RECORD PERIOD 1881 TO 2016


WEATHER ITEM   OBSERVED TIME   RECORD YEAR NORMAL DEPARTURE LAST
                VALUE   (LST)  VALUE       VALUE  FROM      YEAR
                                                  NORMAL
..................................................................
TEMPERATURE (F)
 YESTERDAY
  MAXIMUM         87    425 PM 106    1966  87      0       88
  MINIMUM         56    533 AM  41    1992  58     -2       58
  AVERAGE         72                        72      0       73

PRECIPITATION (IN)
  YESTERDAY        0.00          1.28 1907   0.02  -0.02     0.00
  MONTH TO DATE    0.24                      0.51  -0.27      T
  SINCE OCT 1     13.09                     11.46   1.63    10.30
  SINCE JAN 1      9.64                      8.35   1.29     6.11

SNOWFALL (IN)
  YESTERDAY        0.0           0.0  1998   0.0    0.0      0.0
  MONTH TO DATE    0.0                       0.0    0.0      0.0
  SINCE JUN 1      0.0                       0.0    0.0      0.0
  SINCE JUL 1      0.0                       0.0    0.0      0.0
  SNOW DEPTH       0

DEGREE DAYS
 HEATING
  YESTERDAY        0                         0      0        0
  MONTH TO DATE    2                         0      2        0
  SINCE JUN 1     68                        77     -9        2
  SINCE JUL 1     11                         7      4        0

 COOLING
  YESTERDAY        7                         8     -1        8
  MONTH TO DATE  254                       240     14      303
  SINCE JUN 1    704                       638     66     1049
  SINCE JAN 1    744                       670     74     1101
..................................................................


WIND (MPH)
  HIGHEST WIND SPEED    14   HIGHEST WIND DIRECTION    NE (50)
  HIGHEST GUST SPEED    21   HIGHEST GUST DIRECTION     N (350)
  AVERAGE WIND SPEED     3.9


SKY COVER
  POSSIBLE SUNSHINE  MM
  AVERAGE SKY COVER 0.0


WEATHER CONDITIONS
 THE FOLLOWING WEATHER WAS RECORDED YESTERDAY.
  NO SIGNIFICANT WEATHER WAS OBSERVED.


RELATIVE HUMIDITY (PERCENT)
 HIGHEST    57           600 AM
 LOWEST     17           400 PM
 AVERAGE    37

..........................................................


THE LEWISTON ID AIRPORT CLIMATE NORMALS FOR TODAY
                         NORMAL    RECORD    YEAR
 MAXIMUM TEMPERATURE (F)   86       104      1926
 MINIMUM TEMPERATURE (F)   58        42      1910


SUNRISE AND SUNSET
AUGUST 25 2016........SUNRISE   600 AM PDT   SUNSET   739 PM PDT
AUGUST 26 2016........SUNRISE   601 AM PDT   SUNSET   737 PM PDT


-  INDICATES NEGATIVE NUMBERS.
R  INDICATES RECORD WAS SET OR TIED.
MM INDICATES DATA IS MISSING.
T  INDICATES TRACE AMOUNT.




$$
