000
CDUS46 KOTX 290824
CLILWS


CLIMATE REPORT
NATIONAL WEATHER SERVICE SPOKANE, WA
123 AM PDT FRI AUG 29 2014


...................................

...THE LEWISTON ID AIRPORT CLIMATE SUMMARY FOR AUGUST 28 2014...

CLIMATE NORMAL PERIOD 1981 TO 2010
CLIMATE RECORD PERIOD 1881 TO 2014


WEATHER ITEM   OBSERVED TIME   RECORD YEAR NORMAL DEPARTURE LAST
                VALUE   (LST)  VALUE       VALUE  FROM      YEAR
                                                  NORMAL
..................................................................
TEMPERATURE (F)
 YESTERDAY
  MAXIMUM         90   1256 PM 103    2006  86      4       94
                                      1922
  MINIMUM         63   1159 PM  43    1960  57      6       62
  AVERAGE         77                        71      6       78

PRECIPITATION (IN)
  YESTERDAY        0.00          0.21 1951   0.02  -0.02     0.00
  MONTH TO DATE    1.17                      0.61   0.56     0.50
  SINCE OCT 1      9.20                     11.56  -2.36    10.55
  SINCE JAN 1      7.67                      8.45  -0.78     6.39

SNOWFALL (IN)
  YESTERDAY        0.0           T    1927   0.0    0.0      0.0
  MONTH TO DATE    0.0                       0.0    0.0      0.0
  SINCE JUN 1      0.0                       0.0    0.0      0.0
  SINCE JUL 1      0.0                       0.0    0.0      0.0
  SNOW DEPTH       0

DEGREE DAYS
 HEATING
  YESTERDAY        0                         1     -1        0
  MONTH TO DATE    0                         2     -2        0
  SINCE JUN 1     41                        79    -38       44
  SINCE JUL 1      0                         9     -9        0

 COOLING
  YESTERDAY       12                         7      5       13
  MONTH TO DATE  347                       268     79      350
  SINCE JUN 1    920                       666    254      901
  SINCE JAN 1    948                       698    250      958
..................................................................


WIND (MPH)
  HIGHEST WIND SPEED    18   HIGHEST WIND DIRECTION    NW (320)
  HIGHEST GUST SPEED    24   HIGHEST GUST DIRECTION    NW (320)
  AVERAGE WIND SPEED     5.9


SKY COVER
  POSSIBLE SUNSHINE  MM
  AVERAGE SKY COVER 0.0


WEATHER CONDITIONS
 THE FOLLOWING WEATHER WAS RECORDED YESTERDAY.
  NO SIGNIFICANT WEATHER WAS OBSERVED.


RELATIVE HUMIDITY (PERCENT)
 HIGHEST    56           500 AM
 LOWEST     20           600 PM
 AVERAGE    38

..........................................................


THE LEWISTON ID AIRPORT CLIMATE NORMALS FOR TODAY
                         NORMAL    RECORD    YEAR
 MAXIMUM TEMPERATURE (F)   85       104      1915
 MINIMUM TEMPERATURE (F)   57        42      1980


SUNRISE AND SUNSET
AUGUST 29 2014........SUNRISE   605 AM PDT   SUNSET   732 PM PDT
AUGUST 30 2014........SUNRISE   606 AM PDT   SUNSET   731 PM PDT


-  INDICATES NEGATIVE NUMBERS.
R  INDICATES RECORD WAS SET OR TIED.
MM INDICATES DATA IS MISSING.
T  INDICATES TRACE AMOUNT.




$$
