000
CDUS46 KOTX 280825
CLILWS


CLIMATE REPORT
NATIONAL WEATHER SERVICE SPOKANE, WA
125 AM PDT WED JUN 28 2017


...................................

...THE LEWISTON ID AIRPORT CLIMATE SUMMARY FOR JUNE 27 2017...

CLIMATE NORMAL PERIOD 1981 TO 2010
CLIMATE RECORD PERIOD 1881 TO 2017


WEATHER ITEM   OBSERVED TIME   RECORD YEAR NORMAL DEPARTURE LAST
                VALUE   (LST)  VALUE       VALUE  FROM      YEAR
                                                  NORMAL
..................................................................
TEMPERATURE (F)
 YESTERDAY
  MAXIMUM         87    352 PM 107    2015  82      5       97
  MINIMUM         61   1159 PM  43    1975  56      5       58
  AVERAGE         74                        69      5       78

PRECIPITATION (IN)
  YESTERDAY        T             1.20 1934   0.03  -0.03     0.01
  MONTH TO DATE    0.62                      1.14  -0.52     1.01
  SINCE OCT 1     15.25                     10.19   5.06    11.28
  SINCE JAN 1     10.37                      7.08   3.29     7.83

SNOWFALL (IN)
  YESTERDAY        0.0           T    1952   0.0    0.0      0.0
  MONTH TO DATE    0.0                       0.0    0.0      0.0
  SINCE JUN 1      0.0                       0.0    0.0      0.0
  SINCE JUL 1     39.2                      10.5   28.7      6.4
  SNOW DEPTH       0

DEGREE DAYS
 HEATING
  YESTERDAY        0                         1     -1        0
  MONTH TO DATE   37                        67    -30       57
  SINCE JUN 1     37                        67    -30       57
  SINCE JUL 1   5280                      5164    116     4223

 COOLING
  YESTERDAY        9                         5      4       13
  MONTH TO DATE  119                        80     39      129
  SINCE JUN 1    119                        80     39      129
  SINCE JAN 1    170                       112     58      169
..................................................................


WIND (MPH)
  HIGHEST WIND SPEED    16   HIGHEST WIND DIRECTION     N (340)
  HIGHEST GUST SPEED    21   HIGHEST GUST DIRECTION     N (340)
  AVERAGE WIND SPEED     5.5


SKY COVER
  POSSIBLE SUNSHINE  MM
  AVERAGE SKY COVER 0.1


WEATHER CONDITIONS
 THE FOLLOWING WEATHER WAS RECORDED YESTERDAY.
  LIGHT RAIN


RELATIVE HUMIDITY (PERCENT)
 HIGHEST    73           600 AM
 LOWEST     19           400 PM
 AVERAGE    46

..........................................................


THE LEWISTON ID AIRPORT CLIMATE NORMALS FOR TODAY
                         NORMAL    RECORD    YEAR
 MAXIMUM TEMPERATURE (F)   83       111      2015
 MINIMUM TEMPERATURE (F)   56        43      1975
                                             1965


SUNRISE AND SUNSET
JUNE 28 2017..........SUNRISE   458 AM PDT   SUNSET   844 PM PDT
JUNE 29 2017..........SUNRISE   459 AM PDT   SUNSET   844 PM PDT


-  INDICATES NEGATIVE NUMBERS.
R  INDICATES RECORD WAS SET OR TIED.
MM INDICATES DATA IS MISSING.
T  INDICATES TRACE AMOUNT.




$$
