000
CDUS46 KOTX 290829
CLILWS


CLIMATE REPORT
NATIONAL WEATHER SERVICE SPOKANE, WA
129 AM PDT SUN MAR 29 2015


...................................

...THE LEWISTON ID AIRPORT CLIMATE SUMMARY FOR MARCH 28 2015...

CLIMATE NORMAL PERIOD 1981 TO 2010
CLIMATE RECORD PERIOD 1881 TO 2015


WEATHER ITEM   OBSERVED TIME   RECORD YEAR NORMAL DEPARTURE LAST
                VALUE   (LST)  VALUE       VALUE  FROM      YEAR
                                                  NORMAL
..................................................................
TEMPERATURE (F)
 YESTERDAY
  MAXIMUM         62    258 PM  74    1930  58      4       53
                                      1923
  MINIMUM         42   1058 PM  19    1975  38      4       40
  AVERAGE         52                        48      4       47

PRECIPITATION (IN)
  YESTERDAY        0.09          0.63 2009   0.04   0.05     0.45
  MONTH TO DATE    1.18                      1.03   0.15     1.19
  SINCE OCT 1      7.66                      6.00   1.66     5.14
  SINCE JAN 1      3.47                      2.89   0.58     3.61

SNOWFALL (IN)
  YESTERDAY        0.0           0.4  1949   0.0    0.0      0.0
  MONTH TO DATE    0.0                       0.7   -0.7      0.6
  SINCE MAR 1      0.0                       0.7   -0.7      0.6
  SINCE JUL 1      1.5                      10.5   -9.0     16.5
  SNOW DEPTH       0

DEGREE DAYS
 HEATING
  YESTERDAY       13                        17     -4       18
  MONTH TO DATE  456                       563   -107      543
  SINCE MAR 1    456                       563   -107      543
  SINCE JUL 1   3678                      4418   -740     4704

 COOLING
  YESTERDAY        0                         0      0        0
  MONTH TO DATE    0                         0      0        0
  SINCE MAR 1      0                         0      0        0
  SINCE JAN 1      0                         0      0        0
..................................................................


WIND (MPH)
  HIGHEST WIND SPEED    29   HIGHEST WIND DIRECTION     W (250)
  HIGHEST GUST SPEED    37   HIGHEST GUST DIRECTION    SW (240)
  AVERAGE WIND SPEED    10.4


SKY COVER
  POSSIBLE SUNSHINE  MM
  AVERAGE SKY COVER 0.4


WEATHER CONDITIONS
 THE FOLLOWING WEATHER WAS RECORDED YESTERDAY.
  THUNDERSTORM
  LIGHT RAIN


RELATIVE HUMIDITY (PERCENT)
 HIGHEST    70          1100 PM
 LOWEST     36           300 PM
 AVERAGE    53

..........................................................


THE LEWISTON ID AIRPORT CLIMATE NORMALS FOR TODAY
                         NORMAL    RECORD    YEAR
 MAXIMUM TEMPERATURE (F)   58        79      1923
 MINIMUM TEMPERATURE (F)   38        17      1954


SUNRISE AND SUNSET
MARCH 29 2015.........SUNRISE   634 AM PDT   SUNSET   713 PM PDT
MARCH 30 2015.........SUNRISE   632 AM PDT   SUNSET   714 PM PDT


-  INDICATES NEGATIVE NUMBERS.
R  INDICATES RECORD WAS SET OR TIED.
MM INDICATES DATA IS MISSING.
T  INDICATES TRACE AMOUNT.




$$
