000
CDUS46 KOTX 240836
CLILWS


CLIMATE REPORT
NATIONAL WEATHER SERVICE SPOKANE, WA
1236 AM PST TUE JAN 24 2017


...................................

...THE LEWISTON ID AIRPORT CLIMATE SUMMARY FOR JANUARY 23 2017...

CLIMATE NORMAL PERIOD 1981 TO 2010
CLIMATE RECORD PERIOD 1881 TO 2017


WEATHER ITEM   OBSERVED TIME   RECORD YEAR NORMAL DEPARTURE LAST
                VALUE   (LST)  VALUE       VALUE  FROM      YEAR
                                                  NORMAL
..................................................................
TEMPERATURE (F)
 YESTERDAY
  MAXIMUM         33    230 AM  62    1953  43    -10       45
  MINIMUM         28    510 AM -13    1930  30     -2       35
  AVERAGE         31                        36     -5       40

PRECIPITATION (IN)
  YESTERDAY        T             0.78 1981   0.03  -0.03     0.24
  MONTH TO DATE    0.67                      0.82  -0.15     0.77
  SINCE OCT 1      5.55                      3.93   1.62     4.22
  SINCE JAN 1      0.67                      0.82  -0.15     0.77

SNOWFALL (IN)
  YESTERDAY        T             5.9  1957   0.1   -0.1      0.0
  MONTH TO DATE    4.1                       1.9    2.2      0.5
  SINCE DEC 1     23.8                       5.4   18.4      6.2
  SINCE JUL 1     23.8                       7.2   16.6      6.2
  SNOW DEPTH       0

DEGREE DAYS
 HEATING
  YESTERDAY       34                        28      6       25
  MONTH TO DATE  933                       687    246      661
  SINCE DEC 1   2051                      1655    396     1488
  SINCE JUL 1   3000                      2895    105     2491

 COOLING
  YESTERDAY        0                         0      0        0
  MONTH TO DATE    0                         0      0        0
  SINCE DEC 1      0                         0      0        0
  SINCE JAN 1      0                         0      0        0
..................................................................


WIND (MPH)
  HIGHEST WIND SPEED     9   HIGHEST WIND DIRECTION    NW (320)
  HIGHEST GUST SPEED    11   HIGHEST GUST DIRECTION    NW (320)
  AVERAGE WIND SPEED     3.1


SKY COVER
  POSSIBLE SUNSHINE  MM
  AVERAGE SKY COVER 0.8


WEATHER CONDITIONS
 THE FOLLOWING WEATHER WAS RECORDED YESTERDAY.
  LIGHT SNOW
  FOG
  FOG W/VISIBILITY <= 1/4 MILE


RELATIVE HUMIDITY (PERCENT)
 HIGHEST    92           100 AM
 LOWEST     78           500 PM
 AVERAGE    85

..........................................................


THE LEWISTON ID AIRPORT CLIMATE NORMALS FOR TODAY
                         NORMAL    RECORD    YEAR
 MAXIMUM TEMPERATURE (F)   43        59      1959
                                             1935
 MINIMUM TEMPERATURE (F)   30       -13      1930


SUNRISE AND SUNSET
JANUARY 24 2017.......SUNRISE   720 AM PST   SUNSET   441 PM PST
JANUARY 25 2017.......SUNRISE   719 AM PST   SUNSET   443 PM PST


-  INDICATES NEGATIVE NUMBERS.
R  INDICATES RECORD WAS SET OR TIED.
MM INDICATES DATA IS MISSING.
T  INDICATES TRACE AMOUNT.




$$
