000
CDUS45 KTFX 221034
CLILWT


CLIMATE REPORT
NATIONAL WEATHER SERVICE GREAT FALLS MT
427 AM MDT WED OCT 22 2014


...................................

...THE LEWISTOWN MT CLIMATE SUMMARY FOR OCTOBER 21 2014...

CLIMATE NORMAL PERIOD 1981 TO 2010
CLIMATE RECORD PERIOD 1896 TO 2014


WEATHER ITEM   OBSERVED TIME   RECORD YEAR NORMAL DEPARTURE LAST
                VALUE   (LST)  VALUE       VALUE  FROM      YEAR
                                                  NORMAL
..................................................................
TEMPERATURE (F)
 YESTERDAY
  MAXIMUM         70    123 PM  81    1927  55     15       57
  MINIMUM         42   1026 PM   5    1930  29     13       39
  AVERAGE         56                        42     14       48

PRECIPITATION (IN)
  YESTERDAY        0.18          3.80 1908   0.04   0.14      T
  MONTH TO DATE    0.76                      0.84  -0.08     1.03
  SINCE OCT 1      0.76                      0.84  -0.08     1.03
  SINCE JAN 1     17.33                     15.19   2.14    21.44

SNOWFALL (IN)
  YESTERDAY       MM
  SNOW DEPTH       0

DEGREE DAYS
 HEATING
  YESTERDAY        9                        23    -14       17
  MONTH TO DATE  262                       412   -150      487
  SINCE SEP 1    536                       731   -195      711
  SINCE JUL 1    617                       889   -272      750

 COOLING
  YESTERDAY        0                         0      0        0
  MONTH TO DATE    0                         0      0        0
  SINCE SEP 1     14                        14      0       47
  SINCE JAN 1    295                       210     85      277
..................................................................


WIND (MPH)
  HIGHEST WIND SPEED    47   HIGHEST WIND DIRECTION     W (270)
  HIGHEST GUST SPEED    58   HIGHEST GUST DIRECTION     W (270)
  AVERAGE WIND SPEED    10.4


SKY COVER
  AVERAGE SKY COVER 0.5


WEATHER CONDITIONS
 THE FOLLOWING WEATHER WAS RECORDED YESTERDAY.
  LIGHT RAIN


RELATIVE HUMIDITY (PERCENT)
 HIGHEST    86           600 PM
 LOWEST     31          1000 AM
 AVERAGE    59

..........................................................


THE LEWISTOWN MT CLIMATE NORMALS FOR TODAY
                         NORMAL    RECORD    YEAR
 MAXIMUM TEMPERATURE (F)   54        80      1915
 MINIMUM TEMPERATURE (F)   29         3      1957


SUNRISE AND SUNSET
OCTOBER 22 2014.......SUNRISE   746 AM MDT   SUNSET   618 PM MDT
OCTOBER 23 2014.......SUNRISE   748 AM MDT   SUNSET   616 PM MDT


-  INDICATES NEGATIVE NUMBERS.
R  INDICATES RECORD WAS SET OR TIED.
MM INDICATES DATA IS MISSING.
T  INDICATES TRACE AMOUNT.




$$
