000
CDUS45 KTFX 281008
CLILWT


CLIMATE REPORT
NATIONAL WEATHER SERVICE GREAT FALLS MT
407 AM MDT TUE JUL 28 2015


...................................

...THE LEWISTOWN MT CLIMATE SUMMARY FOR JULY 27 2015...

CLIMATE NORMAL PERIOD 1981 TO 2010
CLIMATE RECORD PERIOD 1896 TO 2015


WEATHER ITEM   OBSERVED TIME   RECORD YEAR NORMAL DEPARTURE LAST
                VALUE   (LST)  VALUE       VALUE  FROM      YEAR
                                                  NORMAL
..................................................................
TEMPERATURE (F)
 YESTERDAY
  MAXIMUM         64    911 AM 100    1947  83    -19       87
  MINIMUM         48    134 PM  38    1913  52     -4       46
  AVERAGE         56                        67    -11       67

PRECIPITATION (IN)
  YESTERDAY        0.77          0.88 1909   0.05   0.72     0.00
  MONTH TO DATE    1.63                      1.72  -0.09     0.89
  SINCE OCT 1     12.24                     13.56  -1.32    11.07
  SINCE JAN 1      9.93                     11.06  -1.13     8.99

SNOWFALL (IN)
  YESTERDAY       MM
  SNOW DEPTH       0

DEGREE DAYS
 HEATING
  YESTERDAY        9                         1      8        0
  MONTH TO DATE   26                        67    -41       10
  SINCE JUN 1    112                       294   -182      296
  SINCE JUL 1     26                        67    -41       10

 COOLING
  YESTERDAY        0                         4     -4        2
  MONTH TO DATE   92                        76     16      114
  SINCE JUN 1    167                        96     71      115
  SINCE JAN 1    167                        98     69      115
..................................................................


WIND (MPH)
  HIGHEST WIND SPEED    29   HIGHEST WIND DIRECTION    SW (240)
  HIGHEST GUST SPEED    34   HIGHEST GUST DIRECTION    SW (240)
  AVERAGE WIND SPEED    10.8


SKY COVER
  AVERAGE SKY COVER 0.9


WEATHER CONDITIONS
 THE FOLLOWING WEATHER WAS RECORDED YESTERDAY.
  THUNDERSTORM
  HEAVY RAIN
  RAIN
  LIGHT RAIN
  FOG
  FOG W/VISIBILITY <= 1/4 MILE


RELATIVE HUMIDITY (PERCENT)
 HIGHEST    96           200 PM
 LOWEST     78           900 AM
 AVERAGE    87

..........................................................


THE LEWISTOWN MT CLIMATE NORMALS FOR TODAY
                         NORMAL    RECORD    YEAR
 MAXIMUM TEMPERATURE (F)   83        99      1914
 MINIMUM TEMPERATURE (F)   52        35      1929


SUNRISE AND SUNSET
JULY 28 2015..........SUNRISE   552 AM MDT   SUNSET   856 PM MDT
JULY 29 2015..........SUNRISE   553 AM MDT   SUNSET   855 PM MDT


-  INDICATES NEGATIVE NUMBERS.
R  INDICATES RECORD WAS SET OR TIED.
MM INDICATES DATA IS MISSING.
T  INDICATES TRACE AMOUNT.




$$
