000
CDUS45 KTFX 160945
CLILWT


CLIMATE REPORT
NATIONAL WEATHER SERVICE GREAT FALLS MT
343 AM MDT WED APR 16 2014


...................................

...THE LEWISTOWN MT CLIMATE SUMMARY FOR APRIL 15 2014...

CLIMATE NORMAL PERIOD 1981 TO 2010
CLIMATE RECORD PERIOD 1896 TO 2014


WEATHER ITEM   OBSERVED TIME   RECORD YEAR NORMAL DEPARTURE LAST
                VALUE   (LST)  VALUE       VALUE  FROM      YEAR
                                                  NORMAL
..................................................................
TEMPERATURE (F)
 YESTERDAY
  MAXIMUM         52   1122 AM  81    1913  54     -2       28
  MINIMUM         34   1159 PM -11    1896  29      5        8
  AVERAGE         43                        41      2       18

PRECIPITATION (IN)
  YESTERDAY        T             1.20 1896   0.04  -0.04     0.03
  MONTH TO DATE    0.25                      0.63  -0.38     0.74
  SINCE OCT 1      5.08                      5.13  -0.05     5.38
  SINCE JAN 1      3.00                      2.63   0.37     2.87

SNOWFALL (IN)
  YESTERDAY       MM
  SNOW DEPTH       0

DEGREE DAYS
 HEATING
  YESTERDAY       22                        24     -2       47
  MONTH TO DATE  397                       384     13      445
  SINCE MAR 1   1514                      1379    135     1491
  SINCE JUL 1   7570                      7183    387     6999

 COOLING
  YESTERDAY        0                         0      0        0
  MONTH TO DATE    0                         0      0        0
  SINCE MAR 1      0                         0      0        0
  SINCE JAN 1      0                         0      0        0
..................................................................


WIND (MPH)
  HIGHEST WIND SPEED    31   HIGHEST WIND DIRECTION    NW (300)
  HIGHEST GUST SPEED    40   HIGHEST GUST DIRECTION    NW (300)
  AVERAGE WIND SPEED    13.8


SKY COVER
  AVERAGE SKY COVER 0.7


WEATHER CONDITIONS
 THE FOLLOWING WEATHER WAS RECORDED YESTERDAY.
  LIGHT RAIN
  LIGHT SNOW


RELATIVE HUMIDITY (PERCENT)
 HIGHEST    96          1100 PM
 LOWEST     32          1100 AM
 AVERAGE    64

..........................................................


THE LEWISTOWN MT CLIMATE NORMALS FOR TODAY
                         NORMAL    RECORD    YEAR
 MAXIMUM TEMPERATURE (F)   54        80      1926
 MINIMUM TEMPERATURE (F)   29        -9      1896


SUNRISE AND SUNSET
APRIL 16 2014.........SUNRISE   628 AM MDT   SUNSET   808 PM MDT
APRIL 17 2014.........SUNRISE   626 AM MDT   SUNSET   809 PM MDT


-  INDICATES NEGATIVE NUMBERS.
R  INDICATES RECORD WAS SET OR TIED.
MM INDICATES DATA IS MISSING.
T  INDICATES TRACE AMOUNT.




$$
