000
CDUS45 KTFX 290943
CLILWT


CLIMATE REPORT
NATIONAL WEATHER SERVICE GREAT FALLS MT
242 AM MST THU JAN 29 2015


...................................

...THE LEWISTOWN MT CLIMATE SUMMARY FOR JANUARY 28 2015...

CLIMATE NORMAL PERIOD 1981 TO 2010
CLIMATE RECORD PERIOD 1896 TO 2015


WEATHER ITEM   OBSERVED TIME   RECORD YEAR NORMAL DEPARTURE LAST
                VALUE   (LST)  VALUE       VALUE  FROM      YEAR
                                                  NORMAL
..................................................................
TEMPERATURE (F)
 YESTERDAY
  MAXIMUM         46    521 AM  66    1941  35     11       36
  MINIMUM         25   1148 PM -46    1929  14     11       -2
  AVERAGE         36                        24     12       17

PRECIPITATION (IN)
  YESTERDAY        0.00          0.35 1907   0.02  -0.02     0.00
  MONTH TO DATE    0.59                      0.52   0.07     0.64
  SINCE OCT 1      2.78                      3.02  -0.24     2.72
  SINCE JAN 1      0.59                      0.52   0.07     0.64

SNOWFALL (IN)
  YESTERDAY       MM
  SNOW DEPTH       0

DEGREE DAYS
 HEATING
  YESTERDAY       29                        41    -12       48
  MONTH TO DATE 1103                      1160    -57     1061
  SINCE DEC 1   2203                      2454   -251     2476
  SINCE JUL 1   4120                      4582   -462     4454

 COOLING
  YESTERDAY        0                         0      0        0
  MONTH TO DATE    0                         0      0        0
  SINCE DEC 1      0                         0      0        0
  SINCE JAN 1      0                         0      0        0
..................................................................


WIND (MPH)
  HIGHEST WIND SPEED    18   HIGHEST WIND DIRECTION    NW (300)
  HIGHEST GUST SPEED    23   HIGHEST GUST DIRECTION    NW (300)
  AVERAGE WIND SPEED     8.6


SKY COVER
  AVERAGE SKY COVER 0.5


WEATHER CONDITIONS
 THE FOLLOWING WEATHER WAS RECORDED YESTERDAY.
  NO SIGNIFICANT WEATHER WAS OBSERVED.


RELATIVE HUMIDITY (PERCENT)
 HIGHEST    92           900 PM
 LOWEST     51           800 AM
 AVERAGE    72

..........................................................


THE LEWISTOWN MT CLIMATE NORMALS FOR TODAY
                         NORMAL    RECORD    YEAR
 MAXIMUM TEMPERATURE (F)   35        64      1931
 MINIMUM TEMPERATURE (F)   14       -40      1929


SUNRISE AND SUNSET
JANUARY 29 2015.......SUNRISE   747 AM MST   SUNSET   516 PM MST
JANUARY 30 2015.......SUNRISE   746 AM MST   SUNSET   517 PM MST


-  INDICATES NEGATIVE NUMBERS.
R  INDICATES RECORD WAS SET OR TIED.
MM INDICATES DATA IS MISSING.
T  INDICATES TRACE AMOUNT.




$$
