000
CDUS45 KTFX 241003
CLILWT


CLIMATE REPORT
NATIONAL WEATHER SERVICE GREAT FALLS MT
402 AM MDT SUN MAY 24 2015


...................................

...THE LEWISTOWN MT CLIMATE SUMMARY FOR MAY 23 2015...

CLIMATE NORMAL PERIOD 1981 TO 2010
CLIMATE RECORD PERIOD 1896 TO 2015


WEATHER ITEM   OBSERVED TIME   RECORD YEAR NORMAL DEPARTURE LAST
                VALUE   (LST)  VALUE       VALUE  FROM      YEAR
                                                  NORMAL
..................................................................
TEMPERATURE (F)
 YESTERDAY
  MAXIMUM         61    354 PM  96    1926  64     -3       78
  MINIMUM         43   1159 PM  17    1930  40      3       45
  AVERAGE         52                        52      0       62

PRECIPITATION (IN)
  YESTERDAY        0.23          1.36 1942   0.10   0.13     0.00
  MONTH TO DATE    2.12                      1.95   0.17     1.24
  SINCE OCT 1      8.48                      7.86   0.62     7.08
  SINCE JAN 1      6.17                      5.36   0.81     5.00

SNOWFALL (IN)
  YESTERDAY       MM
  SNOW DEPTH       0

DEGREE DAYS
 HEATING
  YESTERDAY       13                        13      0        3
  MONTH TO DATE  389                       372     17      409
  SINCE MAR 1   1716                      2075   -359     2243
  SINCE JUL 1   6914                      7879   -965     8299

 COOLING
  YESTERDAY        0                         0      0        0
  MONTH TO DATE    0                         0      0        0
  SINCE MAR 1      0                         0      0        0
  SINCE JAN 1      0                         0      0        0
..................................................................


WIND (MPH)
  HIGHEST WIND SPEED    12   HIGHEST WIND DIRECTION    SE (150)
  HIGHEST GUST SPEED    13   HIGHEST GUST DIRECTION    SE (150)
  AVERAGE WIND SPEED     2.5


SKY COVER
  AVERAGE SKY COVER 0.8


WEATHER CONDITIONS
 THE FOLLOWING WEATHER WAS RECORDED YESTERDAY.
  LIGHT RAIN
  FOG


RELATIVE HUMIDITY (PERCENT)
 HIGHEST    93           300 AM
 LOWEST     55           500 PM
 AVERAGE    74

..........................................................


THE LEWISTOWN MT CLIMATE NORMALS FOR TODAY
                         NORMAL    RECORD    YEAR
 MAXIMUM TEMPERATURE (F)   65        88      1929
 MINIMUM TEMPERATURE (F)   40        29      1993


SUNRISE AND SUNSET
MAY 24 2015...........SUNRISE   533 AM MDT   SUNSET   857 PM MDT
MAY 25 2015...........SUNRISE   532 AM MDT   SUNSET   858 PM MDT


-  INDICATES NEGATIVE NUMBERS.
R  INDICATES RECORD WAS SET OR TIED.
MM INDICATES DATA IS MISSING.
T  INDICATES TRACE AMOUNT.




$$
