000
CDUS45 KTFX 180925
CLILWT


CLIMATE REPORT
NATIONAL WEATHER SERVICE GREAT FALLS MT
324 AM MDT THU SEP 18 2014


...................................

...THE LEWISTOWN MT CLIMATE SUMMARY FOR SEPTEMBER 17 2014...

CLIMATE NORMAL PERIOD 1981 TO 2010
CLIMATE RECORD PERIOD 1896 TO 2014


WEATHER ITEM   OBSERVED TIME   RECORD YEAR NORMAL DEPARTURE LAST
                VALUE   (LST)  VALUE       VALUE  FROM      YEAR
                                                  NORMAL
..................................................................
TEMPERATURE (F)
 YESTERDAY
  MAXIMUM         84    235 PM  91    2009  68     16       71
  MINIMUM         49    619 AM  23    1965  40      9       48
  AVERAGE         67                        54     13       60

PRECIPITATION (IN)
  YESTERDAY        0.00          0.93 1946   0.05  -0.05     0.53
  MONTH TO DATE    0.33                      0.79  -0.46     0.84
  SINCE OCT 1     17.49                     16.29   1.20    21.41
  SINCE JAN 1     15.41                     13.79   1.62    18.90

SNOWFALL (IN)
  YESTERDAY       MM
  SNOW DEPTH       0

DEGREE DAYS
 HEATING
  YESTERDAY        0                        11    -11        5
  MONTH TO DATE  202                       142     60       27
  SINCE SEP 1    202                       142     60       27
  SINCE JUL 1    283                       300    -17       66

 COOLING
  YESTERDAY        2                         0      2        0
  MONTH TO DATE    2                        13    -11       47
  SINCE SEP 1      2                        13    -11       47
  SINCE JAN 1    283                       209     74      277
..................................................................


WIND (MPH)
  HIGHEST WIND SPEED    14   HIGHEST WIND DIRECTION     E (80)
  HIGHEST GUST SPEED    16   HIGHEST GUST DIRECTION     E (70)
  AVERAGE WIND SPEED     6.2


SKY COVER
  AVERAGE SKY COVER 0.1


WEATHER CONDITIONS
 THE FOLLOWING WEATHER WAS RECORDED YESTERDAY.
  NO SIGNIFICANT WEATHER WAS OBSERVED.


RELATIVE HUMIDITY (PERCENT)
 HIGHEST    77           400 AM
 LOWEST     27           100 PM
 AVERAGE    52

..........................................................


THE LEWISTOWN MT CLIMATE NORMALS FOR TODAY
                         NORMAL    RECORD    YEAR
 MAXIMUM TEMPERATURE (F)   68        90      1966
 MINIMUM TEMPERATURE (F)   40        19      1965


SUNRISE AND SUNSET
SEPTEMBER 18 2014.....SUNRISE   659 AM MDT   SUNSET   723 PM MDT
SEPTEMBER 19 2014.....SUNRISE   701 AM MDT   SUNSET   721 PM MDT


-  INDICATES NEGATIVE NUMBERS.
R  INDICATES RECORD WAS SET OR TIED.
MM INDICATES DATA IS MISSING.
T  INDICATES TRACE AMOUNT.




$$
