000
CDUS45 KTFX 240747
CLILWT


CLIMATE REPORT
NATIONAL WEATHER SERVICE GREAT FALLS MT
146 AM MDT TUE MAY 24 2016


...................................

...THE LEWISTOWN MT CLIMATE SUMMARY FOR MAY 23 2016...

CLIMATE NORMAL PERIOD 1981 TO 2010
CLIMATE RECORD PERIOD 1896 TO 2016


WEATHER ITEM   OBSERVED TIME   RECORD YEAR NORMAL DEPARTURE LAST
                VALUE   (LST)  VALUE       VALUE  FROM      YEAR
                                                  NORMAL
..................................................................
TEMPERATURE (F)
 YESTERDAY
  MAXIMUM         55    144 PM  96    1926  64     -9       61
  MINIMUM         43   1159 PM  17    1930  40      3       43
  AVERAGE         49                        52     -3       52

PRECIPITATION (IN)
  YESTERDAY        0.03          1.36 1942   0.10  -0.07     0.23
  MONTH TO DATE    2.77                      1.95   0.82     2.12
  SINCE OCT 1      8.56                      7.86   0.70     8.48
  SINCE JAN 1      6.48                      5.36   1.12     6.17

SNOWFALL (IN)
  YESTERDAY       MM
  SNOW DEPTH       0

DEGREE DAYS
 HEATING
  YESTERDAY       16                        13      3       13
  MONTH TO DATE  310                       372    -62      389
  SINCE MAR 1   1654                      2075   -421     1716
  SINCE JUL 1   6612                      7879  -1267     6914

 COOLING
  YESTERDAY        0                         0      0        0
  MONTH TO DATE    0                         0      0        0
  SINCE MAR 1      0                         0      0        0
  SINCE JAN 1      0                         0      0        0
..................................................................


WIND (MPH)
  HIGHEST WIND SPEED    31   HIGHEST WIND DIRECTION    SW (240)
  HIGHEST GUST SPEED    39   HIGHEST GUST DIRECTION    SW (240)
  AVERAGE WIND SPEED    15.6


SKY COVER
  AVERAGE SKY COVER 1.0


WEATHER CONDITIONS
 THE FOLLOWING WEATHER WAS RECORDED YESTERDAY.
  LIGHT RAIN


RELATIVE HUMIDITY (PERCENT)
 HIGHEST    76           800 PM
 LOWEST     44          1200 AM
 AVERAGE    60

..........................................................


THE LEWISTOWN MT CLIMATE NORMALS FOR TODAY
                         NORMAL    RECORD    YEAR
 MAXIMUM TEMPERATURE (F)   65        88      1929
 MINIMUM TEMPERATURE (F)   40        29      1993


SUNRISE AND SUNSET
MAY 24 2016...........SUNRISE   532 AM MDT   SUNSET   858 PM MDT
MAY 25 2016...........SUNRISE   531 AM MDT   SUNSET   859 PM MDT


-  INDICATES NEGATIVE NUMBERS.
R  INDICATES RECORD WAS SET OR TIED.
MM INDICATES DATA IS MISSING.
T  INDICATES TRACE AMOUNT.




$$
