000
CDUS45 KTFX 191045
CLILWT


CLIMATE REPORT
NATIONAL WEATHER SERVICE GREAT FALLS MT
344 AM MST THU JAN 19 2017


...................................

...THE LEWISTOWN MT CLIMATE SUMMARY FOR JANUARY 18 2017...

CLIMATE NORMAL PERIOD 1981 TO 2010
CLIMATE RECORD PERIOD 1896 TO 2017


WEATHER ITEM   OBSERVED TIME   RECORD YEAR NORMAL DEPARTURE LAST
                VALUE   (LST)  VALUE       VALUE  FROM      YEAR
                                                  NORMAL
..................................................................
TEMPERATURE (F)
 YESTERDAY
  MAXIMUM         48    148 PM  57    1921  34     14       41
  MINIMUM         39   1057 PM -31    1963  13     26       21
  AVERAGE         44                        24     20       31

PRECIPITATION (IN)
  YESTERDAY        0.00          0.84 1975   0.02  -0.02      T
  MONTH TO DATE    0.11                      0.34  -0.23     0.44
  SINCE OCT 1      4.51                      2.84   1.67     2.52
  SINCE JAN 1      0.11                      0.34  -0.23     0.44

SNOWFALL (IN)
  YESTERDAY       MM
  SNOW DEPTH       1

DEGREE DAYS
 HEATING
  YESTERDAY       21                        41    -20       34
  MONTH TO DATE  987                       750    237      755
  SINCE DEC 1   2534                      2044    490     1940
  SINCE JUL 1   4260                      4172     88     3697

 COOLING
  YESTERDAY        0                         0      0        0
  MONTH TO DATE    0                         0      0        0
  SINCE DEC 1      0                         0      0        0
  SINCE JAN 1      0                         0      0        0
..................................................................


WIND (MPH)
  HIGHEST WIND SPEED    35   HIGHEST WIND DIRECTION    SW (220)
  HIGHEST GUST SPEED    38   HIGHEST GUST DIRECTION    SW (220)
  AVERAGE WIND SPEED    18.1


SKY COVER
  AVERAGE SKY COVER 0.0


WEATHER CONDITIONS
 THE FOLLOWING WEATHER WAS RECORDED YESTERDAY.
  NO SIGNIFICANT WEATHER WAS OBSERVED.


RELATIVE HUMIDITY (PERCENT)
 HIGHEST    64          1000 PM
 LOWEST     42          1000 AM
 AVERAGE    53

..........................................................


THE LEWISTOWN MT CLIMATE NORMALS FOR TODAY
                         NORMAL    RECORD    YEAR
 MAXIMUM TEMPERATURE (F)   34        60      1986
 MINIMUM TEMPERATURE (F)   13       -31      1954


SUNRISE AND SUNSET
JANUARY 19 2017.......SUNRISE   756 AM MST   SUNSET   502 PM MST
JANUARY 20 2017.......SUNRISE   755 AM MST   SUNSET   503 PM MST


-  INDICATES NEGATIVE NUMBERS.
R  INDICATES RECORD WAS SET OR TIED.
MM INDICATES DATA IS MISSING.
T  INDICATES TRACE AMOUNT.




$$
