000
CDUS43 KILX 232146
CLILWV


CLIMATE REPORT
NATIONAL WEATHER SERVICE LINCOLN IL
443 PM CDT SAT MAY 23 2015


...................................

...THE LAWRENCEVILLE IL AIRPORT CLIMATE SUMMARY FOR MAY 23 2015...
VALID TODAY AS OF 0400 PM LOCAL TIME.

CLIMATE NORMAL PERIOD 1981 TO 2010
CLIMATE RECORD PERIOD 9999 TO 9999


WEATHER ITEM   OBSERVED TIME   RECORD YEAR NORMAL DEPARTURE LAST
                VALUE   (LST)  VALUE       VALUE  FROM      YEAR
                                                  NORMAL
..................................................................
TEMPERATURE (F)
 TODAY
  MAXIMUM         79    253 PM  MM      MM  79      0       79
  MINIMUM         58    402 AM  MM      MM  57      1       60
  AVERAGE         69                        68      1       70

PRECIPITATION (IN)
  TODAY            0.00         MM      MM   0.16  -0.16      T
  MONTH TO DATE    2.25                      4.53  -2.28     3.60
  SINCE MAR 1     13.32                     12.12   1.20    12.77
  SINCE JAN 1     15.82                     16.51  -0.69    15.53

DEGREE DAYS
 HEATING
  TODAY            0                         2     -2        0
  MONTH TO DATE   61                        73    -12      107
  SINCE MAR 1   1041                       989     52     1147
  SINCE JUL 1   5315                      4664    651     5549

 COOLING
  TODAY            4                         5     -1        5
  MONTH TO DATE   85                        68     17      100
  SINCE MAR 1     92                        94     -2      110
  SINCE JAN 1     92                        94     -2      110
..................................................................


WIND (MPH)
  HIGHEST WIND SPEED    16   HIGHEST WIND DIRECTION     S (200)
  HIGHEST GUST SPEED    20   HIGHEST GUST DIRECTION    SE (150)
  AVERAGE WIND SPEED     4.2


SKY COVER
  POSSIBLE SUNSHINE  MM
  AVERAGE SKY COVER 0.2


WEATHER CONDITIONS
 THE FOLLOWING WEATHER WAS RECORDED TODAY.
  NO SIGNIFICANT WEATHER WAS OBSERVED.


RELATIVE HUMIDITY (PERCENT)
 HIGHEST    93           300 AM
 LOWEST     32           300 PM
 AVERAGE    63

..........................................................


THE LAWRENCEVILLE IL AIRPORT CLIMATE NORMALS FOR TOMORROW
                         NORMAL    RECORD    YEAR
 MAXIMUM TEMPERATURE (F)   79        MM        MM
 MINIMUM TEMPERATURE (F)   58        MM        MM


SUNRISE AND SUNSET
MAY 23 2015...........SUNRISE   532 AM CDT   SUNSET   802 PM CDT
MAY 24 2015...........SUNRISE   532 AM CDT   SUNSET   803 PM CDT


-  INDICATES NEGATIVE NUMBERS.
R  INDICATES RECORD WAS SET OR TIED.
MM INDICATES DATA IS MISSING.
T  INDICATES TRACE AMOUNT.




$$
