000
CDUS43 KILX 042228
CLILWV


CLIMATE REPORT
NATIONAL WEATHER SERVICE LINCOLN IL
427 PM CST WED MAR 4 2015


...................................

...THE LAWRENCEVILLE IL AIRPORT CLIMATE SUMMARY FOR MARCH 4 2015...
VALID TODAY AS OF 0400 PM LOCAL TIME.

CLIMATE NORMAL PERIOD 1981 TO 2010
CLIMATE RECORD PERIOD 9999 TO 9999


WEATHER ITEM   OBSERVED TIME   RECORD YEAR NORMAL DEPARTURE LAST
                VALUE   (LST)  VALUE       VALUE  FROM      YEAR
                                                  NORMAL
..................................................................
TEMPERATURE (F)
 TODAY
  MAXIMUM         37   1243 AM  MM      MM  51    -14       30
  MINIMUM         20    340 PM  MM      MM  31    -11       12
  AVERAGE         29                        41    -12       21

PRECIPITATION (IN)
  TODAY            0.25         MM      MM   0.08   0.17     0.00
  MONTH TO DATE    0.66                      0.32   0.34      T
  SINCE MAR 1      0.66                      0.32   0.34      T
  SINCE JAN 1      3.16                      4.71  -1.55     2.76

DEGREE DAYS
 HEATING
  TODAY           36                        24     12       44
  MONTH TO DATE  146                        98     48      158
  SINCE MAR 1    146                        98     48      158
  SINCE JUL 1   4420                      3773    647     4560

 COOLING
  TODAY            0                         0      0        0
  MONTH TO DATE    0                         0      0        0
  SINCE MAR 1      0                         0      0        0
  SINCE JAN 1      0                         0      0        0
..................................................................


WIND (MPH)
  HIGHEST WIND SPEED    22   HIGHEST WIND DIRECTION    NW (330)
  HIGHEST GUST SPEED    25   HIGHEST GUST DIRECTION    NW (330)
  AVERAGE WIND SPEED    12.5


SKY COVER
  POSSIBLE SUNSHINE  MM
  AVERAGE SKY COVER 1.0


WEATHER CONDITIONS
 THE FOLLOWING WEATHER WAS RECORDED TODAY.
  RAIN
  LIGHT RAIN
  HEAVY SNOW
  SNOW
  LIGHT SNOW


RELATIVE HUMIDITY (PERCENT)
 HIGHEST   100           200 AM
 LOWEST     68          1200 PM
 AVERAGE    84

..........................................................


THE LAWRENCEVILLE IL AIRPORT CLIMATE NORMALS FOR TOMORROW
                         NORMAL    RECORD    YEAR
 MAXIMUM TEMPERATURE (F)   51        MM        MM
 MINIMUM TEMPERATURE (F)   32        MM        MM


SUNRISE AND SUNSET
MARCH  4 2015.........SUNRISE   619 AM CST   SUNSET   546 PM CST
MARCH  5 2015.........SUNRISE   617 AM CST   SUNSET   547 PM CST


-  INDICATES NEGATIVE NUMBERS.
R  INDICATES RECORD WAS SET OR TIED.
MM INDICATES DATA IS MISSING.
T  INDICATES TRACE AMOUNT.




$$
