734
CDUS43 KILX 230648
CLILWV


CLIMATE REPORT
NATIONAL WEATHER SERVICE LINCOLN IL
138 AM CDT SUN JUL 23 2017


...................................

...THE LAWRENCEVILLE IL AIRPORT CLIMATE SUMMARY FOR JULY 22 2017...

CLIMATE NORMAL PERIOD 1981 TO 2010
CLIMATE RECORD PERIOD 9999 TO 9999


WEATHER ITEM   OBSERVED TIME   RECORD YEAR NORMAL DEPARTURE LAST
                VALUE   (LST)  VALUE       VALUE  FROM      YEAR
                                                  NORMAL
..................................................................
TEMPERATURE (F)
 YESTERDAY
  MAXIMUM         98    230 PM  MM      MM  88     10       85
  MINIMUM         76   1159 PM  MM      MM  68      8       74
  AVERAGE         87                        78      9       80

PRECIPITATION (IN)
  YESTERDAY        T            MM      MM   0.17  -0.17     0.40
  MONTH TO DATE    0.26                      3.31  -3.05     4.27
  SINCE JUN 1      2.95                      7.29  -4.34     6.05
  SINCE JAN 1     20.76                     24.85  -4.09    23.72

DEGREE DAYS
 HEATING
  YESTERDAY        0                         0      0        0
  MONTH TO DATE    0                         0      0        0
  SINCE JUN 1      0                         7     -7        0
  SINCE JUL 1      0                         0      0        0

 COOLING
  YESTERDAY       22                        13      9       15
  MONTH TO DATE  297                       286     11      254
  SINCE JUN 1    591                       576     15      620
  SINCE JAN 1    764                       715     49      740
..................................................................


WIND (MPH)
  HIGHEST WIND SPEED    25   HIGHEST WIND DIRECTION    NW (330)
  HIGHEST GUST SPEED    30   HIGHEST GUST DIRECTION    NW (330)
  AVERAGE WIND SPEED    10.8


SKY COVER
  POSSIBLE SUNSHINE  MM
  AVERAGE SKY COVER 0.1


WEATHER CONDITIONS
 THE FOLLOWING WEATHER WAS RECORDED YESTERDAY.
  THUNDERSTORM
  LIGHT RAIN
  FOG
  HAZE


RELATIVE HUMIDITY (PERCENT)
 HIGHEST    94           300 AM
 LOWEST     48           200 PM
 AVERAGE    71

..........................................................


THE LAWRENCEVILLE IL AIRPORT CLIMATE NORMALS FOR TODAY
                         NORMAL    RECORD    YEAR
 MAXIMUM TEMPERATURE (F)   88        MM        MM
 MINIMUM TEMPERATURE (F)   67        MM        MM


SUNRISE AND SUNSET
JULY 23 2017..........SUNRISE   544 AM CDT   SUNSET   809 PM CDT
JULY 24 2017..........SUNRISE   545 AM CDT   SUNSET   808 PM CDT


-  INDICATES NEGATIVE NUMBERS.
R  INDICATES RECORD WAS SET OR TIED.
MM INDICATES DATA IS MISSING.
T  INDICATES TRACE AMOUNT.




$$
