000
CDUS43 KILX 270647
CLILWV


CLIMATE REPORT
NATIONAL WEATHER SERVICE LINCOLN IL
147 AM CDT THU APR 27 2017


...................................

...THE LAWRENCEVILLE IL AIRPORT CLIMATE SUMMARY FOR APRIL 26 2017...

CLIMATE NORMAL PERIOD 1981 TO 2010
CLIMATE RECORD PERIOD 9999 TO 9999


WEATHER ITEM   OBSERVED TIME   RECORD YEAR NORMAL DEPARTURE LAST
                VALUE   (LST)  VALUE       VALUE  FROM      YEAR
                                                  NORMAL
..................................................................
TEMPERATURE (F)
 YESTERDAY
  MAXIMUM         84    222 PM  MM      MM  70     14       83
  MINIMUM         60   1159 PM  MM      MM  49     11       60
  AVERAGE         72                        60     12       72

PRECIPITATION (IN)
  YESTERDAY        0.22         MM      MM   0.18   0.04     0.87
  MONTH TO DATE    2.11                      3.33  -1.22     4.29
  SINCE MAR 1      4.94                      6.76  -1.82     8.45
  SINCE JAN 1      9.09                     11.15  -2.06    12.69

DEGREE DAYS
 HEATING
  YESTERDAY        0                         6     -6        0
  MONTH TO DATE  150                       273   -123      274
  SINCE MAR 1    715                       895   -180      717
  SINCE JUL 1   3770                      4570   -800     3944

 COOLING
  YESTERDAY        7                         1      6        7
  MONTH TO DATE   39                        20     19       20
  SINCE MAR 1     41                        22     19       20
  SINCE JAN 1     41                        22     19       20
..................................................................


WIND (MPH)
  HIGHEST WIND SPEED    30   HIGHEST WIND DIRECTION     W (290)
  HIGHEST GUST SPEED    36   HIGHEST GUST DIRECTION     W (290)
  AVERAGE WIND SPEED    14.1


SKY COVER
  POSSIBLE SUNSHINE  MM
  AVERAGE SKY COVER 0.3


WEATHER CONDITIONS
 THE FOLLOWING WEATHER WAS RECORDED YESTERDAY.
  RAIN
  LIGHT RAIN
  FOG


RELATIVE HUMIDITY (PERCENT)
 HIGHEST    93           600 PM
 LOWEST     47           100 PM
 AVERAGE    70

..........................................................


THE LAWRENCEVILLE IL AIRPORT CLIMATE NORMALS FOR TODAY
                         NORMAL    RECORD    YEAR
 MAXIMUM TEMPERATURE (F)   71        MM        MM
 MINIMUM TEMPERATURE (F)   50        MM        MM


SUNRISE AND SUNSET
APRIL 27 2017.........SUNRISE   557 AM CDT   SUNSET   739 PM CDT
APRIL 28 2017.........SUNRISE   556 AM CDT   SUNSET   740 PM CDT


-  INDICATES NEGATIVE NUMBERS.
R  INDICATES RECORD WAS SET OR TIED.
MM INDICATES DATA IS MISSING.
T  INDICATES TRACE AMOUNT.




$$
