000
CDUS43 KILX 310642
CLILWV


CLIMATE REPORT
NATIONAL WEATHER SERVICE LINCOLN IL
142 AM CDT MON AUG 31 2015


...................................

...THE LAWRENCEVILLE IL AIRPORT CLIMATE SUMMARY FOR AUGUST 30 2015...

CLIMATE NORMAL PERIOD 1981 TO 2010
CLIMATE RECORD PERIOD 9999 TO 9999


WEATHER ITEM   OBSERVED TIME   RECORD YEAR NORMAL DEPARTURE LAST
                VALUE   (LST)  VALUE       VALUE  FROM      YEAR
                                                  NORMAL
..................................................................
TEMPERATURE (F)
 YESTERDAY
  MAXIMUM         88    311 PM  MM      MM  87      1       80
  MINIMUM         66    557 AM  MM      MM  63      3       71
  AVERAGE         77                        75      2       76

PRECIPITATION (IN)
  YESTERDAY        0.00         MM      MM   0.10  -0.10     0.19
  MONTH TO DATE    2.20                      3.29  -1.09     4.76
  SINCE JUN 1     14.98                     11.69   3.29    13.19
  SINCE JAN 1     31.94                     29.25   2.69    28.80

DEGREE DAYS
 HEATING
  YESTERDAY        0                         0      0        0
  MONTH TO DATE    0                         0      0        0
  SINCE JUN 1      8                         7      1        0
  SINCE JUL 1      0                         0      0        0

 COOLING
  YESTERDAY       12                        10      2       11
  MONTH TO DATE  268                       344    -76      322
  SINCE JUN 1    936                      1032    -96      869
  SINCE JAN 1   1091                      1171    -80     1060
..................................................................


WIND (MPH)
  HIGHEST WIND SPEED    12   HIGHEST WIND DIRECTION    SW (230)
  HIGHEST GUST SPEED    14   HIGHEST GUST DIRECTION     N (360)
  AVERAGE WIND SPEED     4.7


SKY COVER
  POSSIBLE SUNSHINE  MM
  AVERAGE SKY COVER 0.3


WEATHER CONDITIONS
 THE FOLLOWING WEATHER WAS RECORDED YESTERDAY.
  FOG
  FOG W/VISIBILITY <= 1/4 MILE
  HAZE


RELATIVE HUMIDITY (PERCENT)
 HIGHEST    97          1200 AM
 LOWEST     48          1200 PM
 AVERAGE    73

..........................................................


THE LAWRENCEVILLE IL AIRPORT CLIMATE NORMALS FOR TODAY
                         NORMAL    RECORD    YEAR
 MAXIMUM TEMPERATURE (F)   87        MM        MM
 MINIMUM TEMPERATURE (F)   63        MM        MM


SUNRISE AND SUNSET
AUGUST 31 2015........SUNRISE   618 AM CDT   SUNSET   722 PM CDT
SEPTEMBER  1 2015.....SUNRISE   619 AM CDT   SUNSET   721 PM CDT


-  INDICATES NEGATIVE NUMBERS.
R  INDICATES RECORD WAS SET OR TIED.
MM INDICATES DATA IS MISSING.
T  INDICATES TRACE AMOUNT.




$$
