000
CDUS41 KRNK 230539
CLILYH


CLIMATE REPORT
NATIONAL WEATHER SERVICE BLACKSBURG VA
1237 AM EST THU FEB 23 2017


...................................

...THE LYNCHBURG VA CLIMATE SUMMARY FOR FEBRUARY 22 2017...

CLIMATE NORMAL PERIOD 1981 TO 2010
CLIMATE RECORD PERIOD 1893 TO 2017


WEATHER ITEM   OBSERVED TIME   RECORD YEAR NORMAL DEPARTURE LAST
                VALUE   (LST)  VALUE       VALUE  FROM      YEAR
                                                  NORMAL
..................................................................
TEMPERATURE (F)
 YESTERDAY
  MAXIMUM         55    204 PM  73    1930  51      4       49
  MINIMUM         40    309 AM   3    1968  28     12       42
  AVERAGE         48                        40      8       46

PRECIPITATION (IN)
  YESTERDAY        0.14          1.66 2003   0.11   0.03     0.01
  MONTH TO DATE    0.47                      2.31  -1.84     3.46
  SINCE DEC 1      7.35                      8.69  -1.34    11.20
  SINCE JAN 1      4.25                      5.45  -1.20     6.23

SNOWFALL (IN)
  YESTERDAY       MM                                         0.0
  MONTH TO DATE    0.0                                       5.4
  SINCE DEC 1      5.9                                      15.6
  SINCE JUL 1      5.9                                      15.6
  SNOW DEPTH       0

DEGREE DAYS
 HEATING
  YESTERDAY       17                        25     -8       19
  MONTH TO DATE  425                       604   -179      640
  SINCE DEC 1   2003                      2382   -379     2107
  SINCE JUL 1   2633                      3276   -643     2817

 COOLING
  YESTERDAY        0                         0      0        0
  MONTH TO DATE    1                         0      1        0
  SINCE DEC 1      1                         0      1        0
  SINCE JAN 1      1                         0      1        0
..................................................................


WIND (MPH)
  HIGHEST WIND SPEED     7   HIGHEST WIND DIRECTION    SW (220)
  HIGHEST GUST SPEED    13   HIGHEST GUST DIRECTION    SW (210)
  AVERAGE WIND SPEED     2.4


SKY COVER
  AVERAGE SKY COVER 0.8


WEATHER CONDITIONS
 THE FOLLOWING WEATHER WAS RECORDED YESTERDAY.
  LIGHT RAIN
  FOG
  FOG W/VISIBILITY <= 1/4 MILE
  HAZE


RELATIVE HUMIDITY (PERCENT)
 HIGHEST    93          1000 AM
 LOWEST     66           800 AM
 AVERAGE    80

..........................................................


THE LYNCHBURG VA CLIMATE NORMALS FOR TODAY
                         NORMAL    RECORD    YEAR
 MAXIMUM TEMPERATURE (F)   51        74      1943
 MINIMUM TEMPERATURE (F)   29        11      1978
                                             1968
                                             1963


SUNRISE AND SUNSET
FEBRUARY 23 2017......SUNRISE   656 AM EST   SUNSET   605 PM EST
FEBRUARY 24 2017......SUNRISE   654 AM EST   SUNSET   606 PM EST


-  INDICATES NEGATIVE NUMBERS.
R  INDICATES RECORD WAS SET OR TIED.
MM INDICATES DATA IS MISSING.
T  INDICATES TRACE AMOUNT.




$$
