000
CDUS41 KRNK 240915
CLILYH


CLIMATE REPORT
NATIONAL WEATHER SERVICE BLACKSBURG VA
513 AM EDT THU APR 24 2014


...................................

...THE LYNCHBURG VA CLIMATE SUMMARY FOR APRIL 23 2014...

CLIMATE NORMAL PERIOD 1981 TO 2010
CLIMATE RECORD PERIOD 1893 TO 2014


WEATHER ITEM   OBSERVED TIME   RECORD YEAR NORMAL DEPARTURE LAST
                VALUE   (LST)  VALUE       VALUE  FROM      YEAR
                                                  NORMAL
..................................................................
TEMPERATURE (F)
 YESTERDAY
  MAXIMUM         73    422 PM  91    1980  70      3       68
                                      1960
  MINIMUM         48    601 AM  32    1936  45      3       44
  AVERAGE         61                        58      3       56

PRECIPITATION (IN)
  YESTERDAY        0.00          0.99 1983   0.11  -0.11     0.00
  MONTH TO DATE    3.41                      2.55   0.86     2.88
  SINCE MAR 1      6.34                      6.13   0.21     6.19
  SINCE JAN 1     13.42                     12.20   1.22    13.82

SNOWFALL (IN)
  YESTERDAY        0.0
  MONTH TO DATE    T
  SINCE MAR 1      9.4
  SINCE JUL 1     21.4
  SNOW DEPTH       0

DEGREE DAYS
 HEATING
  YESTERDAY        4                         8     -4        9
  MONTH TO DATE  152                       252   -100      201
  SINCE MAR 1    802                       847    -45      920
  SINCE JUL 1   4316                      4271     45     4095

 COOLING
  YESTERDAY        0                         1     -1        0
  MONTH TO DATE   19                        11      8       40
  SINCE MAR 1     19                        13      6       40
  SINCE JAN 1     19                        13      6       40
..................................................................


WIND (MPH)
  HIGHEST WIND SPEED    15   HIGHEST WIND DIRECTION    NW (330)
  HIGHEST GUST SPEED    37   HIGHEST GUST DIRECTION    NW (310)
  AVERAGE WIND SPEED     5.2


SKY COVER
  POSSIBLE SUNSHINE  MM
  AVERAGE SKY COVER 0.0


WEATHER CONDITIONS
 THE FOLLOWING WEATHER WAS RECORDED YESTERDAY.
  NO SIGNIFICANT WEATHER WAS OBSERVED.


RELATIVE HUMIDITY (PERCENT)
 HIGHEST    72          1200 AM
 LOWEST     19           400 PM
 AVERAGE    46

..........................................................


THE LYNCHBURG VA CLIMATE NORMALS FOR TODAY
                         NORMAL    RECORD    YEAR
 MAXIMUM TEMPERATURE (F)   71        95      1925
 MINIMUM TEMPERATURE (F)   45        32      2002
                                             1922


SUNRISE AND SUNSET
APRIL 24 2014.........SUNRISE   630 AM EDT   SUNSET   800 PM EDT
APRIL 25 2014.........SUNRISE   629 AM EDT   SUNSET   801 PM EDT


-  INDICATES NEGATIVE NUMBERS.
R  INDICATES RECORD WAS SET OR TIED.
MM INDICATES DATA IS MISSING.
T  INDICATES TRACE AMOUNT.




$$
