000
CDUS41 KRNK 210533
CLILYH


CLIMATE REPORT
NATIONAL WEATHER SERVICE BLACKSBURG VA
131 AM EDT FRI JUL 21 2017


...................................

...THE LYNCHBURG VA CLIMATE SUMMARY FOR JULY 20 2017...

CLIMATE NORMAL PERIOD 1981 TO 2010
CLIMATE RECORD PERIOD 1893 TO 2017


WEATHER ITEM   OBSERVED TIME   RECORD YEAR NORMAL DEPARTURE LAST
                VALUE   (LST)  VALUE       VALUE  FROM      YEAR
                                                  NORMAL
..................................................................
TEMPERATURE (F)
 YESTERDAY
  MAXIMUM         94    256 PM 102    1934  87      7       87
                                      1930
  MINIMUM         68    510 AM  53    1909  64      4       65
  AVERAGE         81                        75      6       76

PRECIPITATION (IN)
  YESTERDAY        0.00          3.61 1984   0.14  -0.14     0.00
  MONTH TO DATE    1.99                      2.78  -0.79     1.52
  SINCE JUN 1      4.08                      6.40  -2.32     7.79
  SINCE JAN 1     23.18                     23.09   0.09    27.45

SNOWFALL (IN)
  YESTERDAY        0.0                                       0.0
  MONTH TO DATE    0.0                                       0.0
  SINCE JUN 1      0.0                                       0.0
  SINCE JUL 1      0.0                                       0.0
  SNOW DEPTH       0

DEGREE DAYS
 HEATING
  YESTERDAY        0                         0      0        0
  MONTH TO DATE    0                         0      0        0
  SINCE JUN 1      4                        14    -10        1
  SINCE JUL 1      0                         0      0        0

 COOLING
  YESTERDAY       16                        10      6       11
  MONTH TO DATE  259                       200     59      224
  SINCE JUN 1    465                       414     51      453
  SINCE JAN 1    601                       496    105      524
..................................................................


WIND (MPH)
  HIGHEST WIND SPEED    10   HIGHEST WIND DIRECTION    SW (210)
  HIGHEST GUST SPEED    15   HIGHEST GUST DIRECTION    SW (210)
  AVERAGE WIND SPEED     2.0


SKY COVER
  AVERAGE SKY COVER 0.0


WEATHER CONDITIONS
 THE FOLLOWING WEATHER WAS RECORDED YESTERDAY.
  FOG


RELATIVE HUMIDITY (PERCENT)
 HIGHEST   100           300 AM
 LOWEST     38           100 PM
 AVERAGE    69

..........................................................


THE LYNCHBURG VA CLIMATE NORMALS FOR TODAY
                         NORMAL    RECORD    YEAR
 MAXIMUM TEMPERATURE (F)   87       103      1926
 MINIMUM TEMPERATURE (F)   64        54      1909


SUNRISE AND SUNSET
JULY 21 2017..........SUNRISE   613 AM EDT   SUNSET   833 PM EDT
JULY 22 2017..........SUNRISE   613 AM EDT   SUNSET   833 PM EDT


-  INDICATES NEGATIVE NUMBERS.
R  INDICATES RECORD WAS SET OR TIED.
MM INDICATES DATA IS MISSING.
T  INDICATES TRACE AMOUNT.




$$
