000
CDUS41 KRNK 272113
CLILYH


CLIMATE REPORT
NATIONAL WEATHER SERVICE BLACKSBURG VA
509 PM EDT WED AUG 27 2014


...................................

...THE LYNCHBURG VA CLIMATE SUMMARY FOR AUGUST 27 2014...
VALID TODAY AS OF 0500 PM LOCAL TIME.

CLIMATE NORMAL PERIOD 1981 TO 2010
CLIMATE RECORD PERIOD 1893 TO 2014


WEATHER ITEM   OBSERVED TIME   RECORD YEAR NORMAL DEPARTURE LAST
                VALUE   (LST)  VALUE       VALUE  FROM      YEAR
                                                  NORMAL
..................................................................
TEMPERATURE (F)
 TODAY
  MAXIMUM         84    403 PM  96    1948  84      0       88
  MINIMUM         53    604 AM  50    1945  62     -9       61
                                      1917
  AVERAGE         69                        73     -4       75

PRECIPITATION (IN)
  TODAY            0.00          2.56 2008   0.11  -0.11     0.00
  MONTH TO DATE    4.78                      2.84   1.94     3.04
  SINCE JUN 1     12.97                     10.82   2.15    12.77
  SINCE JAN 1     33.99                     27.51   6.48    33.21

SNOWFALL (IN)
  TODAY            0.0
  MONTH TO DATE    0.0
  SINCE JUN 1      0.0
  SINCE JUL 1      0.0
  SNOW DEPTH       0

DEGREE DAYS
 HEATING
  TODAY            0                         0      0        0
  MONTH TO DATE    0                         0      0        5
  SINCE JUN 1      1                        15    -14        6
  SINCE JUL 1      0                         1     -1        5

 COOLING
  TODAY            4                         8     -4       10
  MONTH TO DATE  129                       254   -125      218
  SINCE JUN 1    674                       786   -112      850
  SINCE JAN 1    788                       868    -80      985
..................................................................


WIND (MPH)
  HIGHEST WIND SPEED     9   HIGHEST WIND DIRECTION     N (20)
  HIGHEST GUST SPEED    14   HIGHEST GUST DIRECTION     N (20)
  AVERAGE WIND SPEED     1.5


SKY COVER
  POSSIBLE SUNSHINE  MM
  AVERAGE SKY COVER 0.0


WEATHER CONDITIONS
 THE FOLLOWING WEATHER WAS RECORDED TODAY.
  FOG


RELATIVE HUMIDITY (PERCENT)
 HIGHEST   100           300 AM
 LOWEST     51           100 PM
 AVERAGE    76

..........................................................


THE LYNCHBURG VA CLIMATE NORMALS FOR TOMORROW
                         NORMAL    RECORD    YEAR
 MAXIMUM TEMPERATURE (F)   84        98      1948
 MINIMUM TEMPERATURE (F)   62        51      1986
                                             1905


SUNRISE AND SUNSET
AUGUST 27 2014........SUNRISE   643 AM EDT   SUNSET   753 PM EDT
AUGUST 28 2014........SUNRISE   644 AM EDT   SUNSET   751 PM EDT


-  INDICATES NEGATIVE NUMBERS.
R  INDICATES RECORD WAS SET OR TIED.
MM INDICATES DATA IS MISSING.
T  INDICATES TRACE AMOUNT.

REMARKS:
DUE TO A SYSTEM FAILURE CAUSING MISSING TEMPERATURES ON
AUGUST 21-24...ALL TEMPERATURE DATA AND CDD WILL BE CALCULATED
WITHOUT DATA FROM THOSE DATES.


$$
