300
CDUS41 KRNK 250618
CLILYH


CLIMATE REPORT
NATIONAL WEATHER SERVICE BLACKSBURG VA
215 AM EDT TUE APR 25 2017


...................................

...THE LYNCHBURG VA CLIMATE SUMMARY FOR APRIL 24 2017...

CLIMATE NORMAL PERIOD 1981 TO 2010
CLIMATE RECORD PERIOD 1893 TO 2017


WEATHER ITEM   OBSERVED TIME   RECORD YEAR NORMAL DEPARTURE LAST
                VALUE   (LST)  VALUE       VALUE  FROM      YEAR
                                                  NORMAL
..................................................................
TEMPERATURE (F)
 YESTERDAY
  MAXIMUM         52    422 PM  95    1925  71    -19       72
  MINIMUM         48    944 AM  32    2002  45      3       44
                                      1922
  AVERAGE         50                        58     -8       58

PRECIPITATION (IN)
  YESTERDAY        1.39          1.63 1987   0.11   1.28     0.00
  MONTH TO DATE    4.02                      2.66   1.36     1.65
  SINCE MAR 1      6.68                      6.24   0.44     5.01
  SINCE JAN 1     11.06                     12.31  -1.25    12.30

SNOWFALL (IN)
  YESTERDAY        0.0                                       0.0
  MONTH TO DATE    0.0                                       0.0
  SINCE MAR 1      T                                          T
  SINCE JUL 1      5.9                                      15.6
  SNOW DEPTH       0

DEGREE DAYS
 HEATING
  YESTERDAY       15                         8      7        7
  MONTH TO DATE  149                       260   -111      270
  SINCE MAR 1    688                       855   -167      660
  SINCE JUL 1   3397                      4279   -882     3626

 COOLING
  YESTERDAY        0                         1     -1        0
  MONTH TO DATE   26                        12     14        4
  SINCE MAR 1     26                        14     12        7
  SINCE JAN 1     27                        14     13        7
..................................................................


WIND (MPH)
  HIGHEST WIND SPEED    29   HIGHEST WIND DIRECTION    NE (40)
  HIGHEST GUST SPEED    38   HIGHEST GUST DIRECTION    NE (30)
  AVERAGE WIND SPEED    16.9


SKY COVER
  AVERAGE SKY COVER 1.0


WEATHER CONDITIONS
 THE FOLLOWING WEATHER WAS RECORDED YESTERDAY.
  HEAVY RAIN
  RAIN
  LIGHT RAIN
  FOG


RELATIVE HUMIDITY (PERCENT)
 HIGHEST   100           400 PM
 LOWEST     89           100 PM
 AVERAGE    95

..........................................................


THE LYNCHBURG VA CLIMATE NORMALS FOR TODAY
                         NORMAL    RECORD    YEAR
 MAXIMUM TEMPERATURE (F)   71        94      1925
 MINIMUM TEMPERATURE (F)   45        30      1969


SUNRISE AND SUNSET
APRIL 25 2017.........SUNRISE   629 AM EDT   SUNSET   801 PM EDT
APRIL 26 2017.........SUNRISE   628 AM EDT   SUNSET   802 PM EDT


-  INDICATES NEGATIVE NUMBERS.
R  INDICATES RECORD WAS SET OR TIED.
MM INDICATES DATA IS MISSING.
T  INDICATES TRACE AMOUNT.

REMARKS:
DUE TO A POWER OUTAGE CAUSING A MISSING LOW TEMPERATURE ON FEBRUARY 23...
THE SEASONAL HEATING DEGREE DAY TOTAL AND DEPARTURE FROM NORMAL WILL BE
CALCULATED WITHOUT DATA FROM THIS DATE.

$$

RAB
