874
CDUS41 KRNK 240643
CLILYH


CLIMATE REPORT
NATIONAL WEATHER SERVICE BLACKSBURG VA
234 AM EDT TUE MAY 24 2016


...................................

...THE LYNCHBURG VA CLIMATE SUMMARY FOR MAY 23 2016...

CLIMATE NORMAL PERIOD 1981 TO 2010
CLIMATE RECORD PERIOD 1893 TO 2016


WEATHER ITEM   OBSERVED TIME   RECORD YEAR NORMAL DEPARTURE LAST
                VALUE   (LST)  VALUE       VALUE  FROM      YEAR
                                                  NORMAL
..................................................................
TEMPERATURE (F)
 YESTERDAY
  MAXIMUM         69    305 PM  94    1941  77     -8       74
                                      1925
  MINIMUM         52    600 AM  33    2002  53     -1       44
  AVERAGE         61                        65     -4       59

PRECIPITATION (IN)
  YESTERDAY        0.11          2.25 1913   0.12  -0.01     0.00
  MONTH TO DATE    6.76                      2.67   4.09     1.56
  SINCE MAR 1     12.24                      9.56   2.68     8.90
  SINCE JAN 1     19.53                     15.63   3.90    13.28

SNOWFALL (IN)
  YESTERDAY        0.0                                       0.0
  MONTH TO DATE    0.0                                       0.0
  SINCE MAR 1      T                                         2.5
  SINCE JUL 1     15.6                                      22.9
  SNOW DEPTH       0

DEGREE DAYS
 HEATING
  YESTERDAY        4                         3      1        6
  MONTH TO DATE  117                       104     13       59
  SINCE MAR 1    799                      1003   -204      938
  SINCE JUL 1   3765                      4427   -662     4627

 COOLING
  YESTERDAY        0                         3     -3        0
  MONTH TO DATE    6                        37    -31       83
  SINCE MAR 1     23                        55    -32       91
  SINCE JAN 1     23                        55    -32       91
..................................................................


WIND (MPH)
  HIGHEST WIND SPEED    15   HIGHEST WIND DIRECTION    NE (40)
  HIGHEST GUST SPEED    21   HIGHEST GUST DIRECTION     N (10)
  AVERAGE WIND SPEED     4.4


SKY COVER
  AVERAGE SKY COVER 0.6


WEATHER CONDITIONS
 THE FOLLOWING WEATHER WAS RECORDED YESTERDAY.
  THUNDERSTORM
  LIGHT RAIN


RELATIVE HUMIDITY (PERCENT)
 HIGHEST   100           600 AM
 LOWEST     47           300 PM
 AVERAGE    74

..........................................................


THE LYNCHBURG VA CLIMATE NORMALS FOR TODAY
                         NORMAL    RECORD    YEAR
 MAXIMUM TEMPERATURE (F)   77        93      1903
 MINIMUM TEMPERATURE (F)   53        40      2006


SUNRISE AND SUNSET
MAY 24 2016...........SUNRISE   601 AM EDT   SUNSET   826 PM EDT
MAY 25 2016...........SUNRISE   601 AM EDT   SUNSET   827 PM EDT


-  INDICATES NEGATIVE NUMBERS.
R  INDICATES RECORD WAS SET OR TIED.
MM INDICATES DATA IS MISSING.
T  INDICATES TRACE AMOUNT.

REMARKS:

DUE TO A SENSOR FAILURE CAUSING MISSING TEMPERATURES ON OCTOBER 22
AND 23...THE SEASONAL HEATING DEGREE DAY TOTAL AND DEPARTURE FROM
NORMAL WILL BE CALCULATED WITHOUT DATA FROM THESE DATES.

$$

RAB
