000
CDUS41 KRNK 282226
CLILYH


CLIMATE REPORT
NATIONAL WEATHER SERVICE BLACKSBURG VA
521 PM EST SUN DEC 28 2014


...................................

...THE LYNCHBURG VA CLIMATE SUMMARY FOR DECEMBER 28 2014...
VALID TODAY AS OF 0500 PM LOCAL TIME.

CLIMATE NORMAL PERIOD 1981 TO 2010
CLIMATE RECORD PERIOD 1893 TO 2014


WEATHER ITEM   OBSERVED TIME   RECORD YEAR NORMAL DEPARTURE LAST
                VALUE   (LST)  VALUE       VALUE  FROM      YEAR
                                                  NORMAL
..................................................................
TEMPERATURE (F)
 TODAY
  MAXIMUM         58   1135 AM  76    1984  46     12       57
  MINIMUM         45    340 AM   6    1977  25     20       21
  AVERAGE         52                        35     17       39

PRECIPITATION (IN)
  TODAY            T             1.87 1958   0.09  -0.09     0.04
  MONTH TO DATE    2.71                      2.97  -0.26     4.61
  SINCE DEC 1      2.71                      2.97  -0.26     4.61
  SINCE JAN 1     44.32                     41.30   3.02    44.50

SNOWFALL (IN)
  TODAY            0.0
  MONTH TO DATE    0.0
  SINCE DEC 1      0.0
  SINCE JUL 1      T
  SNOW DEPTH       0

DEGREE DAYS
 HEATING
  TODAY           13                        30    -17       26
  MONTH TO DATE  667                       762    -95      664
  SINCE DEC 1    667                       762    -95      664
  SINCE JUL 1   1643                      1656    -13     1582

 COOLING
  TODAY            0                         0      0        0
  MONTH TO DATE    0                         0      0        0
  SINCE DEC 1      0                         0      0        0
  SINCE JAN 1    967                      1032    -65     1184
..................................................................


WIND (MPH)
  HIGHEST WIND SPEED     9   HIGHEST WIND DIRECTION     S (190)
  HIGHEST GUST SPEED    MM   HIGHEST GUST DIRECTION    MM
  AVERAGE WIND SPEED     6.5


SKY COVER
  POSSIBLE SUNSHINE  MM
  AVERAGE SKY COVER 0.5


WEATHER CONDITIONS
 THE FOLLOWING WEATHER WAS RECORDED TODAY.
  LIGHT RAIN


RELATIVE HUMIDITY (PERCENT)
 HIGHEST    77           500 PM
 LOWEST     51          1000 AM
 AVERAGE    64

..........................................................


THE LYNCHBURG VA CLIMATE NORMALS FOR TOMORROW
                         NORMAL    RECORD    YEAR
 MAXIMUM TEMPERATURE (F)   45        78      1984
 MINIMUM TEMPERATURE (F)   25         4      1917


SUNRISE AND SUNSET
DECEMBER 28 2014......SUNRISE   730 AM EST   SUNSET   507 PM EST
DECEMBER 29 2014......SUNRISE   730 AM EST   SUNSET   508 PM EST


-  INDICATES NEGATIVE NUMBERS.
R  INDICATES RECORD WAS SET OR TIED.
MM INDICATES DATA IS MISSING.
T  INDICATES TRACE AMOUNT.

REMARKS:
DUE TO A SYSTEM FAILURE CAUSING MISSING TEMPERATURES ON
AUGUST 21-24...THE SEASONAL TOTAL AND DEPARTURE FROM NORMAL
FOR CDD WILL BE CALCULATED WITHOUT DATA FROM THOSE DATES.

$$
