000
CDUS44 KLZK 252057
CLILZK


CLIMATE REPORT
NATIONAL WEATHER SERVICE LITTLE ROCK AR
356 PM CDT SAT OCT 25 2014


...................................

...THE NORTH LITTLE ROCK CLIMATE SUMMARY FOR OCTOBER 25 2014...
VALID TODAY AS OF 0300 PM LOCAL TIME.

CLIMATE NORMAL PERIOD 1981 TO 2010
CLIMATE RECORD PERIOD 1975 TO 2014


WEATHER ITEM   OBSERVED TIME   RECORD YEAR NORMAL DEPARTURE LAST
                VALUE   (LST)  VALUE       VALUE  FROM      YEAR
                                                  NORMAL
..................................................................
TEMPERATURE (F)
 TODAY
  MAXIMUM         84        MM  85    2000  70     14       56
  MINIMUM         61        MM  37    2013  51     10       37
                                      1982
                                      1980
  AVERAGE         73                        61     12       47

PRECIPITATION (IN)
  TODAY            0.00          1.68 2006   0.16  -0.16     0.00
  MONTH TO DATE    4.80                      3.81   0.99     2.59
  SINCE SEP 1      5.87                      7.12  -1.25     4.85
  SINCE JAN 1     41.67                     38.64   3.03    39.07

SNOWFALL (IN)
  TODAY            0.0          MM      MM   0.0    0.0      0.0
  MONTH TO DATE    T                         0.0    0.0      0.0
  SINCE SEP 1      T                         0.0    0.0      0.0
  SINCE JUL 1      T                         0.0    0.0      0.0
  SNOW DEPTH       0

DEGREE DAYS
 HEATING
  TODAY            0                         6     -6       18
  MONTH TO DATE   47                        82    -35       96
  SINCE SEP 1     54                        95    -41       96
  SINCE JUL 1     54                        95    -41       96

 COOLING
  TODAY            8                         2      6        0
  MONTH TO DATE   85                        75     10       77
  SINCE SEP 1    402                       372     30      470
  SINCE JAN 1   1917                      2149   -232     2106
..................................................................


WIND (MPH)
  HIGHEST WIND SPEED    MM   HIGHEST WIND DIRECTION    MM
  HIGHEST GUST SPEED    MM   HIGHEST GUST DIRECTION    MM
  AVERAGE WIND SPEED    MM


SKY COVER
  POSSIBLE SUNSHINE  MM
  AVERAGE SKY COVER  MM


WEATHER CONDITIONS
 THE FOLLOWING WEATHER WAS RECORDED TODAY.
  NO SIGNIFICANT WEATHER WAS OBSERVED.


RELATIVE HUMIDITY (PERCENT)
 HIGHEST    MM
 LOWEST     MM
 AVERAGE    MM

..........................................................


THE NORTH LITTLE ROCK CLIMATE NORMALS FOR TOMORROW
                         NORMAL    RECORD    YEAR
 MAXIMUM TEMPERATURE (F)   70        87      1992
 MINIMUM TEMPERATURE (F)   51        38      1994


SUNRISE AND SUNSET
OCTOBER 25 2014.......SUNRISE   723 AM CDT   SUNSET   622 PM CDT
OCTOBER 26 2014.......SUNRISE   724 AM CDT   SUNSET   621 PM CDT


-  INDICATES NEGATIVE NUMBERS.
R  INDICATES RECORD WAS SET OR TIED.
MM INDICATES DATA IS MISSING.
T  INDICATES TRACE AMOUNT.




$$
