680
CDUS44 KLZK 190636
CLILZK


CLIMATE REPORT
NATIONAL WEATHER SERVICE LITTLE ROCK AR
1236 AM CST THU JAN 19 2017


...................................

...THE NORTH LITTLE ROCK CLIMATE SUMMARY FOR JANUARY 18 2017...

CLIMATE NORMAL PERIOD 1981 TO 2010
CLIMATE RECORD PERIOD 1975 TO 2017


WEATHER ITEM   OBSERVED TIME   RECORD YEAR NORMAL DEPARTURE LAST
                VALUE   (LST)  VALUE       VALUE  FROM      YEAR
                                                  NORMAL
..................................................................
TEMPERATURE (F)
 YESTERDAY
  MAXIMUM         48    300 PM  66    2015  49     -1       30
                                      1996
  MINIMUM         42    900 AM   8    1977  33      9       22
  AVERAGE         45                        41      4       26

PRECIPITATION (IN)
  YESTERDAY        0.03          1.44 1995   0.10  -0.07     0.01
  MONTH TO DATE    1.56                      2.03  -0.47     1.67
  SINCE DEC 1      4.73                      7.04  -2.31    11.75
  SINCE JAN 1      1.56                      2.03  -0.47     1.67

SNOWFALL (IN)
  YESTERDAY        0.0           2.7  1977   0.1   -0.1       T
  MONTH TO DATE    0.8                       0.9   -0.1       T
  SINCE DEC 1      0.8                       1.4   -0.6       T
  SINCE JUL 1      0.8                       1.4   -0.6       T
  SNOW DEPTH       0

DEGREE DAYS
 HEATING
  YESTERDAY       20                        24     -4       39
  MONTH TO DATE  386                       432    -46      436
  SINCE DEC 1   1032                      1112    -80      847
  SINCE JUL 1   1326                      1624   -298     1200

 COOLING
  YESTERDAY        0                         0      0        0
  MONTH TO DATE    1                         0      1        0
  SINCE DEC 1      2                         1      1        7
  SINCE JAN 1      1                         0      1        0
..................................................................


WIND (MPH)
  HIGHEST WIND SPEED     8   HIGHEST WIND DIRECTION     E (110)
  HIGHEST GUST SPEED    MM   HIGHEST GUST DIRECTION    MM
  AVERAGE WIND SPEED     4.6


SKY COVER
  POSSIBLE SUNSHINE  MM
  AVERAGE SKY COVER 0.0


WEATHER CONDITIONS
 THE FOLLOWING WEATHER WAS RECORDED YESTERDAY.
  NO SIGNIFICANT WEATHER WAS OBSERVED.


RELATIVE HUMIDITY (PERCENT)
 HIGHEST   100           700 PM
 LOWEST     80           300 PM
 AVERAGE    90

..........................................................


THE NORTH LITTLE ROCK CLIMATE NORMALS FOR TODAY
                         NORMAL    RECORD    YEAR
 MAXIMUM TEMPERATURE (F)   50        72      1999
 MINIMUM TEMPERATURE (F)   33         4      1984


SUNRISE AND SUNSET
JANUARY 19 2017.......SUNRISE   715 AM CST   SUNSET   525 PM CST
JANUARY 20 2017.......SUNRISE   714 AM CST   SUNSET   526 PM CST


-  INDICATES NEGATIVE NUMBERS.
R  INDICATES RECORD WAS SET OR TIED.
MM INDICATES DATA IS MISSING.
T  INDICATES TRACE AMOUNT.




$$
