000
CDUS44 KLZK 220806
CLILZK


CLIMATE REPORT
NATIONAL WEATHER SERVICE LITTLE ROCK AR
305 AM CDT THU JUN 22 2017


...................................

...THE NORTH LITTLE ROCK CLIMATE SUMMARY FOR JUNE 21 2017...

CLIMATE NORMAL PERIOD 1981 TO 2010
CLIMATE RECORD PERIOD 1975 TO 2017


WEATHER ITEM   OBSERVED TIME   RECORD YEAR NORMAL DEPARTURE LAST
                VALUE   (LST)  VALUE       VALUE  FROM      YEAR
                                                  NORMAL
..................................................................
TEMPERATURE (F)
 YESTERDAY
  MAXIMUM         87        MM  99    2010  90     -3       94
  MINIMUM         69        MM  60    1992  71     -2       75
  AVERAGE         78                        80     -2       85

PRECIPITATION (IN)
  YESTERDAY        T             1.42 1979   0.10  -0.10     0.00
  MONTH TO DATE    4.78                      2.36   2.42     1.78
  SINCE JUN 1      4.78                      2.36   2.42     1.78
  SINCE JAN 1     30.77                     23.96   6.81    30.01

SNOWFALL (IN)
  YESTERDAY        0.0          MM      MM   0.0    0.0      0.0
  MONTH TO DATE    0.0                       0.0    0.0      0.0
  SINCE JUN 1      0.0                       0.0    0.0      0.0
  SINCE JUL 1      0.8                       4.4   -3.6      7.2
  SNOW DEPTH       0

DEGREE DAYS
 HEATING
  YESTERDAY        0                         0      0        0
  MONTH TO DATE    0                         0      0        0
  SINCE JUN 1      0                         0      0        0
  SINCE JUL 1   2198                      3005   -807     2321

 COOLING
  YESTERDAY       13                        15     -2       20
  MONTH TO DATE  246                       270    -24      311
  SINCE JUN 1    246                       270    -24      311
  SINCE JAN 1    549                       566    -17      539
..................................................................


WIND (MPH)
  HIGHEST WIND SPEED    13   HIGHEST WIND DIRECTION     E (110)
  HIGHEST GUST SPEED    21   HIGHEST GUST DIRECTION     E (90)
  AVERAGE WIND SPEED     8.2


SKY COVER
  POSSIBLE SUNSHINE  MM
  AVERAGE SKY COVER 0.0


WEATHER CONDITIONS
 THE FOLLOWING WEATHER WAS RECORDED YESTERDAY.
  LIGHT RAIN


RELATIVE HUMIDITY (PERCENT)
 HIGHEST    93           900 PM
 LOWEST     55           100 PM
 AVERAGE    74

..........................................................


THE NORTH LITTLE ROCK CLIMATE NORMALS FOR TODAY
                         NORMAL    RECORD    YEAR
 MAXIMUM TEMPERATURE (F)   90        99      2010
                                             1998
 MINIMUM TEMPERATURE (F)   71        58      1992


SUNRISE AND SUNSET
JUNE 22 2017..........SUNRISE   556 AM CDT   SUNSET   826 PM CDT
JUNE 23 2017..........SUNRISE   556 AM CDT   SUNSET   826 PM CDT


-  INDICATES NEGATIVE NUMBERS.
R  INDICATES RECORD WAS SET OR TIED.
MM INDICATES DATA IS MISSING.
T  INDICATES TRACE AMOUNT.




$$
