000
CDUS44 KLZK 152202
CLILZK


CLIMATE REPORT
NATIONAL WEATHER SERVICE LITTLE ROCK AR
402 PM CST FRI DEC 15 2017


...................................

...THE NORTH LITTLE ROCK CLIMATE SUMMARY FOR DECEMBER 15 2017...
VALID TODAY AS OF 0400 PM LOCAL TIME.

CLIMATE NORMAL PERIOD 1981 TO 2010
CLIMATE RECORD PERIOD 1975 TO 2017


WEATHER ITEM   OBSERVED TIME   RECORD YEAR NORMAL DEPARTURE LAST
                VALUE   (LST)  VALUE       VALUE  FROM      YEAR
                                                  NORMAL
..................................................................
TEMPERATURE (F)
 TODAY
  MAXIMUM         53        MM  70    2006  51      2       37
                                      1984
  MINIMUM         31        MM   9    1989  35     -4       27
  AVERAGE         42                        43     -1       32

PRECIPITATION (IN)
  TODAY            0.00          1.49 1992   0.16  -0.16     0.00
  MONTH TO DATE    0.87                      2.59  -1.72     1.14
  SINCE DEC 1      0.87                      2.59  -1.72     1.14
  SINCE JAN 1     45.52                     47.61  -2.09    50.44

SNOWFALL (IN)
  TODAY            0.0           0.3  2008   0.0    0.0      0.0
  MONTH TO DATE    0.0                       0.1   -0.1       T
  SINCE DEC 1      0.0                       0.1   -0.1       T
  SINCE JUL 1      T                         0.1   -0.1       T
  SNOW DEPTH       0

DEGREE DAYS
 HEATING
  TODAY           23                        22      1       33
  MONTH TO DATE  251                       307    -56      334
  SINCE DEC 1    251                       307    -56      334
  SINCE JUL 1    657                       819   -162      628

 COOLING
  TODAY            0                         0      0        0
  MONTH TO DATE    0                         0      0        0
  SINCE DEC 1      0                         0      0        0
  SINCE JAN 1   2083                      2169    -86     2374
..................................................................


WIND (MPH)
  HIGHEST WIND SPEED     6   HIGHEST WIND DIRECTION     W (250)
  HIGHEST GUST SPEED    MM   HIGHEST GUST DIRECTION    MM
  AVERAGE WIND SPEED     1.8


SKY COVER
  POSSIBLE SUNSHINE  MM
  AVERAGE SKY COVER 0.0


WEATHER CONDITIONS
 THE FOLLOWING WEATHER WAS RECORDED TODAY.
  NO SIGNIFICANT WEATHER WAS OBSERVED.


RELATIVE HUMIDITY (PERCENT)
 HIGHEST    78
 LOWEST     46
 AVERAGE    62

..........................................................


THE NORTH LITTLE ROCK CLIMATE NORMALS FOR TOMORROW
                         NORMAL    RECORD    YEAR
 MAXIMUM TEMPERATURE (F)   51        69      2006
 MINIMUM TEMPERATURE (F)   35         6      1989


SUNRISE AND SUNSET
DECEMBER 15 2017......SUNRISE   709 AM CST   SUNSET   459 PM CST
DECEMBER 16 2017......SUNRISE   710 AM CST   SUNSET   500 PM CST


-  INDICATES NEGATIVE NUMBERS.
R  INDICATES RECORD WAS SET OR TIED.
MM INDICATES DATA IS MISSING.
T  INDICATES TRACE AMOUNT.




$$
