000
CDUS44 KLZK 051017
CLILZK


CLIMATE REPORT
NATIONAL WEATHER SERVICE LITTLE ROCK AR
414 AM CST THU MAR 5 2015


...................................

...THE NORTH LITTLE ROCK CLIMATE SUMMARY FOR MARCH 4 2015...

CLIMATE NORMAL PERIOD 1981 TO 2010
CLIMATE RECORD PERIOD 1975 TO 2015


WEATHER ITEM   OBSERVED TIME   RECORD YEAR NORMAL DEPARTURE LAST
                VALUE   (LST)  VALUE       VALUE  FROM      YEAR
                                                  NORMAL
..................................................................
TEMPERATURE (F)
 YESTERDAY
  MAXIMUM         53        MM  80    1994  60     -7       33
  MINIMUM         22        MM  16    2014  41    -19       16
                                      2002
                                      1978
  AVERAGE         38                        50    -12       25

PRECIPITATION (IN)
  YESTERDAY        2.17R         1.87 1983   0.15   2.02     0.00
  MONTH TO DATE    2.49                      0.58   1.91     2.31
  SINCE MAR 1      2.49                      0.58   1.91     2.31
  SINCE JAN 1      8.67                      7.66   1.01     7.63

SNOWFALL (IN)
  YESTERDAY        2.5 R         1.0  2008   0.0    2.5      0.0
  MONTH TO DATE    2.5                       0.1    2.4      1.5
  SINCE MAR 1      2.5                       0.1    2.4      1.5
  SINCE JUL 1      6.7                       4.1    2.6      5.1
  SNOW DEPTH       0

DEGREE DAYS
 HEATING
  YESTERDAY       27                        15     12       40
  MONTH TO DATE  106                        62     44      124
  SINCE MAR 1    106                        62     44      124
  SINCE JUL 1   2903                      2548    355     2951

 COOLING
  YESTERDAY        0                         0      0        0
  MONTH TO DATE    0                         0      0        0
  SINCE MAR 1      0                         0      0        0
  SINCE JAN 1      0                         2     -2        0
..................................................................


WIND (MPH)
  HIGHEST WIND SPEED    MM   HIGHEST WIND DIRECTION    MM
  HIGHEST GUST SPEED    MM   HIGHEST GUST DIRECTION    MM
  AVERAGE WIND SPEED    MM


SKY COVER
  POSSIBLE SUNSHINE  MM
  AVERAGE SKY COVER  MM


WEATHER CONDITIONS
 THE FOLLOWING WEATHER WAS RECORDED YESTERDAY.
  THUNDERSTORM
  HEAVY RAIN
  RAIN
  LIGHT RAIN
  SNOW
  LIGHT SNOW
  SLEET
  FOG W/VISIBILITY <= 1/4 MILE


RELATIVE HUMIDITY (PERCENT)
 HIGHEST    MM
 LOWEST     MM
 AVERAGE    MM

..........................................................


THE NORTH LITTLE ROCK CLIMATE NORMALS FOR TODAY
                         NORMAL    RECORD    YEAR
 MAXIMUM TEMPERATURE (F)   60        75      2009
 MINIMUM TEMPERATURE (F)   41        21      1978


SUNRISE AND SUNSET
MARCH  5 2015.........SUNRISE   633 AM CST   SUNSET   608 PM CST
MARCH  6 2015.........SUNRISE   632 AM CST   SUNSET   609 PM CST


-  INDICATES NEGATIVE NUMBERS.
R  INDICATES RECORD WAS SET OR TIED.
MM INDICATES DATA IS MISSING.
T  INDICATES TRACE AMOUNT.




$$
