000
CDUS44 KLZK 250637
CLILZK


CLIMATE REPORT
NATIONAL WEATHER SERVICE LITTLE ROCK AR
136 AM CDT THU AUG 25 2016


...................................

...THE NORTH LITTLE ROCK CLIMATE SUMMARY FOR AUGUST 24 2016...

CLIMATE NORMAL PERIOD 1981 TO 2010
CLIMATE RECORD PERIOD 1975 TO 2016


WEATHER ITEM   OBSERVED TIME   RECORD YEAR NORMAL DEPARTURE LAST
                VALUE   (LST)  VALUE       VALUE  FROM      YEAR
                                                  NORMAL
..................................................................
TEMPERATURE (F)
 YESTERDAY
  MAXIMUM         92        MM 100    2003  91      1       82
                                      1983
                                      1978
  MINIMUM         75    600 AM  60    2009  71      4       69
  AVERAGE         84                        81      3       76

PRECIPITATION (IN)
  YESTERDAY        0.00          0.78 2011   0.09  -0.09     0.00
  MONTH TO DATE    7.60                      2.16   5.44     2.72
  SINCE JUN 1     15.95                      9.28   6.67     7.24
  SINCE JAN 1     44.18                     30.88  13.30    38.30

SNOWFALL (IN)
  YESTERDAY        0.0          MM      MM   0.0    0.0      0.0
  MONTH TO DATE    0.0                       0.0    0.0      0.0
  SINCE JUN 1      T                         0.0    0.0      0.0
  SINCE JUL 1      T                         0.0    0.0      0.0
  SNOW DEPTH       0

DEGREE DAYS
 HEATING
  YESTERDAY        0                         0      0        0
  MONTH TO DATE    0                         0      0        0
  SINCE JUN 1      0                         1     -1        0
  SINCE JUL 1      0                         0      0        0

 COOLING
  YESTERDAY       19                        16      3       11
  MONTH TO DATE  375                       421    -46      427
  SINCE JUN 1   1439                      1375     64     1477
  SINCE JAN 1   1667                      1671     -4     1760
..................................................................


WIND (MPH)
  HIGHEST WIND SPEED     8   HIGHEST WIND DIRECTION    SW (220)
  HIGHEST GUST SPEED    MM   HIGHEST GUST DIRECTION    MM
  AVERAGE WIND SPEED     4.1


SKY COVER
  POSSIBLE SUNSHINE  MM
  AVERAGE SKY COVER 0.0


WEATHER CONDITIONS
 THE FOLLOWING WEATHER WAS RECORDED YESTERDAY.
  NO SIGNIFICANT WEATHER WAS OBSERVED.


RELATIVE HUMIDITY (PERCENT)
 HIGHEST    94           600 AM
 LOWEST     60           200 PM
 AVERAGE    77

..........................................................


THE NORTH LITTLE ROCK CLIMATE NORMALS FOR TODAY
                         NORMAL    RECORD    YEAR
 MAXIMUM TEMPERATURE (F)   91       104      2000
 MINIMUM TEMPERATURE (F)   71        62      2009


SUNRISE AND SUNSET
AUGUST 25 2016........SUNRISE   637 AM CDT   SUNSET   744 PM CDT
AUGUST 26 2016........SUNRISE   638 AM CDT   SUNSET   743 PM CDT


-  INDICATES NEGATIVE NUMBERS.
R  INDICATES RECORD WAS SET OR TIED.
MM INDICATES DATA IS MISSING.
T  INDICATES TRACE AMOUNT.




$$
