000
CDUS46 KHNX 250024
CLIMAE


CLIMATE REPORT
NATIONAL WEATHER SERVICE SAN JOAQUIN VALLEY, CA
423 PM PST FRI NOV 24 2017


...................................

...THE MADERA CA CLIMATE SUMMARY FOR NOVEMBER 24 2017...
VALID AS OF 0400 PM LOCAL TIME.

CLIMATE NORMAL PERIOD 1981 TO 2010
CLIMATE RECORD PERIOD 1998 TO 2017


WEATHER ITEM   OBSERVED TIME   RECORD YEAR NORMAL DEPARTURE LAST
                VALUE   (LST)  VALUE       VALUE  FROM      YEAR
                                                  NORMAL
..................................................................
TEMPERATURE (F)
 TODAY
  MAXIMUM         73R   257 PM  69    2005  61     12       62
  MINIMUM         51    602 AM  29    2003  39     12       35
  AVERAGE         62                        50     12       49

PRECIPITATION (IN)
  TODAY            0.00          0.28 2001   0.03  -0.03     0.00
  MONTH TO DATE    0.13                      0.96  -0.83     1.05
  SINCE OCT 1      0.21                      1.84  -1.63     1.67
  SINCE JAN 1     10.40                     10.13   0.27    10.07

SNOWFALL (IN)
  TODAY            0.0
  MONTH TO DATE    0.0
  SINCE SEP 1      0.0
  SINCE JUL 1      0.0
  SNOW DEPTH       0

DEGREE DAYS
 HEATING
  TODAY            3                                        16
  MONTH TO DATE  175                                       158
  SINCE SEP 1    259                                       211
  SINCE JUL 1    259                                       211

 COOLING
  TODAY            0                                         0
  MONTH TO DATE    2                                         5
  SINCE SEP 1    354                                       324
  SINCE JAN 1   2025                                      1819
..................................................................


WIND (MPH)
  HIGHEST WIND SPEED     8   HIGHEST WIND DIRECTION    NW (330)
  HIGHEST GUST SPEED    12   HIGHEST GUST DIRECTION    NW (310)
  AVERAGE WIND SPEED     2.4




RELATIVE HUMIDITY (PERCENT)
 HIGHEST    96
 LOWEST     53
 AVERAGE    75

..........................................................


THE MADERA CA CLIMATE NORMALS FOR TOMORROW
                         NORMAL    RECORD    YEAR
 MAXIMUM TEMPERATURE (F)   60        67      2009
                                             2005
 MINIMUM TEMPERATURE (F)   38        24      2003


SUNRISE AND SUNSET
NOVEMBER 24 2017......SUNRISE   649 AM PST   SUNSET   446 PM PST
NOVEMBER 25 2017......SUNRISE   650 AM PST   SUNSET   445 PM PST


-  INDICATES NEGATIVE NUMBERS.
R  INDICATES RECORD WAS SET OR TIED.
MM INDICATES DATA IS MISSING.
T  INDICATES TRACE AMOUNT.




$$
