000
CDUS46 KHNX 260021
CLIMAE


CLIMATE REPORT
NATIONAL WEATHER SERVICE SAN JOAQUIN VALLEY, CA
421 PM PST SUN JAN 25 2015


...................................

...THE MADERA CA CLIMATE SUMMARY FOR JANUARY 25 2015...
VALID AS OF 0400 PM LOCAL TIME.

CLIMATE NORMAL PERIOD 1981 TO 2010
CLIMATE RECORD PERIOD 1998 TO 2015


WEATHER ITEM   OBSERVED TIME   RECORD YEAR NORMAL DEPARTURE LAST
                VALUE   (LST)  VALUE       VALUE  FROM      YEAR
                                                  NORMAL
..................................................................
TEMPERATURE (F)
 TODAY
  MAXIMUM         50    353 PM  74    2014  56     -6       74
  MINIMUM         41   1028 AM  30    2007  38      3       38
  AVERAGE         46                        47     -1       56

PRECIPITATION (IN)
  TODAY            0.00          0.46 1999   0.04  -0.04     0.00
  MONTH TO DATE    T                         2.17  -2.17     0.00
  SINCE OCT 1      3.68                      5.90  -2.22     0.69
  SINCE JAN 1      T                         2.17  -2.17     0.00

SNOWFALL (IN)
  TODAY            0.0
  MONTH TO DATE    0.0
  SINCE DEC 1      0.0
  SINCE JUL 1      0.0
  SNOW DEPTH       0

DEGREE DAYS
 HEATING
  TODAY           19                                         9
  MONTH TO DATE  404                                       376
  SINCE DEC 1    792                                      1029
  SINCE JUL 1   1108                                      1447

 COOLING
  TODAY            0                                         0
  MONTH TO DATE    0                                         0
  SINCE DEC 1      1                                         0
  SINCE JAN 1      0                                         0
..................................................................


WIND (MPH)
  HIGHEST WIND SPEED     9   HIGHEST WIND DIRECTION    SE (120)
  HIGHEST GUST SPEED    14   HIGHEST GUST DIRECTION    NE (60)
  AVERAGE WIND SPEED     2.9




RELATIVE HUMIDITY (PERCENT)
 HIGHEST   100
 LOWEST     77
 AVERAGE    89

..........................................................


THE MADERA CA CLIMATE NORMALS FOR TOMORROW
                         NORMAL    RECORD    YEAR
 MAXIMUM TEMPERATURE (F)   56        69      2014
 MINIMUM TEMPERATURE (F)   38        31      2007


SUNRISE AND SUNSET
JANUARY 25 2015.......SUNRISE   708 AM PST   SUNSET   518 PM PST
JANUARY 26 2015.......SUNRISE   707 AM PST   SUNSET   519 PM PST


-  INDICATES NEGATIVE NUMBERS.
R  INDICATES RECORD WAS SET OR TIED.
MM INDICATES DATA IS MISSING.
T  INDICATES TRACE AMOUNT.




$$
