000
CDUS46 KHNX 010823
CLIMAE


CLIMATE REPORT
NATIONAL WEATHER SERVICE SAN JOAQUIN VALLEY, CA
122 AM PDT WED OCT 1 2014


...................................

...THE MADERA CA AIRPORT CLIMATE SUMMARY FOR SEPTEMBER 30 2014...

CLIMATE NORMAL PERIOD 1981 TO 2010
CLIMATE RECORD PERIOD 1998 TO 2014


WEATHER ITEM   OBSERVED TIME   RECORD YEAR NORMAL DEPARTURE
                VALUE   (LST)  VALUE       VALUE  FROM
                                                  NORMAL
...............................................................
TEMPERATURE (F)
 YESTERDAY
  MAXIMUM         85    316 PM 100    2010  86     -1
  MINIMUM         54    603 AM  46    2009  53      1
  AVERAGE         70                        69      1

PRECIPITATION (IN)
  YESTERDAY        0.00          0.00   MM   0.01  -0.01
  MONTH TO DATE    0.03                      0.25  -0.22
  SINCE JUL 1      0.03                      0.29  -0.26
  SINCE JAN 1      3.64                      8.29  -4.65

SNOWFALL (IN)
  YESTERDAY        0.0
  MONTH TO DATE    0.0
  SINCE SEP 1      0.0
  SINCE JUL 1      0.0
  SNOW DEPTH       0

DEGREE DAYS
 HEATING
  YESTERDAY        0
  MONTH TO DATE    0
  SINCE SEP 1      0
  SINCE JUL 1      0

 COOLING
  YESTERDAY        5
  MONTH TO DATE  344
  SINCE SEP 1    344
  SINCE JAN 1   2830
...............................................................


WIND (MPH)
  HIGHEST WIND SPEED    14   HIGHEST WIND DIRECTION     N (340)
  HIGHEST GUST SPEED    18   HIGHEST GUST DIRECTION     N (340)
  AVERAGE WIND SPEED     4.7




RELATIVE HUMIDITY (PERCENT)
 HIGHEST    89
 LOWEST     29
 AVERAGE    59

..........................................................


THE MADERA CA AIRPORT CLIMATE NORMALS FOR TODAY
                         NORMAL    RECORD    YEAR
 MAXIMUM TEMPERATURE (F)   85        98      2001
 MINIMUM TEMPERATURE (F)   52        44      2009


SUNRISE AND SUNSET
OCTOBER  1 2014.......SUNRISE   656 AM PDT   SUNSET   644 PM PDT
OCTOBER  2 2014.......SUNRISE   657 AM PDT   SUNSET   642 PM PDT


-  INDICATES NEGATIVE NUMBERS.
R  INDICATES RECORD WAS SET OR TIED.
MM INDICATES DATA IS MISSING.
T  INDICATES TRACE AMOUNT.




$$
