000
CDUS46 KHNX 280028
CLIMAE


CLIMATE REPORT
NATIONAL WEATHER SERVICE SAN JOAQUIN VALLEY, CA
527 PM PDT SAT AUG 27 2016


...................................

...THE MADERA CA CLIMATE SUMMARY FOR AUGUST 27 2016...
VALID AS OF 0400 PM LOCAL TIME.

CLIMATE NORMAL PERIOD 1981 TO 2010
CLIMATE RECORD PERIOD 1998 TO 2016


WEATHER ITEM   OBSERVED TIME   RECORD YEAR NORMAL DEPARTURE LAST
                VALUE   (LST)  VALUE       VALUE  FROM      YEAR
                                                  NORMAL
..................................................................
TEMPERATURE (F)
 TODAY
  MAXIMUM         89    359 PM 104    2015  93     -4      104
  MINIMUM         58    552 AM  52    2012  59     -1       64
  AVERAGE         74                        76     -2       84

PRECIPITATION (IN)
  TODAY            0.00          0.00   MM   0.00   0.00     0.00
  MONTH TO DATE    0.00                      0.01  -0.01     0.01
  SINCE OCT 1     12.96                     11.76   1.20     5.83
  SINCE JAN 1      8.40                      8.03   0.37     2.15

SNOWFALL (IN)
  TODAY            0.0
  MONTH TO DATE    0.0
  SINCE JUN 1      0.0
  SINCE JUL 1      0.0
  SNOW DEPTH       0

DEGREE DAYS
 HEATING
  TODAY            0                                         0
  MONTH TO DATE    0                                         0
  SINCE JUN 1      1                                         0
  SINCE JUL 1      0                                         0

 COOLING
  TODAY            9                                        19
  MONTH TO DATE  392                                       399
  SINCE JUN 1   1253                                      1315
  SINCE JAN 1   1446                                      1496
..................................................................


WIND (MPH)
  HIGHEST WIND SPEED    12   HIGHEST WIND DIRECTION    NW (300)
  HIGHEST GUST SPEED    15   HIGHEST GUST DIRECTION    NW (310)
  AVERAGE WIND SPEED     6.8




RELATIVE HUMIDITY (PERCENT)
 HIGHEST    84
 LOWEST     28
 AVERAGE    56

..........................................................


THE MADERA CA CLIMATE NORMALS FOR TOMORROW
                         NORMAL    RECORD    YEAR
 MAXIMUM TEMPERATURE (F)   93       106      2015
 MINIMUM TEMPERATURE (F)   59        53      2010


SUNRISE AND SUNSET
AUGUST 27 2016........SUNRISE   628 AM PDT   SUNSET   735 PM PDT
AUGUST 28 2016........SUNRISE   629 AM PDT   SUNSET   734 PM PDT


-  INDICATES NEGATIVE NUMBERS.
R  INDICATES RECORD WAS SET OR TIED.
MM INDICATES DATA IS MISSING.
T  INDICATES TRACE AMOUNT.




$$
