000
CDUS46 KHNX 280821
CLIMAE


CLIMATE REPORT
NATIONAL WEATHER SERVICE SAN JOAQUIN VALLEY, CA
120 AM PDT SAT MAR 28 2015


...................................

...THE MADERA CA AIRPORT CLIMATE SUMMARY FOR MARCH 27 2015...

CLIMATE NORMAL PERIOD 1981 TO 2010
CLIMATE RECORD PERIOD 1998 TO 2015


WEATHER ITEM   OBSERVED TIME   RECORD YEAR NORMAL DEPARTURE
                VALUE   (LST)  VALUE       VALUE  FROM
                                                  NORMAL
...............................................................
TEMPERATURE (F)
 YESTERDAY
  MAXIMUM         89R   349 PM  78    2009  68     21
  MINIMUM         51    539 AM  38    2010  43      8
                                      2008
  AVERAGE         70                        55     15

PRECIPITATION (IN)
  YESTERDAY        0.00          0.63 2006   0.04  -0.04
  MONTH TO DATE    0.01                      1.62  -1.61
  SINCE OCT 1      4.26                      9.93  -5.67
  SINCE JAN 1      0.58                      6.20  -5.62

SNOWFALL (IN)
  YESTERDAY        0.0
  MONTH TO DATE    0.0
  SINCE MAR 1      0.0
  SINCE JUL 1      0.0
  SNOW DEPTH       0

DEGREE DAYS
 HEATING
  YESTERDAY        0
  MONTH TO DATE  127
  SINCE MAR 1    127
  SINCE JUL 1   1577

 COOLING
  YESTERDAY        5
  MONTH TO DATE   23
  SINCE MAR 1     23
  SINCE JAN 1     25
...............................................................


WIND (MPH)
  HIGHEST WIND SPEED    22   HIGHEST WIND DIRECTION     E (80)
  HIGHEST GUST SPEED    26   HIGHEST GUST DIRECTION     N (350)
  AVERAGE WIND SPEED     7.4




RELATIVE HUMIDITY (PERCENT)
 HIGHEST    83
 LOWEST     18
 AVERAGE    51

..........................................................


THE MADERA CA AIRPORT CLIMATE NORMALS FOR TODAY
                         NORMAL    RECORD    YEAR
 MAXIMUM TEMPERATURE (F)   68        79      2010
                                             2009
 MINIMUM TEMPERATURE (F)   43        34      1999


SUNRISE AND SUNSET
MARCH 28 2015.........SUNRISE   652 AM PDT   SUNSET   719 PM PDT
MARCH 29 2015.........SUNRISE   651 AM PDT   SUNSET   720 PM PDT


-  INDICATES NEGATIVE NUMBERS.
R  INDICATES RECORD WAS SET OR TIED.
MM INDICATES DATA IS MISSING.
T  INDICATES TRACE AMOUNT.




$$
