000
CDUS46 KHNX 040827
CLIMAE


CLIMATE REPORT
NATIONAL WEATHER SERVICE SAN JOAQUIN VALLEY, CA
1226 AM PST WED MAR 4 2015


...................................

...THE MADERA CA AIRPORT CLIMATE SUMMARY FOR MARCH 3 2015...

CLIMATE NORMAL PERIOD 1981 TO 2010
CLIMATE RECORD PERIOD 1998 TO 2015


WEATHER ITEM   OBSERVED TIME   RECORD YEAR NORMAL DEPARTURE
                VALUE   (LST)  VALUE       VALUE  FROM
                                                  NORMAL
...............................................................
TEMPERATURE (F)
 YESTERDAY
  MAXIMUM         66    310 PM  70    2013  65      1
                                      2012
  MINIMUM         34R   557 AM  34    2006  42     -8
  AVERAGE         50                        53     -3

PRECIPITATION (IN)
  YESTERDAY        0.00          0.76 2006   0.10  -0.10
  MONTH TO DATE    0.01                      0.30  -0.29
  SINCE OCT 1      4.26                      8.61  -4.35
  SINCE JAN 1      0.58                      4.88  -4.30

SNOWFALL (IN)
  YESTERDAY        0.0
  MONTH TO DATE    0.0
  SINCE MAR 1      0.0
  SINCE JUL 1      0.0
  SNOW DEPTH       0

DEGREE DAYS
 HEATING
  YESTERDAY       15
  MONTH TO DATE   43
  SINCE MAR 1     43
  SINCE JUL 1   1493

 COOLING
  YESTERDAY        0
  MONTH TO DATE    0
  SINCE MAR 1      0
  SINCE JAN 1      2
...............................................................


WIND (MPH)
  HIGHEST WIND SPEED    15   HIGHEST WIND DIRECTION    NW (310)
  HIGHEST GUST SPEED    22   HIGHEST GUST DIRECTION    NW (310)
  AVERAGE WIND SPEED     4.6




RELATIVE HUMIDITY (PERCENT)
 HIGHEST    96
 LOWEST     40
 AVERAGE    68

..........................................................


THE MADERA CA AIRPORT CLIMATE NORMALS FOR TODAY
                         NORMAL    RECORD    YEAR
 MAXIMUM TEMPERATURE (F)   65        76      2012
 MINIMUM TEMPERATURE (F)   42        32      2006


SUNRISE AND SUNSET
MARCH  4 2015.........SUNRISE   627 AM PST   SUNSET   557 PM PST
MARCH  5 2015.........SUNRISE   626 AM PST   SUNSET   558 PM PST


-  INDICATES NEGATIVE NUMBERS.
R  INDICATES RECORD WAS SET OR TIED.
MM INDICATES DATA IS MISSING.
T  INDICATES TRACE AMOUNT.




$$
