000
CDUS46 KHNX 180023
CLIMAE


CLIMATE REPORT
NATIONAL WEATHER SERVICE SAN JOAQUIN VALLEY, CA
423 PM PST WED DEC 17 2014


...................................

...THE MADERA CA CLIMATE SUMMARY FOR DECEMBER 17 2014...
VALID AS OF 0400 PM LOCAL TIME.

CLIMATE NORMAL PERIOD 1981 TO 2010
CLIMATE RECORD PERIOD 1998 TO 2014


WEATHER ITEM   OBSERVED TIME   RECORD YEAR NORMAL DEPARTURE LAST
                VALUE   (LST)  VALUE       VALUE  FROM      YEAR
                                                  NORMAL
..................................................................
TEMPERATURE (F)
 TODAY
  MAXIMUM         58    321 PM  63    2012  54      4       61
  MINIMUM         46    706 AM  28    2011  36     10       33
  AVERAGE         52                        45      7       47

PRECIPITATION (IN)
  TODAY            0.18          0.53 2010   0.06   0.12      T
  MONTH TO DATE    2.83                      0.76   2.07     0.27
  SINCE JUL 1      3.66                      3.08   0.58     0.97
  SINCE JAN 1      7.27                     11.08  -3.81     4.49

SNOWFALL (IN)
  TODAY           MM
  MONTH TO DATE    0.0
  SINCE DEC 1      0.0
  SINCE JUL 1      0.0
  SNOW DEPTH       0

DEGREE DAYS
 HEATING
  TODAY           13                                        18
  MONTH TO DATE  149                                       398
  SINCE DEC 1    149                                       398
  SINCE JUL 1    465                                       816

 COOLING
  TODAY            0                                         0
  MONTH TO DATE    1                                         0
  SINCE DEC 1      1                                         0
  SINCE JAN 1   2953                                      1688
..................................................................


WIND (MPH)
  HIGHEST WIND SPEED     7   HIGHEST WIND DIRECTION     W (280)
  HIGHEST GUST SPEED     9   HIGHEST GUST DIRECTION     W (290)
  AVERAGE WIND SPEED     3.0




RELATIVE HUMIDITY (PERCENT)
 HIGHEST    93
 LOWEST     62
 AVERAGE    78

..........................................................


THE MADERA CA CLIMATE NORMALS FOR TOMORROW
                         NORMAL    RECORD    YEAR
 MAXIMUM TEMPERATURE (F)   54        65      2013
 MINIMUM TEMPERATURE (F)   36        28      2011
                                             2006


SUNRISE AND SUNSET
DECEMBER 17 2014......SUNRISE   708 AM PST   SUNSET   446 PM PST
DECEMBER 18 2014......SUNRISE   708 AM PST   SUNSET   446 PM PST


-  INDICATES NEGATIVE NUMBERS.
R  INDICATES RECORD WAS SET OR TIED.
MM INDICATES DATA IS MISSING.
T  INDICATES TRACE AMOUNT.




$$
