000
CDUS46 KHNX 070028
CLIMAE


CLIMATE REPORT
NATIONAL WEATHER SERVICE SAN JOAQUIN VALLEY, CA
426 PM PST SAT FEB 6 2016


...................................

...THE MADERA CA CLIMATE SUMMARY FOR FEBRUARY 6 2016...
VALID TODAY AS OF 0400 PM LOCAL TIME.

CLIMATE NORMAL PERIOD 1981 TO 2010
CLIMATE RECORD PERIOD 1998 TO 2016


WEATHER ITEM   OBSERVED TIME   RECORD YEAR NORMAL DEPARTURE LAST
                VALUE   (LST)  VALUE       VALUE  FROM      YEAR
                                                  NORMAL
..................................................................
TEMPERATURE (F)
 TODAY
  MAXIMUM         63    359 PM  72    2015  59      4       72
  MINIMUM         36    734 AM  29    2002  39     -3       57
  AVERAGE         50                        49      1       65

PRECIPITATION (IN)
  TODAY            0.00          0.77 2014   0.07  -0.07      T
  MONTH TO DATE    T                         0.36  -0.36      T
  SINCE OCT 1      8.19                      6.54   1.65     3.71
  SINCE JAN 1      3.63                      2.81   0.82     0.03

SNOWFALL (IN)
  TODAY            0.0
  MONTH TO DATE    0.0
  SINCE DEC 1      0.0
  SINCE JUL 1      0.0
  SNOW DEPTH       0

DEGREE DAYS
 HEATING
  TODAY           15                                         0
  MONTH TO DATE  110                                        44
  SINCE DEC 1   1138                                       921
  SINCE JUL 1   1549                                      1237

 COOLING
  TODAY            0                                         0
  MONTH TO DATE    0                                         0
  SINCE DEC 1      0                                         1
  SINCE JAN 1      0                                         0
..................................................................


WIND (MPH)
  HIGHEST WIND SPEED     9   HIGHEST WIND DIRECTION    NW (300)
  HIGHEST GUST SPEED    11   HIGHEST GUST DIRECTION     W (270)
  AVERAGE WIND SPEED     2.0




RELATIVE HUMIDITY (PERCENT)
 HIGHEST    93
 LOWEST     56
 AVERAGE    75

..........................................................


THE MADERA CA CLIMATE NORMALS FOR TOMORROW
                         NORMAL    RECORD    YEAR
 MAXIMUM TEMPERATURE (F)   59        72      2000
 MINIMUM TEMPERATURE (F)   39        32      2013


SUNRISE AND SUNSET
FEBRUARY  6 2016......SUNRISE   659 AM PST   SUNSET   531 PM PST
FEBRUARY  7 2016......SUNRISE   658 AM PST   SUNSET   532 PM PST


-  INDICATES NEGATIVE NUMBERS.
R  INDICATES RECORD WAS SET OR TIED.
MM INDICATES DATA IS MISSING.
T  INDICATES TRACE AMOUNT.




$$
