000
CDUS46 KHNX 260823
CLIMAE


CLIMATE REPORT
NATIONAL WEATHER SERVICE SAN JOAQUIN VALLEY, CA
122 AM PDT SUN MAR 26 2017


...................................

...THE MADERA CA AIRPORT CLIMATE SUMMARY FOR MARCH 25 2017...

CLIMATE NORMAL PERIOD 1981 TO 2010
CLIMATE RECORD PERIOD 1998 TO 2017


WEATHER ITEM   OBSERVED TIME   RECORD YEAR NORMAL DEPARTURE
                VALUE   (LST)  VALUE       VALUE  FROM
                                                  NORMAL
...............................................................
TEMPERATURE (F)
 YESTERDAY
  MAXIMUM         65    345 PM  77    2013  68     -3
  MINIMUM         45   1159 PM  35    2002  42      3
  AVERAGE         55                        55      0

PRECIPITATION (IN)
  YESTERDAY        0.22          0.40 2006   0.04   0.18
  MONTH TO DATE    0.60                      1.53  -0.93
  SINCE OCT 1     13.69                      9.84   3.85
  SINCE JAN 1      9.62                      6.11   3.51

SNOWFALL (IN)
  YESTERDAY        0.0
  MONTH TO DATE    0.0
  SINCE MAR 1      0.0
  SINCE JUL 1      0.0
  SNOW DEPTH       0

DEGREE DAYS
 HEATING
  YESTERDAY       10
  MONTH TO DATE  196
  SINCE MAR 1    196
  SINCE JUL 1   1875

 COOLING
  YESTERDAY        0
  MONTH TO DATE    6
  SINCE MAR 1      6
  SINCE JAN 1      6
...............................................................


WIND (MPH)
  HIGHEST WIND SPEED    13   HIGHEST WIND DIRECTION     W (290)
  HIGHEST GUST SPEED    15   HIGHEST GUST DIRECTION     W (280)
  AVERAGE WIND SPEED     5.0




RELATIVE HUMIDITY (PERCENT)
 HIGHEST   100
 LOWEST     60
 AVERAGE    80

..........................................................


THE MADERA CA AIRPORT CLIMATE NORMALS FOR TODAY
                         NORMAL    RECORD    YEAR
 MAXIMUM TEMPERATURE (F)   68        87      2015
 MINIMUM TEMPERATURE (F)   42        37      2006


SUNRISE AND SUNSET
MARCH 26 2017.........SUNRISE   655 AM PDT   SUNSET   718 PM PDT
MARCH 27 2017.........SUNRISE   653 AM PDT   SUNSET   719 PM PDT


-  INDICATES NEGATIVE NUMBERS.
R  INDICATES RECORD WAS SET OR TIED.
MM INDICATES DATA IS MISSING.
T  INDICATES TRACE AMOUNT.




$$
