000
CDUS44 KMAF 310732
CLIMAF


CLIMATE REPORT
NATIONAL WEATHER SERVICE MIDLAND TX
231 AM CDT WED AUG 31 2016


...................................

...THE MIDLAND CLIMATE SUMMARY FOR AUGUST 30 2016...

CLIMATE NORMAL PERIOD 1981 TO 2010
CLIMATE RECORD PERIOD 1930 TO 2016


WEATHER ITEM   OBSERVED TIME   RECORD YEAR NORMAL DEPARTURE LAST
                VALUE   (LST)  VALUE       VALUE  FROM      YEAR
                                                  NORMAL
..................................................................
TEMPERATURE (F)
 YESTERDAY
  MAXIMUM         84    429 PM 106    2011  92     -8       91
  MINIMUM         69    548 AM  60    2012  67      2       62
  AVERAGE         77                        79     -2       77

PRECIPITATION (IN)
  YESTERDAY        0.06          2.26 2001   0.07  -0.01     0.00
  MONTH TO DATE    3.15                      1.78   1.37     1.01
  SINCE JUN 1      6.55                      5.40   1.15     5.02
  SINCE JAN 1     10.29                      9.66   0.63    14.01

DEGREE DAYS
 COOLING
  YESTERDAY       12                        14     -2       12
  MONTH TO DATE  526                       487     39      602
  SINCE JUN 1   1738                      1480    258     1671
  SINCE JAN 1   2218                      1869    349     2029
..................................................................


WIND (MPH)
  HIGHEST WIND SPEED    18   HIGHEST WIND DIRECTION     E (100)
  HIGHEST GUST SPEED    20   HIGHEST GUST DIRECTION     E (110)
  AVERAGE WIND SPEED     8.4


SKY COVER
  POSSIBLE SUNSHINE  MM
  AVERAGE SKY COVER 0.6


WEATHER CONDITIONS
 THE FOLLOWING WEATHER WAS RECORDED YESTERDAY.
  LIGHT RAIN


RELATIVE HUMIDITY (PERCENT)
 HIGHEST    90          1200 AM
 LOWEST     51           500 PM
 AVERAGE    71

..........................................................


THE MIDLAND CLIMATE NORMALS FOR TODAY
                         NORMAL    RECORD    YEAR
 MAXIMUM TEMPERATURE (F)   91       104      1952
 MINIMUM TEMPERATURE (F)   67        56      1944


SUNRISE AND SUNSET
AUGUST 31 2016........SUNRISE   724 AM CDT   SUNSET   813 PM CDT
SEPTEMBER  1 2016.....SUNRISE   724 AM CDT   SUNSET   812 PM CDT


-  INDICATES NEGATIVE NUMBERS.
R  INDICATES RECORD WAS SET OR TIED.
MM INDICATES DATA IS MISSING.
T  INDICATES TRACE AMOUNT.




$$
