000
CDUS44 KMAF 222112
CLIMAF


CLIMATE REPORT
NATIONAL WEATHER SERVICE MIDLAND TX
411 PM CDT SAT JUL 22 2017


...................................

...THE MIDLAND CLIMATE SUMMARY FOR JULY 22 2017...
VALID TODAY AS OF 0400 PM LOCAL TIME.

CLIMATE NORMAL PERIOD 1981 TO 2010
CLIMATE RECORD PERIOD 1930 TO 2017


WEATHER ITEM   OBSERVED TIME   RECORD YEAR NORMAL DEPARTURE LAST
                VALUE   (LST)  VALUE       VALUE  FROM      YEAR
                                                  NORMAL
..................................................................
TEMPERATURE (F)
 TODAY
  MAXIMUM         99    308 PM 103    2001  95      4      100
                                      1981
  MINIMUM         76    545 AM  58    1988  70      6       72
  AVERAGE         88                        82      6       86

PRECIPITATION (IN)
  TODAY            0.00          1.89 1961   0.06  -0.06     0.00
  MONTH TO DATE    0.46                      1.31  -0.85     0.02
  SINCE JUN 1      3.51                      3.11   0.40     3.18
  SINCE JAN 1      9.20                      7.37   1.83     6.92

DEGREE DAYS
 COOLING
  TODAY           23                        17      6       21
  MONTH TO DATE  422                       374     48      530
  SINCE JUN 1   1000                       835    165     1016
  SINCE JAN 1   1561                      1224    337     1496
..................................................................


WIND (MPH)
  HIGHEST WIND SPEED    13   HIGHEST WIND DIRECTION     S (170)
  HIGHEST GUST SPEED    21   HIGHEST GUST DIRECTION     S (190)
  AVERAGE WIND SPEED     6.5


SKY COVER
  POSSIBLE SUNSHINE  MM
  AVERAGE SKY COVER 0.0


WEATHER CONDITIONS
 THE FOLLOWING WEATHER WAS RECORDED TODAY.
  NO SIGNIFICANT WEATHER WAS OBSERVED.


RELATIVE HUMIDITY (PERCENT)
 HIGHEST    54           200 AM
 LOWEST     27           300 PM
 AVERAGE    41

..........................................................


THE MIDLAND CLIMATE NORMALS FOR TOMORROW
                         NORMAL    RECORD    YEAR
 MAXIMUM TEMPERATURE (F)   95       105      1995
 MINIMUM TEMPERATURE (F)   70        53      1978


SUNRISE AND SUNSET
JULY 22 2017..........SUNRISE   658 AM CDT   SUNSET   852 PM CDT
JULY 23 2017..........SUNRISE   659 AM CDT   SUNSET   852 PM CDT


-  INDICATES NEGATIVE NUMBERS.
R  INDICATES RECORD WAS SET OR TIED.
MM INDICATES DATA IS MISSING.
T  INDICATES TRACE AMOUNT.




$$
