000
CDUS44 KMAF 292114
CLIMAF


CLIMATE REPORT
NATIONAL WEATHER SERVICE MIDLAND TX
414 PM CDT WED MAR 29 2017


...................................

...THE MIDLAND CLIMATE SUMMARY FOR MARCH 29 2017...
VALID TODAY AS OF 0400 PM LOCAL TIME.

CLIMATE NORMAL PERIOD 1981 TO 2010
CLIMATE RECORD PERIOD 1930 TO 2017


WEATHER ITEM   OBSERVED TIME   RECORD YEAR NORMAL DEPARTURE LAST
                VALUE   (LST)  VALUE       VALUE  FROM      YEAR
                                                  NORMAL
..................................................................
TEMPERATURE (F)
 TODAY
  MAXIMUM         63    133 PM  95    1963  74    -11       87
  MINIMUM         48    713 AM  18    1944  44      4       57
  AVERAGE         56                        59     -3       72

PRECIPITATION (IN)
  TODAY            0.00          0.49 2002   0.02  -0.02     0.00
  MONTH TO DATE    0.48                      0.56  -0.08     0.34
  SINCE MAR 1      0.48                      0.56  -0.08     0.34
  SINCE JAN 1      2.32                      1.83   0.49     0.82

SNOWFALL (IN)
  TODAY            0.0
  MONTH TO DATE    0.0
  SINCE MAR 1      0.0
  SINCE JUL 1      0.3
  SNOW DEPTH       0

DEGREE DAYS
 HEATING
  TODAY            9                         7      2        0
  MONTH TO DATE  113                       294   -181      156
  SINCE MAR 1    113                       294   -181      156
  SINCE JUL 1   1613                      2531   -918     1986

 COOLING
  TODAY            0                         1     -1        7
  MONTH TO DATE  100                        12     88       27
  SINCE MAR 1    100                        12     88       27
  SINCE JAN 1    117                        14    103       42
..................................................................


WIND (MPH)
  HIGHEST WIND SPEED    30   HIGHEST WIND DIRECTION    NW (320)
  HIGHEST GUST SPEED    36   HIGHEST GUST DIRECTION     N (340)
  AVERAGE WIND SPEED    16.5


SKY COVER
  POSSIBLE SUNSHINE  MM
  AVERAGE SKY COVER 0.2


WEATHER CONDITIONS
 THE FOLLOWING WEATHER WAS RECORDED TODAY.
  NO SIGNIFICANT WEATHER WAS OBSERVED.


RELATIVE HUMIDITY (PERCENT)
 HIGHEST    66           600 AM
 LOWEST     42           100 PM
 AVERAGE    54

..........................................................


THE MIDLAND CLIMATE NORMALS FOR TOMORROW
                         NORMAL    RECORD    YEAR
 MAXIMUM TEMPERATURE (F)   74        94      1946
 MINIMUM TEMPERATURE (F)   44        17      1987


SUNRISE AND SUNSET
MARCH 29 2017.........SUNRISE   741 AM CDT   SUNSET   807 PM CDT
MARCH 30 2017.........SUNRISE   739 AM CDT   SUNSET   807 PM CDT


-  INDICATES NEGATIVE NUMBERS.
R  INDICATES RECORD WAS SET OR TIED.
MM INDICATES DATA IS MISSING.
T  INDICATES TRACE AMOUNT.




$$
