000
CDUS44 KMAF 200832
CLIMAF


CLIMATE REPORT
NATIONAL WEATHER SERVICE MIDLAND/ODESSA TX
231 AM CST SAT DEC 20 2014


...................................

...THE MIDLAND CLIMATE SUMMARY FOR DECEMBER 19 2014...

CLIMATE NORMAL PERIOD 1981 TO 2010
CLIMATE RECORD PERIOD 1930 TO 2014


WEATHER ITEM   OBSERVED TIME   RECORD YEAR NORMAL DEPARTURE LAST
                VALUE   (LST)  VALUE       VALUE  FROM      YEAR
                                                  NORMAL
..................................................................
TEMPERATURE (F)
 YESTERDAY
  MAXIMUM         54    430 PM  78    1978  57     -3       75
  MINIMUM         37   1159 PM  10    1996  30      7       44
  AVERAGE         46                        44      2       60

PRECIPITATION (IN)
  YESTERDAY        0.00          0.39 1991   0.02  -0.02     0.00
  MONTH TO DATE    0.01                      0.38  -0.37     0.31
  SINCE DEC 1      0.01                      0.38  -0.37     0.31
  SINCE JAN 1      7.46                     14.38  -6.92     7.38

SNOWFALL (IN)
  YESTERDAY        0.0
  MONTH TO DATE    0.0
  SINCE DEC 1      0.0
  SINCE JUL 1      T
  SNOW DEPTH       0

DEGREE DAYS
 HEATING
  YESTERDAY       19                        21     -2        5
  MONTH TO DATE  224                       378   -154      400
  SINCE DEC 1    224                       378   -154      400
  SINCE JUL 1    672                       857   -185      897
..................................................................


WIND (MPH)
  HIGHEST WIND SPEED    16   HIGHEST WIND DIRECTION    NE (40)
  HIGHEST GUST SPEED    19   HIGHEST GUST DIRECTION    NE (40)
  AVERAGE WIND SPEED     6.0


SKY COVER
  POSSIBLE SUNSHINE  MM
  AVERAGE SKY COVER 0.5


WEATHER CONDITIONS
 THE FOLLOWING WEATHER WAS RECORDED YESTERDAY.
  FOG
  HAZE


RELATIVE HUMIDITY (PERCENT)
 HIGHEST   100           800 AM
 LOWEST     59           400 PM
 AVERAGE    80

..........................................................


THE MIDLAND CLIMATE NORMALS FOR TODAY
                         NORMAL    RECORD    YEAR
 MAXIMUM TEMPERATURE (F)   57        79      2010
 MINIMUM TEMPERATURE (F)   30        11      1973


SUNRISE AND SUNSET
DECEMBER 20 2014......SUNRISE   745 AM CST   SUNSET   548 PM CST
DECEMBER 21 2014......SUNRISE   745 AM CST   SUNSET   549 PM CST


-  INDICATES NEGATIVE NUMBERS.
R  INDICATES RECORD WAS SET OR TIED.
MM INDICATES DATA IS MISSING.
T  INDICATES TRACE AMOUNT.




$$
