000
CDUS44 KMAF 190831
CLIMAF


CLIMATE REPORT
NATIONAL WEATHER SERVICE MIDLAND TX
230 AM CST SUN FEB 19 2017


...................................

...THE MIDLAND CLIMATE SUMMARY FOR FEBRUARY 18 2017...

CLIMATE NORMAL PERIOD 1981 TO 2010
CLIMATE RECORD PERIOD 1930 TO 2017


WEATHER ITEM   OBSERVED TIME   RECORD YEAR NORMAL DEPARTURE LAST
                VALUE   (LST)  VALUE       VALUE  FROM      YEAR
                                                  NORMAL
..................................................................
TEMPERATURE (F)
 YESTERDAY
  MAXIMUM         76    347 PM  87    1996  63     13       83
  MINIMUM         50    407 AM  12    1942  35     15       54
                                      1936
  AVERAGE         63                        49     14       69

PRECIPITATION (IN)
  YESTERDAY        0.00          0.38 1988   0.03  -0.03     0.00
  MONTH TO DATE    0.62                      0.47   0.15     0.00
  SINCE DEC 1      2.15                      1.63   0.52     1.42
  SINCE JAN 1      1.74                      1.03   0.71     0.18

SNOWFALL (IN)
  YESTERDAY        0.0
  MONTH TO DATE    0.0
  SINCE DEC 1      0.3
  SINCE JUL 1      0.3
  SNOW DEPTH       0

DEGREE DAYS
 HEATING
  YESTERDAY        2                        16    -14        0
  MONTH TO DATE  184                       319   -135      256
  SINCE DEC 1   1243                      1612   -369     1369
  SINCE JUL 1   1454                      2091   -637     1721
..................................................................


WIND (MPH)
  HIGHEST WIND SPEED    16   HIGHEST WIND DIRECTION    SW (240)
  HIGHEST GUST SPEED    20   HIGHEST GUST DIRECTION    SW (240)
  AVERAGE WIND SPEED     8.4


SKY COVER
  POSSIBLE SUNSHINE  MM
  AVERAGE SKY COVER 0.0


WEATHER CONDITIONS
 THE FOLLOWING WEATHER WAS RECORDED YESTERDAY.
  NO SIGNIFICANT WEATHER WAS OBSERVED.


RELATIVE HUMIDITY (PERCENT)
 HIGHEST    50           700 AM
 LOWEST     21           300 PM
 AVERAGE    36

..........................................................


THE MIDLAND CLIMATE NORMALS FOR TODAY
                         NORMAL    RECORD    YEAR
 MAXIMUM TEMPERATURE (F)   63        90      1986
 MINIMUM TEMPERATURE (F)   35        19      1936


SUNRISE AND SUNSET
FEBRUARY 19 2017......SUNRISE   727 AM CST   SUNSET   639 PM CST
FEBRUARY 20 2017......SUNRISE   726 AM CST   SUNSET   640 PM CST


-  INDICATES NEGATIVE NUMBERS.
R  INDICATES RECORD WAS SET OR TIED.
MM INDICATES DATA IS MISSING.
T  INDICATES TRACE AMOUNT.




$$
