000
CDUS44 KMAF 230913
CLIMAF


CLIMATE REPORT
NATIONAL WEATHER SERVICE MIDLAND TX
313 AM CST THU NOV 23 2017


...................................

...THE MIDLAND CLIMATE SUMMARY FOR NOVEMBER 22 2017...

CLIMATE NORMAL PERIOD 1981 TO 2010
CLIMATE RECORD PERIOD 1930 TO 2017


WEATHER ITEM   OBSERVED TIME   RECORD YEAR NORMAL DEPARTURE LAST
                VALUE   (LST)  VALUE       VALUE  FROM      YEAR
                                                  NORMAL
..................................................................
TEMPERATURE (F)
 YESTERDAY
  MAXIMUM         61    317 PM  81    2003  64     -3       75
                                      1966
  MINIMUM         33    719 AM  22    1988  36     -3       47
  AVERAGE         47                        50     -3       61

PRECIPITATION (IN)
  YESTERDAY        0.00          0.50 1983   0.02  -0.02     0.00
  MONTH TO DATE    0.40                      0.52  -0.12     1.74
  SINCE SEP 1      4.60                      4.11   0.49     4.16
  SINCE JAN 1     17.34                     13.83   3.51    14.50

SNOWFALL (IN)
  YESTERDAY        0.0
  MONTH TO DATE    0.0
  SINCE SEP 1      0.0
  SINCE JUL 1      0.0
  SNOW DEPTH       0

DEGREE DAYS
 HEATING
  YESTERDAY       18                        15      3        4
  MONTH TO DATE  153                       238    -85      109
  SINCE SEP 1    263                       347    -84      120
  SINCE JUL 1    263                       347    -84      120
..................................................................


WIND (MPH)
  HIGHEST WIND SPEED    20   HIGHEST WIND DIRECTION    NE (40)
  HIGHEST GUST SPEED    24   HIGHEST GUST DIRECTION    NE (30)
  AVERAGE WIND SPEED     4.3


SKY COVER
  POSSIBLE SUNSHINE  MM
  AVERAGE SKY COVER 0.0


WEATHER CONDITIONS
 THE FOLLOWING WEATHER WAS RECORDED YESTERDAY.
  NO SIGNIFICANT WEATHER WAS OBSERVED.


RELATIVE HUMIDITY (PERCENT)
 HIGHEST    70           700 AM
 LOWEST     23           300 PM
 AVERAGE    47

..........................................................


THE MIDLAND CLIMATE NORMALS FOR TODAY
                         NORMAL    RECORD    YEAR
 MAXIMUM TEMPERATURE (F)   64        84      1965
 MINIMUM TEMPERATURE (F)   36        17      1938


SUNRISE AND SUNSET
NOVEMBER 23 2017......SUNRISE   725 AM CST   SUNSET   546 PM CST
NOVEMBER 24 2017......SUNRISE   725 AM CST   SUNSET   545 PM CST


-  INDICATES NEGATIVE NUMBERS.
R  INDICATES RECORD WAS SET OR TIED.
MM INDICATES DATA IS MISSING.
T  INDICATES TRACE AMOUNT.




$$
