000
CDUS44 KMAF 210754
CLIMAF


CLIMATE REPORT
NATIONAL WEATHER SERVICE MIDLAND/ODESSA TX
253 AM CDT SUN SEP 21 2014


...................................

...THE MIDLAND CLIMATE SUMMARY FOR SEPTEMBER 20 2014...

CLIMATE NORMAL PERIOD 1981 TO 2010
CLIMATE RECORD PERIOD 1930 TO 2014


WEATHER ITEM   OBSERVED TIME   RECORD YEAR NORMAL DEPARTURE LAST
                VALUE   (LST)  VALUE       VALUE  FROM      YEAR
                                                  NORMAL
..................................................................
TEMPERATURE (F)
 YESTERDAY
  MAXIMUM         82    502 PM 107    1953  86     -4       72
  MINIMUM         70    651 AM  42    1971  61      9       62
  AVERAGE         76                        73      3       67

PRECIPITATION (IN)
  YESTERDAY        0.11          0.38 1965   0.05   0.06     0.17
  MONTH TO DATE    1.59                      1.28   0.31     0.27
  SINCE SEP 1      1.59                      1.28   0.31     0.27
  SINCE JAN 1      6.33                     11.00  -4.67     4.84

DEGREE DAYS
 HEATING
  YESTERDAY        0                         0      0        0
  MONTH TO DATE   14                         0     14        0
  SINCE SEP 1     14                         0     14        0
  SINCE JUL 1     14                         0     14        0

 COOLING
  YESTERDAY       11                         9      2        2
  MONTH TO DATE  235                       224     11      295
  SINCE SEP 1    235                       224     11      295
  SINCE JAN 1   2432                      2108    324     2470
..................................................................


WIND (MPH)
  HIGHEST WIND SPEED    18   HIGHEST WIND DIRECTION     E (100)
  HIGHEST GUST SPEED    21   HIGHEST GUST DIRECTION     E (100)
  AVERAGE WIND SPEED     9.0


SKY COVER
  POSSIBLE SUNSHINE  MM
  AVERAGE SKY COVER 0.9


WEATHER CONDITIONS
 THE FOLLOWING WEATHER WAS RECORDED YESTERDAY.
  THUNDERSTORM
  LIGHT RAIN
  FOG
  HAZE


RELATIVE HUMIDITY (PERCENT)
 HIGHEST    93          1200 AM
 LOWEST     69           300 PM
 AVERAGE    81

..........................................................


THE MIDLAND CLIMATE NORMALS FOR TODAY
                         NORMAL    RECORD    YEAR
 MAXIMUM TEMPERATURE (F)   85       100      1998
                                             1977
 MINIMUM TEMPERATURE (F)   60        40      1983


SUNRISE AND SUNSET
SEPTEMBER 21 2014.....SUNRISE   736 AM CDT   SUNSET   747 PM CDT
SEPTEMBER 22 2014.....SUNRISE   737 AM CDT   SUNSET   745 PM CDT


-  INDICATES NEGATIVE NUMBERS.
R  INDICATES RECORD WAS SET OR TIED.
MM INDICATES DATA IS MISSING.
T  INDICATES TRACE AMOUNT.




$$
