000
CDUS44 KMAF 120731
CLIMAF


CLIMATE REPORT
NATIONAL WEATHER SERVICE MIDLAND/ODESSA TX
230 AM CDT SAT JUL 12 2014


...................................

...THE MIDLAND CLIMATE SUMMARY FOR JULY 11 2014...

CLIMATE NORMAL PERIOD 1981 TO 2010
CLIMATE RECORD PERIOD 1930 TO 2014


WEATHER ITEM   OBSERVED TIME   RECORD YEAR NORMAL DEPARTURE LAST
                VALUE   (LST)  VALUE       VALUE  FROM      YEAR
                                                  NORMAL
..................................................................
TEMPERATURE (F)
 YESTERDAY
  MAXIMUM         87    243 PM 106    1998  95     -8       97
                                      1964
  MINIMUM         68    623 AM  62    1947  70     -2       74
  AVERAGE         78                        82     -4       86

PRECIPITATION (IN)
  YESTERDAY        0.00          2.25 1982   0.06  -0.06     0.00
  MONTH TO DATE    T                         0.65  -0.65     0.12
  SINCE JUN 1      0.48                      2.45  -1.97     0.97
  SINCE JAN 1      3.64                      6.71  -3.07     2.53

DEGREE DAYS
 COOLING
  YESTERDAY       13                        17     -4       21
  MONTH TO DATE  190                       187      3      183
  SINCE JUN 1    738                       648     90      747
  SINCE JAN 1   1214                      1037    177     1235
..................................................................


WIND (MPH)
  HIGHEST WIND SPEED    29   HIGHEST WIND DIRECTION     S (160)
  HIGHEST GUST SPEED    34   HIGHEST GUST DIRECTION    SE (150)
  AVERAGE WIND SPEED    15.6


SKY COVER
  POSSIBLE SUNSHINE  MM
  AVERAGE SKY COVER 0.3


WEATHER CONDITIONS
 THE FOLLOWING WEATHER WAS RECORDED YESTERDAY.
  NO SIGNIFICANT WEATHER WAS OBSERVED.


RELATIVE HUMIDITY (PERCENT)
 HIGHEST    76           600 AM
 LOWEST     44          1200 PM
 AVERAGE    60

..........................................................


THE MIDLAND CLIMATE NORMALS FOR TODAY
                         NORMAL    RECORD    YEAR
 MAXIMUM TEMPERATURE (F)   95       109      1998
 MINIMUM TEMPERATURE (F)   70        55      1936


SUNRISE AND SUNSET
JULY 12 2014..........SUNRISE   652 AM CDT   SUNSET   857 PM CDT
JULY 13 2014..........SUNRISE   652 AM CDT   SUNSET   856 PM CDT


-  INDICATES NEGATIVE NUMBERS.
R  INDICATES RECORD WAS SET OR TIED.
MM INDICATES DATA IS MISSING.
T  INDICATES TRACE AMOUNT.




$$
