000
CDUS42 KTAE 200635
CLIMAI


CLIMATE REPORT
NATIONAL WEATHER SERVICE TALLAHASSEE FL
235 AM EDT SAT SEP 20 2014


...................................

...THE MARIANNA CLIMATE SUMMARY FOR SEPTEMBER 19 2014...

CLIMATE NORMAL PERIOD 1981 TO 2010
CLIMATE RECORD PERIOD 1950 TO 2014


WEATHER ITEM   OBSERVED NORMAL DEPARTURE LAST
                VALUE   VALUE  FROM      YEAR
                               NORMAL
...............................................
TEMPERATURE (F)
 YESTERDAY
  MAXIMUM         87     88     -1       91
  MINIMUM         69     67      2       66
  AVERAGE         78     77      1       79

PRECIPITATION (IN)
  YESTERDAY        0.03   0.11  -0.08     0.00
  MONTH TO DATE    4.49   2.44   2.05     0.57
  SINCE SEP 1      4.49   2.44   2.05     0.57
  SINCE JAN 1     47.43  40.77   6.66    51.25

DEGREE DAYS
 HEATING
  YESTERDAY        0             0
  MONTH TO DATE    0             0
  SINCE SEP 1      0             0
  SINCE JUL 1      0             0

 COOLING
  YESTERDAY       13             1
  MONTH TO DATE  320            49
  SINCE SEP 1    320            49
  SINCE JAN 1   2351           115
...............................................


WIND (MPH)
  HIGHEST WIND SPEED    12   HIGHEST WIND DIRECTION    SE (150)
  HIGHEST GUST SPEED    17   HIGHEST GUST DIRECTION     S (170)
  AVERAGE WIND SPEED     5.9




RELATIVE HUMIDITY (PERCENT)
 HIGHEST   100
 LOWEST     65
 AVERAGE    83

..........................................................




SUNRISE AND SUNSET
SEPTEMBER 20 2014.....SUNRISE   628 AM CDT   SUNSET   640 PM CDT
SEPTEMBER 21 2014.....SUNRISE   628 AM CDT   SUNSET   639 PM CDT


-  INDICATES NEGATIVE NUMBERS.
R  INDICATES RECORD WAS SET OR TIED.
MM INDICATES DATA IS MISSING.
T  INDICATES TRACE AMOUNT.




$$
