000
CDUS42 KTAE 250653
CLIMAI


CLIMATE REPORT
NATIONAL WEATHER SERVICE TALLAHASSEE FL
252 AM EDT MON MAY 25 2015


...................................

...THE MARIANNA CLIMATE SUMMARY FOR MAY 24 2015...

CLIMATE NORMAL PERIOD 1981 TO 2010
CLIMATE RECORD PERIOD 1950 TO 2015


WEATHER ITEM   OBSERVED NORMAL DEPARTURE LAST
                VALUE   VALUE  FROM      YEAR
                               NORMAL
...............................................
TEMPERATURE (F)
 YESTERDAY
  MAXIMUM         90     88      2       95
  MINIMUM         72     66      6       69
  AVERAGE         81     77      4       82

PRECIPITATION (IN)
  YESTERDAY        0.00   0.11  -0.11     0.00
  MONTH TO DATE    0.79   2.05  -1.26     0.60
  SINCE MAR 1     14.28  11.30   2.98    22.21
  SINCE JAN 1     21.46  21.28   0.18    29.54

DEGREE DAYS
 HEATING
  YESTERDAY        0             0
  MONTH TO DATE    0             0
  SINCE MAR 1    107          -134
  SINCE JUL 1   1685            39

 COOLING
  YESTERDAY       16             4
  MONTH TO DATE  275            53
  SINCE MAR 1    579           214
  SINCE JAN 1    585           205
...............................................


WIND (MPH)
  HIGHEST WIND SPEED    14   HIGHEST WIND DIRECTION     E (100)
  HIGHEST GUST SPEED    21   HIGHEST GUST DIRECTION     E (100)
  AVERAGE WIND SPEED     8.2




RELATIVE HUMIDITY (PERCENT)
 HIGHEST    93
 LOWEST     47
 AVERAGE    70

..........................................................




SUNRISE AND SUNSET
MAY 25 2015...........SUNRISE   541 AM CDT   SUNSET   735 PM CDT
MAY 26 2015...........SUNRISE   540 AM CDT   SUNSET   736 PM CDT


-  INDICATES NEGATIVE NUMBERS.
R  INDICATES RECORD WAS SET OR TIED.
MM INDICATES DATA IS MISSING.
T  INDICATES TRACE AMOUNT.




$$
