227
CDUS42 KTAE 290635
CLIMAI


CLIMATE REPORT
NATIONAL WEATHER SERVICE TALLAHASSEE FL
234 AM EDT SUN MAY 29 2016


...................................

...THE MARIANNA CLIMATE SUMMARY FOR MAY 28 2016...

CLIMATE NORMAL PERIOD 1981 TO 2010
CLIMATE RECORD PERIOD 1950 TO 2016


WEATHER ITEM   OBSERVED NORMAL DEPARTURE LAST
                VALUE   VALUE  FROM      YEAR
                               NORMAL
...............................................
TEMPERATURE (F)
 YESTERDAY
  MAXIMUM         91     89      2       87
  MINIMUM         69     67      2       69
  AVERAGE         80     78      2       78

PRECIPITATION (IN)
  YESTERDAY        0.00   0.14  -0.14      T
  MONTH TO DATE    1.73   2.58  -0.85     4.86
  SINCE MAR 1     13.70  11.83   1.87    18.35
  SINCE JAN 1     22.14  21.81   0.33    25.53

DEGREE DAYS
 HEATING
  YESTERDAY        0             0
  MONTH TO DATE    3             3
  SINCE MAR 1    124          -117
  SINCE JUL 1   1160          -486

 COOLING
  YESTERDAY       15             2
  MONTH TO DATE  254           -18
  SINCE MAR 1    444            29
  SINCE JAN 1    450            20
...............................................


WIND (MPH)
  HIGHEST WIND SPEED    14   HIGHEST WIND DIRECTION     E (80)
  HIGHEST GUST SPEED    16   HIGHEST GUST DIRECTION     W (290)
  AVERAGE WIND SPEED     5.3




RELATIVE HUMIDITY (PERCENT)
 HIGHEST    90
 LOWEST     38
 AVERAGE    64

..........................................................




SUNRISE AND SUNSET
MAY 29 2016...........SUNRISE   539 AM CDT   SUNSET   738 PM CDT
MAY 30 2016...........SUNRISE   539 AM CDT   SUNSET   738 PM CDT


-  INDICATES NEGATIVE NUMBERS.
R  INDICATES RECORD WAS SET OR TIED.
MM INDICATES DATA IS MISSING.
T  INDICATES TRACE AMOUNT.




$$
