000
CDUS42 KTAE 290628
CLIMAI


CLIMATE REPORT
NATIONAL WEATHER SERVICE TALLAHASSEE FL
123 AM EST SAT NOV 29 2014

...................................

...THE MARIANNA CLIMATE SUMMARY FOR NOVEMBER 28 2014...

CLIMATE NORMAL PERIOD 1981 TO 2010
CLIMATE RECORD PERIOD 1950 TO 2014


WEATHER ITEM   OBSERVED NORMAL DEPARTURE LAST
                VALUE   VALUE  FROM      YEAR
                               NORMAL
...............................................
TEMPERATURE (F)
 YESTERDAY
  MAXIMUM         56     68    -12       49
  MINIMUM         32     45    -13       28
  AVERAGE         44     57    -13       39

PRECIPITATION (IN)
  YESTERDAY        0.00   0.14  -0.14     0.00
  MONTH TO DATE    5.98   3.82   2.16     3.69
  SINCE SEP 1     12.78  11.04   1.74     7.96
  SINCE JAN 1     55.72  49.37   6.35    58.64

DEGREE DAYS
 HEATING
  YESTERDAY       21            12
  MONTH TO DATE  330           161
  SINCE SEP 1    356           138
  SINCE JUL 1    356           138

 COOLING
  YESTERDAY        0            -1
  MONTH TO DATE   13           -25
  SINCE SEP 1    580            -3
  SINCE JAN 1   2611            63
...............................................


WIND (MPH)
  HIGHEST WIND SPEED    14   HIGHEST WIND DIRECTION    NE (50)
  HIGHEST GUST SPEED    17   HIGHEST GUST DIRECTION    NE (50)
  AVERAGE WIND SPEED     3.3




RELATIVE HUMIDITY (PERCENT)
 HIGHEST   100
 LOWEST     32
 AVERAGE    66

..........................................................



SUNRISE AND SUNSET
NOVEMBER 29 2014......SUNRISE   619 AM CST   SUNSET   439 PM CST
NOVEMBER 30 2014......SUNRISE   620 AM CST   SUNSET   439 PM CST


-  INDICATES NEGATIVE NUMBERS.
R  INDICATES RECORD WAS SET OR TIED.
MM INDICATES DATA IS MISSING.
T  INDICATES TRACE AMOUNT.

$$
