000
CDUS42 KTAE 260633
CLIMAI


CLIMATE REPORT
NATIONAL WEATHER SERVICE TALLAHASSEE FL
132 AM EST MON JAN 26 2015


...................................

...THE MARIANNA CLIMATE SUMMARY FOR JANUARY 25 2015...

CLIMATE NORMAL PERIOD 1981 TO 2010
CLIMATE RECORD PERIOD 1950 TO 2015


WEATHER ITEM   OBSERVED NORMAL DEPARTURE LAST
                VALUE   VALUE  FROM      YEAR
                               NORMAL
...............................................
TEMPERATURE (F)
 YESTERDAY
  MAXIMUM         65     62      3       55
  MINIMUM         31     40     -9       35
  AVERAGE         48     51     -3       45

PRECIPITATION (IN)
  YESTERDAY        0.00   0.19  -0.19      T
  MONTH TO DATE    3.44   3.91  -0.47     2.09
  SINCE DEC 1      8.81   7.82   0.99     6.54
  SINCE JAN 1      3.44   3.91  -0.47     2.09

DEGREE DAYS
 HEATING
  YESTERDAY       17             3
  MONTH TO DATE  365           -12
  SINCE DEC 1    655          -123
  SINCE JUL 1   1035            19

 COOLING
  YESTERDAY        0             0
  MONTH TO DATE    4             4
  SINCE DEC 1     13             1
  SINCE JAN 1      4             4
...............................................


WIND (MPH)
  HIGHEST WIND SPEED    24   HIGHEST WIND DIRECTION    SW (220)
  HIGHEST GUST SPEED    32   HIGHEST GUST DIRECTION    SW (220)
  AVERAGE WIND SPEED     7.5




RELATIVE HUMIDITY (PERCENT)
 HIGHEST   100
 LOWEST     44
 AVERAGE    72

..........................................................




SUNRISE AND SUNSET
JANUARY 26 2015.......SUNRISE   636 AM CST   SUNSET   511 PM CST
JANUARY 27 2015.......SUNRISE   635 AM CST   SUNSET   512 PM CST


-  INDICATES NEGATIVE NUMBERS.
R  INDICATES RECORD WAS SET OR TIED.
MM INDICATES DATA IS MISSING.
T  INDICATES TRACE AMOUNT.




$$
