000
CDUS42 KTAE 250634
CLIMAI


CLIMATE REPORT
NATIONAL WEATHER SERVICE TALLAHASSEE FL
234 AM EDT SUN SEP 25 2016


...................................

...THE MARIANNA CLIMATE SUMMARY FOR SEPTEMBER 24 2016...

CLIMATE NORMAL PERIOD 1981 TO 2010
CLIMATE RECORD PERIOD 1950 TO 2016


WEATHER ITEM   OBSERVED NORMAL DEPARTURE LAST
                VALUE   VALUE  FROM      YEAR
                               NORMAL
...............................................
TEMPERATURE (F)
 YESTERDAY
  MAXIMUM         97     86     11       77
  MINIMUM         70     65      5       66
  AVERAGE         84     76      8       72

PRECIPITATION (IN)
  YESTERDAY        0.44   0.13   0.31      T
  MONTH TO DATE    1.29   3.07  -1.78     1.81
  SINCE SEP 1      1.29   3.07  -1.78     1.81
  SINCE JAN 1     35.08  41.40  -6.32    38.79

DEGREE DAYS
 HEATING
  YESTERDAY        0             0
  MONTH TO DATE    0             0
  SINCE SEP 1      0             0
  SINCE JUL 1      0             0

 COOLING
  YESTERDAY       19             8
  MONTH TO DATE  404            75
  SINCE SEP 1    404            75
  SINCE JAN 1   2577           283
...............................................


WIND (MPH)
  HIGHEST WIND SPEED    36   HIGHEST WIND DIRECTION    NE (60)
  HIGHEST GUST SPEED    48   HIGHEST GUST DIRECTION    NE (60)
  AVERAGE WIND SPEED     2.5




RELATIVE HUMIDITY (PERCENT)
 HIGHEST   100
 LOWEST     36
 AVERAGE    68

..........................................................




SUNRISE AND SUNSET
SEPTEMBER 25 2016.....SUNRISE   631 AM CDT   SUNSET   633 PM CDT
SEPTEMBER 26 2016.....SUNRISE   632 AM CDT   SUNSET   632 PM CDT


-  INDICATES NEGATIVE NUMBERS.
R  INDICATES RECORD WAS SET OR TIED.
MM INDICATES DATA IS MISSING.
T  INDICATES TRACE AMOUNT.




$$
