000
CDUS42 KTAE 230630
CLIMAI


CLIMATE REPORT
NATIONAL WEATHER SERVICE TALLAHASSEE FL
230 AM EDT SAT SEP 23 2017


...................................

...THE MARIANNA CLIMATE SUMMARY FOR SEPTEMBER 22 2017...

CLIMATE NORMAL PERIOD 1981 TO 2010
CLIMATE RECORD PERIOD 1950 TO 2017


WEATHER ITEM   OBSERVED NORMAL DEPARTURE LAST
                VALUE   VALUE  FROM      YEAR
                               NORMAL
...............................................
TEMPERATURE (F)
 YESTERDAY
  MAXIMUM         91     87      4       95
  MINIMUM         68     66      2       71
  AVERAGE         80     76      4       83

PRECIPITATION (IN)
  YESTERDAY        0.00   0.13  -0.13     0.00
  MONTH TO DATE    3.09   2.81   0.28     0.85
  SINCE SEP 1      3.09   2.81   0.28     0.85
  SINCE JAN 1     42.79  41.14   1.65    34.64

DEGREE DAYS
 HEATING
  YESTERDAY        0             0
  MONTH TO DATE    2             2
  SINCE SEP 1      2             2
  SINCE JUL 1      2             2

 COOLING
  YESTERDAY       15             3
  MONTH TO DATE  285           -22
  SINCE SEP 1    285           -22
  SINCE JAN 1   2548           276
...............................................


WIND (MPH)
  HIGHEST WIND SPEED    13   HIGHEST WIND DIRECTION    NE (50)
  HIGHEST GUST SPEED    16   HIGHEST GUST DIRECTION     E (80)
  AVERAGE WIND SPEED     2.7




RELATIVE HUMIDITY (PERCENT)
 HIGHEST   100
 LOWEST     47
 AVERAGE    74

..........................................................




SUNRISE AND SUNSET
SEPTEMBER 23 2017.....SUNRISE   630 AM CDT   SUNSET   636 PM CDT
SEPTEMBER 24 2017.....SUNRISE   630 AM CDT   SUNSET   634 PM CDT


-  INDICATES NEGATIVE NUMBERS.
R  INDICATES RECORD WAS SET OR TIED.
MM INDICATES DATA IS MISSING.
T  INDICATES TRACE AMOUNT.




$$
