000
CDUS43 KABR 181535
CLIMBG


CLIMATE REPORT
NATIONAL WEATHER SERVICE ABERDEEN SD
935 AM CST THU DEC 18 2014


...................................

...THE MOBRIDGE SD CLIMATE SUMMARY FOR DECEMBER 17 2014...

CLIMATE NORMAL PERIOD 1981 TO 2010
CLIMATE RECORD PERIOD 1911 TO 2014


WEATHER ITEM   OBSERVED TIME   RECORD YEAR NORMAL DEPARTURE LAST
                VALUE   (LST)  VALUE       VALUE  FROM      YEAR
                                                  NORMAL
..................................................................
TEMPERATURE (F)
 YESTERDAY
  MAXIMUM         20    641 PM  62    1939  28     -8       34
  MINIMUM         16   1142 AM -18    1951   7      9       22
  AVERAGE         18                        17      1       28

PRECIPITATION (IN)
  YESTERDAY        T             0.30 1967   0.02  -0.02     0.00
  MONTH TO DATE    0.01                      0.17  -0.16     0.34
  SINCE DEC 1      0.01                      0.17  -0.16     0.34
  SINCE JAN 1     21.40                     17.60   3.80    23.26

SNOWFALL (IN)
  YESTERDAY        T
  MONTH TO DATE    T
  SINCE OCT 1      7.5
  SINCE JUL 1      7.5
  SNOW DEPTH       0

DEGREE DAYS
 HEATING
  YESTERDAY       47                        48     -1       37
  MONTH TO DATE  644                       767   -123      934
  SINCE DEC 1    644                       767   -123      934
  SINCE JUL 1   2469                      2533    -64     2742

 COOLING
  YESTERDAY        0                         0      0        0
  MONTH TO DATE    0                         0      0        0
  SINCE DEC 1      0                         0      0        0
  SINCE JAN 1    471                       644   -173      700
..................................................................


WIND (MPH)
  HIGHEST WIND SPEED    15   HIGHEST WIND DIRECTION     S (160)
  HIGHEST GUST SPEED    19   HIGHEST GUST DIRECTION     S (170)
  AVERAGE WIND SPEED    10.2


SKY COVER
  POSSIBLE SUNSHINE  MM
  AVERAGE SKY COVER 0.9


WEATHER CONDITIONS
 THE FOLLOWING WEATHER WAS RECORDED YESTERDAY.
  LT FREEZING RAIN
  LIGHT SNOW
  HAZE


RELATIVE HUMIDITY (PERCENT)
 HIGHEST    80           300 AM
 LOWEST     67           200 PM
 AVERAGE    74

..........................................................


THE MOBRIDGE SD CLIMATE NORMALS FOR TODAY
                         NORMAL    RECORD    YEAR
 MAXIMUM TEMPERATURE (F)   28        60      2011
 MINIMUM TEMPERATURE (F)    7       -26      1929


SUNRISE AND SUNSET
DECEMBER 18 2014......SUNRISE   817 AM CST   SUNSET   459 PM CST
DECEMBER 19 2014......SUNRISE   818 AM CST   SUNSET   500 PM CST


-  INDICATES NEGATIVE NUMBERS.
R  INDICATES RECORD WAS SET OR TIED.
MM INDICATES DATA IS MISSING.
T  INDICATES TRACE AMOUNT.




$$
