000
CDUS43 KABR 021040
CLIMBG


CLIMATE REPORT
NATIONAL WEATHER SERVICE ABERDEEN SD
539 AM CDT THU JUL 2 2015


...................................

...THE MOBRIDGE SD CLIMATE SUMMARY FOR JULY 1 2015...

CLIMATE NORMAL PERIOD 1981 TO 2010
CLIMATE RECORD PERIOD 1911 TO 2015


WEATHER ITEM   OBSERVED TIME   RECORD YEAR NORMAL DEPARTURE LAST
                VALUE   (LST)  VALUE       VALUE  FROM      YEAR
                                                  NORMAL
..................................................................
TEMPERATURE (F)
 YESTERDAY
  MAXIMUM         81    623 PM 102    1911  83     -2       70
  MINIMUM         65    423 AM  39    1959  58      7       50
  AVERAGE         73                        70      3       60

PRECIPITATION (IN)
  YESTERDAY        0.46          1.98 1979   0.08   0.38     0.01
  MONTH TO DATE    0.46                      0.08   0.38     0.01
  SINCE JUN 1      4.01                      3.24   0.77     7.92
  SINCE JAN 1     14.80                      9.26   5.54    14.04

DEGREE DAYS
 HEATING
  YESTERDAY        0                         1     -1        5
  MONTH TO DATE    0                         1     -1        5
  SINCE JUN 1     18                        76    -58       80
  SINCE JUL 1      0                         1     -1        5

 COOLING
  YESTERDAY        8                         6      2        0
  MONTH TO DATE    8                         6      2        0
  SINCE JUN 1    157                       105     52       45
  SINCE JAN 1    173                       121     52       95
..................................................................


WIND (MPH)
  HIGHEST WIND SPEED    28   HIGHEST WIND DIRECTION     N (20)
  HIGHEST GUST SPEED    34   HIGHEST GUST DIRECTION    NE (30)
  AVERAGE WIND SPEED     7.3


SKY COVER
  POSSIBLE SUNSHINE  MM
  AVERAGE SKY COVER 0.7


WEATHER CONDITIONS
 THE FOLLOWING WEATHER WAS RECORDED YESTERDAY.
  THUNDERSTORM
  HEAVY RAIN
  LIGHT RAIN
  FOG
  HAZE


RELATIVE HUMIDITY (PERCENT)
 HIGHEST   100           300 AM
 LOWEST     62           100 PM
 AVERAGE    81

..........................................................


THE MOBRIDGE SD CLIMATE NORMALS FOR TODAY
                         NORMAL    RECORD    YEAR
 MAXIMUM TEMPERATURE (F)   83       105      1949
 MINIMUM TEMPERATURE (F)   58        40      1945


SUNRISE AND SUNSET
JULY  2 2015..........SUNRISE   557 AM CDT   SUNSET   934 PM CDT
JULY  3 2015..........SUNRISE   558 AM CDT   SUNSET   934 PM CDT


-  INDICATES NEGATIVE NUMBERS.
R  INDICATES RECORD WAS SET OR TIED.
MM INDICATES DATA IS MISSING.
T  INDICATES TRACE AMOUNT.




$$
