000
CDUS43 KABR 131032
CLIMBG


CLIMATE REPORT
NATIONAL WEATHER SERVICE ABERDEEN SD
431 AM CST SAT FEB 13 2016


...................................

...THE MOBRIDGE SD CLIMATE SUMMARY FOR FEBRUARY 12 2016...

CLIMATE NORMAL PERIOD 1981 TO 2010
CLIMATE RECORD PERIOD 1911 TO 2016


WEATHER ITEM   OBSERVED TIME   RECORD YEAR NORMAL DEPARTURE LAST
                VALUE   (LST)  VALUE       VALUE  FROM      YEAR
                                                  NORMAL
..................................................................
TEMPERATURE (F)
 YESTERDAY
  MAXIMUM         21    428 AM  57    2005  30     -9       23
  MINIMUM          6   1004 PM -35    1944   9     -3       -1
  AVERAGE         14                        20     -6       11

PRECIPITATION (IN)
  YESTERDAY        T             0.80 1919   0.02  -0.02      T
  MONTH TO DATE    0.19                      0.17   0.02     0.30
  SINCE DEC 1      0.64                      0.90  -0.26     1.03
  SINCE JAN 1      0.31                      0.46  -0.15     0.61

SNOWFALL (IN)
  YESTERDAY        T
  MONTH TO DATE    1.7
  SINCE OCT 1     12.6
  SINCE JUL 1     12.6
  SNOW DEPTH       1

DEGREE DAYS
 HEATING
  YESTERDAY       51                        45      6       54
  MONTH TO DATE  441                       558   -117      526
  SINCE DEC 1   3068                      3525   -457     3134
  SINCE JUL 1   4362                      5291   -929     4959

 COOLING
  YESTERDAY        0                         0      0        0
  MONTH TO DATE    0                         0      0        0
  SINCE DEC 1      0                         0      0        0
  SINCE JAN 1      0                         0      0        0
..................................................................


WIND (MPH)
  HIGHEST WIND SPEED    16   HIGHEST WIND DIRECTION     N (10)
  HIGHEST GUST SPEED    22   HIGHEST GUST DIRECTION     E (70)
  AVERAGE WIND SPEED     9.4


SKY COVER
  POSSIBLE SUNSHINE  MM
  AVERAGE SKY COVER 0.5


WEATHER CONDITIONS
 THE FOLLOWING WEATHER WAS RECORDED YESTERDAY.
  HAZE


RELATIVE HUMIDITY (PERCENT)
 HIGHEST    80           800 AM
 LOWEST     56           300 PM
 AVERAGE    68

..........................................................


THE MOBRIDGE SD CLIMATE NORMALS FOR TODAY
                         NORMAL    RECORD    YEAR
 MAXIMUM TEMPERATURE (F)   31        61      1983
 MINIMUM TEMPERATURE (F)    9       -23      1929


SUNRISE AND SUNSET
FEBRUARY 13 2016......SUNRISE   747 AM CST   SUNSET   605 PM CST
FEBRUARY 14 2016......SUNRISE   746 AM CST   SUNSET   607 PM CST


-  INDICATES NEGATIVE NUMBERS.
R  INDICATES RECORD WAS SET OR TIED.
MM INDICATES DATA IS MISSING.
T  INDICATES TRACE AMOUNT.




$$
