000
CDUS43 KABR 300919
CLIMBG


CLIMATE REPORT
NATIONAL WEATHER SERVICE ABERDEEN SD
418 AM CDT SAT MAY 30 2015


...................................

...THE MOBRIDGE SD CLIMATE SUMMARY FOR MAY 29 2015...

CLIMATE NORMAL PERIOD 1981 TO 2010
CLIMATE RECORD PERIOD 1911 TO 2015


WEATHER ITEM   OBSERVED TIME   RECORD YEAR NORMAL DEPARTURE LAST
                VALUE   (LST)  VALUE       VALUE  FROM      YEAR
                                                  NORMAL
..................................................................
TEMPERATURE (F)
 YESTERDAY
  MAXIMUM         65   1241 AM 104    1934  72     -7       89
  MINIMUM         40   1143 PM  20    1947  48     -8       63
  AVERAGE         53                        60     -7       76

PRECIPITATION (IN)
  YESTERDAY        0.00          0.87 1962   0.10  -0.10     0.00
  MONTH TO DATE    9.32                      2.62   6.70     1.64
  SINCE MAR 1      9.99                      5.09   4.90     4.50
  SINCE JAN 1     10.79                      5.82   4.97     5.11

DEGREE DAYS
 HEATING
  YESTERDAY       12                         6      6        0
  MONTH TO DATE  282                       278      4      313
  SINCE MAR 1   1572                      1898   -326     2130
  SINCE JUL 1   7331                      7873   -542     8670

 COOLING
  YESTERDAY        0                         1     -1       11
  MONTH TO DATE   16                        11      5       43
  SINCE MAR 1     16                        12      4       43
  SINCE JAN 1     16                        12      4       43
..................................................................


WIND (MPH)
  HIGHEST WIND SPEED    29   HIGHEST WIND DIRECTION     N (360)
  HIGHEST GUST SPEED    38   HIGHEST GUST DIRECTION     N (350)
  AVERAGE WIND SPEED    15.3


SKY COVER
  POSSIBLE SUNSHINE  MM
  AVERAGE SKY COVER 0.7


WEATHER CONDITIONS
 THE FOLLOWING WEATHER WAS RECORDED YESTERDAY.
  NO SIGNIFICANT WEATHER WAS OBSERVED.


RELATIVE HUMIDITY (PERCENT)
 HIGHEST   100           500 AM
 LOWEST     47           400 PM
 AVERAGE    74

..........................................................


THE MOBRIDGE SD CLIMATE NORMALS FOR TODAY
                         NORMAL    RECORD    YEAR
 MAXIMUM TEMPERATURE (F)   72       105      1934
 MINIMUM TEMPERATURE (F)   49        33      2012


SUNRISE AND SUNSET
MAY 30 2015...........SUNRISE   558 AM CDT   SUNSET   921 PM CDT
MAY 31 2015...........SUNRISE   557 AM CDT   SUNSET   922 PM CDT


-  INDICATES NEGATIVE NUMBERS.
R  INDICATES RECORD WAS SET OR TIED.
MM INDICATES DATA IS MISSING.
T  INDICATES TRACE AMOUNT.




$$
