000
CDUS43 KABR 242236
CLIMBG


CLIMATE REPORT
NATIONAL WEATHER SERVICE ABERDEEN SD
535 PM CDT WED AUG 24 2016


...................................

...THE MOBRIDGE SD CLIMATE SUMMARY FOR AUGUST 24 2016...
VALID TODAY AS OF 0500 PM LOCAL TIME.

CLIMATE NORMAL PERIOD 1981 TO 2010
CLIMATE RECORD PERIOD 1911 TO 2016


WEATHER ITEM   OBSERVED TIME   RECORD YEAR NORMAL DEPARTURE LAST
                VALUE   (LST)  VALUE       VALUE  FROM      YEAR
                                                  NORMAL
..................................................................
TEMPERATURE (F)
 TODAY
  MAXIMUM         81    359 PM 102    1991  83     -2       76
  MINIMUM         53    421 AM  38    1928  57     -4       43
  AVERAGE         67                        70     -3       60

PRECIPITATION (IN)
  TODAY            0.00          0.95 1995   0.06  -0.06     0.00
  MONTH TO DATE    1.70                      1.62   0.08     3.80
  SINCE JUN 1      6.44                      7.48  -1.04     9.63
  SINCE JAN 1     16.82                     13.50   3.32    20.42

DEGREE DAYS
 HEATING
  TODAY            0                         1     -1        5
  MONTH TO DATE    2                         7     -5       19
  SINCE JUN 1     15                        94    -79       37
  SINCE JUL 1      3                        19    -16       19

 COOLING
  TODAY            2                         6     -4        0
  MONTH TO DATE  243                       183     60      180
  SINCE JUN 1    812                       531    281      649
  SINCE JAN 1    828                       547    281      665
..................................................................


WIND (MPH)
  HIGHEST WIND SPEED    21   HIGHEST WIND DIRECTION    NW (310)
  HIGHEST GUST SPEED    33   HIGHEST GUST DIRECTION    NW (300)
  AVERAGE WIND SPEED    11.2


SKY COVER
  POSSIBLE SUNSHINE  MM
  AVERAGE SKY COVER 0.1


WEATHER CONDITIONS
 THE FOLLOWING WEATHER WAS RECORDED TODAY.
  NO SIGNIFICANT WEATHER WAS OBSERVED.


RELATIVE HUMIDITY (PERCENT)
 HIGHEST    67          1200 AM
 LOWEST     28           300 PM
 AVERAGE    48

..........................................................


THE MOBRIDGE SD CLIMATE NORMALS FOR TOMORROW
                         NORMAL    RECORD    YEAR
 MAXIMUM TEMPERATURE (F)   83       104      1991
 MINIMUM TEMPERATURE (F)   56        37      1934


SUNRISE AND SUNSET
AUGUST 24 2016........SUNRISE   654 AM CDT   SUNSET   833 PM CDT
AUGUST 25 2016........SUNRISE   655 AM CDT   SUNSET   831 PM CDT


-  INDICATES NEGATIVE NUMBERS.
R  INDICATES RECORD WAS SET OR TIED.
MM INDICATES DATA IS MISSING.
T  INDICATES TRACE AMOUNT.




$$
