000
CDUS43 KABR 261031
CLIMBG


CLIMATE REPORT
NATIONAL WEATHER SERVICE ABERDEEN SD
431 AM CST WED NOV 26 2014


...................................

...THE MOBRIDGE SD CLIMATE SUMMARY FOR NOVEMBER 25 2014...

CLIMATE NORMAL PERIOD 1981 TO 2010
CLIMATE RECORD PERIOD 1911 TO 2014


WEATHER ITEM   OBSERVED TIME   RECORD YEAR NORMAL DEPARTURE LAST
                VALUE   (LST)  VALUE       VALUE  FROM      YEAR
                                                  NORMAL
..................................................................
TEMPERATURE (F)
 YESTERDAY
  MAXIMUM         37    836 PM  73    1960  37      0       39
  MINIMUM         19    615 AM -10    1977  16      3       26
  AVERAGE         28                        26      2       33

PRECIPITATION (IN)
  YESTERDAY        0.07          0.41 1944   0.01   0.06     0.00
  MONTH TO DATE    0.79                      0.46   0.33     0.04
  SINCE SEP 1      2.06                      3.50  -1.44     9.10
  SINCE JAN 1     21.38                     17.41   3.97    22.92

SNOWFALL (IN)
  YESTERDAY       MM
  MONTH TO DATE    6.2
  SINCE OCT 1      6.2
  SINCE JUL 1      6.2
  SNOW DEPTH       T

DEGREE DAYS
 HEATING
  YESTERDAY       37                        39     -2       32
  MONTH TO DATE  932                       791    141      848
  SINCE SEP 1   1523                      1532     -9     1597
  SINCE JUL 1   1570                      1565      5     1610

 COOLING
  YESTERDAY        0                         0      0        0
  MONTH TO DATE    0                         0      0        0
  SINCE SEP 1     68                        63      5      116
  SINCE JAN 1    471                       644   -173      700
..................................................................


WIND (MPH)
  HIGHEST WIND SPEED    32   HIGHEST WIND DIRECTION     N (360)
  HIGHEST GUST SPEED    40   HIGHEST GUST DIRECTION     N (360)
  AVERAGE WIND SPEED     8.5


SKY COVER
  POSSIBLE SUNSHINE  MM
  AVERAGE SKY COVER 0.8


WEATHER CONDITIONS
 THE FOLLOWING WEATHER WAS RECORDED YESTERDAY.
  LIGHT SNOW
  FOG


RELATIVE HUMIDITY (PERCENT)
 HIGHEST    92           600 AM
 LOWEST     75           100 PM
 AVERAGE    84

..........................................................


THE MOBRIDGE SD CLIMATE NORMALS FOR TODAY
                         NORMAL    RECORD    YEAR
 MAXIMUM TEMPERATURE (F)   37        65      1998
 MINIMUM TEMPERATURE (F)   15       -20      1985


SUNRISE AND SUNSET
NOVEMBER 26 2014......SUNRISE   755 AM CST   SUNSET   502 PM CST
NOVEMBER 27 2014......SUNRISE   757 AM CST   SUNSET   502 PM CST


-  INDICATES NEGATIVE NUMBERS.
R  INDICATES RECORD WAS SET OR TIED.
MM INDICATES DATA IS MISSING.
T  INDICATES TRACE AMOUNT.




$$
