000
CDUS43 KABR 181032
CLIMBG


CLIMATE REPORT
NATIONAL WEATHER SERVICE ABERDEEN SD
432 AM CST THU JAN 18 2018


...................................

...THE MOBRIDGE SD CLIMATE SUMMARY FOR JANUARY 17 2018...

CLIMATE NORMAL PERIOD 1981 TO 2010
CLIMATE RECORD PERIOD 1911 TO 2018


WEATHER ITEM   OBSERVED TIME   RECORD YEAR NORMAL DEPARTURE LAST
                VALUE   (LST)  VALUE       VALUE  FROM      YEAR
                                                  NORMAL
..................................................................
TEMPERATURE (F)
 YESTERDAY
  MAXIMUM         44    339 PM  51    1951  26     18       20
  MINIMUM          3    415 AM -37    1943   6     -3        4
  AVERAGE         24                        16      8       12

PRECIPITATION (IN)
  YESTERDAY        0.00          0.35 1913   0.00   0.00     0.00
  MONTH TO DATE    0.05                      0.17  -0.12     0.42
  SINCE DEC 1      0.59                      0.61  -0.02     2.72
  SINCE JAN 1      0.05                      0.17  -0.12     0.42

SNOWFALL (IN)
  YESTERDAY        0.0
  MONTH TO DATE    1.5
  SINCE OCT 1     10.1
  SINCE JUL 1     10.1
  SNOW DEPTH       2

DEGREE DAYS
 HEATING
  YESTERDAY       41                        49     -8       53
  MONTH TO DATE  936                       833    103     1070
  SINCE DEC 1   2265                      2283    -18     2659
  SINCE JUL 1   3766                      4049   -283     3810

 COOLING
  YESTERDAY        0                         0      0        0
  MONTH TO DATE    0                         0      0        0
  SINCE DEC 1      0                         0      0        0
  SINCE JAN 1      0                         0      0        0
..................................................................


WIND (MPH)
  HIGHEST WIND SPEED    17   HIGHEST WIND DIRECTION    NW (300)
  HIGHEST GUST SPEED    22   HIGHEST GUST DIRECTION    NW (300)
  AVERAGE WIND SPEED     7.0


SKY COVER
  POSSIBLE SUNSHINE  MM
  AVERAGE SKY COVER 0.0


WEATHER CONDITIONS
 THE FOLLOWING WEATHER WAS RECORDED YESTERDAY.
  NO SIGNIFICANT WEATHER WAS OBSERVED.


RELATIVE HUMIDITY (PERCENT)
 HIGHEST    86           400 AM
 LOWEST     51           200 PM
 AVERAGE    69

..........................................................


THE MOBRIDGE SD CLIMATE NORMALS FOR TODAY
                         NORMAL    RECORD    YEAR
 MAXIMUM TEMPERATURE (F)   26        53      1991
 MINIMUM TEMPERATURE (F)    6       -36      1943


SUNRISE AND SUNSET
JANUARY 18 2018.......SUNRISE   816 AM CST   SUNSET   529 PM CST
JANUARY 19 2018.......SUNRISE   815 AM CST   SUNSET   530 PM CST


-  INDICATES NEGATIVE NUMBERS.
R  INDICATES RECORD WAS SET OR TIED.
MM INDICATES DATA IS MISSING.
T  INDICATES TRACE AMOUNT.




$$
