000
CDUS43 KABR 161032
CLIMBG


CLIMATE REPORT
NATIONAL WEATHER SERVICE ABERDEEN SD
531 AM CDT WED AUG 16 2017


...................................

...THE MOBRIDGE SD CLIMATE SUMMARY FOR AUGUST 15 2017...

CLIMATE NORMAL PERIOD 1981 TO 2010
CLIMATE RECORD PERIOD 1911 TO 2017


WEATHER ITEM   OBSERVED TIME   RECORD YEAR NORMAL DEPARTURE LAST
                VALUE   (LST)  VALUE       VALUE  FROM      YEAR
                                                  NORMAL
..................................................................
TEMPERATURE (F)
 YESTERDAY
  MAXIMUM         73    417 PM 106    1988  86    -13       92
  MINIMUM         63    530 AM  46    1942  59      4       63
  AVERAGE         68                        72     -4       78

PRECIPITATION (IN)
  YESTERDAY        2.22R         1.55 1978   0.06   2.16     0.08
  MONTH TO DATE    5.48                      1.08   4.40     1.61
  SINCE JUN 1      9.95                      6.94   3.01     6.35
  SINCE JAN 1     12.48                     12.96  -0.48    16.73

DEGREE DAYS
 HEATING
  YESTERDAY        0                         0      0        0
  MONTH TO DATE    5                         0      5        0
  SINCE JUN 1     34                        87    -53       13
  SINCE JUL 1      5                        12     -7        1

 COOLING
  YESTERDAY        3                         7     -4       13
  MONTH TO DATE   40                       124    -84      187
  SINCE JUN 1    612                       472    140      756
  SINCE JAN 1    632                       488    144      772
..................................................................


WIND (MPH)
  HIGHEST WIND SPEED    16   HIGHEST WIND DIRECTION    SE (140)
  HIGHEST GUST SPEED    20   HIGHEST GUST DIRECTION     W (280)
  AVERAGE WIND SPEED     7.8


SKY COVER
  POSSIBLE SUNSHINE  MM
  AVERAGE SKY COVER 0.7


WEATHER CONDITIONS
 THE FOLLOWING WEATHER WAS RECORDED YESTERDAY.
  THUNDERSTORM
  HEAVY RAIN
  RAIN
  LIGHT RAIN
  FOG
  FOG W/VISIBILITY <= 1/4 MILE


RELATIVE HUMIDITY (PERCENT)
 HIGHEST    93           500 AM
 LOWEST     73          1100 AM
 AVERAGE    83

..........................................................


THE MOBRIDGE SD CLIMATE NORMALS FOR TODAY
                         NORMAL    RECORD    YEAR
 MAXIMUM TEMPERATURE (F)   85       101      2003
 MINIMUM TEMPERATURE (F)   58        46      1943


SUNRISE AND SUNSET
AUGUST 16 2017........SUNRISE   644 AM CDT   SUNSET   847 PM CDT
AUGUST 17 2017........SUNRISE   645 AM CDT   SUNSET   845 PM CDT


-  INDICATES NEGATIVE NUMBERS.
R  INDICATES RECORD WAS SET OR TIED.
MM INDICATES DATA IS MISSING.
T  INDICATES TRACE AMOUNT.




$$
