000
CDUS43 KABR 242236
CLIMBG


CLIMATE REPORT
NATIONAL WEATHER SERVICE ABERDEEN SD
536 PM CDT THU JUL 24 2014


...................................

...THE MOBRIDGE SD CLIMATE SUMMARY FOR JULY 24 2014...
VALID TODAY AS OF 0500 PM LOCAL TIME.

CLIMATE NORMAL PERIOD 1981 TO 2010
CLIMATE RECORD PERIOD 1911 TO 2014


WEATHER ITEM   OBSERVED TIME   RECORD YEAR NORMAL DEPARTURE LAST
                VALUE   (LST)  VALUE       VALUE  FROM      YEAR
                                                  NORMAL
..................................................................
TEMPERATURE (F)
 TODAY
  MAXIMUM         85    344 PM 109    1952  87     -2       86
  MINIMUM         67    347 AM  47    2004  60      7       57
  AVERAGE         76                        74      2       72

PRECIPITATION (IN)
  TODAY            0.00          0.41 1960   0.08  -0.08     0.00
  MONTH TO DATE    0.52                      2.11  -1.59     2.24
  SINCE JUN 1      8.43                      5.27   3.16     3.56
  SINCE JAN 1     14.55                     11.29   3.26    11.24

DEGREE DAYS
 HEATING
  TODAY            0                         0      0        0
  MONTH TO DATE   20                         5     15        0
  SINCE JUN 1     95                        80     15       68
  SINCE JUL 1     20                         5     15        0

 COOLING
  TODAY           11                         9      2        7
  MONTH TO DATE  138                       189    -51      204
  SINCE JUN 1    183                       288   -105      315
  SINCE JAN 1    233                       304    -71      330
..................................................................


WIND (MPH)
  HIGHEST WIND SPEED    29   HIGHEST WIND DIRECTION    SE (150)
  HIGHEST GUST SPEED    35   HIGHEST GUST DIRECTION    SE (140)
  AVERAGE WIND SPEED    19.7


SKY COVER
  POSSIBLE SUNSHINE  MM
  AVERAGE SKY COVER 0.2


WEATHER CONDITIONS
 THE FOLLOWING WEATHER WAS RECORDED TODAY.
  NO SIGNIFICANT WEATHER WAS OBSERVED.


RELATIVE HUMIDITY (PERCENT)
 HIGHEST    73           300 AM
 LOWEST     58          1200 PM
 AVERAGE    66

..........................................................


THE MOBRIDGE SD CLIMATE NORMALS FOR TOMORROW
                         NORMAL    RECORD    YEAR
 MAXIMUM TEMPERATURE (F)   87       108      1931
 MINIMUM TEMPERATURE (F)   60        46      1915


SUNRISE AND SUNSET
JULY 24 2014..........SUNRISE   616 AM CDT   SUNSET   919 PM CDT
JULY 25 2014..........SUNRISE   618 AM CDT   SUNSET   918 PM CDT


-  INDICATES NEGATIVE NUMBERS.
R  INDICATES RECORD WAS SET OR TIED.
MM INDICATES DATA IS MISSING.
T  INDICATES TRACE AMOUNT.




$$
