000
CDUS43 KABR 282229
CLIMBG


CLIMATE REPORT
NATIONAL WEATHER SERVICE ABERDEEN SD
527 PM CDT SAT MAY 28 2016


...................................

...THE MOBRIDGE SD CLIMATE SUMMARY FOR MAY 28 2016...
VALID TODAY AS OF 0500 PM LOCAL TIME.

CLIMATE NORMAL PERIOD 1981 TO 2010
CLIMATE RECORD PERIOD 1911 TO 2016


WEATHER ITEM   OBSERVED TIME   RECORD YEAR NORMAL DEPARTURE LAST
                VALUE   (LST)  VALUE       VALUE  FROM      YEAR
                                                  NORMAL
..................................................................
TEMPERATURE (F)
 TODAY
  MAXIMUM         77    316 PM 108    1934  72      5       82
  MINIMUM         52    446 AM  28    1947  48      4       59
  AVERAGE         65                        60      5       71

PRECIPITATION (IN)
  TODAY            0.00          1.57 1973   0.09  -0.09     0.07
  MONTH TO DATE    2.53                      2.52   0.01     9.32
  SINCE MAR 1      7.94                      4.99   2.95     9.99
  SINCE JAN 1      9.16                      5.72   3.44    10.79

DEGREE DAYS
 HEATING
  TODAY            0                         6     -6        0
  MONTH TO DATE  190                       272    -82      270
  SINCE MAR 1   1420                      1892   -472     1560
  SINCE JUL 1   6295                      7867  -1572     7319

 COOLING
  TODAY            0                         1     -1        6
  MONTH TO DATE   13                        10      3       16
  SINCE MAR 1     15                        11      4       16
  SINCE JAN 1     15                        11      4       16
..................................................................


WIND (MPH)
  HIGHEST WIND SPEED    10   HIGHEST WIND DIRECTION     N (340)
  HIGHEST GUST SPEED    13   HIGHEST GUST DIRECTION     N (350)
  AVERAGE WIND SPEED     5.5


SKY COVER
  POSSIBLE SUNSHINE  MM
  AVERAGE SKY COVER 0.2


WEATHER CONDITIONS
 THE FOLLOWING WEATHER WAS RECORDED TODAY.
  NO SIGNIFICANT WEATHER WAS OBSERVED.


RELATIVE HUMIDITY (PERCENT)
 HIGHEST    89           400 AM
 LOWEST     38           400 PM
 AVERAGE    64

..........................................................


THE MOBRIDGE SD CLIMATE NORMALS FOR TOMORROW
                         NORMAL    RECORD    YEAR
 MAXIMUM TEMPERATURE (F)   72       104      1934
 MINIMUM TEMPERATURE (F)   48        20      1947


SUNRISE AND SUNSET
MAY 28 2016...........SUNRISE   558 AM CDT   SUNSET   920 PM CDT
MAY 29 2016...........SUNRISE   558 AM CDT   SUNSET   921 PM CDT


-  INDICATES NEGATIVE NUMBERS.
R  INDICATES RECORD WAS SET OR TIED.
MM INDICATES DATA IS MISSING.
T  INDICATES TRACE AMOUNT.




$$
