000
CDUS43 KDTX 042134
CLIMBS


CLIMATE REPORT
NATIONAL WEATHER SERVICE DETROIT/PONTIAC MI
433 PM EST WED MAR 4 2015


...................................

...THE TRI CITIES MI CLIMATE SUMMARY FOR MARCH 4 2015...
VALID TODAY AS OF 0400 PM LOCAL TIME.

CLIMATE NORMAL PERIOD 1981 TO 2010
CLIMATE RECORD PERIOD 1898 TO 2015


WEATHER ITEM   OBSERVED TIME   NORMAL DEPARTURE LAST
                VALUE   (LST)  VALUE  FROM      YEAR
                                      NORMAL
......................................................
TEMPERATURE (F)
 TODAY
  MAXIMUM         30   1256 AM  37     -7       19
  MINIMUM         23    755 AM  21      2        7
  AVERAGE         27            29     -2       13

PRECIPITATION (IN)
  TODAY            0.00          0.07  -0.07     0.03
  MONTH TO DATE    0.21          0.27  -0.06     0.21
  SINCE MAR 1      0.21          0.27  -0.06     0.21
  SINCE JAN 1      2.32          3.59  -1.27     3.99

SNOWFALL (IN)
  TODAY            0.0           0.3   -0.3      0.7
  MONTH TO DATE    2.4           1.2    1.2      2.9
  SINCE MAR 1      2.4           1.2    1.2      2.9
  SINCE JUL 1     34.3          34.6   -0.3     56.0
  SNOW DEPTH      12

DEGREE DAYS
 HEATING
  TODAY           38            36      2       52
  MONTH TO DATE  166           145     21      223
  SINCE MAR 1    166           145     21      223
  SINCE JUL 1   5527          5244    283     5815

 COOLING
  TODAY            0             0      0        0
  MONTH TO DATE    0             0      0        0
  SINCE MAR 1      0             0      0        0
  SINCE JAN 1      0             0      0        0
......................................................


WIND (MPH)
  HIGHEST WIND SPEED    23   HIGHEST WIND DIRECTION     W (250)
  HIGHEST GUST SPEED    27   HIGHEST GUST DIRECTION     W (260)
  AVERAGE WIND SPEED    12.5


SKY COVER
  AVERAGE SKY COVER 0.7


WEATHER CONDITIONS
 THE FOLLOWING WEATHER WAS RECORDED TODAY.
  NO SIGNIFICANT WEATHER WAS OBSERVED.


..........................................................


THE TRI CITIES MI CLIMATE NORMALS FOR TOMORROW
                         NORMAL
 MAXIMUM TEMPERATURE (F)   38
 MINIMUM TEMPERATURE (F)   22


SUNRISE AND SUNSET
MARCH  4 2015.........SUNRISE   708 AM EST   SUNSET   629 PM EST
MARCH  5 2015.........SUNRISE   706 AM EST   SUNSET   630 PM EST


-  INDICATES NEGATIVE NUMBERS.
R  INDICATES RECORD WAS SET OR TIED.
MM INDICATES DATA IS MISSING.
T  INDICATES TRACE AMOUNT.




$$
