000
CDUS43 KDTX 300541
CLIMBS


CLIMATE REPORT
NATIONAL WEATHER SERVICE DETROIT/PONTIAC MI
1241 AM EST FRI JAN 30 2015


...................................

...THE TRI CITIES MI CLIMATE SUMMARY FOR JANUARY 29 2015...

CLIMATE NORMAL PERIOD 1981 TO 2010
CLIMATE RECORD PERIOD 1898 TO 2015


WEATHER ITEM   OBSERVED TIME   NORMAL DEPARTURE LAST
                VALUE   (LST)  VALUE  FROM      YEAR
                                      NORMAL
......................................................
TEMPERATURE (F)
 YESTERDAY
  MAXIMUM         34    604 PM  29      5       18
  MINIMUM         24   1159 PM  15      9        2
  AVERAGE         29            22      7

PRECIPITATION (IN)
  YESTERDAY        0.04          0.04   0.00
  MONTH TO DATE    1.02          1.61  -0.59
  SINCE DEC 1      2.49          3.47  -0.98
  SINCE JAN 1      1.02          1.61  -0.59

SNOWFALL (IN)
  YESTERDAY        1.4
  MONTH TO DATE   11.9
  SINCE DEC 1     12.8
  SINCE JUL 1     15.7
  SNOW DEPTH       3

DEGREE DAYS
 HEATING
  YESTERDAY       36                   -7
  MONTH TO DATE 1274                   36
  SINCE DEC 1   2287                 -118
  SINCE JUL 1   3783                  -95

 COOLING
  YESTERDAY        0                    0
  MONTH TO DATE    0                    0
  SINCE DEC 1      0                    0
  SINCE JAN 1      0                    0
......................................................


WIND (MPH)
  HIGHEST WIND SPEED    30   HIGHEST WIND DIRECTION    NW (320)
  HIGHEST GUST SPEED    39   HIGHEST GUST DIRECTION    NW (310)
  AVERAGE WIND SPEED    12.6



WEATHER CONDITIONS
 THE FOLLOWING WEATHER WAS RECORDED YESTERDAY.
  LIGHT SNOW
  FOG
  HAZE


RELATIVE HUMIDITY (PERCENT)
 HIGHEST    85
 LOWEST     42
 AVERAGE    64

..........................................................


THE TRI CITIES MI CLIMATE NORMALS FOR TODAY
                         NORMAL
 MAXIMUM TEMPERATURE (F)   29
 MINIMUM TEMPERATURE (F)   15


SUNRISE AND SUNSET
JANUARY 30 2015.......SUNRISE   755 AM EST   SUNSET   545 PM EST
JANUARY 31 2015.......SUNRISE   754 AM EST   SUNSET   546 PM EST


-  INDICATES NEGATIVE NUMBERS.
R  INDICATES RECORD WAS SET OR TIED.
MM INDICATES DATA IS MISSING.
T  INDICATES TRACE AMOUNT.




$$
