000
CDUS43 KDTX 050539
CLIMBS


CLIMATE REPORT
NATIONAL WEATHER SERVICE DETROIT/PONTIAC MI
139 AM EDT THU MAY 5 2016


...................................

...THE TRI CITIES MI CLIMATE SUMMARY FOR MAY 4 2016...

CLIMATE NORMAL PERIOD 1981 TO 2010
CLIMATE RECORD PERIOD 1898 TO 2016


WEATHER ITEM   OBSERVED TIME   NORMAL DEPARTURE LAST
                VALUE   (LST)  VALUE  FROM      YEAR
                                      NORMAL
......................................................
TEMPERATURE (F)
 YESTERDAY
  MAXIMUM         57   1116 AM  64     -7       77
  MINIMUM         46   1159 PM  42      4       53
  AVERAGE         52            53     -1

PRECIPITATION (IN)
  YESTERDAY        0.60          0.10   0.50
  MONTH TO DATE    0.71          0.42   0.29
  SINCE MAR 1      6.52          5.37   1.15
  SINCE JAN 1     10.44          8.69   1.75

SNOWFALL (IN)
  YESTERDAY        0.0
  MONTH TO DATE    0.0
  SINCE MAR 1     16.5
  SINCE JUL 1     50.2
  SNOW DEPTH       0

DEGREE DAYS
 HEATING
  YESTERDAY       13                    1
  MONTH TO DATE   54                    3
  SINCE MAR 1   1474                 -118
  SINCE JUL 1   5487                -1204

 COOLING
  YESTERDAY        0                    0
  MONTH TO DATE    0                    0
  SINCE MAR 1      1                   -3
  SINCE JAN 1      1                   -3
......................................................


WIND (MPH)
  HIGHEST WIND SPEED    23   HIGHEST WIND DIRECTION    NE (40)
  HIGHEST GUST SPEED    27   HIGHEST GUST DIRECTION    NE (50)
  AVERAGE WIND SPEED     9.1



WEATHER CONDITIONS
 THE FOLLOWING WEATHER WAS RECORDED YESTERDAY.
  THUNDERSTORM
  HEAVY RAIN
  RAIN
  LIGHT RAIN
  FOG


RELATIVE HUMIDITY (PERCENT)
 HIGHEST    89
 LOWEST     51
 AVERAGE    70

..........................................................


THE TRI CITIES MI CLIMATE NORMALS FOR TODAY
                         NORMAL
 MAXIMUM TEMPERATURE (F)   64
 MINIMUM TEMPERATURE (F)   43


SUNRISE AND SUNSET
MAY  5 2016...........SUNRISE   623 AM EDT   SUNSET   844 PM EDT
MAY  6 2016...........SUNRISE   622 AM EDT   SUNSET   845 PM EDT


-  INDICATES NEGATIVE NUMBERS.
R  INDICATES RECORD WAS SET OR TIED.
MM INDICATES DATA IS MISSING.
T  INDICATES TRACE AMOUNT.




$$
