000
CDUS43 KDTX 230536
CLIMBS


CLIMATE REPORT
NATIONAL WEATHER SERVICE DETROIT/PONTIAC MI
135 AM EDT WED APR 23 2014


...................................

...THE  TRI CITIES MI CLIMATE SUMMARY FOR APRIL 22 2014...

CLIMATE NORMAL PERIOD 1981 TO 2010
CLIMATE RECORD PERIOD 1898 TO 2014


WEATHER ITEM   OBSERVED TIME   NORMAL DEPARTURE
                VALUE   (LST)  VALUE  FROM
                                      NORMAL
...................................................
TEMPERATURE (F)
 YESTERDAY
  MAXIMUM         58    218 AM  59     -1
  MINIMUM         37   1149 PM  38     -1
  AVERAGE         48            49     -1

PRECIPITATION (IN)
  YESTERDAY        0.00          0.09  -0.09
  MONTH TO DATE    2.76          2.09   0.67
  SINCE MAR 1      3.79          4.15  -0.36
  SINCE JAN 1      7.57          7.47   0.10

SNOWFALL (IN)
  YESTERDAY        0.0
  MONTH TO DATE    1.4
  SINCE MAR 1      7.2
  SINCE JUL 1     60.3
  SNOW DEPTH       0

DEGREE DAYS
 HEATING
  YESTERDAY       17                    0
  MONTH TO DATE  421                  -33
  SINCE MAR 1   1644                  221
  SINCE JUL 1   7236                  714

 COOLING
  YESTERDAY        0                    0
  MONTH TO DATE    3                    3
  SINCE MAR 1      3                    3
  SINCE JAN 1      3                    3
...................................................


WIND (MPH)
  HIGHEST WIND SPEED    30   HIGHEST WIND DIRECTION    NW (320)
  HIGHEST GUST SPEED    36   HIGHEST GUST DIRECTION    NW (320)
  AVERAGE WIND SPEED    19.1




RELATIVE HUMIDITY (PERCENT)
 HIGHEST    93
 LOWEST     52
 AVERAGE    73

..........................................................


THE  TRI CITIES MI CLIMATE NORMALS FOR TODAY
                         NORMAL
 MAXIMUM TEMPERATURE (F)   60
 MINIMUM TEMPERATURE (F)   39


SUNRISE AND SUNSET
APRIL 23 2014.........SUNRISE   641 AM EDT   SUNSET   829 PM EDT
APRIL 24 2014.........SUNRISE   639 AM EDT   SUNSET   830 PM EDT


-  INDICATES NEGATIVE NUMBERS.
R  INDICATES RECORD WAS SET OR TIED.
MM INDICATES DATA IS MISSING.
T  INDICATES TRACE AMOUNT.




$$
