000
CDUS43 KDTX 280539
CLIMBS


CLIMATE REPORT
NATIONAL WEATHER SERVICE DETROIT/PONTIAC MI
139 AM EDT SUN MAY 28 2017


...................................

...THE TRI CITIES MI CLIMATE SUMMARY FOR MAY 27 2017...

CLIMATE NORMAL PERIOD 1981 TO 2010
CLIMATE RECORD PERIOD 1898 TO 2017


WEATHER ITEM   OBSERVED TIME   NORMAL DEPARTURE LAST
                VALUE   (LST)  VALUE  FROM      YEAR
                                      NORMAL
......................................................
TEMPERATURE (F)
 YESTERDAY
  MAXIMUM         78    254 PM  72      6       88
  MINIMUM         52    500 AM  51      1       63
  AVERAGE         65            61      4

PRECIPITATION (IN)
  YESTERDAY        0.00          0.10  -0.10
  MONTH TO DATE    2.06          2.97  -0.91
  SINCE MAR 1     10.75          7.92   2.83
  SINCE JAN 1     15.26         11.24   4.02

SNOWFALL (IN)
  YESTERDAY        0.0
  MONTH TO DATE    0.0
  SINCE MAR 1      7.5
  SINCE JUL 1     37.4
  SNOW DEPTH       0

DEGREE DAYS
 HEATING
  YESTERDAY        0                   -6
  MONTH TO DATE  261                    8
  SINCE MAR 1   1675                 -119
  SINCE JUL 1   5844                -1049

 COOLING
  YESTERDAY        0                   -2
  MONTH TO DATE   17                   -6
  SINCE MAR 1     21                   -6
  SINCE JAN 1     21                   -6
......................................................


WIND (MPH)
  HIGHEST WIND SPEED     9   HIGHEST WIND DIRECTION    SE (120)
  HIGHEST GUST SPEED    11   HIGHEST GUST DIRECTION     S (180)
  AVERAGE WIND SPEED     2.7



WEATHER CONDITIONS
 THE FOLLOWING WEATHER WAS RECORDED YESTERDAY.
  FOG


RELATIVE HUMIDITY (PERCENT)
 HIGHEST   100
 LOWEST     45
 AVERAGE    73

..........................................................


THE TRI CITIES MI CLIMATE NORMALS FOR TODAY
                         NORMAL
 MAXIMUM TEMPERATURE (F)   72
 MINIMUM TEMPERATURE (F)   51


SUNRISE AND SUNSET
MAY 28 2017...........SUNRISE   600 AM EDT   SUNSET   908 PM EDT
MAY 29 2017...........SUNRISE   600 AM EDT   SUNSET   908 PM EDT


-  INDICATES NEGATIVE NUMBERS.
R  INDICATES RECORD WAS SET OR TIED.
MM INDICATES DATA IS MISSING.
T  INDICATES TRACE AMOUNT.




$$
