000
CDUS43 KDTX 290543
CLIMBS


CLIMATE REPORT
NATIONAL WEATHER SERVICE DETROIT/PONTIAC MI
142 AM EDT FRI AUG 29 2014


...................................

...THE  TRI CITIES MI CLIMATE SUMMARY FOR AUGUST 28 2014...

CLIMATE NORMAL PERIOD 1981 TO 2010
CLIMATE RECORD PERIOD 1898 TO 2014


WEATHER ITEM   OBSERVED TIME   NORMAL DEPARTURE
                VALUE   (LST)  VALUE  FROM
                                      NORMAL
...................................................
TEMPERATURE (F)
 YESTERDAY
  MAXIMUM         72    506 PM  78     -6
  MINIMUM         50    537 AM  57     -7
  AVERAGE         61            67     -6

PRECIPITATION (IN)
  YESTERDAY        0.00          0.12  -0.12
  MONTH TO DATE    4.25          2.96   1.29
  SINCE JUN 1     10.08          8.52   1.56
  SINCE JAN 1     21.67         20.17   1.50

SNOWFALL (IN)
  YESTERDAY        0.0
  MONTH TO DATE    0.0
  SINCE JUN 1      0.0
  SINCE JUL 1      0.0
  SNOW DEPTH       0

DEGREE DAYS
 HEATING
  YESTERDAY        4                    3
  MONTH TO DATE   11                  -15
  SINCE JUN 1     40                  -58
  SINCE JUL 1     26                  -13

 COOLING
  YESTERDAY        0                   -4
  MONTH TO DATE  132                   -6
  SINCE JUN 1    419                  -41
  SINCE JAN 1    463                  -33
...................................................


WIND (MPH)
  HIGHEST WIND SPEED    12   HIGHEST WIND DIRECTION     E (110)
  HIGHEST GUST SPEED    16   HIGHEST GUST DIRECTION     N (10)
  AVERAGE WIND SPEED     6.4




RELATIVE HUMIDITY (PERCENT)
 HIGHEST    86
 LOWEST     47
 AVERAGE    67

..........................................................


THE  TRI CITIES MI CLIMATE NORMALS FOR TODAY
                         NORMAL
 MAXIMUM TEMPERATURE (F)   78
 MINIMUM TEMPERATURE (F)   56


SUNRISE AND SUNSET
AUGUST 29 2014........SUNRISE   657 AM EDT   SUNSET   817 PM EDT
AUGUST 30 2014........SUNRISE   658 AM EDT   SUNSET   815 PM EDT


-  INDICATES NEGATIVE NUMBERS.
R  INDICATES RECORD WAS SET OR TIED.
MM INDICATES DATA IS MISSING.
T  INDICATES TRACE AMOUNT.




$$
