916
CDUS43 KDTX 240543
CLIMBS


CLIMATE REPORT
NATIONAL WEATHER SERVICE DETROIT/PONTIAC MI
1243 AM EST TUE JAN 24 2017


...................................

...THE TRI CITIES MI CLIMATE SUMMARY FOR JANUARY 23 2017...

CLIMATE NORMAL PERIOD 1981 TO 2010
CLIMATE RECORD PERIOD 1898 TO 2017


WEATHER ITEM   OBSERVED TIME   NORMAL DEPARTURE LAST
                VALUE   (LST)  VALUE  FROM      YEAR
                                      NORMAL
......................................................
TEMPERATURE (F)
 YESTERDAY
  MAXIMUM         38    442 PM  29      9       30
  MINIMUM         35   1026 PM  15     20       20
  AVERAGE         37            22     15

PRECIPITATION (IN)
  YESTERDAY        0.13          0.05   0.08
  MONTH TO DATE    2.12          1.34   0.78
  SINCE DEC 1      3.49          3.20   0.29
  SINCE JAN 1      2.12          1.34   0.78

SNOWFALL (IN)
  YESTERDAY        0.0
  MONTH TO DATE    7.4
  SINCE DEC 1     24.0
  SINCE JUL 1     25.6
  SNOW DEPTH       0

DEGREE DAYS
 HEATING
  YESTERDAY       28                  -15
  MONTH TO DATE  857                 -123
  SINCE DEC 1   2024                 -123
  SINCE JUL 1   3012                 -608

 COOLING
  YESTERDAY        0                    0
  MONTH TO DATE    0                    0
  SINCE DEC 1      0                    0
  SINCE JAN 1      0                    0
......................................................


WIND (MPH)
  HIGHEST WIND SPEED    12   HIGHEST WIND DIRECTION    NE (30)
  HIGHEST GUST SPEED    13   HIGHEST GUST DIRECTION     N (20)
  AVERAGE WIND SPEED     7.5



WEATHER CONDITIONS
 THE FOLLOWING WEATHER WAS RECORDED YESTERDAY.
  LIGHT RAIN
  FOG
  FOG W/VISIBILITY <= 1/4 MILE


RELATIVE HUMIDITY (PERCENT)
 HIGHEST   100
 LOWEST    100
 AVERAGE   100

..........................................................


THE TRI CITIES MI CLIMATE NORMALS FOR TODAY
                         NORMAL
 MAXIMUM TEMPERATURE (F)   29
 MINIMUM TEMPERATURE (F)   15


SUNRISE AND SUNSET
JANUARY 24 2017.......SUNRISE   800 AM EST   SUNSET   537 PM EST
JANUARY 25 2017.......SUNRISE   759 AM EST   SUNSET   539 PM EST


-  INDICATES NEGATIVE NUMBERS.
R  INDICATES RECORD WAS SET OR TIED.
MM INDICATES DATA IS MISSING.
T  INDICATES TRACE AMOUNT.




$$
