009
CDUS43 KDTX 142128
CLIMBS


CLIMATE REPORT
NATIONAL WEATHER SERVICE DETROIT/PONTIAC MI
427 PM EST SUN FEB 14 2016


...................................

...THE TRI CITIES MI CLIMATE SUMMARY FOR FEBRUARY 14 2016...
VALID TODAY AS OF 0400 PM LOCAL TIME.

CLIMATE NORMAL PERIOD 1981 TO 2010
CLIMATE RECORD PERIOD 1898 TO 2016


WEATHER ITEM   OBSERVED TIME   NORMAL DEPARTURE LAST
                VALUE   (LST)  VALUE  FROM      YEAR
                                      NORMAL
......................................................
TEMPERATURE (F)
 TODAY
  MAXIMUM         18    356 PM  31    -13       20
  MINIMUM          4    817 AM  17    -13       -3
  AVERAGE         11            24    -13        9

PRECIPITATION (IN)
  TODAY            0.00          0.05  -0.05     0.04
  MONTH TO DATE    1.12          0.68   0.44     0.94
  SINCE DEC 1      6.26          4.25   2.01     3.43
  SINCE JAN 1      3.16          2.39   0.77     1.96

SNOWFALL (IN)
  TODAY            0.0           0.2   -0.2      0.6
  MONTH TO DATE    7.2           4.3    2.9     14.0
  SINCE DEC 1     19.5          25.2   -5.7     26.8
  SINCE JUL 1     23.0          29.1   -6.1     29.7
  SNOW DEPTH       5

DEGREE DAYS
 HEATING
  TODAY           54            41     13       56
  MONTH TO DATE  541           588    -47      676
  SINCE DEC 1   2515          3080   -565     3051
  SINCE JUL 1   3526          4553  -1027     4547

 COOLING
  TODAY            0             0      0        0
  MONTH TO DATE    0             0      0        0
  SINCE DEC 1      0             0      0        0
  SINCE JAN 1      0             0      0        0
......................................................


WIND (MPH)
  HIGHEST WIND SPEED    13   HIGHEST WIND DIRECTION     S (200)
  HIGHEST GUST SPEED    19   HIGHEST GUST DIRECTION     S (170)
  AVERAGE WIND SPEED     5.3


SKY COVER
  AVERAGE SKY COVER 0.5


WEATHER CONDITIONS
 THE FOLLOWING WEATHER WAS RECORDED TODAY.
  HAZE


..........................................................


THE TRI CITIES MI CLIMATE NORMALS FOR TOMORROW
                         NORMAL
 MAXIMUM TEMPERATURE (F)   32
 MINIMUM TEMPERATURE (F)   17


SUNRISE AND SUNSET
FEBRUARY 14 2016......SUNRISE   737 AM EST   SUNSET   605 PM EST
FEBRUARY 15 2016......SUNRISE   735 AM EST   SUNSET   606 PM EST


-  INDICATES NEGATIVE NUMBERS.
R  INDICATES RECORD WAS SET OR TIED.
MM INDICATES DATA IS MISSING.
T  INDICATES TRACE AMOUNT.




$$
