000
CDUS43 KDTX 290549
CLIMBS


CLIMATE REPORT
NATIONAL WEATHER SERVICE DETROIT/PONTIAC MI
149 AM EDT SUN MAR 29 2015


...................................

...THE TRI CITIES MI CLIMATE SUMMARY FOR MARCH 28 2015...

CLIMATE NORMAL PERIOD 1981 TO 2010
CLIMATE RECORD PERIOD 1898 TO 2015


WEATHER ITEM   OBSERVED TIME   NORMAL DEPARTURE LAST
                VALUE   (LST)  VALUE  FROM      YEAR
                                      NORMAL
......................................................
TEMPERATURE (F)
 YESTERDAY
  MAXIMUM         37    444 PM  48    -11       49
  MINIMUM         15    702 AM  29    -14       30
  AVERAGE         26            38    -12

PRECIPITATION (IN)
  YESTERDAY        0.00          0.07  -0.07
  MONTH TO DATE    0.47          1.84  -1.37
  SINCE MAR 1      0.47          1.84  -1.37
  SINCE JAN 1      2.58          5.16  -2.58

SNOWFALL (IN)
  YESTERDAY        0.0
  MONTH TO DATE    2.4
  SINCE MAR 1      2.4
  SINCE JUL 1     34.3
  SNOW DEPTH       0

DEGREE DAYS
 HEATING
  YESTERDAY       39                   12
  MONTH TO DATE  931                   39
  SINCE MAR 1    931                   39
  SINCE JUL 1   6292                  301

 COOLING
  YESTERDAY        0                    0
  MONTH TO DATE    0                    0
  SINCE MAR 1      0                    0
  SINCE JAN 1      0                    0
......................................................


WIND (MPH)
  HIGHEST WIND SPEED    14   HIGHEST WIND DIRECTION     N (350)
  HIGHEST GUST SPEED    21   HIGHEST GUST DIRECTION     N (360)
  AVERAGE WIND SPEED     7.4



WEATHER CONDITIONS
 THE FOLLOWING WEATHER WAS RECORDED YESTERDAY.
  NO SIGNIFICANT WEATHER WAS OBSERVED.


RELATIVE HUMIDITY (PERCENT)
 HIGHEST    73
 LOWEST     26
 AVERAGE    50

..........................................................


THE TRI CITIES MI CLIMATE NORMALS FOR TODAY
                         NORMAL
 MAXIMUM TEMPERATURE (F)   48
 MINIMUM TEMPERATURE (F)   30


SUNRISE AND SUNSET
MARCH 29 2015.........SUNRISE   724 AM EDT   SUNSET   759 PM EDT
MARCH 30 2015.........SUNRISE   722 AM EDT   SUNSET   800 PM EDT


-  INDICATES NEGATIVE NUMBERS.
R  INDICATES RECORD WAS SET OR TIED.
MM INDICATES DATA IS MISSING.
T  INDICATES TRACE AMOUNT.




$$
