000
CDUS46 KHNX 270833
CLIMCE


CLIMATE REPORT
NATIONAL WEATHER SERVICE SAN JOAQUIN VALLEY, CA
1232 AM PST MON FEB 27 2017


...................................

...THE MERCED  CA CLIMATE SUMMARY FOR FEBRUARY 26 2017...

CLIMATE NORMAL PERIOD 1981 TO 2010
CLIMATE RECORD PERIOD 1998 TO 2017


WEATHER ITEM   OBSERVED TIME   RECORD YEAR NORMAL DEPARTURE
                VALUE   (LST)  VALUE       VALUE  FROM
                                                  NORMAL
...............................................................
TEMPERATURE (F)
 YESTERDAY
  MAXIMUM         57    407 PM  73    2016  63     -6
  MINIMUM         33    725 AM  31    2011  40     -7
  AVERAGE         45                        52     -7

PRECIPITATION (IN)
  YESTERDAY        0.00          0.58 2010   0.09  -0.09
  MONTH TO DATE    3.51                      2.17   1.34
  SINCE OCT 1     13.35                      8.29   5.06
  SINCE JAN 1      9.12                      4.78   4.34

SNOWFALL (IN)
  YESTERDAY        0.0
  MONTH TO DATE    0.0
  SINCE DEC 1      0.0
  SINCE JUL 1      0.0
  SNOW DEPTH       0

DEGREE DAYS
 HEATING
  YESTERDAY       20
  MONTH TO DATE  311
  SINCE DEC 1   1490
  SINCE JUL 1   1835

 COOLING
  YESTERDAY        0
  MONTH TO DATE    0
  SINCE DEC 1      0
  SINCE JAN 1      0
...............................................................


WIND (MPH)
  HIGHEST WIND SPEED    10   HIGHEST WIND DIRECTION    NW (330)
  HIGHEST GUST SPEED    13   HIGHEST GUST DIRECTION    SW (230)
  AVERAGE WIND SPEED     3.4




RELATIVE HUMIDITY (PERCENT)
 HIGHEST    96
 LOWEST     43
 AVERAGE    70

..........................................................


THE MERCED  CA CLIMATE NORMALS FOR TODAY
                         NORMAL    RECORD    YEAR
 MAXIMUM TEMPERATURE (F)   63        72      2002
 MINIMUM TEMPERATURE (F)   41        27      2011


SUNRISE AND SUNSET
FEBRUARY 27 2017......SUNRISE   636 AM PST   SUNSET   555 PM PST
FEBRUARY 28 2017......SUNRISE   634 AM PST   SUNSET   556 PM PST


-  INDICATES NEGATIVE NUMBERS.
R  INDICATES RECORD WAS SET OR TIED.
MM INDICATES DATA IS MISSING.
T  INDICATES TRACE AMOUNT.




$$
