000
CDUS46 KHNX 020023
CLIMCE


CLIMATE REPORT
NATIONAL WEATHER SERVICE SAN JOAQUIN VALLEY, CA
422 PM PST SUN FEB 1 2015


...................................

...THE MERCED  CA CLIMATE SUMMARY FOR FEBRUARY 1 2015...
VALID AS OF 0400 PM LOCAL TIME.

CLIMATE NORMAL PERIOD 1981 TO 2010
CLIMATE RECORD PERIOD 1998 TO 2015


WEATHER ITEM   OBSERVED TIME   RECORD YEAR NORMAL DEPARTURE LAST
                VALUE   (LST)  VALUE       VALUE  FROM      YEAR
                                                  NORMAL
..................................................................
TEMPERATURE (F)
 TODAY
  MAXIMUM         66    246 PM  67    2013  57      9       58
  MINIMUM         40    640 AM  27    2002  38      2       32
  AVERAGE         53                        47      6       45

PRECIPITATION (IN)
  TODAY            0.00          0.08 2008   0.06  -0.06     0.00
  MONTH TO DATE    0.00                      0.06  -0.06     0.00
  SINCE OCT 1      4.77                      6.18  -1.41     1.32
  SINCE JAN 1      0.02                      2.67  -2.65     0.31

SNOWFALL (IN)
  TODAY            0.0
  MONTH TO DATE    0.0
  SINCE DEC 1      0.0
  SINCE JUL 1      0.0
  SNOW DEPTH       0

DEGREE DAYS
 HEATING
  TODAY           12                                        20
  MONTH TO DATE   12                                        20
  SINCE DEC 1    898                                      1143
  SINCE JUL 1   1183                                      1583

 COOLING
  TODAY            0                                         0
  MONTH TO DATE    0                                         0
  SINCE DEC 1      0                                         0
  SINCE JAN 1      0                                         0
..................................................................


WIND (MPH)
  HIGHEST WIND SPEED    12   HIGHEST WIND DIRECTION    SE (140)
  HIGHEST GUST SPEED    13   HIGHEST GUST DIRECTION    SE (140)
  AVERAGE WIND SPEED     4.1




RELATIVE HUMIDITY (PERCENT)
 HIGHEST    96
 LOWEST     56
 AVERAGE    76

..........................................................


THE MERCED  CA CLIMATE NORMALS FOR TOMORROW
                         NORMAL    RECORD    YEAR
 MAXIMUM TEMPERATURE (F)   57        67      2009
 MINIMUM TEMPERATURE (F)   38        27      2002


SUNRISE AND SUNSET
FEBRUARY  1 2015......SUNRISE   706 AM PST   SUNSET   527 PM PST
FEBRUARY  2 2015......SUNRISE   705 AM PST   SUNSET   528 PM PST


-  INDICATES NEGATIVE NUMBERS.
R  INDICATES RECORD WAS SET OR TIED.
MM INDICATES DATA IS MISSING.
T  INDICATES TRACE AMOUNT.




$$
