000
CDUS46 KHNX 210022
CLIMCE


CLIMATE REPORT
NATIONAL WEATHER SERVICE SAN JOAQUIN VALLEY, CA
421 PM PST SAT DEC 20 2014


...................................

...THE MERCED  CA CLIMATE SUMMARY FOR DECEMBER 20 2014...
VALID AS OF 0400 PM LOCAL TIME.

CLIMATE NORMAL PERIOD 1981 TO 2010
CLIMATE RECORD PERIOD 1998 TO 2014


WEATHER ITEM   OBSERVED TIME   RECORD YEAR NORMAL DEPARTURE LAST
                VALUE   (LST)  VALUE       VALUE  FROM      YEAR
                                                  NORMAL
..................................................................
TEMPERATURE (F)
 TODAY
  MAXIMUM         60    250 PM  74    1999  52      8       55
  MINIMUM         53    919 AM  25    1998  36     17       30
  AVERAGE         57                        44     13       43

PRECIPITATION (IN)
  TODAY            0.07          0.85 2010   0.06   0.01     0.00
  MONTH TO DATE    3.35                      0.81   2.54     0.29
  SINCE JUL 1      4.71                      3.11   1.60     1.01
  SINCE JAN 1      8.67                     11.79  -3.12     3.79

SNOWFALL (IN)
  TODAY            0.0
  MONTH TO DATE    0.0
  SINCE DEC 1      0.0
  SINCE JUL 1      0.0
  SNOW DEPTH       0

DEGREE DAYS
 HEATING
  TODAY            8                                        22
  MONTH TO DATE  197                                       453
  SINCE DEC 1    197                                       453
  SINCE JUL 1    482                                       893

 COOLING
  TODAY            0                                         0
  MONTH TO DATE    0                                         0
  SINCE DEC 1      0                                         0
  SINCE JAN 1   2147                                      1787
..................................................................


WIND (MPH)
  HIGHEST WIND SPEED    10   HIGHEST WIND DIRECTION    SE (120)
  HIGHEST GUST SPEED    13   HIGHEST GUST DIRECTION     E (110)
  AVERAGE WIND SPEED     4.0




RELATIVE HUMIDITY (PERCENT)
 HIGHEST    83
 LOWEST     75
 AVERAGE    79

..........................................................


THE MERCED  CA CLIMATE NORMALS FOR TOMORROW
                         NORMAL    RECORD    YEAR
 MAXIMUM TEMPERATURE (F)   52        63      2000
 MINIMUM TEMPERATURE (F)   36        21      1998


SUNRISE AND SUNSET
DECEMBER 20 2014......SUNRISE   712 AM PST   SUNSET   448 PM PST
DECEMBER 21 2014......SUNRISE   713 AM PST   SUNSET   448 PM PST


-  INDICATES NEGATIVE NUMBERS.
R  INDICATES RECORD WAS SET OR TIED.
MM INDICATES DATA IS MISSING.
T  INDICATES TRACE AMOUNT.




$$
