000
CDUS46 KHNX 281016
CLIMCE


CLIMATE REPORT
NATIONAL WEATHER SERVICE SAN JOAQUIN VALLEY, CA
316 AM PDT TUE JUL 28 2015


...................................

...THE MERCED  CA CLIMATE SUMMARY FOR JULY 27 2015...

CLIMATE NORMAL PERIOD 1981 TO 2010
CLIMATE RECORD PERIOD 1998 TO 2015


WEATHER ITEM   OBSERVED TIME   RECORD YEAR NORMAL DEPARTURE
                VALUE   (LST)  VALUE       VALUE  FROM
                                                  NORMAL
...............................................................
TEMPERATURE (F)
 YESTERDAY
  MAXIMUM         95    357 PM 103    2014  95      0
  MINIMUM         58    437 AM  56    2010  61     -3
                                      2000
  AVERAGE         77                        78     -1

PRECIPITATION (IN)
  YESTERDAY        0.00          0.00   MM   0.00   0.00
  MONTH TO DATE    T                         0.00   0.00
  SINCE OCT 1      7.84                     12.19  -4.35
  SINCE JAN 1      3.09                      8.68  -5.59

SNOWFALL (IN)
  YESTERDAY        0.0
  MONTH TO DATE    0.0
  SINCE JUN 1      0.0
  SINCE JUL 1      0.0
  SNOW DEPTH       0

DEGREE DAYS
 HEATING
  YESTERDAY        0
  MONTH TO DATE    0
  SINCE JUN 1      0
  SINCE JUL 1      0

 COOLING
  YESTERDAY       12
  MONTH TO DATE  374
  SINCE JUN 1    766
  SINCE JAN 1    888
...............................................................


WIND (MPH)
  HIGHEST WIND SPEED    20   HIGHEST WIND DIRECTION     N (340)
  HIGHEST GUST SPEED    23   HIGHEST GUST DIRECTION     N (350)
  AVERAGE WIND SPEED     9.3




RELATIVE HUMIDITY (PERCENT)
 HIGHEST    75
 LOWEST     20
 AVERAGE    48

..........................................................


THE MERCED  CA CLIMATE NORMALS FOR TODAY
                         NORMAL    RECORD    YEAR
 MAXIMUM TEMPERATURE (F)   95       101      2014
                                             2003
 MINIMUM TEMPERATURE (F)   61        55      2010


SUNRISE AND SUNSET
JULY 28 2015..........SUNRISE   604 AM PDT   SUNSET   814 PM PDT
JULY 29 2015..........SUNRISE   604 AM PDT   SUNSET   813 PM PDT


-  INDICATES NEGATIVE NUMBERS.
R  INDICATES RECORD WAS SET OR TIED.
MM INDICATES DATA IS MISSING.
T  INDICATES TRACE AMOUNT.




$$
