589
CDUS46 KHNX 220821
CLIMCE


CLIMATE REPORT
NATIONAL WEATHER SERVICE SAN JOAQUIN VALLEY, CA
121 AM PDT FRI MAY 22 2015


...................................

...THE MERCED  CA CLIMATE SUMMARY FOR MAY 21 2015...

CLIMATE NORMAL PERIOD 1981 TO 2010
CLIMATE RECORD PERIOD 1998 TO 2015


WEATHER ITEM   OBSERVED TIME   RECORD YEAR NORMAL DEPARTURE
                VALUE   (LST)  VALUE       VALUE  FROM
                                                  NORMAL
...............................................................
TEMPERATURE (F)
 YESTERDAY
  MAXIMUM         71    450 PM  98    2001  84    -13
  MINIMUM         52    523 AM  46    2002  53     -1
  AVERAGE         62                        68     -6

PRECIPITATION (IN)
  YESTERDAY        0.00          1.00 2006   0.01  -0.01
  MONTH TO DATE    0.74                      0.49   0.25
  SINCE OCT 1      7.84                     11.97  -4.13
  SINCE JAN 1      3.09                      8.46  -5.37

SNOWFALL (IN)
  YESTERDAY        0.0
  MONTH TO DATE    0.0
  SINCE MAR 1      0.0
  SINCE JUL 1      0.0
  SNOW DEPTH       0

DEGREE DAYS
 HEATING
  YESTERDAY        3
  MONTH TO DATE   50
  SINCE MAR 1    309
  SINCE JUL 1   1773

 COOLING
  YESTERDAY        0
  MONTH TO DATE   26
  SINCE MAR 1     70
  SINCE JAN 1     70
...............................................................


WIND (MPH)
  HIGHEST WIND SPEED    15   HIGHEST WIND DIRECTION    NW (330)
  HIGHEST GUST SPEED    20   HIGHEST GUST DIRECTION     N (340)
  AVERAGE WIND SPEED     7.8




RELATIVE HUMIDITY (PERCENT)
 HIGHEST    89
 LOWEST     41
 AVERAGE    65

..........................................................


THE MERCED  CA CLIMATE NORMALS FOR TODAY
                         NORMAL    RECORD    YEAR
 MAXIMUM TEMPERATURE (F)   84       100      2000
 MINIMUM TEMPERATURE (F)   53        40      2010


SUNRISE AND SUNSET
MAY 22 2015...........SUNRISE   549 AM PDT   SUNSET   810 PM PDT
MAY 23 2015...........SUNRISE   548 AM PDT   SUNSET   811 PM PDT


-  INDICATES NEGATIVE NUMBERS.
R  INDICATES RECORD WAS SET OR TIED.
MM INDICATES DATA IS MISSING.
T  INDICATES TRACE AMOUNT.




$$
