000
CDUS46 KHNX 230822
CLIMCE


CLIMATE REPORT
NATIONAL WEATHER SERVICE SAN JOAQUIN VALLEY, CA
1222 AM PST FRI FEB 23 2018


...................................

...THE MERCED  CA CLIMATE SUMMARY FOR FEBRUARY 22 2018...

CLIMATE NORMAL PERIOD 1981 TO 2010
CLIMATE RECORD PERIOD 1998 TO 2018


WEATHER ITEM   OBSERVED TIME   RECORD YEAR NORMAL DEPARTURE
                VALUE   (LST)  VALUE       VALUE  FROM
                                                  NORMAL
...............................................................
TEMPERATURE (F)
 YESTERDAY
  MAXIMUM         56    245 PM  74    2002  62     -6
  MINIMUM         30    411 AM  29    2006  40    -10
  AVERAGE         43                        51     -8

PRECIPITATION (IN)
  YESTERDAY        0.01          0.51 2007   0.09  -0.08
  MONTH TO DATE    0.01                      1.80  -1.79
  SINCE OCT 1      2.30                      7.92  -5.62
  SINCE JAN 1      1.19                      4.41  -3.22

SNOWFALL (IN)
  YESTERDAY       MM
  MONTH TO DATE    0.0
  SINCE DEC 1      0.0
  SINCE JUL 1      0.0
  SNOW DEPTH       0

DEGREE DAYS
 HEATING
  YESTERDAY       22
  MONTH TO DATE  301
  SINCE DEC 1   1308
  SINCE JUL 1   1662

 COOLING
  YESTERDAY        0
  MONTH TO DATE    0
  SINCE DEC 1      0
  SINCE JAN 1      0
...............................................................


WIND (MPH)
  HIGHEST WIND SPEED    23   HIGHEST WIND DIRECTION     W (280)
  HIGHEST GUST SPEED    33   HIGHEST GUST DIRECTION     W (280)
  AVERAGE WIND SPEED     5.7




RELATIVE HUMIDITY (PERCENT)
 HIGHEST    79
 LOWEST     32
 AVERAGE    56

..........................................................


THE MERCED  CA CLIMATE NORMALS FOR TODAY
                         NORMAL    RECORD    YEAR
 MAXIMUM TEMPERATURE (F)   62        74      2014
 MINIMUM TEMPERATURE (F)   40        30      2006


SUNRISE AND SUNSET
FEBRUARY 23 2018......SUNRISE   641 AM PST   SUNSET   551 PM PST
FEBRUARY 24 2018......SUNRISE   640 AM PST   SUNSET   552 PM PST


-  INDICATES NEGATIVE NUMBERS.
R  INDICATES RECORD WAS SET OR TIED.
MM INDICATES DATA IS MISSING.
T  INDICATES TRACE AMOUNT.




$$
