000
CDUS46 KHNX 270023
CLIMCE


CLIMATE REPORT
NATIONAL WEATHER SERVICE SAN JOAQUIN VALLEY, CA
523 PM PDT WED APR 26 2017


...................................

...THE MERCED  CA CLIMATE SUMMARY FOR APRIL 26 2017...
VALID AS OF 0400 PM LOCAL TIME.

CLIMATE NORMAL PERIOD 1981 TO 2010
CLIMATE RECORD PERIOD 1998 TO 2017


WEATHER ITEM   OBSERVED TIME   RECORD YEAR NORMAL DEPARTURE LAST
                VALUE   (LST)  VALUE       VALUE  FROM      YEAR
                                                  NORMAL
..................................................................
TEMPERATURE (F)
 TODAY
  MAXIMUM         72    359 PM  95    2004  77     -5       73
  MINIMUM         50    429 AM  40    2003  47      3       42
  AVERAGE         61                        62     -1       58

PRECIPITATION (IN)
  TODAY            0.00          0.08 2002   0.03  -0.03     0.00
  MONTH TO DATE    1.15                      0.84   0.31     2.67
  SINCE OCT 1     15.79                     11.37   4.42    13.63
  SINCE JAN 1     11.56                      7.86   3.70     9.91

SNOWFALL (IN)
  TODAY            0.0
  MONTH TO DATE    0.0
  SINCE MAR 1      0.0
  SINCE JUL 1      0.0
  SNOW DEPTH       0

DEGREE DAYS
 HEATING
  TODAY            4                                         7
  MONTH TO DATE  168                                        76
  SINCE MAR 1    458                                       326
  SINCE JUL 1   2328                                      2223

 COOLING
  TODAY            0                                         0
  MONTH TO DATE    0                                        27
  SINCE MAR 1      0                                        27
  SINCE JAN 1      0                                        27
..................................................................


WIND (MPH)
  HIGHEST WIND SPEED    13   HIGHEST WIND DIRECTION     N (340)
  HIGHEST GUST SPEED    19   HIGHEST GUST DIRECTION     N (20)
  AVERAGE WIND SPEED     5.9




RELATIVE HUMIDITY (PERCENT)
 HIGHEST    89
 LOWEST     61
 AVERAGE    75

..........................................................


THE MERCED  CA CLIMATE NORMALS FOR TOMORROW
                         NORMAL    RECORD    YEAR
 MAXIMUM TEMPERATURE (F)   77        97      2004
 MINIMUM TEMPERATURE (F)   47        40      1999


SUNRISE AND SUNSET
APRIL 26 2017.........SUNRISE   613 AM PDT   SUNSET   748 PM PDT
APRIL 27 2017.........SUNRISE   612 AM PDT   SUNSET   749 PM PDT


-  INDICATES NEGATIVE NUMBERS.
R  INDICATES RECORD WAS SET OR TIED.
MM INDICATES DATA IS MISSING.
T  INDICATES TRACE AMOUNT.




$$
