000
CDAK49 PAMC 291205
CLIMCG

CLIMATE REPORT
NATIONAL WEATHER SERVICE MCGRATH, AK
405 AM AKDT FRI AUG 29 2014

...................................
...THE MCGRATH AIRPORT CLIMATE SUMMARY FOR AUGUST 28 2014...

CLIMATE NORMAL PERIOD  1981 TO  2010
CLIMATE RECORD PERIOD  1940 TO  2014

WEATHER ITEM   OBSERVED TIME    RECORD YEAR NORMAL DEPARTURE LAST
               VALUE    (LST)   VALUE       VALUE  FROM      YEAR
                                                   NORMAL
...................................................................
TEMPERATURE
YESTERDAY
 MAXIMUM            58  0452 PM    76  1981     61      -3     56
 MINIMUM            47  0750 AM    25  1984     43       4     47
 AVERAGE            53                          52       1     52

PRECIPITATION
(INCHES)
 YESTERDAY        0.08           0.52  2007   0.09   -0.01      T
 MONTH TO DATE    1.73                        2.54   -0.81   2.42
 SINCE JUN 1      5.83                        6.44   -0.61   5.20
 SINCE JAN 1      8.56                       11.11   -2.55   9.06

SNOWFALL
(INCHES)
 YESTERDAY         0.0            0.0  2014    0.0     0.0    0.0
 MONTH TO DATE     0.0                         0.0     0.0    0.0
 SINCE JUN 1       0.0                         0.0     0.0    0.0
 SINCE JUL 1       0.0                         0.0     0.0    0.0
 SNOW DEPTH (IN)     0                                          0

DEGREE DAYS
 HEATING
  YESTERDAY         12                          13      -1     13
  MONTH TO DATE    176                         284    -108    206
  SINCE JUN 1      668                         690     -22    506
  SINCE JUL 1      363                         456     -93    371

 COOLING
  YESTERDAY          0                           0       0      0
  MONTH TO DATE      0                           0       0      3
  SINCE JUN 1       11                          16      -5     69
  SINCE JAN 1       11                          16      -5     78
...................................................................

WIND (MPH)
 HIGHEST WIND SPEED    15     HIGHEST WIND DIRECTION    180
 HIGHEST GUST SPEED    21     HIGHEST GUST DIRECTION    200
 AVERAGE WIND SPEED   3.6

WEATHER CONDITIONS
 THE FOLLOWING WEATHER WAS RECORDED YESTERDAY.
 FOG
 RAIN


...................................................................

THE MCGRATH CLIMATE NORMALS FOR TODAY
                           NORMAL    RECORD   YEAR
 MAXIMUM TEMPERATURE (F)     61        74     1971
 MINIMUM TEMPERATURE (F)     43        27     1994

SUNRISE AND SUNSET
 AUG 29 2014..........SUNRISE  7:02 AM      SUNSET  9:44 PM
 AUG 30 2014..........SUNRISE  7:04 AM      SUNSET  9:41 PM

-  INDICATES NEGATIVE NUMBERS.
R  INDICATES RECORD HAS BEEN SET OR TIED.
MM INDICATES DATA IS MISSING.
T  INDICATES TRACE OF PRECIPITATION.

&&
-------------------------------------------------------------------

AMOUNT OF DAYLIGHT TODAY  (HOUR:MIN)........14 HOURS 42 MINUTES
LOSS SINCE YESTERDAY (HOUR:MIN:SEC)....-0:06:08

$$
JCD AUG 14
