000
CDAK49 PAMC 080045
CLIMCG

CLIMATE REPORT
NATIONAL WEATHER SERVICE MCGRATH, AK
445 PM AKDT TUE JUL 7 2015

...................................
...THE MCGRATH AIRPORT CLIMATE SUMMARY FOR JULY 7 2015...
VALID TODAY AS OF 2:00 PM LOCAL TIME

CLIMATE NORMAL PERIOD  1981 TO  2010
CLIMATE RECORD PERIOD  1940 TO  2015

WEATHER ITEM   OBSERVED TIME    RECORD YEAR NORMAL DEPARTURE LAST
               VALUE    (LST)   VALUE       VALUE  FROM      YEAR
                                                   NORMAL
...................................................................
TEMPERATURE
TODAY
 MAXIMUM            MM    MM       89  2009     71      MM     71
 MINIMUM            MM    MM       42  1961     51      MM     55
 AVERAGE            MM                          61      MM     63

PRECIPITATION
(INCHES)
 TODAY            0.21           1.22  1998   0.07    0.14   0.69
 MONTH TO DATE    0.33                        0.47   -0.14   0.69
 SINCE JUN 1      1.41                        1.99   -0.58   2.21
 SINCE JAN 1      2.75                        6.66   -3.91   4.94

SNOWFALL
(INCHES)
 TODAY             0.0            0.0  2015    0.0     0.0    0.0
 MONTH TO DATE     0.0                         0.0     0.0    0.0
 SINCE JUN 1       0.0                         0.0     0.0    0.0
 SINCE JUL 1       0.0                         0.0     0.0    0.0
 SNOW DEPTH (IN)     0                                          0

DEGREE DAYS
 HEATING
  TODAY             MM                           5      MM      2
  MONTH TO DATE     MM                          35      MM     14
  SINCE JUN 1      477                         269     208    319
  SINCE JUL 1      284                          35     249     14

 COOLING
  TODAY             MM                           1      MM      0
  MONTH TO DATE     MM                           7      MM     11
  SINCE JUN 1       26                          12      14     11
  SINCE JAN 1       MM                          12      MM     11
...................................................................

WIND (MPH)
 HIGHEST WIND SPEED    MM     HIGHEST WIND DIRECTION     MM
 HIGHEST GUST SPEED    MM     HIGHEST GUST DIRECTION     MM
 AVERAGE WIND SPEED    MM

SKY COVER
  POSSIBLE SUNSHINE  MM            AVERAGE SKY COVER MM

WEATHER CONDITIONS
 THE FOLLOWING WEATHER WAS RECORDED TODAY.
RAIN


RELATIVE HUMIDITY
 HIGHEST RH     MM PERCENT       MM
 LOWEST  RH     MM PERCENT       MM
 AVERAGE RH     MM PERCENT       MM
...................................................................

THE MCGRATH CLIMATE NORMALS FOR TOMORROW
                        NORMAL    RECORD   YEAR
 MAXIMUM TEMPERATURE      71        88     1982
 MINIMUM TEMPERATURE      51        41     1942

SUNRISE AND SUNSET
 JUL 7 2015..........SUNRISE  4:35 AM      SUNSET 12:19 AM
 JUL 8 2015..........SUNRISE  4:37 AM      SUNSET 12:17 AM

-  INDICATES NEGATIVE NUMBERS.
R  INDICATES RECORD HAS BEEN SET OR TIED.
MM INDICATES DATA IS MISSING.
T  INDICATES TRACE OF PRECIPITATION.

&&
-------------------------------------------------------------------

AMOUNT OF DAYLIGHT TODAY  (HOUR:MIN)........19 HOURS 44 MINUTES
GAIN/LOSS SINCE YESTERDAY (HOUR:MIN:SEC)....-0:03:39

$$
TR JUL 15
