000
CDAK49 PAFG 190957
CLIMCG

CLIMATE REPORT
NATIONAL WEATHER SERVICE FAIRBANKS AK
157 AM AKDT TUE SEP 19 2017


...................................

...THE MCGRATH AK CLIMATE SUMMARY FOR SEPTEMBER 18 2017...

CLIMATE NORMAL PERIOD 1981 TO 2010
CLIMATE RECORD PERIOD 1946 TO 2017


WEATHER ITEM   OBSERVED TIME   RECORD YEAR NORMAL DEPARTURE LAST
                VALUE   (LST)  VALUE       VALUE  FROM      YEAR
                                                  NORMAL
..................................................................
TEMPERATURE (F)
 YESTERDAY
  MAXIMUM         56   1242 PM  71    1995  52      4       49
  MINIMUM         43    736 AM  20    2004  35      8       39
                                      1948
  AVERAGE         50                        44      6       44

PRECIPITATION (IN)
  YESTERDAY        T             0.64 2007   0.08  -0.08     0.01
  MONTH TO DATE    1.35                      1.54  -0.19     3.09
  SINCE SEP 1      1.35                      1.54  -0.19     3.09
  SINCE JAN 1     11.72                     12.91  -1.19    15.92

SNOWFALL (IN)
  YESTERDAY        0.0           2.6  1992   0.1   -0.1      0.0
  MONTH TO DATE    0.0                       0.4   -0.4      0.0
  SINCE SEP 1      0.0                       0.4   -0.4      0.0
  SINCE JUL 1      0.0                       0.4   -0.4      0.0
  SNOW DEPTH       0

DEGREE DAYS
 HEATING
  YESTERDAY       15                        21     -6       21
  MONTH TO DATE  256                       315    -59      280
  SINCE SEP 1    256                       315    -59      280
  SINCE JUL 1    609                       806   -197      556

 COOLING
  YESTERDAY        0                         0      0        0
  MONTH TO DATE    0                         0      0        0
  SINCE SEP 1      0                         0      0        0
  SINCE JAN 1     37                        20     17       29
..................................................................


WIND (MPH)
  HIGHEST GUST SPEED    20   HIGHEST GUST DIRECTION     W (280)


SKY COVER
  AVERAGE SKY COVER 0.9


WEATHER CONDITIONS
 THE FOLLOWING WEATHER WAS RECORDED YESTERDAY.
  LIGHT RAIN


RELATIVE HUMIDITY (PERCENT)
 HIGHEST    93
 LOWEST     66
 AVERAGE    80

..........................................................


THE MCGRATH AK CLIMATE NORMALS FOR TODAY
                         NORMAL    RECORD    YEAR
 MAXIMUM TEMPERATURE (F)   52        66      2006
 MINIMUM TEMPERATURE (F)   35        20      1960
                                             1948


SUNRISE AND SUNSET
SEPTEMBER 19 2017.....SUNRISE   800 AM AKDT  SUNSET   832 PM AKDT
SEPTEMBER 20 2017.....SUNRISE   802 AM AKDT  SUNSET   828 PM AKDT

-  INDICATES NEGATIVE NUMBERS.
R  INDICATES RECORD WAS SET OR TIED.
MM INDICATES DATA IS MISSING.
T  INDICATES TRACE AMOUNT.

&&

SNOW DEPTH IS MEASURED AT 3AM AKST/4AM AKDT.

----------------------------
AVAILABLE DAYLIGHT

AMOUNT OF DAYLIGHT TODAY  (HOUR:MIN)........12:32
GAIN/LOSS SINCE YESTERDAY (HOUR:MIN:SEC)....-0:06:05

$$
SEP 17
