000
CDAK49 PAFG 290959
CLIMCG

CLIMATE REPORT
NATIONAL WEATHER SERVICE FAIRBANKS AK
159 AM AKDT MON MAY 29 2017


...................................

...THE MCGRATH AK CLIMATE SUMMARY FOR MAY 28 2017...

CLIMATE NORMAL PERIOD 1981 TO 2010
CLIMATE RECORD PERIOD 1946 TO 2017


WEATHER ITEM   OBSERVED TIME   RECORD YEAR NORMAL DEPARTURE LAST
                VALUE   (LST)  VALUE       VALUE  FROM      YEAR
                                                  NORMAL
..................................................................
TEMPERATURE (F)
 YESTERDAY
  MAXIMUM         62    658 PM  83    2013  62      0       76
  MINIMUM         37    450 AM  31    1987  40     -3       45
                                      1978
  AVERAGE         50                        51     -1       61

PRECIPITATION (IN)
  YESTERDAY        T             0.31 1980   0.04  -0.04     0.00
  MONTH TO DATE    1.00                      0.96   0.04     1.11
  SINCE MAR 1      1.38                      2.51  -1.13     2.53
  SINCE JAN 1      2.58                      4.54  -1.96     2.59

SNOWFALL (IN)
  YESTERDAY        0.0           T    1999   0.0    0.0      0.0
                                      1984
                                      1976
  MONTH TO DATE    T                         0.9   -0.9      0.0
  SINCE MAR 1      2.6                      17.3  -14.7      0.0
  SINCE JUL 1     51.3                      97.3  -46.0      0.0
  SNOW DEPTH       0

DEGREE DAYS
 HEATING
  YESTERDAY       15                        14      1        4
  MONTH TO DATE  454                       528    -74      423
  SINCE MAR 1   3227                      3242    -15     2669
  SINCE JUL 1  12985                     13474   -489     3637

 COOLING
  YESTERDAY        0                         0      0        0
  MONTH TO DATE    0                         0      0        0
  SINCE MAR 1      0                         0      0        0
  SINCE JAN 1      0                         0      0        0
..................................................................


WIND (MPH)
  HIGHEST GUST SPEED    24   HIGHEST GUST DIRECTION    NE (60)


SKY COVER
  AVERAGE SKY COVER 0.7


WEATHER CONDITIONS
 THE FOLLOWING WEATHER WAS RECORDED YESTERDAY.
  NO SIGNIFICANT WEATHER WAS OBSERVED.


RELATIVE HUMIDITY (PERCENT)
 HIGHEST    85
 LOWEST     25
 AVERAGE    55

..........................................................


THE MCGRATH AK CLIMATE NORMALS FOR TODAY
                         NORMAL    RECORD    YEAR
 MAXIMUM TEMPERATURE (F)   63        86      2013
 MINIMUM TEMPERATURE (F)   41        31      1987


SUNRISE AND SUNSET
MAY 29 2017...........SUNRISE   443 AM AKDT  SUNSET  1200 AM AKDT
MAY 30 2017...........SUNRISE   440 AM AKDT  SUNSET  1203 AM AKDT

-  INDICATES NEGATIVE NUMBERS.
R  INDICATES RECORD WAS SET OR TIED.
MM INDICATES DATA IS MISSING.
T  INDICATES TRACE AMOUNT.

&&

SNOW DEPTH IS MEASURED AT 3AM AKST/4AM AKDT.

----------------------------
AVAILABLE DAYLIGHT

AMOUNT OF DAYLIGHT TODAY  (HOUR:MIN)........19:18
GAIN/LOSS SINCE YESTERDAY (HOUR:MIN:SEC)....+0:05:05

$$
CCC MAY 17
