000
CDAK49 PAMC 112344
CLIMCG

CLIMATE REPORT
NATIONAL WEATHER SERVICE MCGRATH, AK
244 PM AKST THU FEB 11 2016

...................................
...THE MCGRATH AIRPORT CLIMATE SUMMARY FOR FEBRUARY 11 2016...
VALID TODAY AS OF 2:00 PM LOCAL TIME

CLIMATE NORMAL PERIOD  1981 TO  2010
CLIMATE RECORD PERIOD  1940 TO  2016

WEATHER ITEM   OBSERVED TIME    RECORD YEAR NORMAL DEPARTURE LAST
               VALUE    (LST)   VALUE       VALUE  FROM      YEAR
                                                   NORMAL
...................................................................
TEMPERATURE
TODAY
 MAXIMUM             6  0159 PM    50  1980     11      -5      4
 MINIMUM           -16  0601 AM   -51  1976    -10      -6    -17
 AVERAGE            -5                           0      -5     -7

PRECIPITATION
(INCHES)
 TODAY               T           0.45  1966   0.04   -0.04      T
 MONTH TO DATE    0.06                        0.36   -0.30      T
 SINCE DEC 1      0.61                        2.74   -2.13   1.67
 SINCE JAN 1      0.14                        1.45   -1.31   0.27

SNOWFALL
(INCHES)
 TODAY               T            8.7  1944    0.5    -0.5      T
 MONTH TO DATE     1.6                         5.0    -3.4      T
 SINCE DEC 1      15.6                        40.9   -25.3   21.6
 SINCE JUL 1      62.6                        71.9    -9.3   31.3
 SNOW DEPTH (IN)    19                                         13

DEGREE DAYS
 HEATING
  TODAY             70                          65       5     72
  MONTH TO DATE    685                         734     -49    851
  SINCE DEC 1     4396                        5061    -665   4691
  SINCE JUL 1     8546                        9193    -647   8352

 COOLING
  TODAY              0                           0       0      0
  MONTH TO DATE      0                           0       0      0
  SINCE DEC 1        0                           0       0      0
  SINCE JAN 1        0                           0       0      0
...................................................................

WIND (MPH)
 HIGHEST WIND SPEED     6     HIGHEST WIND DIRECTION    340
 HIGHEST GUST SPEED     7     HIGHEST GUST DIRECTION    280
 AVERAGE WIND SPEED    MM

SKY COVER
  POSSIBLE SUNSHINE  MM            AVERAGE SKY COVER MM

WEATHER CONDITIONS
 THE FOLLOWING WEATHER WAS RECORDED TODAY.
SNOW


RELATIVE HUMIDITY
 HIGHEST RH     MM PERCENT       MM
 LOWEST  RH     MM PERCENT       MM
 AVERAGE RH     MM PERCENT       MM
...................................................................

THE MCGRATH CLIMATE NORMALS FOR TOMORROW
                        NORMAL    RECORD   YEAR
 MAXIMUM TEMPERATURE      11        40     1980
 MINIMUM TEMPERATURE     -10       -52     1945

SUNRISE AND SUNSET
 FEB 11 2016..........SUNRISE  9:26 AM      SUNSET  5:50 PM
 FEB 12 2016..........SUNRISE  9:23 AM      SUNSET  5:53 PM

-  INDICATES NEGATIVE NUMBERS.
R  INDICATES RECORD HAS BEEN SET OR TIED.
MM INDICATES DATA IS MISSING.
T  INDICATES TRACE OF PRECIPITATION.

&&
-------------------------------------------------------------------

AMOUNT OF DAYLIGHT TODAY  (HOUR:MIN)........8 HOURS 24 MINUTES
GAIN/LOSS SINCE YESTERDAY (HOUR:MIN:SEC)....+0:06:07

$$
*** FEB 16
