000
CDAK49 PAMC 190002
CLIMCG

CLIMATE REPORT
NATIONAL WEATHER SERVICE MCGRATH, AK
302 PM AKST THU DEC 18 2014

...................................
...THE MCGRATH AIRPORT CLIMATE SUMMARY FOR DECEMBER 18 2014...
VALID TODAY AS OF 2:00 PM LOCAL TIME

CLIMATE NORMAL PERIOD  1981 TO  2010
CLIMATE RECORD PERIOD  1940 TO  2014

WEATHER ITEM   OBSERVED TIME    RECORD YEAR NORMAL DEPARTURE LAST
               VALUE    (LST)   VALUE       VALUE  FROM      YEAR
                                                   NORMAL
...................................................................
TEMPERATURE
TODAY
 MAXIMUM             9  1217 AM    38  1968      5       4      6
 MINIMUM            -5  0601 AM   -45  1977    -12       7    -17
 AVERAGE             2                          -4       6     -6

PRECIPITATION
(INCHES)
 TODAY            0.00           0.54  1968   0.04   -0.04      T
 MONTH TO DATE    0.50                        0.73   -0.23   0.12
 SINCE DEC 1      0.50                        0.73   -0.23   0.12
 SINCE JAN 1     10.91                       17.44   -6.53  19.56

SNOWFALL
(INCHES)
 TODAY             0.0            6.8  1984    0.6    -0.6      T
 MONTH TO DATE     6.6                        11.7    -5.1    0.4
 SINCE DEC 1       6.6                        11.7    -5.1    0.4
 SINCE JUL 1      16.3                        42.7   -26.4   13.3
 SNOW DEPTH (IN)     8                                          3

DEGREE DAYS
 HEATING
  TODAY             63                          69      -6     71
  MONTH TO DATE   1013                        1203    -190   1100
  SINCE DEC 1     1012                        1203    -191   1095
  SINCE JUL 1     4657                        5335    -678   4554

 COOLING
  TODAY              0                           0       0      0
  MONTH TO DATE      0                           0       0      0
  SINCE DEC 1        0                           0       0      0
  SINCE JAN 1       11                          16      -5     78
...................................................................

WIND (MPH)
 HIGHEST WIND SPEED     3     HIGHEST WIND DIRECTION    350
 HIGHEST GUST SPEED     5     HIGHEST GUST DIRECTION    350
 AVERAGE WIND SPEED   0.0

WEATHER CONDITIONS
 THE FOLLOWING WEATHER WAS RECORDED TODAY.
 FOG

...................................................................

THE MCGRATH CLIMATE NORMALS FOR TOMORROW
                        NORMAL    RECORD   YEAR
 MAXIMUM TEMPERATURE       5        39     2000
 MINIMUM TEMPERATURE     -13       -49     1957

SUNRISE AND SUNSET
 DEC 18 2014..........SUNRISE 10:57 AM      SUNSET  3:42 PM
 DEC 19 2014..........SUNRISE 10:58 AM      SUNSET  3:42 PM

-  INDICATES NEGATIVE NUMBERS.
R  INDICATES RECORD HAS BEEN SET OR TIED.
MM INDICATES DATA IS MISSING.
T  INDICATES TRACE OF PRECIPITATION.

&&
-------------------------------------------------------------------

AMOUNT OF DAYLIGHT TODAY  (HOUR:MIN)........4 HOURS 45 MINUTES
LOSS SINCE YESTERDAY (HOUR:MIN:SEC)....-0:00:52

$$
JCD DEC 14
