000
CDAK49 PAMC 200918
CLIMCG

CLIMATE REPORT
NATIONAL WEATHER SERVICE MCGRATH, AK
118 AM AKDT MON OCT 20 2014

...................................
...THE MCGRATH AIRPORT CLIMATE SUMMARY FOR OCTOBER 19 2014...

CLIMATE NORMAL PERIOD  1981 TO  2010
CLIMATE RECORD PERIOD  1940 TO  2014

WEATHER ITEM   OBSERVED TIME    RECORD YEAR NORMAL DEPARTURE LAST
               VALUE    (LST)   VALUE       VALUE  FROM      YEAR
                                                   NORMAL
...................................................................
TEMPERATURE
YESTERDAY
 MAXIMUM            32  0506 PM    48  2005     29       3     46
 MINIMUM            29  1159 PM   -11  1959     16      13     39
 AVERAGE            31                          23       8     43

PRECIPITATION
(INCHES)
 YESTERDAY           T           0.54  1944   0.04   -0.04   0.06
 MONTH TO DATE    0.04                        0.99   -0.95   3.93
 SINCE SEP 1      0.96                        3.48   -2.52   8.08
 SINCE JAN 1      9.53                       14.85   -5.32  17.31

SNOWFALL
(INCHES)
 YESTERDAY           T            5.9  1964    0.3    -0.3    0.0
 MONTH TO DATE     0.4                         4.9    -4.5      T
 SINCE SEP 1       0.4                         6.4    -6.0    0.7
 SINCE JUL 1       0.4                         6.4    -6.0    0.7
 SNOW DEPTH (IN)     T                                          0

DEGREE DAYS
 HEATING
  YESTERDAY         34                          42      -8     22
  MONTH TO DATE    664                         673      -9    454
  SINCE SEP 1     1232                        1286     -54   1128
  SINCE JUL 1     1655                        1783    -128   1546

 COOLING
  YESTERDAY          0                           0       0      0
  MONTH TO DATE      0                           0       0      0
  SINCE SEP 1        0                           0       0      0
  SINCE JAN 1       11                          16      -5     78
...................................................................

WIND (MPH)
 HIGHEST WIND SPEED    10     HIGHEST WIND DIRECTION     30
 HIGHEST GUST SPEED    13     HIGHEST GUST DIRECTION     30
 AVERAGE WIND SPEED   4.4

WEATHER CONDITIONS
 THE FOLLOWING WEATHER WAS RECORDED YESTERDAY.
 SNOW

...................................................................

THE MCGRATH CLIMATE NORMALS FOR TODAY
                           NORMAL    RECORD   YEAR
 MAXIMUM TEMPERATURE (F)     29        49     2005
 MINIMUM TEMPERATURE (F)     16       -11     1965

SUNRISE AND SUNSET
 OCT 20 2014..........SUNRISE  9:25 AM      SUNSET  6:49 PM
 OCT 21 2014..........SUNRISE  9:28 AM      SUNSET  6:46 PM

-  INDICATES NEGATIVE NUMBERS.
R  INDICATES RECORD HAS BEEN SET OR TIED.
MM INDICATES DATA IS MISSING.
T  INDICATES TRACE OF PRECIPITATION.

&&
-------------------------------------------------------------------

AMOUNT OF DAYLIGHT TODAY  (HOUR:MIN)........9 HOURS 24 MINUTES
LOSS SINCE YESTERDAY (HOUR:MIN:SEC)....-0:06:07

$$
JMC OCT 14
