000
CDAK49 PAMC 301112
CLIMCG

CLIMATE REPORT
NATIONAL WEATHER SERVICE MCGRATH, AK
312 AM AKDT WED JUL 30 2014

...................................
...THE MCGRATH AIRPORT CLIMATE SUMMARY FOR JULY 29 2014...

CLIMATE NORMAL PERIOD  1981 TO  2010
CLIMATE RECORD PERIOD  1940 TO  2014

WEATHER ITEM   OBSERVED TIME    RECORD YEAR NORMAL DEPARTURE LAST
               VALUE    (LST)   VALUE       VALUE  FROM      YEAR
                                                   NORMAL
...................................................................
TEMPERATURE
YESTERDAY
 MAXIMUM            72  0821 PM    82  1953     67       5     78
 MINIMUM            45  0456 AM    36  1971     50      -5     55
 AVERAGE            59                          58       1     67

PRECIPITATION
(INCHES)
 YESTERDAY        0.00           0.56  1945   0.09   -0.09   0.00
 MONTH TO DATE    2.44                        2.20    0.24   1.92
 SINCE JUN 1      3.96                        3.72    0.24   2.78
 SINCE JAN 1      6.69                        8.39   -1.70   6.64

SNOWFALL
(INCHES)
 YESTERDAY         0.0            0.0  2014    0.0     0.0    0.0
 MONTH TO DATE     0.0                         0.0     0.0    0.0
 SINCE JUN 1       0.0                         0.0     0.0    0.0
 SINCE JUL 1       0.0                         0.0     0.0    0.0
 SNOW DEPTH (IN)     0                                          0

DEGREE DAYS
 HEATING
  YESTERDAY          6                           7      -1      0
  MONTH TO DATE    180                         158      22    165
  SINCE JUN 1      485                         392      93    300
  SINCE JUL 1      180                         158      22    165

 COOLING
  YESTERDAY          0                           0       0      2
  MONTH TO DATE     11                          11       0     13
  SINCE JUN 1       11                          16      -5     64
  SINCE JAN 1       11                          16      -5     73
...................................................................

WIND (MPH)
 HIGHEST WIND SPEED    16     HIGHEST WIND DIRECTION     10
 HIGHEST GUST SPEED    21     HIGHEST GUST DIRECTION     60
 AVERAGE WIND SPEED   8.0

WEATHER CONDITIONS
 THE FOLLOWING WEATHER WAS RECORDED YESTERDAY.
 NO SIGNIFICANT WEATHER WAS OBSERVED.

...................................................................

THE MCGRATH CLIMATE NORMALS FOR TODAY
                           NORMAL    RECORD   YEAR
 MAXIMUM TEMPERATURE (F)     67        89     1977
 MINIMUM TEMPERATURE (F)     49        37     1948

SUNRISE AND SUNSET
 JUL 30 2014..........SUNRISE  5:36 AM      SUNSET 11:21 PM
 JUL 31 2014..........SUNRISE  5:39 AM      SUNSET 11:18 PM

-  INDICATES NEGATIVE NUMBERS.
R  INDICATES RECORD HAS BEEN SET OR TIED.
MM INDICATES DATA IS MISSING.
T  INDICATES TRACE OF PRECIPITATION.

&&
-------------------------------------------------------------------

AMOUNT OF DAYLIGHT TODAY  (HOUR:MIN)........17 HOURS 45 MINUTES
LOSS SINCE YESTERDAY (HOUR:MIN:SEC)....-0:05:51

$$
JMC JUL 14
