000
CDAK49 PAMC 162233
CLIMCG

CLIMATE REPORT
NATIONAL WEATHER SERVICE MCGRATH, AK
233 PM AKDT TUE SEP 16 2014

...................................
...THE MCGRATH AIRPORT CLIMATE SUMMARY FOR SEPTEMBER 16 2014...
VALID TODAY AS OF 2:00 PM LOCAL TIME

CLIMATE NORMAL PERIOD  1981 TO  2010
CLIMATE RECORD PERIOD  1940 TO  2014

WEATHER ITEM   OBSERVED TIME    RECORD YEAR NORMAL DEPARTURE LAST
               VALUE    (LST)   VALUE       VALUE  FROM      YEAR
                                                   NORMAL
...................................................................
TEMPERATURE
TODAY
 MAXIMUM            52  0131 PM    69  2010     53      -1     53
 MINIMUM            46  0747 AM    19  1941     36      10     30
 AVERAGE            49                          45       4     42

PRECIPITATION
(INCHES)
 TODAY            0.01           1.05  2012   0.09   -0.08   0.00
 MONTH TO DATE    0.72                        1.38   -0.66   2.95
 SINCE SEP 1      0.72                        1.38   -0.66   2.95
 SINCE JAN 1      9.29                       12.75   -3.46  12.18

SNOWFALL
(INCHES)
 TODAY             0.0            1.3  1992    0.1    -0.1    0.0
 MONTH TO DATE     0.0                         0.3    -0.3    0.0
 SINCE SEP 1       0.0                         0.3    -0.3    0.0
 SINCE JUL 1       0.0                         0.3    -0.3    0.0
 SNOW DEPTH (IN)     0                                          0

DEGREE DAYS
 HEATING
  TODAY             16                          20      -4     23
  MONTH TO DATE    255                         273     -18    264
  SINCE SEP 1      255                         273     -18    264
  SINCE JUL 1      678                         770     -92    682

 COOLING
  TODAY              0                           0       0      0
  MONTH TO DATE      0                           0       0      0
  SINCE SEP 1        0                           0       0      0
  SINCE JAN 1       11                          16      -5     78
...................................................................

WIND (MPH)
 HIGHEST WIND SPEED     9     HIGHEST WIND DIRECTION    170
 HIGHEST GUST SPEED    14     HIGHEST GUST DIRECTION    180

WEATHER CONDITIONS
 THE FOLLOWING WEATHER WAS RECORDED TODAY.
 FOG
 RAIN
...................................................................

THE MCGRATH CLIMATE NORMALS FOR TOMORROW
                        NORMAL    RECORD   YEAR
 MAXIMUM TEMPERATURE      53        68     2010
 MINIMUM TEMPERATURE      36        22     1979

SUNRISE AND SUNSET
 SEP 16 2014..........SUNRISE  7:51 AM      SUNSET  8:43 PM
 SEP 17 2014..........SUNRISE  7:53 AM      SUNSET  8:40 PM

-  INDICATES NEGATIVE NUMBERS.
R  INDICATES RECORD HAS BEEN SET OR TIED.
MM INDICATES DATA IS MISSING.
T  INDICATES TRACE OF PRECIPITATION.

&&
-------------------------------------------------------------------

AMOUNT OF DAYLIGHT TODAY  (HOUR:MIN)........12 HOURS 52 MINUTES
LOSS SINCE YESTERDAY (HOUR:MIN:SEC)....-0:06:06

$$
ADJ SEP 14
