000
CDAK49 PAMC 022307
CLIMCG

CLIMATE REPORT
NATIONAL WEATHER SERVICE MCGRATH, AK
307 PM AKDT TUE SEP 2 2014

...................................
...THE MCGRATH AIRPORT CLIMATE SUMMARY FOR SEPTEMBER 2 2014...
VALID TODAY AS OF 2:00 PM LOCAL TIME

CLIMATE NORMAL PERIOD  1981 TO  2010
CLIMATE RECORD PERIOD  1940 TO  2014

WEATHER ITEM   OBSERVED TIME    RECORD YEAR NORMAL DEPARTURE LAST
               VALUE    (LST)   VALUE       VALUE  FROM      YEAR
                                                   NORMAL
...................................................................
TEMPERATURE
TODAY
 MAXIMUM            53  0243 AM    72  1991     60      -7     58
 MINIMUM            44  0810 AM    23  1983     41       3     48
 AVERAGE            49                          50      -1     53

PRECIPITATION
(INCHES)
 TODAY            0.28           0.86  2013   0.09    0.19   0.86
 MONTH TO DATE    0.45                        0.18    0.27   2.12
 SINCE SEP 1      0.45                        0.18    0.27   2.12
 SINCE JAN 1      9.02                       11.55   -2.53  11.35

SNOWFALL
(INCHES)
 TODAY             0.0              T  1980    0.0     0.0    0.0
 MONTH TO DATE     0.0                         0.0     0.0    0.0
 SINCE SEP 1       0.0                         0.0     0.0    0.0
 SINCE JUL 1       0.0                         0.0     0.0    0.0
 SNOW DEPTH (IN)     0                                          0

DEGREE DAYS
 HEATING
  TODAY             16                          15       1     12
  MONTH TO DATE     35                          29       6     31
  SINCE SEP 1       35                          29       6     31
  SINCE JUL 1      458                         526     -68    449

 COOLING
  TODAY              0                           0       0      0
  MONTH TO DATE      0                           0       0      0
  SINCE SEP 1        0                           0       0      0
  SINCE JAN 1       11                          16      -5     78
...................................................................

WIND (MPH)
 HIGHEST WIND SPEED    20     HIGHEST WIND DIRECTION    210
 HIGHEST GUST SPEED    24     HIGHEST GUST DIRECTION    210

WEATHER CONDITIONS
 THE FOLLOWING WEATHER WAS RECORDED TODAY.
 RAIN
...................................................................

THE MCGRATH CLIMATE NORMALS FOR TOMORROW
                        NORMAL    RECORD   YEAR
 MAXIMUM TEMPERATURE      59        76     1949
 MINIMUM TEMPERATURE      41        28     1984

SUNRISE AND SUNSET
 SEP 2 2014..........SUNRISE  7:13 AM      SUNSET  9:31 PM
 SEP 3 2014..........SUNRISE  7:15 AM      SUNSET  9:27 PM

-  INDICATES NEGATIVE NUMBERS.
R  INDICATES RECORD HAS BEEN SET OR TIED.
MM INDICATES DATA IS MISSING.
T  INDICATES TRACE OF PRECIPITATION.

&&
-------------------------------------------------------------------

AMOUNT OF DAYLIGHT TODAY  (HOUR:MIN)........14 HOURS 18 MINUTES
LOSS SINCE YESTERDAY (HOUR:MIN:SEC)....-0:06:08

$$
ADJ SEP 14
