000
CDAK49 PAMC 270903
CLIMCG

CLIMATE REPORT
NATIONAL WEATHER SERVICE MCGRATH, AK
103 AM AKDT WED MAY 27 2015

...................................
...THE MCGRATH AIRPORT CLIMATE SUMMARY FOR MAY 26 2015...

CLIMATE NORMAL PERIOD  1981 TO  2015
CLIMATE RECORD PERIOD  1939 TO  2015

WEATHER ITEM   OBSERVED TIME    RECORD YEAR NORMAL DEPARTURE LAST
               VALUE    (LST)   VALUE       VALUE  FROM      YEAR
                                                   NORMAL
...................................................................
TEMPERATURE
YESTERDAY
 MAXIMUM            66  0615 PM    82  2011     62       4     64
 MINIMUM            38  0452 AM    30  2000     40      -2     37
 AVERAGE            52                          51       1     51

PRECIPITATION
(INCHES)
 YESTERDAY        0.00           1.00  1995   0.04   -0.04      T
 MONTH TO DATE    0.37                        0.88   -0.51   0.30
 SINCE MAR 1      0.89                        2.43   -1.54   0.42
 SINCE JAN 1      1.33                        4.46   -3.13   2.11

SNOWFALL
(INCHES)
 YESTERDAY         0.0              T  2001    0.0     0.0    0.0
 MONTH TO DATE     0.0                         0.9    -0.9      T
 SINCE MAR 1       8.5                        17.3    -8.8    1.1
 SINCE JUL 1      41.6                        97.3   -55.7   47.1
 SNOW DEPTH (IN)     0                                          0

DEGREE DAYS
 HEATING
  YESTERDAY         13                          14      -1     14
  MONTH TO DATE    357                         500    -143    420
  SINCE MAR 1     2691                        3216    -525   3001
  SINCE JUL 1    11757                       13454   -1697  11828

 COOLING
  YESTERDAY          0                           0       0      0
  MONTH TO DATE      0                           0       0      0
  SINCE MAR 1        0                           0       0      0
  SINCE JAN 1        0                           0       0      0
...................................................................

WIND (MPH)
 HIGHEST WIND SPEED    10     HIGHEST WIND DIRECTION    200
 HIGHEST GUST SPEED    14     HIGHEST GUST DIRECTION    200
 AVERAGE WIND SPEED   3.5

WEATHER CONDITIONS
 THE FOLLOWING WEATHER WAS RECORDED YESTERDAY.
  FOG

...................................................................

THE MCGRATH CLIMATE NORMALS FOR TODAY
                           NORMAL    RECORD   YEAR
 MAXIMUM TEMPERATURE (F)     62        83     2011
 MINIMUM TEMPERATURE (F)     40        30     1964

SUNRISE AND SUNSET
 MAY 27 2015..........SUNRISE  4:48 AM      SUNSET 11:54 PM
 MAY 28 2015..........SUNRISE  4:46 AM      SUNSET 11:57 PM

-  INDICATES NEGATIVE NUMBERS.
R  INDICATES RECORD HAS BEEN SET OR TIED.
MM INDICATES DATA IS MISSING.
T  INDICATES TRACE OF PRECIPITATION.

&&
-------------------------------------------------------------------

AMOUNT OF DAYLIGHT TODAY  (HOUR:MIN)........19 HOURS 6 MINUTES
GAIN/LOSS SINCE YESTERDAY (HOUR:MIN:SEC)....+0:05:03

$$
TR MAY 15
