000
CDAK49 PAFG 270100
CLIMCG

CLIMATE REPORT
NATIONAL WEATHER SERVICE FAIRBANKS AK
500 PM AKDT WED JUL 26 2017


...................................

...THE MCGRATH AK CLIMATE SUMMARY FOR JULY 26 2017...
VALID TODAY AS OF 0400 PM LOCAL TIME.

CLIMATE NORMAL PERIOD 1981 TO 2010
CLIMATE RECORD PERIOD 1946 TO 2017


WEATHER ITEM   OBSERVED TIME   RECORD YEAR NORMAL DEPARTURE LAST
                VALUE   (LST)  VALUE       VALUE  FROM      YEAR
                                                  NORMAL
..................................................................
TEMPERATURE (F)
 TODAY
  MAXIMUM         68    259 PM  87    1953  68      0       72
  MINIMUM         54    633 AM  42    2014  50      4       52
                                      1972
                                      1958
  AVERAGE         61                        59      2       62

PRECIPITATION (IN)
  TODAY            0.05          0.95 2003   0.08  -0.03     0.03
  MONTH TO DATE    1.75                      1.94  -0.19     3.13
  SINCE JUN 1      2.98                      3.46  -0.48     5.53
  SINCE JAN 1      5.97                      8.13  -2.16     8.18

SNOWFALL (IN)
  TODAY            0.0           0.0    MM   0.0    0.0      0.0
  MONTH TO DATE    0.0                       0.0    0.0      0.0
  SINCE JUN 1      T                         0.0    0.0      0.0
  SINCE JUL 1      0.0                       0.0    0.0      0.0
  SNOW DEPTH       0

DEGREE DAYS
 HEATING
  TODAY            4                         6     -2        3
  MONTH TO DATE   55                       137    -82       80
  SINCE JUN 1    214                       371   -157      270
  SINCE JUL 1     55                       137    -82       80

 COOLING
  TODAY            0                         0      0        0
  MONTH TO DATE   31                        11     20       23
  SINCE JUN 1     32                        17     15       29
  SINCE JAN 1     32                        17     15       29
..................................................................


WIND (MPH)
  HIGHEST GUST SPEED    11   HIGHEST GUST DIRECTION     E (110)


SKY COVER
  AVERAGE SKY COVER 0.6


WEATHER CONDITIONS
 THE FOLLOWING WEATHER WAS RECORDED TODAY.
  LIGHT RAIN
  FOG


RELATIVE HUMIDITY (PERCENT)
 HIGHEST   100
 LOWEST     58
 AVERAGE    79

..........................................................


THE MCGRATH AK CLIMATE NORMALS FOR TOMORROW
                         NORMAL    RECORD    YEAR
 MAXIMUM TEMPERATURE (F)   67        86      1953
 MINIMUM TEMPERATURE (F)   50        36      2014


SUNRISE AND SUNSET
JULY 26 2017..........SUNRISE   525 AM AKDT  SUNSET  1132 PM AKDT
JULY 27 2017..........SUNRISE   528 AM AKDT  SUNSET  1129 PM AKDT

-  INDICATES NEGATIVE NUMBERS.
R  INDICATES RECORD WAS SET OR TIED.
MM INDICATES DATA IS MISSING.
T  INDICATES TRACE AMOUNT.

&&

SNOW DEPTH IS MEASURED AT 3AM AKST/4AM AKDT.

----------------------------
AVAILABLE DAYLIGHT

AMOUNT OF DAYLIGHT TODAY  (HOUR:MIN)........18:06
GAIN/LOSS SINCE YESTERDAY (HOUR:MIN:SEC)....-0:05:42

$$
HFL JUL 17
