000
CDUS43 KEAX 290642
CLIMCI

CLIMATE REPORT
NATIONAL WEATHER SERVICE KANSAS CITY/PLEASANT HILL MO
140 AM CDT SAT APR 29 2017


...................................

...THE KANSAS CITY INTERNATIONAL MO CLIMATE SUMMARY FOR APRIL 28 2017...

CLIMATE NORMAL PERIOD 1981 TO 2010
CLIMATE RECORD PERIOD 1888 TO 2017


WEATHER ITEM   OBSERVED TIME   RECORD YEAR NORMAL DEPARTURE LAST
                VALUE   (LST)  VALUE       VALUE  FROM      YEAR
                                                  NORMAL
..................................................................
TEMPERATURE (F)
 YESTERDAY
  MAXIMUM         58    142 PM  91    1970  70    -12       56
  MINIMUM         44   1159 PM  33    1965  49     -5       46
  AVERAGE         51                        59     -8       51

PRECIPITATION (IN)
  YESTERDAY        0.22          1.77 1956   0.16   0.06     0.00
  MONTH TO DATE    4.65                      3.39   1.26     6.35
  SINCE MAR 1      7.46                      5.76   1.70     9.07
  SINCE JAN 1      8.91                      8.29   0.62    10.23

SNOWFALL (IN)
  YESTERDAY        0.0           0.0    MM   0.0    0.0      0.0
  MONTH TO DATE    0.0                       0.6   -0.6      0.0
  SINCE MAR 1      0.4                       2.6   -2.2      0.6
  SINCE JUL 1      4.9                      18.8  -13.9      5.9
  SNOW DEPTH       0

DEGREE DAYS
 HEATING
  YESTERDAY       14                         7      7       14
  MONTH TO DATE  225                       315    -90      223
  SINCE MAR 1    750                       961   -211      666
  SINCE JUL 1   4004                      5006  -1002     4023

 COOLING
  YESTERDAY        0                         1     -1        0
  MONTH TO DATE   27                        22      5       12
  SINCE MAR 1     33                        25      8       14
  SINCE JAN 1     33                        25      8       14
..................................................................


WIND (MPH)
  HIGHEST WIND SPEED    20   HIGHEST WIND DIRECTION    NE (30)
  HIGHEST GUST SPEED    24   HIGHEST GUST DIRECTION     E (100)
  AVERAGE WIND SPEED    11.5


SKY COVER
  POSSIBLE SUNSHINE  MM
  AVERAGE SKY COVER 1.0


WEATHER CONDITIONS
 THE FOLLOWING WEATHER WAS RECORDED YESTERDAY.
  RAIN
  LIGHT RAIN
  FOG
  FOG W/VISIBILITY <= 1/4 MILE


RELATIVE HUMIDITY (PERCENT)
 HIGHEST   100           800 AM
 LOWEST     83           100 AM
 AVERAGE    92

..........................................................


THE KANSAS CITY INTERNATIONAL MO CLIMATE NORMALS FOR TODAY
                         NORMAL    RECORD    YEAR
 MAXIMUM TEMPERATURE (F)   70        95      1910
 MINIMUM TEMPERATURE (F)   49        34      1976
                                             1907


SUNRISE AND SUNSET
APRIL 29 2017.........SUNRISE   622 AM CDT   SUNSET   811 PM CDT
APRIL 30 2017.........SUNRISE   621 AM CDT   SUNSET   812 PM CDT


-  INDICATES NEGATIVE NUMBERS.
R  INDICATES RECORD WAS SET OR TIED.
MM INDICATES DATA IS MISSING.
T  INDICATES TRACE AMOUNT.


&&

...MISCELLANEOUS CLIMATE DATA FROM YESTERDAY...

LOCATION                HIGH    LOW      PRECIP
ST. JOSEPH               51      44       0.63
DOWNTOWN KANSAS CITY     66      47       0.24
OLATHE NEW CENTURY       66      45       0.22
OLATHE JO CO EXEC        65      44       0.24
LEES SUMMIT              64      45       0.28
KIRKSVILLE               51      44       0.13
CHILLICOTHE              53      45       0.20
SEDALIA                  63      52       0.36
NWS PLEASANT HILL MO     63      45       0.12


THIS PRODUCT...ALONG WITH OTHER WEATHER...HYDROLOGICAL AND CLIMATE
INFORMATION...IS AVAILABLE ON THE WEB AT HTTP://WWW.WEATHER.GOV/EAX
OR AT HTTP://WEATHER.GOV

$$
