081
CDUS43 KEAX 062125
CLIMCI

CLIMATE REPORT
NATIONAL WEATHER SERVICE KANSAS CITY/PLEASANT HILL MO
425 PM CDT FRI MAY 6 2016


...................................

...THE KANSAS CITY INTERNATIONAL MO CLIMATE SUMMARY FOR MAY 6 2016...
VALID AS OF 0400 PM LOCAL TIME.

CLIMATE NORMAL PERIOD 1981 TO 2010
CLIMATE RECORD PERIOD 1888 TO 2016


WEATHER ITEM   OBSERVED TIME   RECORD YEAR NORMAL DEPARTURE LAST
                VALUE   (LST)  VALUE       VALUE  FROM      YEAR
                                                  NORMAL
..................................................................
TEMPERATURE (F)
 TODAY
  MAXIMUM         81    259 PM  89    2004  72      9       74
                                      1970
  MINIMUM         48    515 AM  32    1944  51     -3       63
  AVERAGE         65                        62      3       69

PRECIPITATION (IN)
  TODAY            0.00          2.63 1910   0.16  -0.16     0.01
  MONTH TO DATE    0.01                      1.00  -0.99     0.72
  SINCE MAR 1      9.88                      7.07   2.81     4.89
  SINCE JAN 1     11.04                      9.60   1.44     7.07

SNOWFALL (IN)
  TODAY            0.0           0.0    MM   0.0    0.0      0.0
  MONTH TO DATE    0.0                       0.0    0.0      0.0
  SINCE MAR 1      0.6                       2.6   -2.0       T
  SINCE JUL 1      5.9                      18.8  -12.9     14.2
  SNOW DEPTH       0

DEGREE DAYS
 HEATING
  TODAY            0                         5     -5        0
  MONTH TO DATE   42                        33      9        5
  SINCE MAR 1    727                      1008   -281      811
  SINCE JUL 1   4084                      5053   -969     5025

 COOLING
  TODAY            0                         1     -1        4
  MONTH TO DATE    0                         6     -6       22
  SINCE MAR 1     14                        34    -20       31
  SINCE JAN 1     14                        34    -20       31
..................................................................


WIND (MPH)
  HIGHEST WIND SPEED    15   HIGHEST WIND DIRECTION    SW (210)
  HIGHEST GUST SPEED    21   HIGHEST GUST DIRECTION    SW (220)
  AVERAGE WIND SPEED     8.8


SKY COVER
  POSSIBLE SUNSHINE  MM
  AVERAGE SKY COVER 0.2


WEATHER CONDITIONS
 THE FOLLOWING WEATHER WAS RECORDED TODAY.
  HAZE


RELATIVE HUMIDITY (PERCENT)
 HIGHEST    71           400 AM
 LOWEST     36           200 PM
 AVERAGE    54

..........................................................


THE KANSAS CITY INTERNATIONAL MO CLIMATE NORMALS FOR TOMORROW
                         NORMAL    RECORD    YEAR
 MAXIMUM TEMPERATURE (F)   72        92      1934
 MINIMUM TEMPERATURE (F)   52        34      1989


SUNRISE AND SUNSET
MAY  6 2016...........SUNRISE   614 AM CDT   SUNSET   818 PM CDT
MAY  7 2016...........SUNRISE   613 AM CDT   SUNSET   819 PM CDT


-  INDICATES NEGATIVE NUMBERS.
R  INDICATES RECORD WAS SET OR TIED.
MM INDICATES DATA IS MISSING.
T  INDICATES TRACE AMOUNT.


&&

...MISCELLANEOUS CLIMATE DATA FROM TODAY...

LOCATION                HIGH    LOW      PRECIP
ST. JOSEPH               84      47       0.00
DOWNTOWN KANSAS CITY     83      50       0.00
OLATHE NEW CENTURY       81      46       0.00
OLATHE JO CO EXEC        79      50       0.00
LEES SUMMIT              81      52       0.00
KIRKSVILLE               82      43       0.00
CHILLICOTHE              83      44       0.00
SEDALIA                  80      48       0.00
NWS PLEASANT HILL MO     80      49       0.00


THIS PRODUCT...ALONG WITH OTHER WEATHER...HYDROLOGICAL AND CLIMATE
INFORMATION...IS AVAILABLE ON THE WEB AT HTTP://WWW.WEATHER.GOV/EAX
OR AT HTTP://WEATHER.GOV

$$

CDB
