000
CDUS43 KEAX 230644
CLIMCI

CLIMATE REPORT
NATIONAL WEATHER SERVICE KANSAS CITY/PLEASANT HILL MO
142 AM CDT MON OCT 23 2017


...................................

...THE KANSAS CITY INTERNATIONAL MO CLIMATE SUMMARY FOR OCTOBER 22 2017...

CLIMATE NORMAL PERIOD 1981 TO 2010
CLIMATE RECORD PERIOD 1888 TO 2017


WEATHER ITEM   OBSERVED TIME   RECORD YEAR NORMAL DEPARTURE LAST
                VALUE   (LST)  VALUE       VALUE  FROM      YEAR
                                                  NORMAL
..................................................................
TEMPERATURE (F)
 YESTERDAY
  MAXIMUM         67    407 PM  87    1963  65      2       71
  MINIMUM         42   1159 PM  28    1982  44     -2       43
  AVERAGE         55                        54      1       57

PRECIPITATION (IN)
  YESTERDAY        0.28          2.82 1977   0.10   0.18     0.00
  MONTH TO DATE    4.87                      2.38   2.49     2.48
  SINCE SEP 1      7.67                      7.00   0.67     7.42
  SINCE JAN 1     45.56                     34.40  11.16    46.85

SNOWFALL (IN)
  YESTERDAY        0.0           6.5  1996   0.0    0.0      0.0
  MONTH TO DATE    0.0                       0.1   -0.1      0.0
  SINCE SEP 1      0.0                       0.1   -0.1      0.0
  SINCE JUL 1      0.0                       0.1   -0.1      0.0
  SNOW DEPTH       0

DEGREE DAYS
 HEATING
  YESTERDAY       10                        11     -1        8
  MONTH TO DATE   84                       178    -94      115
  SINCE SEP 1    100                       243   -143      136
  SINCE JUL 1    104                       245   -141      136

 COOLING
  YESTERDAY        0                         0      0        0
  MONTH TO DATE   42                        24     18       41
  SINCE SEP 1    247                       183     64      261
  SINCE JAN 1   1325                      1356    -31     1558
..................................................................


WIND (MPH)
  HIGHEST WIND SPEED    17   HIGHEST WIND DIRECTION    NE (40)
  HIGHEST GUST SPEED    20   HIGHEST GUST DIRECTION    NE (40)
  AVERAGE WIND SPEED     7.5


SKY COVER
  POSSIBLE SUNSHINE  MM
  AVERAGE SKY COVER 0.5


WEATHER CONDITIONS
 THE FOLLOWING WEATHER WAS RECORDED YESTERDAY.
  THUNDERSTORM
  LIGHT RAIN
  FOG


RELATIVE HUMIDITY (PERCENT)
 HIGHEST   100           700 AM
 LOWEST     34           300 PM
 AVERAGE    67

..........................................................


THE KANSAS CITY INTERNATIONAL MO CLIMATE NORMALS FOR TODAY
                         NORMAL    RECORD    YEAR
 MAXIMUM TEMPERATURE (F)   64        91      1939
 MINIMUM TEMPERATURE (F)   44        24      1937


SUNRISE AND SUNSET
OCTOBER 23 2017.......SUNRISE   737 AM CDT   SUNSET   628 PM CDT
OCTOBER 24 2017.......SUNRISE   738 AM CDT   SUNSET   627 PM CDT


-  INDICATES NEGATIVE NUMBERS.
R  INDICATES RECORD WAS SET OR TIED.
MM INDICATES DATA IS MISSING.
T  INDICATES TRACE AMOUNT.


&&

...MISCELLANEOUS CLIMATE DATA FROM YESTERDAY...

LOCATION                HIGH    LOW      PRECIP
ST. JOSEPH               69      41       0.05
DOWNTOWN KANSAS CITY     67      48       0.77
OLATHE NEW CENTURY       65      43       0.39
OLATHE JO CO EXEC        65      45       0.47
LEES SUMMIT              65      48       0.67
KIRKSVILLE               61      45       0.72
CHILLICOTHE              63      43       0.47
SEDALIA                  62      47       0.78
NWS PLEASANT HILL MO     64      45       0.66


THIS PRODUCT...ALONG WITH OTHER WEATHER...HYDROLOGICAL AND CLIMATE
INFORMATION...IS AVAILABLE ON THE WEB AT HTTP://WWW.WEATHER.GOV/EAX
OR AT HTTP://WEATHER.GOV

$$

73
