000
CDUS43 KGLD 280744 RRA
CLIMCK

CLIMATE REPORT
NATIONAL WEATHER SERVICE GOODLAND
141 AM MDT FRI JUL 28 2017

...................................

...THE MCCOOK NE CLIMATE SUMMARY FOR JULY 27 2017...

CLIMATE NORMAL PERIOD 1981 TO 2010
CLIMATE RECORD PERIOD 1896 TO 2017


WEATHER ITEM   OBSERVED TIME   RECORD YEAR NORMAL DEPARTURE LAST
                VALUE   (LST)  VALUE       VALUE  FROM      YEAR
                                                  NORMAL
..................................................................
TEMPERATURE (F)
 YESTERDAY
  MAXIMUM         87    527 PM 109    1931  90     -3       89
  MINIMUM         67   1150 PM  49    2005  62      5       60
  AVERAGE         77                        76      1       75

PRECIPITATION (IN)
  YESTERDAY        0.00                      0.11  -0.11     0.12
  MONTH TO DATE    1.28                      2.82  -1.54     1.49
  SINCE JUN 1      1.55                      6.20  -4.65     4.34
  SINCE JAN 1      9.58                     14.14  -4.56    14.54

..................................................................


THE MCCOOK NE CLIMATE NORMALS FOR TODAY
                         NORMAL    RECORD    YEAR
 MAXIMUM TEMPERATURE (F)   89       105      2012
                                             1931
 MINIMUM TEMPERATURE (F)   62        51      1994


-  INDICATES NEGATIVE NUMBERS.
R  INDICATES RECORD WAS SET OR TIED.
MM INDICATES DATA IS MISSING.
T  INDICATES TRACE AMOUNT.


$$
