000
CDUS43 KGLD 240801
CLIMCK

CLIMATE REPORT
NATIONAL WEATHER SERVICE GOODLAND
1247 AM MST FRI NOV 24 2017


...................................

...THE MCCOOK NE CLIMATE SUMMARY FOR NOVEMBER 23 2017...

CLIMATE NORMAL PERIOD 1981 TO 2010
CLIMATE RECORD PERIOD 1896 TO 2017


WEATHER ITEM   OBSERVED TIME   RECORD YEAR NORMAL DEPARTURE LAST
                VALUE   (LST)  VALUE       VALUE  FROM      YEAR
                                                  NORMAL
..................................................................
TEMPERATURE (F)
 YESTERDAY
  MAXIMUM         72R   332 PM  72    2005  48     24       53
  MINIMUM         37    740 AM   4    1975  21     16       28
  AVERAGE         55                        34     21       41

PRECIPITATION (IN)
  YESTERDAY        0.00                      0.03  -0.03     0.00
  MONTH TO DATE    0.16                      0.76  -0.60     0.46
  SINCE SEP 1      4.29                      3.99   0.30     6.23
  SINCE JAN 1     18.40                     21.70  -3.30    24.36

..................................................................


THE MCCOOK NE CLIMATE NORMALS FOR TODAY
                         NORMAL    RECORD    YEAR
 MAXIMUM TEMPERATURE (F)   48        72      1995
 MINIMUM TEMPERATURE (F)   20       -10      1950


-  INDICATES NEGATIVE NUMBERS.
R  INDICATES RECORD WAS SET OR TIED.
MM INDICATES DATA IS MISSING.
T  INDICATES TRACE AMOUNT.

$$
