000
CDUS43 KGLD 220758 RRB
CLIMCK

CLIMATE REPORT
NATIONAL WEATHER SERVICE GOODLAND
156 AM MDT FRI SEP 22 2017

...................................

...THE MCCOOK NE CLIMATE SUMMARY FOR SEPTEMBER 21 2017...

CLIMATE NORMAL PERIOD 1981 TO 2010
CLIMATE RECORD PERIOD 1896 TO 2017


WEATHER ITEM   OBSERVED TIME   RECORD YEAR NORMAL DEPARTURE LAST
                VALUE   (LST)  VALUE       VALUE  FROM      YEAR
                                                  NORMAL
..................................................................
TEMPERATURE (F)
 YESTERDAY
  MAXIMUM        100R   338 PM 100    2005  77     23       88
  MINIMUM         48    657 AM  24    1983  47      1       69
  AVERAGE         74                        62     12       79

PRECIPITATION (IN)
  YESTERDAY        0.00                      0.04  -0.04     0.00
  MONTH TO DATE    0.16                      1.01  -0.85     5.63
  SINCE SEP 1      0.16                      1.01  -0.85     5.63
  SINCE JAN 1     14.27                     18.72  -4.45    23.76

..................................................................


THE MCCOOK NE CLIMATE NORMALS FOR TODAY
                         NORMAL    RECORD    YEAR
 MAXIMUM TEMPERATURE (F)   77        97      2015
 MINIMUM TEMPERATURE (F)   46        25      1983


-  INDICATES NEGATIVE NUMBERS.
R  INDICATES RECORD WAS SET OR TIED.
MM INDICATES DATA IS MISSING.
T  INDICATES TRACE AMOUNT.


$$
