412
CDUS42 KFFC 290818
CLIMCN


CLIMATE REPORT
NATIONAL WEATHER SERVICE PEACHTREE CITY GA
417 AM EDT FRI JUL 29 2016


...................................

...THE MACON CLIMATE SUMMARY FOR JULY 28 2016...

CLIMATE NORMAL PERIOD 1981 TO 2010
CLIMATE RECORD PERIOD 1899 TO 2016


WEATHER ITEM   OBSERVED TIME   RECORD YEAR NORMAL DEPARTURE LAST
                VALUE   (LST)  VALUE       VALUE  FROM      YEAR
                                                  NORMAL
..................................................................
TEMPERATURE (F)
 YESTERDAY
  MAXIMUM         98    406 PM 101    1993  93      5       97
                                      1952
  MINIMUM         73    458 AM  62    1911  71      2       73
  AVERAGE         86                        82      4       85

PRECIPITATION (IN)
  YESTERDAY        0.00          2.51 1965   0.14  -0.14     0.03
  MONTH TO DATE    1.69                      4.50  -2.81     1.38
  SINCE JUN 1      3.58                      8.56  -4.98     5.16
  SINCE JAN 1     21.54                     27.39  -5.85    21.66

DEGREE DAYS
 HEATING
  YESTERDAY        0                         0      0        0
  MONTH TO DATE    0                         0      0        0
  SINCE JUN 1      0                         0      0        0
  SINCE JUL 1      0                         0      0        0

 COOLING
  YESTERDAY       21                        17      4       20
  MONTH TO DATE  551                       470     81      530
  SINCE JUN 1   1046                       889    157     1011
  SINCE JAN 1   1398                      1202    196     1396
..................................................................


WIND (MPH)
  RESULTANT WIND SPEED   8   RESULTANT WIND DIRECTION   W (260)
  HIGHEST WIND SPEED    22   HIGHEST WIND DIRECTION     W (270)
  HIGHEST GUST SPEED    35   HIGHEST GUST DIRECTION     W (260)
  AVERAGE WIND SPEED     8.9


SKY COVER
  AVERAGE SKY COVER 0.1


WEATHER CONDITIONS
 THE FOLLOWING WEATHER WAS RECORDED YESTERDAY.
  NO SIGNIFICANT WEATHER WAS OBSERVED.


RELATIVE HUMIDITY (PERCENT)
 HIGHEST    87           500 AM
 LOWEST     33           300 PM
 AVERAGE    60

..........................................................


THE MACON CLIMATE NORMALS FOR TODAY
                         NORMAL    RECORD    YEAR
 MAXIMUM TEMPERATURE (F)   93       104      1986
                                             1952
 MINIMUM TEMPERATURE (F)   71        63      2014
                                             1897


SUNRISE AND SUNSET
JULY 29 2016..........SUNRISE   647 AM EDT   SUNSET   835 PM EDT
JULY 30 2016..........SUNRISE   648 AM EDT   SUNSET   834 PM EDT


-  INDICATES NEGATIVE NUMBERS.
R  INDICATES RECORD WAS SET OR TIED.
MM INDICATES DATA IS MISSING.
T  INDICATES TRACE AMOUNT.




$$
