000
CDUS42 KFFC 010816
CLIMCN


CLIMATE REPORT
NATIONAL WEATHER SERVICE PEACHTREE CITY GA
416 AM EDT WED OCT 1 2014


...................................

...THE MACON CLIMATE SUMMARY FOR SEPTEMBER 30 2014...

CLIMATE NORMAL PERIOD 1981 TO 2010
CLIMATE RECORD PERIOD 1899 TO 2014


WEATHER ITEM   OBSERVED TIME   RECORD YEAR NORMAL DEPARTURE LAST
                VALUE   (LST)  VALUE       VALUE  FROM      YEAR
                                                  NORMAL
..................................................................
TEMPERATURE (F)
 YESTERDAY
  MAXIMUM         78    137 PM  95    1954  82     -4       77
                                      1904
  MINIMUM         61   1159 PM  35    1967  59      2       54
  AVERAGE         70                        70      0       66

PRECIPITATION (IN)
  YESTERDAY        0.00          1.75 1980   0.11  -0.11     0.00
  MONTH TO DATE    2.79                      3.59  -0.80     1.77
  SINCE SEP 1      2.79                      3.59  -0.80     1.77
  SINCE JAN 1     36.72                     35.53   1.19    59.90

DEGREE DAYS
 HEATING
  YESTERDAY        0                         1     -1        0
  MONTH TO DATE    1                         4     -3        0
  SINCE SEP 1      1                         6     -5        0
  SINCE JUL 1      1                         6     -5        0

 COOLING
  YESTERDAY        5                         6     -1        1
  MONTH TO DATE  339                       306     33      290
  SINCE SEP 1    339                       306     33      290
  SINCE JAN 1   1937                      2050   -113     1765
..................................................................


WIND (MPH)
  RESULTANT WIND SPEED   2   RESULTANT WIND DIRECTION  NE (50)
  HIGHEST WIND SPEED    10   HIGHEST WIND DIRECTION    NE (30)
  HIGHEST GUST SPEED    18   HIGHEST GUST DIRECTION    NE (60)
  AVERAGE WIND SPEED     2.7


SKY COVER
  AVERAGE SKY COVER 0.7


WEATHER CONDITIONS
 THE FOLLOWING WEATHER WAS RECORDED YESTERDAY.
  FOG
  FOG W/VISIBILITY <= 1/4 MILE


RELATIVE HUMIDITY (PERCENT)
 HIGHEST   100          1200 AM
 LOWEST     64           100 PM
 AVERAGE    82

..........................................................


THE MACON CLIMATE NORMALS FOR TODAY
                         NORMAL    RECORD    YEAR
 MAXIMUM TEMPERATURE (F)   82        94      1954
 MINIMUM TEMPERATURE (F)   58        39      1993
                                             1967


SUNRISE AND SUNSET
OCTOBER  1 2014.......SUNRISE   729 AM EDT   SUNSET   719 PM EDT
OCTOBER  2 2014.......SUNRISE   729 AM EDT   SUNSET   718 PM EDT


-  INDICATES NEGATIVE NUMBERS.
R  INDICATES RECORD WAS SET OR TIED.
MM INDICATES DATA IS MISSING.
T  INDICATES TRACE AMOUNT.




$$
