000
CDUS42 KFFC 270920
CLIMCN


CLIMATE REPORT
NATIONAL WEATHER SERVICE PEACHTREE CITY GA
419 AM EST MON FEB 27 2017


...................................

...THE MACON CLIMATE SUMMARY FOR FEBRUARY 26 2017...

CLIMATE NORMAL PERIOD 1981 TO 2010
CLIMATE RECORD PERIOD 1899 TO 2017


WEATHER ITEM   OBSERVED TIME   RECORD YEAR NORMAL DEPARTURE LAST
                VALUE   (LST)  VALUE       VALUE  FROM      YEAR
                                                  NORMAL
..................................................................
TEMPERATURE (F)
 YESTERDAY
  MAXIMUM         66    511 PM  81    1981  65      1       56
                                      1951
                                      1944
  MINIMUM         32    706 AM  15    1967  40     -8       34
  AVERAGE         49                        52     -3       45

PRECIPITATION (IN)
  YESTERDAY        0.00          3.27 1929   0.16  -0.16     0.00
  MONTH TO DATE    1.53                      4.06  -2.53     3.21
  SINCE DEC 1     18.74                     12.34   6.40    18.35
  SINCE JAN 1     12.79                      8.30   4.49     5.73

SNOWFALL (IN)
  YESTERDAY        0.0           0.0  2002   0.0    0.0      0.0
  MONTH TO DATE    0.0                       0.0    0.0       T
  SINCE DEC 1      0.0                       0.5   -0.5       T
  SINCE JUL 1      0.0                       0.5   -0.5       T
  SNOW DEPTH       0

DEGREE DAYS
 HEATING
  YESTERDAY       16                        13      3       20
  MONTH TO DATE  200                       396   -196      374
  SINCE DEC 1    933                      1506   -573     1221
  SINCE JUL 1   1175                      1901   -726     1493

 COOLING
  YESTERDAY        0                         0      0        0
  MONTH TO DATE    7                         0      7        1
  SINCE DEC 1     13                         4      9       43
  SINCE JAN 1     11                         1     10        1
..................................................................


WIND (MPH)
  RESULTANT WIND SPEED   3   RESULTANT WIND DIRECTION  NW (310)
  HIGHEST WIND SPEED    13   HIGHEST WIND DIRECTION     N (10)
  HIGHEST GUST SPEED    17   HIGHEST GUST DIRECTION     N (350)
  AVERAGE WIND SPEED     4.6


SKY COVER
  AVERAGE SKY COVER 0.0


WEATHER CONDITIONS
 THE FOLLOWING WEATHER WAS RECORDED YESTERDAY.
  NO SIGNIFICANT WEATHER WAS OBSERVED.


RELATIVE HUMIDITY (PERCENT)
 HIGHEST    82           800 AM
 LOWEST     18           400 PM
 AVERAGE    50

..........................................................


THE MACON CLIMATE NORMALS FOR TODAY
                         NORMAL    RECORD    YEAR
 MAXIMUM TEMPERATURE (F)   65        82      1962
 MINIMUM TEMPERATURE (F)   41        18      1963


SUNRISE AND SUNSET
FEBRUARY 27 2017......SUNRISE   704 AM EST   SUNSET   631 PM EST
FEBRUARY 28 2017......SUNRISE   703 AM EST   SUNSET   631 PM EST


-  INDICATES NEGATIVE NUMBERS.
R  INDICATES RECORD WAS SET OR TIED.
MM INDICATES DATA IS MISSING.
T  INDICATES TRACE AMOUNT.




$$
