000
CDUS42 KFFC 280818
CLIMCN


CLIMATE REPORT
NATIONAL WEATHER SERVICE PEACHTREE CITY GA
416 AM EDT TUE JUL 28 2015


...................................

...THE MACON CLIMATE SUMMARY FOR JULY 27 2015...

CLIMATE NORMAL PERIOD 1981 TO 2010
CLIMATE RECORD PERIOD 1899 TO 2015


WEATHER ITEM   OBSERVED TIME   RECORD YEAR NORMAL DEPARTURE LAST
                VALUE   (LST)  VALUE       VALUE  FROM      YEAR
                                                  NORMAL
..................................................................
TEMPERATURE (F)
 YESTERDAY
  MAXIMUM         97    407 PM 100    1993  93      4       94
                                      1968
                                      1940
  MINIMUM         69    610 AM  60    1911  71     -2       70
  AVERAGE         83                        82      1       82

PRECIPITATION (IN)
  YESTERDAY        0.00          2.20 1980   0.16  -0.16     0.00
  MONTH TO DATE    1.35                      4.36  -3.01     5.04
  SINCE JUN 1      5.13                      8.42  -3.29    10.69
  SINCE JAN 1     21.63                     27.25  -5.62    32.88

DEGREE DAYS
 HEATING
  YESTERDAY        0                         0      0        0
  MONTH TO DATE    0                         0      0        0
  SINCE JUN 1      0                         0      0        0
  SINCE JUL 1      0                         0      0        0

 COOLING
  YESTERDAY       18                        17      1       17
  MONTH TO DATE  510                       453     57      391
  SINCE JUN 1    991                       872    119      806
  SINCE JAN 1   1376                      1185    191     1084
..................................................................


WIND (MPH)
  RESULTANT WIND SPEED   2   RESULTANT WIND DIRECTION   E (110)
  HIGHEST WIND SPEED    14   HIGHEST WIND DIRECTION     E (80)
  HIGHEST GUST SPEED    32   HIGHEST GUST DIRECTION    NE (30)
  AVERAGE WIND SPEED     1.8


SKY COVER
  AVERAGE SKY COVER 0.0


WEATHER CONDITIONS
 THE FOLLOWING WEATHER WAS RECORDED YESTERDAY.
  FOG


RELATIVE HUMIDITY (PERCENT)
 HIGHEST    97           500 AM
 LOWEST     36           200 PM
 AVERAGE    67

..........................................................


THE MACON CLIMATE NORMALS FOR TODAY
                         NORMAL    RECORD    YEAR
 MAXIMUM TEMPERATURE (F)   93       101      1993
                                             1952
 MINIMUM TEMPERATURE (F)   71        62      1911


SUNRISE AND SUNSET
JULY 28 2015..........SUNRISE   646 AM EDT   SUNSET   836 PM EDT
JULY 29 2015..........SUNRISE   646 AM EDT   SUNSET   835 PM EDT


-  INDICATES NEGATIVE NUMBERS.
R  INDICATES RECORD WAS SET OR TIED.
MM INDICATES DATA IS MISSING.
T  INDICATES TRACE AMOUNT.




$$
