000
CDUS42 KFFC 282042
CLIMCN


CLIMATE REPORT
NATIONAL WEATHER SERVICE PEACHTREE CITY GA
442 PM EDT SUN MAY 28 2017


...................................

...THE MACON CLIMATE SUMMARY FOR MAY 28 2017...
VALID TODAY AS OF 0400 PM LOCAL TIME.

CLIMATE NORMAL PERIOD 1981 TO 2010
CLIMATE RECORD PERIOD 1899 TO 2017


WEATHER ITEM   OBSERVED TIME   RECORD YEAR NORMAL DEPARTURE LAST
                VALUE   (LST)  VALUE       VALUE  FROM      YEAR
                                                  NORMAL
..................................................................
TEMPERATURE (F)
 TODAY
  MAXIMUM         91    328 PM  99    1967  88      3       87
  MINIMUM         67    130 AM  46    1961  63      4       59
  AVERAGE         79                        75      4       73

PRECIPITATION (IN)
  TODAY            0.00          3.43 1984   0.11  -0.11     0.00
  MONTH TO DATE    6.07                      2.38   3.69     1.96
  SINCE MAR 1     10.53                      9.89   0.64    12.23
  SINCE JAN 1     23.73                     18.49   5.24    17.96

DEGREE DAYS
 HEATING
  TODAY            0                         0      0        0
  MONTH TO DATE   15                        11      4       11
  SINCE MAR 1    293                       393   -100      268
  SINCE JUL 1   1480                      2318   -838     1798

 COOLING
  TODAY           14                        10      4        8
  MONTH TO DATE  196                       195      1      194
  SINCE MAR 1    396                       276    120      313
  SINCE JAN 1    407                       279    128      314
..................................................................


WIND (MPH)
  RESULTANT WIND SPEED   8   RESULTANT WIND DIRECTION   W (260)
  HIGHEST WIND SPEED    24   HIGHEST WIND DIRECTION    SW (240)
  HIGHEST GUST SPEED    32   HIGHEST GUST DIRECTION    SW (240)
  AVERAGE WIND SPEED     8.4


SKY COVER
  AVERAGE SKY COVER 0.4


WEATHER CONDITIONS
 THE FOLLOWING WEATHER WAS RECORDED TODAY.
  NO SIGNIFICANT WEATHER WAS OBSERVED.


RELATIVE HUMIDITY (PERCENT)
 HIGHEST    90          1200 AM
 LOWEST     44           200 PM
 AVERAGE    67

..........................................................


THE MACON CLIMATE NORMALS FOR TOMORROW
                         NORMAL    RECORD    YEAR
 MAXIMUM TEMPERATURE (F)   88        98      2011
                                             1914
 MINIMUM TEMPERATURE (F)   64        50      1968


SUNRISE AND SUNSET
MAY 28 2017...........SUNRISE   629 AM EDT   SUNSET   835 PM EDT
MAY 29 2017...........SUNRISE   628 AM EDT   SUNSET   836 PM EDT


-  INDICATES NEGATIVE NUMBERS.
R  INDICATES RECORD WAS SET OR TIED.
MM INDICATES DATA IS MISSING.
T  INDICATES TRACE AMOUNT.




$$
