000
CDUS42 KFFC 250030
CLIMCN


CLIMATE REPORT
NATIONAL WEATHER SERVICE PEACHTREE CITY GA
830 PM EDT MON APR 24 2017


...................................

...THE MACON CLIMATE SUMMARY FOR APRIL 24 2017...
VALID AS OF 0800 PM LOCAL TIME.

CLIMATE NORMAL PERIOD 1981 TO 2010
CLIMATE RECORD PERIOD 1899 TO 2017


WEATHER ITEM   OBSERVED TIME   RECORD YEAR NORMAL DEPARTURE LAST
                VALUE   (LST)  VALUE       VALUE  FROM      YEAR
                                                  NORMAL
..................................................................
TEMPERATURE (F)
 TODAY
  MAXIMUM         65    100 PM  94    1925  79    -14       83
  MINIMUM         56    933 AM  34    1986  52      4       51
  AVERAGE         61                        65     -4       67

PRECIPITATION (IN)
  TODAY            T             0.70 1937   0.09  -0.09     0.00
  MONTH TO DATE    2.19                      2.47  -0.28     7.34
  SINCE MAR 1      3.64                      7.02  -3.38     9.98
  SINCE JAN 1     16.84                     15.62   1.22    15.71

SNOWFALL (IN)
  TODAY            0.0           0.0  2002   0.0    0.0      0.0
                                      2001
                                      2000
  MONTH TO DATE    0.0                       0.0    0.0      0.0
  SINCE MAR 1      0.0                       0.2   -0.2      0.0
  SINCE JUL 1      0.0                       0.7   -0.7       T
  SNOW DEPTH       0

DEGREE DAYS
 HEATING
  TODAY            4                         2      2        0
  MONTH TO DATE   41                       100    -59       94
  SINCE MAR 1    278                       372    -94      257
  SINCE JUL 1   1465                      2297   -832     1787

 COOLING
  TODAY            0                         3     -3        2
  MONTH TO DATE   91                        43     48       12
  SINCE MAR 1    144                        61     83       64
  SINCE JAN 1    155                        64     91       65
..................................................................


WIND (MPH)
  HIGHEST WIND SPEED    16   HIGHEST WIND DIRECTION    NW (330)
  HIGHEST GUST SPEED    20   HIGHEST GUST DIRECTION     N (340)
  AVERAGE WIND SPEED     6.5


SKY COVER
  AVERAGE SKY COVER 1.0


WEATHER CONDITIONS
 THE FOLLOWING WEATHER WAS RECORDED TODAY.
  LIGHT RAIN
  FOG


RELATIVE HUMIDITY (PERCENT)
 HIGHEST   100           100 AM
 LOWEST     72           100 PM

..........................................................


THE MACON CLIMATE NORMALS FOR TOMORROW
                         NORMAL    RECORD
 MAXIMUM TEMPERATURE (F)   79        90
 MINIMUM TEMPERATURE (F)   52        36


SUNRISE AND SUNSET
APRIL 24 2017.........SUNRISE   655 AM EDT   SUNSET   811 PM EDT
APRIL 25 2017.........SUNRISE   653 AM EDT   SUNSET   812 PM EDT


-  INDICATES NEGATIVE NUMBERS.
R  INDICATES RECORD WAS SET OR TIED.
MM INDICATES DATA IS MISSING.
T  INDICATES TRACE AMOUNT.




$$
