000
CDUS42 KFFC 220022
CLIMCN


CLIMATE REPORT
NATIONAL WEATHER SERVICE PEACHTREE CITY GA
722 PM EST SUN JAN 21 2018


...................................

...THE MACON CLIMATE SUMMARY FOR JANUARY 21 2018...
VALID AS OF 0700 PM LOCAL TIME.

CLIMATE NORMAL PERIOD 1981 TO 2010
CLIMATE RECORD PERIOD 1899 TO 2018


WEATHER ITEM   OBSERVED TIME   RECORD YEAR NORMAL DEPARTURE LAST
                VALUE   (LST)  VALUE       VALUE  FROM      YEAR
                                                  NORMAL
..................................................................
TEMPERATURE (F)
 TODAY
  MAXIMUM         71    404 PM  79    1954  58     13       71
  MINIMUM         37    814 AM  -6    1985  35      2       57
  AVERAGE         54                        46      8       64

PRECIPITATION (IN)
  TODAY            0.00          1.41 2010   0.14  -0.14     1.38
  MONTH TO DATE    0.90                      2.79  -1.89     9.26
  SINCE DEC 1      4.16                      6.83  -2.67    15.21
  SINCE JAN 1      0.90                      2.79  -1.89     9.26

SNOWFALL (IN)
  TODAY            0.0           0.0  2002   0.0    0.0      0.0
  MONTH TO DATE    1.0                       0.3    0.7      0.0
  SINCE DEC 1      1.0                       0.4    0.6      0.0
  SINCE JUL 1      1.0                       0.4    0.6      0.0
  SNOW DEPTH       0

DEGREE DAYS
 HEATING
  TODAY           11                        19     -8        1
  MONTH TO DATE  506                       399    107      210
  SINCE DEC 1    962                       929     33      601
  SINCE JUL 1   1320                      1324     -4      843
..................................................................


WIND (MPH)
  HIGHEST WIND SPEED     7   HIGHEST WIND DIRECTION     S (170)
  HIGHEST GUST SPEED     9   HIGHEST GUST DIRECTION    NE (50)
  AVERAGE WIND SPEED     0.6


SKY COVER
  AVERAGE SKY COVER 0.0


WEATHER CONDITIONS
 THE FOLLOWING WEATHER WAS RECORDED TODAY.
  NO SIGNIFICANT WEATHER WAS OBSERVED.


RELATIVE HUMIDITY (PERCENT)
 HIGHEST   100           500 AM
 LOWEST     33           200 PM

..........................................................


THE MACON CLIMATE NORMALS FOR TOMORROW
                         NORMAL    RECORD
 MAXIMUM TEMPERATURE (F)   58        78
 MINIMUM TEMPERATURE (F)   35        13


SUNRISE AND SUNSET
JANUARY 21 2018.......SUNRISE   735 AM EST   SUNSET   557 PM EST
JANUARY 22 2018.......SUNRISE   735 AM EST   SUNSET   558 PM EST


-  INDICATES NEGATIVE NUMBERS.
R  INDICATES RECORD WAS SET OR TIED.
MM INDICATES DATA IS MISSING.
T  INDICATES TRACE AMOUNT.




$$
