000
CDUS42 KFFC 290021
CLIMCN


CLIMATE REPORT
NATIONAL WEATHER SERVICE PEACHTREE CITY GA
821 PM EDT THU MAY 28 2015


...................................

...THE MACON CLIMATE SUMMARY FOR MAY 28 2015...
VALID AS OF 0800 PM LOCAL TIME.

CLIMATE NORMAL PERIOD 1981 TO 2010
CLIMATE RECORD PERIOD 1899 TO 2015


WEATHER ITEM   OBSERVED TIME   RECORD YEAR NORMAL DEPARTURE LAST
                VALUE   (LST)  VALUE       VALUE  FROM      YEAR
                                                  NORMAL
..................................................................
TEMPERATURE (F)
 TODAY
  MAXIMUM         87    430 PM  99    1967  88     -1       88
  MINIMUM         67    548 AM  46    1961  63      4       65
  AVERAGE         77                        75      2       77

PRECIPITATION (IN)
  TODAY            0.00          3.43 1984   0.11  -0.11     0.27
  MONTH TO DATE    1.15                      2.38  -1.23     2.94
  SINCE MAR 1      9.70                      9.89  -0.19    14.33
  SINCE JAN 1     16.50                     18.49  -1.99    22.16

DEGREE DAYS
 COOLING
  TODAY           12                        10      2       12
  MONTH TO DATE  224                       195     29      189
  SINCE MAR 1    348                       276     72      241
  SINCE JAN 1    348                       279     69      242
..................................................................


WIND (MPH)
  HIGHEST WIND SPEED    14   HIGHEST WIND DIRECTION    SE (130)
  HIGHEST GUST SPEED    26   HIGHEST GUST DIRECTION    SE (120)
  AVERAGE WIND SPEED     4.6


SKY COVER
  AVERAGE SKY COVER 0.2


WEATHER CONDITIONS
 THE FOLLOWING WEATHER WAS RECORDED TODAY.
  FOG


RELATIVE HUMIDITY (PERCENT)
 HIGHEST    97          1200 AM
 LOWEST     45           100 PM

..........................................................


THE MACON CLIMATE NORMALS FOR TOMORROW
                         NORMAL    RECORD
 MAXIMUM TEMPERATURE (F)   88        98
 MINIMUM TEMPERATURE (F)   64        50


SUNRISE AND SUNSET
MAY 28 2015...........SUNRISE   629 AM EDT   SUNSET   835 PM EDT
MAY 29 2015...........SUNRISE   629 AM EDT   SUNSET   836 PM EDT


-  INDICATES NEGATIVE NUMBERS.
R  INDICATES RECORD WAS SET OR TIED.
MM INDICATES DATA IS MISSING.
T  INDICATES TRACE AMOUNT.




$$
