000
CDUS42 KFFC 260820
CLIMCN


CLIMATE REPORT
NATIONAL WEATHER SERVICE PEACHTREE CITY GA
419 AM EDT TUE SEP 26 2017


...................................

...THE MACON CLIMATE SUMMARY FOR SEPTEMBER 25 2017...

CLIMATE NORMAL PERIOD 1981 TO 2010
CLIMATE RECORD PERIOD 1899 TO 2017


WEATHER ITEM   OBSERVED TIME   RECORD YEAR NORMAL DEPARTURE LAST
                VALUE   (LST)  VALUE       VALUE  FROM      YEAR
                                                  NORMAL
..................................................................
TEMPERATURE (F)
 YESTERDAY
  MAXIMUM         89    355 PM  96    1993  84      5       94
                                      1961
  MINIMUM         64    653 AM  45    1990  61      3       67
  AVERAGE         77                        72      5       81

PRECIPITATION (IN)
  YESTERDAY        0.00          4.11 1956   0.10  -0.10     0.00
  MONTH TO DATE    3.87                      3.04   0.83     2.18
  SINCE SEP 1      3.87                      3.04   0.83     2.18
  SINCE JAN 1     41.40                     34.98   6.42    26.40

DEGREE DAYS
 HEATING
  YESTERDAY        0                         0      0        0
  MONTH TO DATE    1                         0      1        0
  SINCE SEP 1      1                         0      1        0
  SINCE JUL 1      1                         0      1        0

 COOLING
  YESTERDAY       12                         7      5       16
  MONTH TO DATE  237                       272    -35      364
  SINCE SEP 1    237                       272    -35      364
  SINCE JAN 1   2099                      2016     83     2391
..................................................................


WIND (MPH)
  RESULTANT WIND SPEED   3   RESULTANT WIND DIRECTION   N (10)
  HIGHEST WIND SPEED    14   HIGHEST WIND DIRECTION     E (70)
  HIGHEST GUST SPEED    17   HIGHEST GUST DIRECTION    NE (60)
  AVERAGE WIND SPEED     5.1


SKY COVER
  AVERAGE SKY COVER 0.0


WEATHER CONDITIONS
 THE FOLLOWING WEATHER WAS RECORDED YESTERDAY.
  FOG


RELATIVE HUMIDITY (PERCENT)
 HIGHEST   100          1200 AM
 LOWEST     36           100 PM
 AVERAGE    68

..........................................................


THE MACON CLIMATE NORMALS FOR TODAY
                         NORMAL    RECORD    YEAR
 MAXIMUM TEMPERATURE (F)   83        96      1970
 MINIMUM TEMPERATURE (F)   60        46      1964


SUNRISE AND SUNSET
SEPTEMBER 26 2017.....SUNRISE   726 AM EDT   SUNSET   726 PM EDT
SEPTEMBER 27 2017.....SUNRISE   726 AM EDT   SUNSET   724 PM EDT


-  INDICATES NEGATIVE NUMBERS.
R  INDICATES RECORD WAS SET OR TIED.
MM INDICATES DATA IS MISSING.
T  INDICATES TRACE AMOUNT.




$$
