000
CDUS42 KMLB 010635
CLIMCO


CLIMATE REPORT
NATIONAL WEATHER SERVICE MELBOURNE FL
235 AM EDT TUE SEP 1 2015


...................................

...THE ORLANDO  CLIMATE SUMMARY FOR AUGUST 31 2015...

CLIMATE NORMAL PERIOD 1981 TO 2010
CLIMATE RECORD PERIOD 1892 TO 2015


WEATHER ITEM   OBSERVED TIME   RECORD YEAR NORMAL DEPARTURE LAST
                VALUE   (LST)  VALUE       VALUE  FROM      YEAR
                                                  NORMAL
..................................................................
TEMPERATURE (F)
 YESTERDAY
  MAXIMUM         91    230 PM  97    1963  91      0       93
                                      1936
                                      1914
  MINIMUM         75    724 PM  66    1934  74      1       76
                                      1893
  AVERAGE         83                        82      1       85

PRECIPITATION (IN)
  YESTERDAY        3.59R         2.68 1937   0.22   3.37     0.05
  MONTH TO DATE   15.86                      7.13   8.73     7.01
  SINCE JUN 1     30.07                     21.98   8.09    20.44
  SINCE JAN 1     44.06                     36.61   7.45    37.79

SNOWFALL (IN)
  YESTERDAY        0.0
  MONTH TO DATE    0.0
  SINCE JUN 1      0.0
  SINCE JUL 1      0.0

DEGREE DAYS
 HEATING
  YESTERDAY        0                         0      0        0
  MONTH TO DATE    0                         0      0        0
  SINCE JUN 1      0                         0      0        0
  SINCE JUL 1      0                         0      0        0

 COOLING
  YESTERDAY       18                        17      1       20
  MONTH TO DATE  562                       553      9      591
  SINCE JUN 1   1691                      1592     99     1664
  SINCE JAN 1   2871                      2393    478     2598
..................................................................


WIND (MPH)
  HIGHEST WIND SPEED    21   HIGHEST WIND DIRECTION     E (110)
  HIGHEST GUST SPEED    25   HIGHEST GUST DIRECTION     E (100)
  AVERAGE WIND SPEED     5.1


SKY COVER
  AVERAGE SKY COVER 0.8


WEATHER CONDITIONS
 THE FOLLOWING WEATHER WAS RECORDED YESTERDAY.
  THUNDERSTORM
  HEAVY RAIN
  LIGHT RAIN
  FOG


RELATIVE HUMIDITY (PERCENT)
 HIGHEST   100          1200 AM
 LOWEST     64           200 PM
 AVERAGE    82

..........................................................


THE ORLANDO  CLIMATE NORMALS FOR TODAY
                         NORMAL    RECORD    YEAR
 MAXIMUM TEMPERATURE (F)   91        96      1935
                                             1914
                                             1907
 MINIMUM TEMPERATURE (F)   74        65      1938


SUNRISE AND SUNSET
SEPTEMBER  1 2015.....SUNRISE   703 AM EDT   SUNSET   747 PM EDT
SEPTEMBER  2 2015.....SUNRISE   704 AM EDT   SUNSET   746 PM EDT


-  INDICATES NEGATIVE NUMBERS.
R  INDICATES RECORD WAS SET OR TIED.
MM INDICATES DATA IS MISSING.
T  INDICATES TRACE AMOUNT.




$$
