000
CDUS42 KMLB 210627
CLIMCO


CLIMATE REPORT
NATIONAL WEATHER SERVICE MELBOURNE FL
127 AM EST WED FEB 21 2018


...................................

...THE ORLANDO INTL CLIMATE SUMMARY FOR FEBRUARY 20 2018...

CLIMATE NORMAL PERIOD 1981 TO 2010
CLIMATE RECORD PERIOD 1892 TO 2018


WEATHER ITEM   OBSERVED TIME   RECORD YEAR NORMAL DEPARTURE LAST
                VALUE   (LST)  VALUE       VALUE  FROM      YEAR
                                                  NORMAL
..................................................................
TEMPERATURE (F)
 YESTERDAY
  MAXIMUM         87    328 PM  89    1988  75     12       84
  MINIMUM         67    720 AM  33    2015  53     14       55
                                      1958
                                      1900
  AVERAGE         77                        64     13       70

PRECIPITATION (IN)
  YESTERDAY        0.00          1.85 1902   0.08  -0.08     0.00
  MONTH TO DATE    0.36                      1.67  -1.31     0.47
  SINCE DEC 1      2.81                      6.60  -3.79     4.97
  SINCE JAN 1      2.46                      4.02  -1.56     2.45

SNOWFALL (IN)
  YESTERDAY        0.0
  MONTH TO DATE    0.0
  SINCE JUL 1      0.0

DEGREE DAYS
 HEATING
  YESTERDAY        0                         4     -4        0
  MONTH TO DATE    6                        91    -85       16
  SINCE DEC 1    360                       428    -68      146
  SINCE JUL 1    384                       475    -91      169

 COOLING
  YESTERDAY       12                         2     10        5
  MONTH TO DATE  123                        40     83       61
  SINCE DEC 1    259                       155    104      312
  SINCE JAN 1    167                        85     82      153
..................................................................


WIND (MPH)
  HIGHEST WIND SPEED    20   HIGHEST WIND DIRECTION     E (110)
  HIGHEST GUST SPEED    26   HIGHEST GUST DIRECTION     E (80)
  AVERAGE WIND SPEED    10.2


SKY COVER
  AVERAGE SKY COVER 0.3


WEATHER CONDITIONS
 THE FOLLOWING WEATHER WAS RECORDED YESTERDAY.
  NO SIGNIFICANT WEATHER WAS OBSERVED.


RELATIVE HUMIDITY (PERCENT)
 HIGHEST   100          1200 AM
 LOWEST     45           300 PM
 AVERAGE    73

..........................................................


THE ORLANDO INTL CLIMATE NORMALS FOR TODAY
                         NORMAL    RECORD    YEAR
 MAXIMUM TEMPERATURE (F)   75        88      1989
                                             1961
                                             1929
 MINIMUM TEMPERATURE (F)   53        33      1977
                                             1958


SUNRISE AND SUNSET
FEBRUARY 21 2018......SUNRISE   658 AM EST   SUNSET   620 PM EST
FEBRUARY 22 2018......SUNRISE   657 AM EST   SUNSET   621 PM EST


-  INDICATES NEGATIVE NUMBERS.
R  INDICATES RECORD WAS SET OR TIED.
MM INDICATES DATA IS MISSING.
T  INDICATES TRACE AMOUNT.




$$
