000
CDUS42 KMLB 132116
CLIMCO


CLIMATE REPORT
NATIONAL WEATHER SERVICE MELBOURNE FL
415 PM EST WED DEC 13 2017


...................................

...THE ORLANDO  CLIMATE SUMMARY FOR DECEMBER 13 2017...
VALID TODAY AS OF 0400 PM LOCAL TIME.

CLIMATE NORMAL PERIOD 1981 TO 2010
CLIMATE RECORD PERIOD 1892 TO 2017


WEATHER ITEM   OBSERVED TIME   RECORD YEAR NORMAL DEPARTURE LAST
                VALUE   (LST)  VALUE       VALUE  FROM      YEAR
                                                  NORMAL
..................................................................
TEMPERATURE (F)
 TODAY
  MAXIMUM         63    313 PM  87    1948  73    -10       84
  MINIMUM         46    740 AM  20    1962  53     -7       62
  AVERAGE         55                        63     -8       73

PRECIPITATION (IN)
  TODAY            0.00          1.98 1997   0.09  -0.09     0.00
  MONTH TO DATE    0.35                      1.06  -0.71     0.78
  SINCE DEC 1      0.35                      1.06  -0.71     0.78
  SINCE JAN 1     46.62                     49.21  -2.59    52.56

SNOWFALL (IN)
  TODAY            0.0
  MONTH TO DATE    0.0
  SINCE DEC 1      0.0
  SINCE JUL 1      0.0

DEGREE DAYS
 HEATING
  TODAY           10                         4      6        0
  MONTH TO DATE   57                        46     11       10
  SINCE DEC 1     57                        46     11       10
  SINCE JUL 1     81                        93    -12       33

 COOLING
  TODAY            0                         2     -2        8
  MONTH TO DATE   45                        35     10       61
  SINCE DEC 1     45                        35     10       61
  SINCE JAN 1   3648                      3389    259     3765
..................................................................


WIND (MPH)
  HIGHEST WIND SPEED    15   HIGHEST WIND DIRECTION    NW (300)
  HIGHEST GUST SPEED    19   HIGHEST GUST DIRECTION    NW (320)
  AVERAGE WIND SPEED    10.4


SKY COVER
  AVERAGE SKY COVER 0.1


WEATHER CONDITIONS
 THE FOLLOWING WEATHER WAS RECORDED TODAY.
  NO SIGNIFICANT WEATHER WAS OBSERVED.


RELATIVE HUMIDITY (PERCENT)
 HIGHEST    66           300 AM
 LOWEST     21           400 PM
 AVERAGE    44

..........................................................


THE ORLANDO  CLIMATE NORMALS FOR TOMORROW
                         NORMAL    RECORD    YEAR
 MAXIMUM TEMPERATURE (F)   73        86      1972
                                             1919
 MINIMUM TEMPERATURE (F)   53        28      2010
                                             1962


SUNRISE AND SUNSET
DECEMBER 13 2017......SUNRISE   709 AM EST   SUNSET   530 PM EST
DECEMBER 14 2017......SUNRISE   710 AM EST   SUNSET   531 PM EST


-  INDICATES NEGATIVE NUMBERS.
R  INDICATES RECORD WAS SET OR TIED.
MM INDICATES DATA IS MISSING.
T  INDICATES TRACE AMOUNT.




$$
