000
CDUS42 KMLB 260641
CLIMCO


CLIMATE REPORT
NATIONAL WEATHER SERVICE MELBOURNE FL
140 AM EST WED NOV 26 2014


...................................

...THE ORLANDO  CLIMATE SUMMARY FOR NOVEMBER 25 2014...

CLIMATE NORMAL PERIOD 1981 TO 2010
CLIMATE RECORD PERIOD 1892 TO 2014


WEATHER ITEM   OBSERVED TIME   RECORD YEAR NORMAL DEPARTURE LAST
                VALUE   (LST)  VALUE       VALUE  FROM      YEAR
                                                  NORMAL
..................................................................
TEMPERATURE (F)
 YESTERDAY
  MAXIMUM         77    226 PM  87    1992  77      0       76
                                      1921
  MINIMUM         69    209 AM  29    1917  57     12       63
  AVERAGE         73                        66      7       70

PRECIPITATION (IN)
  YESTERDAY        2.75R         1.44 1972   0.07   2.68     0.00
  MONTH TO DATE    4.23                      1.77   2.46     0.82
  SINCE SEP 1     15.37                     11.14   4.23     6.75
  SINCE JAN 1     53.16                     47.75   5.41    42.34

SNOWFALL (IN)
  YESTERDAY        0.0
  MONTH TO DATE    0.0
  SINCE SEP 1      0.0
  SINCE JUL 1      0.0

DEGREE DAYS
 HEATING
  YESTERDAY        0                         2     -2        0
  MONTH TO DATE   55                        33     22        4
  SINCE SEP 1     55                        38     17        4
  SINCE JUL 1     55                        38     17        4

 COOLING
  YESTERDAY        8                         4      4        5
  MONTH TO DATE   94                       131    -37      187
  SINCE SEP 1    892                       945    -53     1056
  SINCE JAN 1   3490                      3338    152     3547
..................................................................


WIND (MPH)
  HIGHEST WIND SPEED    18   HIGHEST WIND DIRECTION     E (80)
  HIGHEST GUST SPEED    25   HIGHEST GUST DIRECTION     S (200)
  AVERAGE WIND SPEED     5.8


SKY COVER
  AVERAGE SKY COVER 0.8


WEATHER CONDITIONS
 THE FOLLOWING WEATHER WAS RECORDED YESTERDAY.
  THUNDERSTORM
  HEAVY RAIN
  RAIN
  LIGHT RAIN
  FOG
  FOG W/VISIBILITY <= 1/4 MILE


RELATIVE HUMIDITY (PERCENT)
 HIGHEST   100           200 AM
 LOWEST     87          1200 AM
 AVERAGE    94

..........................................................


THE ORLANDO  CLIMATE NORMALS FOR TODAY
                         NORMAL    RECORD    YEAR
 MAXIMUM TEMPERATURE (F)   76        88      1921
 MINIMUM TEMPERATURE (F)   56        29      1950


SUNRISE AND SUNSET
NOVEMBER 26 2014......SUNRISE   656 AM EST   SUNSET   529 PM EST
NOVEMBER 27 2014......SUNRISE   657 AM EST   SUNSET   529 PM EST


-  INDICATES NEGATIVE NUMBERS.
R  INDICATES RECORD WAS SET OR TIED.
MM INDICATES DATA IS MISSING.
T  INDICATES TRACE AMOUNT.




$$
