000
CDUS42 KMLB 090633
CLIMCO


CLIMATE REPORT
NATIONAL WEATHER SERVICE MELBOURNE FL
131 AM EST TUE FEB 9 2016


...................................

...THE ORLANDO  CLIMATE SUMMARY FOR FEBRUARY 8 2016...

CLIMATE NORMAL PERIOD 1981 TO 2010
CLIMATE RECORD PERIOD 1892 TO 2016


WEATHER ITEM   OBSERVED TIME   RECORD YEAR NORMAL DEPARTURE LAST
                VALUE   (LST)  VALUE       VALUE  FROM      YEAR
                                                  NORMAL
..................................................................
TEMPERATURE (F)
 YESTERDAY
  MAXIMUM         66    403 PM  88    1921  73     -7       75
                                      1904
  MINIMUM         37    742 AM  22    1895  51    -14       48
  AVERAGE         52                        62    -10       62

PRECIPITATION (IN)
  YESTERDAY        T             2.15 1969   0.08  -0.08     0.00
  MONTH TO DATE    0.67                      0.66   0.01     1.65
  SINCE DEC 1      7.04                      5.59   1.45     6.76
  SINCE JAN 1      6.32                      3.01   3.31     5.17

SNOWFALL (IN)
  YESTERDAY       MM
  MONTH TO DATE    0.0
  SINCE DEC 1      0.0
  SINCE JUL 1      0.0

DEGREE DAYS
 HEATING
  YESTERDAY       13                         5      8        3
  MONTH TO DATE   45                        40      5       34
  SINCE DEC 1    245                       377   -132      269
  SINCE JUL 1    254                       424   -170      351

 COOLING
  YESTERDAY        0                         2     -2        0
  MONTH TO DATE   30                        16     14        0
  SINCE DEC 1    268                       131    137      156
  SINCE JAN 1     45                        61    -16       52
..................................................................


WIND (MPH)
  HIGHEST WIND SPEED    25   HIGHEST WIND DIRECTION    SW (230)
  HIGHEST GUST SPEED    34   HIGHEST GUST DIRECTION    SW (220)
  AVERAGE WIND SPEED    10.7


SKY COVER
  AVERAGE SKY COVER 0.5


WEATHER CONDITIONS
 THE FOLLOWING WEATHER WAS RECORDED YESTERDAY.
  LIGHT RAIN


RELATIVE HUMIDITY (PERCENT)
 HIGHEST    92           700 AM
 LOWEST     37          1100 AM
 AVERAGE    65

..........................................................


THE ORLANDO  CLIMATE NORMALS FOR TODAY
                         NORMAL    RECORD    YEAR
 MAXIMUM TEMPERATURE (F)   73        87      1921
 MINIMUM TEMPERATURE (F)   51        28      1912


SUNRISE AND SUNSET
FEBRUARY  9 2016......SUNRISE   708 AM EST   SUNSET   611 PM EST
FEBRUARY 10 2016......SUNRISE   708 AM EST   SUNSET   612 PM EST


-  INDICATES NEGATIVE NUMBERS.
R  INDICATES RECORD WAS SET OR TIED.
MM INDICATES DATA IS MISSING.
T  INDICATES TRACE AMOUNT.




$$
