000
CDUS42 KMLB 170635
CLIMCO


CLIMATE REPORT
NATIONAL WEATHER SERVICE MELBOURNE FL
235 AM EDT TUE OCT 17 2017


...................................

...THE ORLANDO INTL CLIMATE SUMMARY FOR OCTOBER 16 2017...

CLIMATE NORMAL PERIOD 1981 TO 2010
CLIMATE RECORD PERIOD 1892 TO 2017


WEATHER ITEM   OBSERVED TIME   RECORD YEAR NORMAL DEPARTURE LAST
                VALUE   (LST)  VALUE       VALUE  FROM      YEAR
                                                  NORMAL
..................................................................
TEMPERATURE (F)
 YESTERDAY
  MAXIMUM         90    331 PM  95    1925  85      5       85
  MINIMUM         72    441 PM  50    1955  67      5       72
  AVERAGE         81                        76      5       79

PRECIPITATION (IN)
  YESTERDAY        0.31          3.48 1956   0.11   0.20     0.03
  MONTH TO DATE    2.82                      2.03   0.79     2.77
  SINCE SEP 1     16.91                      8.09   8.82    10.03
  SINCE JAN 1     45.33                     44.70   0.63    51.72

SNOWFALL (IN)
  YESTERDAY        0.0
  MONTH TO DATE    0.0
  SINCE JUL 1      0.0

DEGREE DAYS
 HEATING
  YESTERDAY        0                         0      0        0
  MONTH TO DATE    0                         0      0        0
  SINCE SEP 1      0                         0      0        0
  SINCE JUL 1      0                         0      0        0

 COOLING
  YESTERDAY       16                        11      5       14
  MONTH TO DATE  247                       198     49      226
  SINCE SEP 1    736                       681     55      749
  SINCE JAN 1   3334                      3074    260     3422
..................................................................


WIND (MPH)
  HIGHEST WIND SPEED    26   HIGHEST WIND DIRECTION    NE (50)
  HIGHEST GUST SPEED    36   HIGHEST GUST DIRECTION    NE (40)
  AVERAGE WIND SPEED     3.2


SKY COVER
  AVERAGE SKY COVER 0.4


WEATHER CONDITIONS
 THE FOLLOWING WEATHER WAS RECORDED YESTERDAY.
  THUNDERSTORM
  HEAVY RAIN
  LIGHT RAIN
  FOG


RELATIVE HUMIDITY (PERCENT)
 HIGHEST   100          1200 AM
 LOWEST     56           100 PM
 AVERAGE    78

..........................................................


THE ORLANDO INTL CLIMATE NORMALS FOR TODAY
                         NORMAL    RECORD    YEAR
 MAXIMUM TEMPERATURE (F)   84        95      1925
 MINIMUM TEMPERATURE (F)   66        47      1943


SUNRISE AND SUNSET
OCTOBER 17 2017.......SUNRISE   727 AM EDT   SUNSET   653 PM EDT
OCTOBER 18 2017.......SUNRISE   728 AM EDT   SUNSET   652 PM EDT


-  INDICATES NEGATIVE NUMBERS.
R  INDICATES RECORD WAS SET OR TIED.
MM INDICATES DATA IS MISSING.
T  INDICATES TRACE AMOUNT.




$$
