000
CDUS41 KCTP 200645
CLIMDT


CLIMATE REPORT
NATIONAL WEATHER SERVICE STATE COLLEGE PA
145 AM EST SAT JAN 20 2018


...................................

...THE HARRISBURG PA CLIMATE SUMMARY FOR JANUARY 19 2018...

CLIMATE NORMAL PERIOD 1981 TO 2010
CLIMATE RECORD PERIOD 1888 TO 2018


WEATHER ITEM   OBSERVED TIME   RECORD YEAR NORMAL DEPARTURE LAST
                VALUE   (LST)  VALUE       VALUE  FROM      YEAR
                                                  NORMAL
..................................................................
TEMPERATURE (F)
 YESTERDAY
  MAXIMUM         44    354 PM  66    1951  37      7       50
  MINIMUM         15    455 AM -14    1994  22     -7       32
  AVERAGE         30                        30      0       41

PRECIPITATION (IN)
  YESTERDAY        0.00          1.99 1936   0.09  -0.09     0.00
  MONTH TO DATE    1.59                      1.79  -0.20     1.34
  SINCE DEC 1      2.77                      5.02  -2.25     3.70
  SINCE JAN 1      1.59                      1.79  -0.20     1.34

SNOWFALL (IN)
  YESTERDAY        0.0          13.6  1936   0.3   -0.3      0.0
  MONTH TO DATE    3.9                       5.0   -1.1      0.9
  SINCE DEC 1     10.0                      10.1   -0.1      1.7
  SINCE JUL 1     10.0                      10.7   -0.7      1.7
  SNOW DEPTH       2

DEGREE DAYS
 HEATING
  YESTERDAY       35                        35      0       24
  MONTH TO DATE  789                       662    127      587
  SINCE DEC 1   1785                      1624    161     1484
  SINCE JUL 1   2640                      2663    -23     2270

 COOLING
  YESTERDAY        0                         0      0        0
  MONTH TO DATE    0                         0      0        0
  SINCE DEC 1      0                         0      0        0
  SINCE JAN 1      0                         0      0        0
..................................................................


WIND (MPH)
  HIGHEST WIND SPEED    15   HIGHEST WIND DIRECTION     W (280)
  HIGHEST GUST SPEED    19   HIGHEST GUST DIRECTION     W (290)
  AVERAGE WIND SPEED     3.8


SKY COVER
  POSSIBLE SUNSHINE  MM
  AVERAGE SKY COVER 0.3


WEATHER CONDITIONS
 THE FOLLOWING WEATHER WAS RECORDED YESTERDAY.
  FOG


RELATIVE HUMIDITY (PERCENT)
 HIGHEST    88           400 AM
 LOWEST     39           200 PM
 AVERAGE    64

..........................................................


THE HARRISBURG PA CLIMATE NORMALS FOR TODAY
                         NORMAL    RECORD    YEAR
 MAXIMUM TEMPERATURE (F)   37        68      1951
 MINIMUM TEMPERATURE (F)   22       -16      1994


SUNRISE AND SUNSET
JANUARY 20 2018.......SUNRISE   725 AM EST   SUNSET   512 PM EST
JANUARY 21 2018.......SUNRISE   725 AM EST   SUNSET   513 PM EST


-  INDICATES NEGATIVE NUMBERS.
R  INDICATES RECORD WAS SET OR TIED.
MM INDICATES DATA IS MISSING.
T  INDICATES TRACE AMOUNT.




$$
