000
CDUS41 KCTP 260616
CLIMDT


CLIMATE REPORT
NATIONAL WEATHER SERVICE STATE COLLEGE PA
216 AM EDT TUE SEP 26 2017


...................................

...THE HARRISBURG PA CLIMATE SUMMARY FOR SEPTEMBER 25 2017...

CLIMATE NORMAL PERIOD 1981 TO 2010
CLIMATE RECORD PERIOD 1888 TO 2017


WEATHER ITEM   OBSERVED TIME   RECORD YEAR NORMAL DEPARTURE LAST
                VALUE   (LST)  VALUE       VALUE  FROM      YEAR
                                                  NORMAL
..................................................................
TEMPERATURE (F)
 YESTERDAY
  MAXIMUM         91    323 PM  93    1970  72     19       72
  MINIMUM         70    620 AM  31    1963  52     18       49
  AVERAGE         81                        62     19       61

PRECIPITATION (IN)
  YESTERDAY        0.00          4.28 1975   0.14  -0.14     0.00
  MONTH TO DATE    2.55                      3.36  -0.81     2.54
  SINCE SEP 1      2.55                      3.36  -0.81     2.54
  SINCE JAN 1     36.76                     30.30   6.46    33.31

DEGREE DAYS
 HEATING
  YESTERDAY        0                         4     -4        4
  MONTH TO DATE   28                        42    -14        4
  SINCE SEP 1     28                        42    -14        4
  SINCE JUL 1     30                        44    -14        4

 COOLING
  YESTERDAY       16                         1     15        0
  MONTH TO DATE  126                        91     35      222
  SINCE SEP 1    126                        91     35      222
  SINCE JAN 1   1124                       987    137     1486
..................................................................


WIND (MPH)
  HIGHEST WIND SPEED     9   HIGHEST WIND DIRECTION    NW (320)
  HIGHEST GUST SPEED    13   HIGHEST GUST DIRECTION     E (70)
  AVERAGE WIND SPEED     4.1


SKY COVER
  POSSIBLE SUNSHINE  MM
  AVERAGE SKY COVER 0.4


WEATHER CONDITIONS
 THE FOLLOWING WEATHER WAS RECORDED YESTERDAY.
  FOG


RELATIVE HUMIDITY (PERCENT)
 HIGHEST   100          1200 AM
 LOWEST     47           400 PM
 AVERAGE    74

..........................................................


THE HARRISBURG PA CLIMATE NORMALS FOR TODAY
                         NORMAL    RECORD    YEAR
 MAXIMUM TEMPERATURE (F)   71        91      1970
 MINIMUM TEMPERATURE (F)   52        36      1943


SUNRISE AND SUNSET
SEPTEMBER 26 2017.....SUNRISE   659 AM EDT   SUNSET   657 PM EDT
SEPTEMBER 27 2017.....SUNRISE   700 AM EDT   SUNSET   655 PM EDT


-  INDICATES NEGATIVE NUMBERS.
R  INDICATES RECORD WAS SET OR TIED.
MM INDICATES DATA IS MISSING.
T  INDICATES TRACE AMOUNT.




$$
