000
CDUS41 KCTP 010607
CLIMDT


CLIMATE REPORT
NATIONAL WEATHER SERVICE STATE COLLEGE PA
207 AM EDT WED OCT 1 2014


...................................

...THE HARRISBURG PA CLIMATE SUMMARY FOR SEPTEMBER 30 2014...

CLIMATE NORMAL PERIOD 1981 TO 2010
CLIMATE RECORD PERIOD 1888 TO 2014


WEATHER ITEM   OBSERVED TIME   RECORD YEAR NORMAL DEPARTURE LAST
                VALUE   (LST)  VALUE       VALUE  FROM      YEAR
                                                  NORMAL
..................................................................
TEMPERATURE (F)
 YESTERDAY
  MAXIMUM         73    439 PM  89    1986  70      3       75
                                      1953
  MINIMUM         59    355 AM  35    1942  50      9       51
  AVERAGE         66                        60      6       63

PRECIPITATION (IN)
  YESTERDAY        0.37          3.22 2010   0.14   0.23     0.00
  MONTH TO DATE    1.54                      4.07  -2.53     1.16
  SINCE SEP 1      1.54                      4.07  -2.53     1.16
  SINCE JAN 1     35.21                     31.01   4.20    25.43

DEGREE DAYS
 HEATING
  YESTERDAY        0                         6     -6        2
  MONTH TO DATE   34                        69    -35       75
  SINCE SEP 1     34                        70    -36       75
  SINCE JUL 1     34                        72    -38       75

 COOLING
  YESTERDAY        1                         1      0        0
  MONTH TO DATE  141                        97     44      108
  SINCE SEP 1    141                        97     44      108
  SINCE JAN 1   1042                       993     49     1060
..................................................................


WIND (MPH)
  HIGHEST WIND SPEED    20   HIGHEST WIND DIRECTION    NW (310)
  HIGHEST GUST SPEED    23   HIGHEST GUST DIRECTION    NW (300)
  AVERAGE WIND SPEED     3.8


SKY COVER
  POSSIBLE SUNSHINE  MM
  AVERAGE SKY COVER 0.8


WEATHER CONDITIONS
 THE FOLLOWING WEATHER WAS RECORDED YESTERDAY.
  THUNDERSTORM
  LIGHT RAIN
  FOG
  FOG W/VISIBILITY <= 1/4 MILE
  HAZE


RELATIVE HUMIDITY (PERCENT)
 HIGHEST   100           600 AM
 LOWEST     64           400 PM
 AVERAGE    82

..........................................................


THE HARRISBURG PA CLIMATE NORMALS FOR TODAY
                         NORMAL    RECORD    YEAR
 MAXIMUM TEMPERATURE (F)   69        90      1927
 MINIMUM TEMPERATURE (F)   50        35      1947


SUNRISE AND SUNSET
OCTOBER  1 2014.......SUNRISE   703 AM EDT   SUNSET   649 PM EDT
OCTOBER  2 2014.......SUNRISE   704 AM EDT   SUNSET   648 PM EDT


-  INDICATES NEGATIVE NUMBERS.
R  INDICATES RECORD WAS SET OR TIED.
MM INDICATES DATA IS MISSING.
T  INDICATES TRACE AMOUNT.




$$
