000
CDUS41 KCTP 192216
CLIMDT


CLIMATE REPORT
NATIONAL WEATHER SERVICE STATE COLLEGE PA
516 PM EST SUN FEB 19 2017


...................................

...THE HARRISBURG PA CLIMATE SUMMARY FOR FEBRUARY 19 2017...
VALID TODAY AS OF 0500 PM LOCAL TIME.

CLIMATE NORMAL PERIOD 1981 TO 2010
CLIMATE RECORD PERIOD 1888 TO 2017


WEATHER ITEM   OBSERVED TIME   RECORD YEAR NORMAL DEPARTURE LAST
                VALUE   (LST)  VALUE       VALUE  FROM      YEAR
                                                  NORMAL
..................................................................
TEMPERATURE (F)
 TODAY
  MAXIMUM         69R   308 PM  66    1997  42     27       36
                                      1948
  MINIMUM         46    416 AM   0    1959  26     20       16
  AVERAGE         58                        34     24       26

PRECIPITATION (IN)
  TODAY            0.00          1.57 1972   0.09  -0.09     0.00
  MONTH TO DATE    1.21                      1.58  -0.37     3.07
  SINCE DEC 1      6.20                      7.69  -1.49    11.99
  SINCE JAN 1      3.84                      4.46  -0.62     7.70

SNOWFALL (IN)
  TODAY            0.0          13.0  1972   0.4   -0.4      0.0
  MONTH TO DATE    3.6                       7.5   -3.9      7.1
  SINCE DEC 1      5.5                      21.4  -15.9     37.7
  SINCE JUL 1      5.5                      22.0  -16.5     37.7
  SNOW DEPTH       0

DEGREE DAYS
 HEATING
  TODAY            7                        31    -24       39
  MONTH TO DATE  513                       631   -118      670
  SINCE DEC 1   2306                      2681   -375     2363
  SINCE JUL 1   3092                      3720   -628     3138

 COOLING
  TODAY            0                         0      0        0
  MONTH TO DATE    0                         0      0        0
  SINCE DEC 1      0                         0      0        0
  SINCE JAN 1      0                         0      0        0
..................................................................


WIND (MPH)
  HIGHEST WIND SPEED    20   HIGHEST WIND DIRECTION    NW (310)
  HIGHEST GUST SPEED    25   HIGHEST GUST DIRECTION    NW (320)
  AVERAGE WIND SPEED     9.3


SKY COVER
  POSSIBLE SUNSHINE  MM
  AVERAGE SKY COVER 0.5


WEATHER CONDITIONS
 THE FOLLOWING WEATHER WAS RECORDED TODAY.
  NO SIGNIFICANT WEATHER WAS OBSERVED.


RELATIVE HUMIDITY (PERCENT)
 HIGHEST    66           300 AM
 LOWEST     26           300 PM
 AVERAGE    46

..........................................................


THE HARRISBURG PA CLIMATE NORMALS FOR TOMORROW
                         NORMAL    RECORD    YEAR
 MAXIMUM TEMPERATURE (F)   42        72      1930
 MINIMUM TEMPERATURE (F)   26         0      2015
                                             1979
                                             1978


SUNRISE AND SUNSET
FEBRUARY 19 2017......SUNRISE   655 AM EST   SUNSET   548 PM EST
FEBRUARY 20 2017......SUNRISE   653 AM EST   SUNSET   549 PM EST


-  INDICATES NEGATIVE NUMBERS.
R  INDICATES RECORD WAS SET OR TIED.
MM INDICATES DATA IS MISSING.
T  INDICATES TRACE AMOUNT.




$$
