000
CDUS41 KCTP 030646
CLIMDT


CLIMATE REPORT
NATIONAL WEATHER SERVICE STATE COLLEGE PA
146 AM EST SAT DEC 3 2016


...................................

...THE HARRISBURG PA CLIMATE SUMMARY FOR DECEMBER 2 2016...

CLIMATE NORMAL PERIOD 1981 TO 2010
CLIMATE RECORD PERIOD 1888 TO 2016


WEATHER ITEM   OBSERVED TIME   RECORD YEAR NORMAL DEPARTURE LAST
                VALUE   (LST)  VALUE       VALUE  FROM      YEAR
                                                  NORMAL
..................................................................
TEMPERATURE (F)
 YESTERDAY
  MAXIMUM         49   1157 AM  67    1970  46      3       51
  MINIMUM         40    221 AM   9    1967  30     10       44
  AVERAGE         45                        38      7       48

PRECIPITATION (IN)
  YESTERDAY        0.00          1.53 1986   0.12  -0.12     0.32
  MONTH TO DATE    0.14                      0.23  -0.09     1.04
  SINCE DEC 1      0.14                      0.23  -0.09     1.04
  SINCE JAN 1     38.75                     37.74   1.01    38.80

SNOWFALL (IN)
  YESTERDAY        0.0           5.0  1929   0.1   -0.1      0.0
  MONTH TO DATE    0.0                       0.2   -0.2      0.0
  SINCE DEC 1      0.0                       0.2   -0.2      0.0
  SINCE JUL 1      T                         0.8   -0.8      0.0
  SNOW DEPTH       0

DEGREE DAYS
 HEATING
  YESTERDAY       20                        27     -7       17
  MONTH TO DATE   35                        54    -19       38
  SINCE DEC 1     35                        54    -19       38
  SINCE JUL 1    821                      1093   -272      813

 COOLING
  YESTERDAY        0                         0      0        0
  MONTH TO DATE    0                         0      0        0
  SINCE DEC 1      0                         0      0        0
  SINCE JAN 1   1515                      1002    513     1334
..................................................................


WIND (MPH)
  HIGHEST WIND SPEED    24   HIGHEST WIND DIRECTION     W (280)
  HIGHEST GUST SPEED    32   HIGHEST GUST DIRECTION    NW (300)
  AVERAGE WIND SPEED    14.0


SKY COVER
  POSSIBLE SUNSHINE  MM
  AVERAGE SKY COVER 0.6


WEATHER CONDITIONS
 THE FOLLOWING WEATHER WAS RECORDED YESTERDAY.
  NO SIGNIFICANT WEATHER WAS OBSERVED.


RELATIVE HUMIDITY (PERCENT)
 HIGHEST    67           900 AM
 LOWEST     49           100 PM
 AVERAGE    58

..........................................................


THE HARRISBURG PA CLIMATE NORMALS FOR TODAY
                         NORMAL    RECORD    YEAR
 MAXIMUM TEMPERATURE (F)   45        72      1998
 MINIMUM TEMPERATURE (F)   30        12      1976


SUNRISE AND SUNSET
DECEMBER  3 2016......SUNRISE   713 AM EST   SUNSET   441 PM EST
DECEMBER  4 2016......SUNRISE   714 AM EST   SUNSET   441 PM EST


-  INDICATES NEGATIVE NUMBERS.
R  INDICATES RECORD WAS SET OR TIED.
MM INDICATES DATA IS MISSING.
T  INDICATES TRACE AMOUNT.




$$
