000
CDUS41 KCTP 202121
CLIMDT


CLIMATE REPORT
NATIONAL WEATHER SERVICE STATE COLLEGE PA
520 PM EDT THU JUL 20 2017


...................................

...THE HARRISBURG PA CLIMATE SUMMARY FOR JULY 20 2017...
VALID TODAY AS OF 0500 PM LOCAL TIME.

CLIMATE NORMAL PERIOD 1981 TO 2010
CLIMATE RECORD PERIOD 1888 TO 2017


WEATHER ITEM   OBSERVED TIME   RECORD YEAR NORMAL DEPARTURE LAST
                VALUE   (LST)  VALUE       VALUE  FROM      YEAR
                                                  NORMAL
..................................................................
TEMPERATURE (F)
 TODAY
  MAXIMUM         91    359 PM 101    1991  86      5       85
  MINIMUM         74    539 AM  53    1965  67      7       64
                                      1890
  AVERAGE         83                        76      7       75

PRECIPITATION (IN)
  TODAY            0.00          1.90 1981   0.16  -0.16     0.00
  MONTH TO DATE    3.36                      3.03   0.33     3.42
  SINCE JUN 1      6.92                      6.63   0.29     7.88
  SINCE JAN 1     23.37                     22.16   1.21    25.07

DEGREE DAYS
 HEATING
  TODAY            0                         0      0        0
  MONTH TO DATE    0                         0      0        0
  SINCE JUN 1      7                        18    -11        5
  SINCE JUL 1      0                         0      0        0

 COOLING
  TODAY           18                        11      7       10
  MONTH TO DATE  271                       218     53      273
  SINCE JUN 1    536                       431    105      539
  SINCE JAN 1    613                       496    117      636
..................................................................


WIND (MPH)
  HIGHEST WIND SPEED    14   HIGHEST WIND DIRECTION     W (270)
  HIGHEST GUST SPEED    18   HIGHEST GUST DIRECTION     W (250)
  AVERAGE WIND SPEED     4.4


SKY COVER
  POSSIBLE SUNSHINE  MM
  AVERAGE SKY COVER 0.4


WEATHER CONDITIONS
 THE FOLLOWING WEATHER WAS RECORDED TODAY.
  FOG
  HAZE


RELATIVE HUMIDITY (PERCENT)
 HIGHEST   100           300 AM
 LOWEST     49           400 PM
 AVERAGE    75

..........................................................


THE HARRISBURG PA CLIMATE NORMALS FOR TOMORROW
                         NORMAL    RECORD    YEAR
 MAXIMUM TEMPERATURE (F)   86       101      2011
                                             1991
 MINIMUM TEMPERATURE (F)   67        52      1965
                                             1890


SUNRISE AND SUNSET
JULY 20 2017..........SUNRISE   555 AM EDT   SUNSET   832 PM EDT
JULY 21 2017..........SUNRISE   555 AM EDT   SUNSET   831 PM EDT


-  INDICATES NEGATIVE NUMBERS.
R  INDICATES RECORD WAS SET OR TIED.
MM INDICATES DATA IS MISSING.
T  INDICATES TRACE AMOUNT.




$$
