000
CDUS41 KCTP 100630
CLIMDT


CLIMATE REPORT
NATIONAL WEATHER SERVICE STATE COLLEGE PA
129 AM EST WED FEB 10 2016


...................................

...THE HARRISBURG PA CLIMATE SUMMARY FOR FEBRUARY 9 2016...

CLIMATE NORMAL PERIOD 1981 TO 2010
CLIMATE RECORD PERIOD 1888 TO 2016


WEATHER ITEM   OBSERVED TIME   RECORD YEAR NORMAL DEPARTURE LAST
                VALUE   (LST)  VALUE       VALUE  FROM      YEAR
                                                  NORMAL
..................................................................
TEMPERATURE (F)
 YESTERDAY
  MAXIMUM         34    134 AM  61    2001  39     -5       37
  MINIMUM         31   1159 PM -11    1934  24      7       27
  AVERAGE         33                        31      2       32

PRECIPITATION (IN)
  YESTERDAY        0.51          0.74 1894   0.08   0.43     0.05
  MONTH TO DATE    1.73                      0.76   0.97     0.43
  SINCE DEC 1     10.65                      6.87   3.78     6.19
  SINCE JAN 1      6.36                      3.64   2.72     2.93

SNOWFALL (IN)
  YESTERDAY        5.3           8.6  1906   0.4    4.9      0.2
  MONTH TO DATE    5.5                       3.5    2.0      1.8
  SINCE DEC 1     36.1                      17.4   18.7     15.6
  SINCE JUL 1     36.1                      18.0   18.1     18.0
  SNOW DEPTH       T

DEGREE DAYS
 HEATING
  YESTERDAY       32                        34     -2       33
  MONTH TO DATE  263                       309    -46      343
  SINCE DEC 1   1956                      2359   -403     2404
  SINCE JUL 1   2731                      3398   -667     3417

 COOLING
  YESTERDAY        0                         0      0        0
  MONTH TO DATE    0                         0      0        0
  SINCE DEC 1      0                         0      0        0
  SINCE JAN 1      0                         0      0        0
..................................................................


WIND (MPH)
  HIGHEST WIND SPEED    14   HIGHEST WIND DIRECTION     W (280)
  HIGHEST GUST SPEED    18   HIGHEST GUST DIRECTION     W (280)
  AVERAGE WIND SPEED     5.6


SKY COVER
  POSSIBLE SUNSHINE  MM
  AVERAGE SKY COVER 1.0


WEATHER CONDITIONS
 THE FOLLOWING WEATHER WAS RECORDED YESTERDAY.
  HEAVY SNOW
  SNOW
  LIGHT SNOW
  FOG
  FOG W/VISIBILITY <= 1/4 MILE


RELATIVE HUMIDITY (PERCENT)
 HIGHEST    92           700 AM
 LOWEST     78          1000 PM
 AVERAGE    85

..........................................................


THE HARRISBURG PA CLIMATE NORMALS FOR TODAY
                         NORMAL    RECORD    YEAR
 MAXIMUM TEMPERATURE (F)   39        62      1960
 MINIMUM TEMPERATURE (F)   24       -13      1899


SUNRISE AND SUNSET
FEBRUARY 10 2016......SUNRISE   707 AM EST   SUNSET   536 PM EST
FEBRUARY 11 2016......SUNRISE   706 AM EST   SUNSET   537 PM EST


-  INDICATES NEGATIVE NUMBERS.
R  INDICATES RECORD WAS SET OR TIED.
MM INDICATES DATA IS MISSING.
T  INDICATES TRACE AMOUNT.




$$
