000
CDUS43 KLOT 290634
CLIMDW


CLIMATE REPORT
NATIONAL WEATHER SERVICE CHICAGO IL
1233 AM CST SAT NOV 29 2014


...................................

...THE CHICAGO-MIDWAY CLIMATE SUMMARY FOR NOVEMBER 28 2014...

CLIMATE NORMAL PERIOD 1981 TO 2010
CLIMATE RECORD PERIOD 1928 TO 2014


WEATHER ITEM   OBSERVED TIME   RECORD YEAR NORMAL DEPARTURE LAST
                VALUE   (LST)  VALUE       VALUE  FROM      YEAR
                                                  NORMAL
..................................................................
TEMPERATURE (F)
 YESTERDAY
  MAXIMUM         36   1102 PM  69    1998  42     -6       34
  MINIMUM         20    127 AM  -3    1930  29     -9       23
  AVERAGE         28                        35     -7       29

PRECIPITATION (IN)
  YESTERDAY        T             1.56 1968   0.11  -0.11     0.00
  MONTH TO DATE    1.27                      3.20  -1.93     2.45
  SINCE SEP 1      7.42                      9.75  -2.33     8.63
  SINCE JAN 1     40.92                     36.30   4.62    33.57

DEGREE DAYS
 HEATING
  YESTERDAY       37                        30      7       36
  MONTH TO DATE  809                       646    163      736
  SINCE SEP 1   1213                      1072    141     1133
  SINCE JUL 1   1214                      1077    137     1137

 COOLING
  YESTERDAY        0                         0      0        0
  MONTH TO DATE    0                         0      0        0
  SINCE SEP 1    134                       135     -1      195
  SINCE JAN 1   1066                      1045     21     1091
..................................................................


WIND (MPH)
  RESULTANT WIND SPEED   9   RESULTANT WIND DIRECTION   S (170)
  HIGHEST WIND SPEED    18   HIGHEST WIND DIRECTION     S (170)
  HIGHEST GUST SPEED    29   HIGHEST GUST DIRECTION     S (160)
  AVERAGE WIND SPEED    10.0



WEATHER CONDITIONS
 THE FOLLOWING WEATHER WAS RECORDED YESTERDAY.
  LIGHT SNOW


..........................................................


THE CHICAGO-MIDWAY CLIMATE NORMALS FOR TODAY
                         NORMAL    RECORD    YEAR
 MAXIMUM TEMPERATURE (F)   41        69      1998
 MINIMUM TEMPERATURE (F)   28        -1      1929


SUNRISE AND SUNSET
NOVEMBER 29 2014......SUNRISE   657 AM CST   SUNSET   422 PM CST
NOVEMBER 30 2014......SUNRISE   658 AM CST   SUNSET   421 PM CST


-  INDICATES NEGATIVE NUMBERS.
R  INDICATES RECORD WAS SET OR TIED.
MM INDICATES DATA IS MISSING.
T  INDICATES TRACE AMOUNT.




$$
