000
CDUS43 KLOT 232133
CLIMDW


CLIMATE REPORT
NATIONAL WEATHER SERVICE CHICAGO IL
431 PM CDT TUE AUG 23 2016


...................................

...THE CHICAGO-MIDWAY CLIMATE SUMMARY FOR AUGUST 23 2016...
VALID TODAY AS OF 0400 PM LOCAL TIME.

CLIMATE NORMAL PERIOD 1981 TO 2010
CLIMATE RECORD PERIOD 1928 TO 2016


WEATHER ITEM   OBSERVED TIME   RECORD YEAR NORMAL DEPARTURE
                VALUE   (LST)  VALUE       VALUE  FROM
                                                  NORMAL
...............................................................
TEMPERATURE (F)
 TODAY
  MAXIMUM         82    255 PM  97    1947  82      0
  MINIMUM         65    532 AM  52    1940  66     -1
  AVERAGE         74                        74      0

PRECIPITATION (IN)
  TODAY            0.00          2.49 2007   0.11  -0.11
  MONTH TO DATE    4.97                      3.01   1.96
  SINCE JUN 1     11.48                     11.08   0.40
  SINCE JAN 1     23.20                     25.57  -2.37

DEGREE DAYS
 HEATING
  TODAY            0                         0      0
  MONTH TO DATE    0                         0      0
  SINCE JUN 1      6                        32    -26
  SINCE JUL 1      0                         1     -1

 COOLING
  TODAY            9                         9      0
  MONTH TO DATE  304                       222     82
  SINCE JUN 1    980                       770    210
  SINCE JAN 1   1087                       844    243
...............................................................


WIND (MPH)
  RESULTANT WIND SPEED  10   RESULTANT WIND DIRECTION   S (190)
  HIGHEST WIND SPEED    18   HIGHEST WIND DIRECTION     S (170)
  HIGHEST GUST SPEED    25   HIGHEST GUST DIRECTION     S (170)
  AVERAGE WIND SPEED     9.9


SKY COVER
  POSSIBLE SUNSHINE  MM
  AVERAGE SKY COVER 0.3


WEATHER CONDITIONS
 THE FOLLOWING WEATHER WAS RECORDED TODAY.
  NO SIGNIFICANT WEATHER WAS OBSERVED.


..........................................................


THE CHICAGO-MIDWAY CLIMATE NORMALS FOR TOMORROW
                         NORMAL    RECORD    YEAR
 MAXIMUM TEMPERATURE (F)   82       100      1947
 MINIMUM TEMPERATURE (F)   65        48      1942


SUNRISE AND SUNSET
AUGUST 23 2016........SUNRISE   608 AM CDT   SUNSET   738 PM CDT
AUGUST 24 2016........SUNRISE   609 AM CDT   SUNSET   737 PM CDT


-  INDICATES NEGATIVE NUMBERS.
R  INDICATES RECORD WAS SET OR TIED.
MM INDICATES DATA IS MISSING.
T  INDICATES TRACE AMOUNT.




$$
