000
CDUS43 KLOT 281245
CLIMDW


CLIMATE REPORT
NATIONAL WEATHER SERVICE CHICAGO IL
745 AM CDT WED SEP 28 2016


...................................

...THE CHICAGO-MIDWAY CLIMATE SUMMARY FOR SEPTEMBER 27 2016...

CLIMATE NORMAL PERIOD 1981 TO 2010
CLIMATE RECORD PERIOD 1928 TO 2016


WEATHER ITEM   OBSERVED TIME   RECORD YEAR NORMAL DEPARTURE LAST
                VALUE   (LST)  VALUE       VALUE  FROM      YEAR
                                                  NORMAL
..................................................................
TEMPERATURE (F)
 YESTERDAY
  MAXIMUM         72    314 PM  91    1971  71      1       76
  MINIMUM         53    536 AM  31    1942  52      1       67
  AVERAGE         63                        62      1       72

PRECIPITATION (IN)
  YESTERDAY        0.00          1.43 1936   0.10  -0.10      T
  MONTH TO DATE    0.61                      3.02  -2.41     5.07
  SINCE SEP 1      0.61                      3.02  -2.41     5.07
  SINCE JAN 1     25.26                     29.57  -4.31    22.63

DEGREE DAYS
 HEATING
  YESTERDAY        2                         5     -3        0
  MONTH TO DATE    2                        62    -60       14
  SINCE SEP 1      2                        62    -60       14
  SINCE JUL 1      2                        67    -65       20

 COOLING
  YESTERDAY        0                         2     -2        7
  MONTH TO DATE  229                       115    114      218
  SINCE SEP 1    229                       115    114      218
  SINCE JAN 1   1421                      1025    396     1131
..................................................................


WIND (MPH)
  RESULTANT WIND SPEED  10   RESULTANT WIND DIRECTION   W (260)
  HIGHEST WIND SPEED    26   HIGHEST WIND DIRECTION     W (260)
  HIGHEST GUST SPEED    34   HIGHEST GUST DIRECTION     W (260)
  AVERAGE WIND SPEED    12.9



WEATHER CONDITIONS
 THE FOLLOWING WEATHER WAS RECORDED YESTERDAY.
  NO SIGNIFICANT WEATHER WAS OBSERVED.


..........................................................


THE CHICAGO-MIDWAY CLIMATE NORMALS FOR TODAY
                         NORMAL    RECORD    YEAR
 MAXIMUM TEMPERATURE (F)   70        92      1953
 MINIMUM TEMPERATURE (F)   52        29      1942


SUNRISE AND SUNSET
SEPTEMBER 28 2016.....SUNRISE   645 AM CDT   SUNSET   637 PM CDT
SEPTEMBER 29 2016.....SUNRISE   646 AM CDT   SUNSET   635 PM CDT


-  INDICATES NEGATIVE NUMBERS.
R  INDICATES RECORD WAS SET OR TIED.
MM INDICATES DATA IS MISSING.
T  INDICATES TRACE AMOUNT.




$$
