000
CDUS43 KLOT 290634
CLIMDW


CLIMATE REPORT
NATIONAL WEATHER SERVICE CHICAGO IL
133 AM CDT WED MAR 29 2017


...................................

...THE CHICAGO-MIDWAY CLIMATE SUMMARY FOR MARCH 28 2017...

CLIMATE NORMAL PERIOD 1981 TO 2010
CLIMATE RECORD PERIOD 1928 TO 2017


WEATHER ITEM   OBSERVED TIME   RECORD YEAR NORMAL DEPARTURE LAST
                VALUE   (LST)  VALUE       VALUE  FROM      YEAR
                                                  NORMAL
..................................................................
TEMPERATURE (F)
 YESTERDAY
  MAXIMUM         47    101 PM  78    1968  52     -5       53
  MINIMUM         37   1159 PM   9    1934  35      2       39
  AVERAGE         42                        43     -1       46

PRECIPITATION (IN)
  YESTERDAY        0.00          1.26 1977   0.10  -0.10     0.00
  MONTH TO DATE    1.96                      2.42  -0.46     2.45
  SINCE MAR 1      1.96                      2.42  -0.46     2.45
  SINCE JAN 1      7.07                      6.42   0.65     3.23

DEGREE DAYS
 HEATING
  YESTERDAY       23                        22      1       19
  MONTH TO DATE  704                       749    -45      569
  SINCE MAR 1    704                       749    -45      569
  SINCE JUL 1   4350                      5260   -910     4207

 COOLING
  YESTERDAY        0                         0      0        0
  MONTH TO DATE    0                         0      0        1
  SINCE MAR 1      0                         0      0        1
  SINCE JAN 1      0                         0      0        1
..................................................................


WIND (MPH)
  RESULTANT WIND SPEED  11   RESULTANT WIND DIRECTION   N (20)
  HIGHEST WIND SPEED    22   HIGHEST WIND DIRECTION     N (360)
  HIGHEST GUST SPEED    25   HIGHEST GUST DIRECTION     N (340)
  AVERAGE WIND SPEED    11.2



WEATHER CONDITIONS
 THE FOLLOWING WEATHER WAS RECORDED YESTERDAY.
  FOG


..........................................................


THE CHICAGO-MIDWAY CLIMATE NORMALS FOR TODAY
                         NORMAL    RECORD    YEAR
 MAXIMUM TEMPERATURE (F)   52        86      1986
 MINIMUM TEMPERATURE (F)   35        17      1969


SUNRISE AND SUNSET
MARCH 29 2017.........SUNRISE   639 AM CDT   SUNSET   713 PM CDT
MARCH 30 2017.........SUNRISE   637 AM CDT   SUNSET   715 PM CDT


-  INDICATES NEGATIVE NUMBERS.
R  INDICATES RECORD WAS SET OR TIED.
MM INDICATES DATA IS MISSING.
T  INDICATES TRACE AMOUNT.




$$
