000
CDUS43 KLOT 280634
CLIMDW


CLIMATE REPORT
NATIONAL WEATHER SERVICE CHICAGO IL
134 AM CDT TUE JUL 28 2015


...................................

...THE CHICAGO-MIDWAY CLIMATE SUMMARY FOR JULY 27 2015...

CLIMATE NORMAL PERIOD 1981 TO 2010
CLIMATE RECORD PERIOD 1928 TO 2015


WEATHER ITEM   OBSERVED TIME   RECORD YEAR NORMAL DEPARTURE LAST
                VALUE   (LST)  VALUE       VALUE  FROM      YEAR
                                                  NORMAL
..................................................................
TEMPERATURE (F)
 YESTERDAY
  MAXIMUM         90   1256 PM 100    1955  84      6       89
  MINIMUM         71    416 AM  51    1937  68      3       66
  AVERAGE         81                        76      5       78

PRECIPITATION (IN)
  YESTERDAY        0.00          4.71 1966   0.14  -0.14     0.04
  MONTH TO DATE    2.18                      3.44  -1.26     5.18
  SINCE JUN 1      5.14                      7.50  -2.36    12.90
  SINCE JAN 1     14.03                     21.99  -7.96    24.19

DEGREE DAYS
 HEATING
  YESTERDAY        0                         0      0        0
  MONTH TO DATE    4                         0      4        1
  SINCE JUN 1     24                        31     -7        3
  SINCE JUL 1      4                         0      4        1

 COOLING
  YESTERDAY       16                        11      5       13
  MONTH TO DATE  263                       295    -32      215
  SINCE JUN 1    445                       505    -60      466
  SINCE JAN 1    551                       579    -28      577
..................................................................


WIND (MPH)
  RESULTANT WIND SPEED   8   RESULTANT WIND DIRECTION   E (80)
  HIGHEST WIND SPEED    17   HIGHEST WIND DIRECTION     E (70)
  HIGHEST GUST SPEED    24   HIGHEST GUST DIRECTION     E (110)
  AVERAGE WIND SPEED     8.3



WEATHER CONDITIONS
 THE FOLLOWING WEATHER WAS RECORDED YESTERDAY.
  HAZE


..........................................................


THE CHICAGO-MIDWAY CLIMATE NORMALS FOR TODAY
                         NORMAL    RECORD    YEAR
 MAXIMUM TEMPERATURE (F)   84       100      1983
                                             1941
 MINIMUM TEMPERATURE (F)   68        53      1981


SUNRISE AND SUNSET
JULY 28 2015..........SUNRISE   541 AM CDT   SUNSET   814 PM CDT
JULY 29 2015..........SUNRISE   542 AM CDT   SUNSET   813 PM CDT


-  INDICATES NEGATIVE NUMBERS.
R  INDICATES RECORD WAS SET OR TIED.
MM INDICATES DATA IS MISSING.
T  INDICATES TRACE AMOUNT.




$$
