000
CDUS43 KLOT 270634
CLIMDW


CLIMATE REPORT
NATIONAL WEATHER SERVICE CHICAGO IL
1233 AM CST TUE JAN 27 2015


...................................

...THE CHICAGO-MIDWAY CLIMATE SUMMARY FOR JANUARY 26 2015...

CLIMATE NORMAL PERIOD 1981 TO 2010
CLIMATE RECORD PERIOD 1928 TO 2015


WEATHER ITEM   OBSERVED TIME   RECORD YEAR NORMAL DEPARTURE LAST
                VALUE   (LST)  VALUE       VALUE  FROM      YEAR
                                                  NORMAL
..................................................................
TEMPERATURE (F)
 YESTERDAY
  MAXIMUM         29    157 PM  62    1944  32     -3       32
  MINIMUM         21    803 AM -10    1936  18      3        6
  AVERAGE         25                        25      0       19

PRECIPITATION (IN)
  YESTERDAY        0.04          1.66 1967   0.06  -0.02     0.10
  MONTH TO DATE    1.07                      1.78  -0.71     1.04
  SINCE DEC 1      1.85                      4.35  -2.50     1.97
  SINCE JAN 1      1.07                      1.78  -0.71     1.04

DEGREE DAYS
 HEATING
  YESTERDAY       40                        40      0       46
  MONTH TO DATE 1054                      1039     15     1211
  SINCE DEC 1   1988                      2155   -167     2454
  SINCE JUL 1   3245                      3290    -45     3652

 COOLING
  YESTERDAY        0                         0      0        0
  MONTH TO DATE    0                         0      0        0
  SINCE DEC 1      0                         0      0        0
  SINCE JAN 1      0                         0      0        0
..................................................................


WIND (MPH)
  RESULTANT WIND SPEED   2   RESULTANT WIND DIRECTION  SE (120)
  HIGHEST WIND SPEED    16   HIGHEST WIND DIRECTION    NE (60)
  HIGHEST GUST SPEED    20   HIGHEST GUST DIRECTION     E (70)
  AVERAGE WIND SPEED     5.7



WEATHER CONDITIONS
 THE FOLLOWING WEATHER WAS RECORDED YESTERDAY.
  MIXED PRECIP
  LIGHT RAIN
  LT FREEZING RAIN
  SNOW
  LIGHT SNOW
  FOG


..........................................................


THE CHICAGO-MIDWAY CLIMATE NORMALS FOR TODAY
                         NORMAL    RECORD    YEAR
 MAXIMUM TEMPERATURE (F)   32        61      2002
                                             1944
 MINIMUM TEMPERATURE (F)   18       -10      1955


SUNRISE AND SUNSET
JANUARY 27 2015.......SUNRISE   708 AM CST   SUNSET   500 PM CST
JANUARY 28 2015.......SUNRISE   707 AM CST   SUNSET   501 PM CST


-  INDICATES NEGATIVE NUMBERS.
R  INDICATES RECORD WAS SET OR TIED.
MM INDICATES DATA IS MISSING.
T  INDICATES TRACE AMOUNT.




$$
