000
CDUS43 KLOT 020633
CLIMDW


CLIMATE REPORT
NATIONAL WEATHER SERVICE CHICAGO IL
132 AM CDT MON MAY 2 2016


...................................

...THE CHICAGO-MIDWAY CLIMATE SUMMARY FOR MAY 1 2016...

CLIMATE NORMAL PERIOD 1981 TO 2010
CLIMATE RECORD PERIOD 1928 TO 2016


WEATHER ITEM   OBSERVED TIME   RECORD YEAR NORMAL DEPARTURE LAST
                VALUE   (LST)  VALUE       VALUE  FROM      YEAR
                                                  NORMAL
..................................................................
TEMPERATURE (F)
 YESTERDAY
  MAXIMUM         51    228 PM  90    1951  65    -14       65
  MINIMUM         44    825 AM  30    1943  47     -3       40
  AVERAGE         48                        56     -8       53

PRECIPITATION (IN)
  YESTERDAY        0.38          2.05 1940   0.12   0.26     0.00
  MONTH TO DATE    0.38                      0.12   0.26     0.00
  SINCE MAR 1      5.76                      6.48  -0.72     3.42
  SINCE JAN 1      6.54                     10.48  -3.94     4.76

DEGREE DAYS
 HEATING
  YESTERDAY       17                        10      7       12
  MONTH TO DATE   17                        10      7       12
  SINCE MAR 1   1074                      1270   -196     1208
  SINCE JUL 1   4712                      5781  -1069     5930

 COOLING
  YESTERDAY        0                         1     -1        0
  MONTH TO DATE    0                         1     -1        0
  SINCE MAR 1     13                        14     -1        0
  SINCE JAN 1     13                        14     -1        0
..................................................................


WIND (MPH)
  RESULTANT WIND SPEED  11   RESULTANT WIND DIRECTION  NE (30)
  HIGHEST WIND SPEED    18   HIGHEST WIND DIRECTION    NE (40)
  HIGHEST GUST SPEED    22   HIGHEST GUST DIRECTION     N (20)
  AVERAGE WIND SPEED    11.5



WEATHER CONDITIONS
 THE FOLLOWING WEATHER WAS RECORDED YESTERDAY.
  THUNDERSTORM
  HEAVY RAIN
  RAIN
  LIGHT RAIN
  FOG
  HAZE


..........................................................


THE CHICAGO-MIDWAY CLIMATE NORMALS FOR TODAY
                         NORMAL    RECORD    YEAR
 MAXIMUM TEMPERATURE (F)   66        91      1959
 MINIMUM TEMPERATURE (F)   47        30      1978


SUNRISE AND SUNSET
MAY  2 2016...........SUNRISE   545 AM CDT   SUNSET   751 PM CDT
MAY  3 2016...........SUNRISE   544 AM CDT   SUNSET   752 PM CDT


-  INDICATES NEGATIVE NUMBERS.
R  INDICATES RECORD WAS SET OR TIED.
MM INDICATES DATA IS MISSING.
T  INDICATES TRACE AMOUNT.




$$
