000
CDUS43 KLOT 300633
CLIMDW


CLIMATE REPORT
NATIONAL WEATHER SERVICE CHICAGO IL
133 AM CDT SAT MAY 30 2015


...................................

...THE CHICAGO-MIDWAY CLIMATE SUMMARY FOR MAY 29 2015...

CLIMATE NORMAL PERIOD 1981 TO 2010
CLIMATE RECORD PERIOD 1928 TO 2015


WEATHER ITEM   OBSERVED TIME   RECORD YEAR NORMAL DEPARTURE LAST
                VALUE   (LST)  VALUE       VALUE  FROM      YEAR
                                                  NORMAL
..................................................................
TEMPERATURE (F)
 YESTERDAY
  MAXIMUM         84    356 PM  95    1942  74     10       77
  MINIMUM         71    320 AM  36    1930  56     15       57
  AVERAGE         78                        65     13       67

PRECIPITATION (IN)
  YESTERDAY        0.18          0.83 1989   0.14   0.04     0.00
  MONTH TO DATE    3.29                      3.84  -0.55     4.46
  SINCE MAR 1      6.71                     10.20  -3.49     8.80
  SINCE JAN 1      8.05                     14.20  -6.15    11.29

DEGREE DAYS
 HEATING
  YESTERDAY        0                         3     -3        0
  MONTH TO DATE  125                       182    -57      161
  SINCE MAR 1   1321                      1442   -121     1605
  SINCE JUL 1   6043                      5953     90     6807

 COOLING
  YESTERDAY       13                         3     10        2
  MONTH TO DATE  106                        54     52       93
  SINCE MAR 1    106                        67     39       98
  SINCE JAN 1    106                        67     39       98
..................................................................


WIND (MPH)
  RESULTANT WIND SPEED  10   RESULTANT WIND DIRECTION   S (200)
  HIGHEST WIND SPEED    18   HIGHEST WIND DIRECTION    SW (210)
  HIGHEST GUST SPEED    26   HIGHEST GUST DIRECTION    SW (220)
  AVERAGE WIND SPEED    10.8



WEATHER CONDITIONS
 THE FOLLOWING WEATHER WAS RECORDED YESTERDAY.
  LIGHT RAIN
  FOG
  HAZE


..........................................................


THE CHICAGO-MIDWAY CLIMATE NORMALS FOR TODAY
                         NORMAL    RECORD    YEAR
 MAXIMUM TEMPERATURE (F)   75        95      1942
 MINIMUM TEMPERATURE (F)   56        36      1930


SUNRISE AND SUNSET
MAY 30 2015...........SUNRISE   520 AM CDT   SUNSET   818 PM CDT
MAY 31 2015...........SUNRISE   519 AM CDT   SUNSET   818 PM CDT


-  INDICATES NEGATIVE NUMBERS.
R  INDICATES RECORD WAS SET OR TIED.
MM INDICATES DATA IS MISSING.
T  INDICATES TRACE AMOUNT.




$$
