648
CDUS44 KMEG 190638
CLIMEG


CLIMATE REPORT
NATIONAL WEATHER SERVICE MEMPHIS TN
137 AM CDT TUE SEP 19 2017


...................................

...THE MEMPHIS/GERMANTOWN WFO CLIMATE SUMMARY FOR SEPTEMBER 18 2017...

CLIMATE NORMAL PERIOD 1981 TO 2010
CLIMATE RECORD PERIOD 1988 TO 2017


WEATHER ITEM   OBSERVED TIME   RECORD YEAR NORMAL DEPARTURE LAST
                VALUE   (LST)  VALUE       VALUE  FROM      YEAR
                                                  NORMAL
..................................................................
TEMPERATURE (F)
 YESTERDAY
  MAXIMUM         93   1253 PM  97    2010  84      9       82
  MINIMUM         70    517 AM  50    1993  61      9       70
  AVERAGE         82                        72     10       76

PRECIPITATION (IN)
  YESTERDAY        T             1.55 2009   0.11  -0.11     0.01
  MONTH TO DATE    1.37                      1.89  -0.52     0.56
  SINCE SEP 1      1.37                      1.89  -0.52     0.56
  SINCE JAN 1     40.56                     37.90   2.66    51.80

SNOWFALL (IN)
  YESTERDAY        0.0          MM      MM                   0.0
  MONTH TO DATE    0.0                                       0.0
  SINCE SEP 1      0.0                                       0.0
  SINCE JUL 1      0.0                                       0.0
  SNOW DEPTH       0

DEGREE DAYS
 HEATING
  YESTERDAY        0                         1     -1        0
  MONTH TO DATE    4                         1      3        0
  SINCE SEP 1      4                         1      3        0
  SINCE JUL 1      4                         1      3        0

 COOLING
  YESTERDAY       17                         8      9       11
  MONTH TO DATE  125                       188    -63      273
  SINCE SEP 1    125                       188    -63      273
  SINCE JAN 1   1817                      1783     34     2109
..................................................................







THE MEMPHIS/GERMANTOWN WFO CLIMATE NORMALS FOR TODAY
                         NORMAL    RECORD    YEAR
 MAXIMUM TEMPERATURE (F)   83        97      2010
 MINIMUM TEMPERATURE (F)   60        45      1991


SUNRISE AND SUNSET
SEPTEMBER 19 2017.....SUNRISE   645 AM CDT   SUNSET   700 PM CDT
SEPTEMBER 20 2017.....SUNRISE   646 AM CDT   SUNSET   658 PM CDT


-  INDICATES NEGATIVE NUMBERS.
R  INDICATES RECORD WAS SET OR TIED.
MM INDICATES DATA IS MISSING.
T  INDICATES TRACE AMOUNT.


$$
