000
CDUS44 KMEG 120733
CLIMEG


CLIMATE REPORT
NATIONAL WEATHER SERVICE MEMPHIS TN
132 AM CST TUE DEC 12 2017


...................................

...THE MEMPHIS/GERMANTOWN WFO CLIMATE SUMMARY FOR DECEMBER 11 2017...

CLIMATE NORMAL PERIOD 1981 TO 2010
CLIMATE RECORD PERIOD 1988 TO 2017


WEATHER ITEM   OBSERVED TIME   RECORD YEAR NORMAL DEPARTURE LAST
                VALUE   (LST)  VALUE       VALUE  FROM      YEAR
                                                  NORMAL
..................................................................
TEMPERATURE (F)
 YESTERDAY
  MAXIMUM         66    253 PM  77    2007  52     14       57
  MINIMUM         31    634 AM  11    1995  33     -2       34
  AVERAGE         49                        42      7       46

PRECIPITATION (IN)
  YESTERDAY        0.00          1.14 2010   0.22  -0.22     0.12
  MONTH TO DATE    0.98                      2.26  -1.28     1.80
  SINCE DEC 1      0.98                      2.26  -1.28     1.80
  SINCE JAN 1     47.11                     51.21  -4.10    58.36

SNOWFALL (IN)
  YESTERDAY        0.0          MM      MM                   0.0
  MONTH TO DATE    0.0                                       0.0
  SINCE DEC 1      0.0                                       0.0
  SINCE JUL 1      0.0                                       0.0
  SNOW DEPTH       0

DEGREE DAYS
 HEATING
  YESTERDAY       16                        23     -7       19
  MONTH TO DATE  206                       231    -25      256
  SINCE DEC 1    206                       231    -25      256
  SINCE JUL 1    711                       830   -119      578

 COOLING
  YESTERDAY        0                         0      0        0
  MONTH TO DATE    0                         0      0        0
  SINCE DEC 1      0                         0      0        0
  SINCE JAN 1   2124                      1926    198     2423
..................................................................







THE MEMPHIS/GERMANTOWN WFO CLIMATE NORMALS FOR TODAY
                         NORMAL    RECORD    YEAR
 MAXIMUM TEMPERATURE (F)   52        75      2015
 MINIMUM TEMPERATURE (F)   32        15      2000


SUNRISE AND SUNSET
DECEMBER 12 2017......SUNRISE   658 AM CST   SUNSET   448 PM CST
DECEMBER 13 2017......SUNRISE   659 AM CST   SUNSET   448 PM CST


-  INDICATES NEGATIVE NUMBERS.
R  INDICATES RECORD WAS SET OR TIED.
MM INDICATES DATA IS MISSING.
T  INDICATES TRACE AMOUNT.




$$
