000
CDUS44 KMEG 270637
CLIMEG


CLIMATE REPORT
NATIONAL WEATHER SERVICE MEMPHIS TN
136 AM CDT THU JUL 27 2017


...................................

...THE MEMPHIS/GERMANTOWN WFO CLIMATE SUMMARY FOR JULY 26 2017...

CLIMATE NORMAL PERIOD 1981 TO 2010
CLIMATE RECORD PERIOD 1988 TO 2017


WEATHER ITEM   OBSERVED TIME   RECORD YEAR NORMAL DEPARTURE LAST
                VALUE   (LST)  VALUE       VALUE  FROM      YEAR
                                                  NORMAL
..................................................................
TEMPERATURE (F)
 YESTERDAY
  MAXIMUM         96    302 PM  99    1999  91      5       97
  MINIMUM         76    532 AM  62    2013  71      5       75
                                      2000
  AVERAGE         86                        81      5       86

PRECIPITATION (IN)
  YESTERDAY        0.00          2.08 2009   0.15  -0.15     0.00
  MONTH TO DATE    5.33                      3.87   1.46     3.15
  SINCE JUN 1      9.41                      7.55   1.86     7.26
  SINCE JAN 1     30.32                     32.04  -1.72    43.71

SNOWFALL (IN)
  YESTERDAY        0.0          MM      MM                   0.0
  MONTH TO DATE    0.0                                       0.0
  SINCE JUN 1      0.0                                       0.0
  SINCE JUL 1      0.0                                       0.0
  SNOW DEPTH       0

DEGREE DAYS
 HEATING
  YESTERDAY        0                         0      0        0
  MONTH TO DATE    0                         0      0        0
  SINCE JUN 1      0                         2     -2        0
  SINCE JUL 1      0                         0      0        0

 COOLING
  YESTERDAY       21                        16      5       21
  MONTH TO DATE  467                       414     53      488
  SINCE JUN 1    852                       795     57      963
  SINCE JAN 1   1197                      1046    151     1208
..................................................................







THE MEMPHIS/GERMANTOWN WFO CLIMATE NORMALS FOR TODAY
                         NORMAL    RECORD    YEAR
 MAXIMUM TEMPERATURE (F)   91       100      2011
                                             1997
 MINIMUM TEMPERATURE (F)   71        61      2004


SUNRISE AND SUNSET
JULY 27 2017..........SUNRISE   605 AM CDT   SUNSET   806 PM CDT
JULY 28 2017..........SUNRISE   606 AM CDT   SUNSET   805 PM CDT


-  INDICATES NEGATIVE NUMBERS.
R  INDICATES RECORD WAS SET OR TIED.
MM INDICATES DATA IS MISSING.
T  INDICATES TRACE AMOUNT.




$$
