000
CDUS44 KMEG 302154
CLIMEG


CLIMATE REPORT
NATIONAL WEATHER SERVICE MEMPHIS TN
453 PM CDT MON MAR 30 2015


...................................

...THE MEMPHIS/GERMANTOWN WFO CLIMATE SUMMARY FOR MARCH 30 2015...
VALID TODAY AS OF 0400 PM LOCAL TIME.

CLIMATE NORMAL PERIOD 1981 TO 2010
CLIMATE RECORD PERIOD 1988 TO 2015


WEATHER ITEM   OBSERVED TIME   RECORD YEAR NORMAL DEPARTURE LAST
                VALUE   (LST)  VALUE       VALUE  FROM      YEAR
                                                  NORMAL
..................................................................
TEMPERATURE (F)
 TODAY
  MAXIMUM         75    300 PM  86    2007  67      8       68
  MINIMUM         47    600 AM  30    1991  44      3       33
  AVERAGE         61                        55      6       51

PRECIPITATION (IN)
  TODAY            0.02          1.69 2008   0.18  -0.16     0.00
  MONTH TO DATE    6.49                      4.78   1.71     6.04
  SINCE MAR 1      6.49                      4.78   1.71     6.04
  SINCE JAN 1     12.57                     13.41  -0.84    14.66

SNOWFALL (IN)
  TODAY            0.0

DEGREE DAYS
 HEATING
  TODAY            4                        10     -6       14
  MONTH TO DATE  421                       426     -5      516
  SINCE MAR 1    421                       426     -5      516
  SINCE JUL 1   3328                      3172    156     3520

 COOLING
  TODAY            0                         1     -1        0
  MONTH TO DATE    3                         7     -4        2
  SINCE MAR 1      3                         7     -4        2
  SINCE JAN 1      3                         8     -5        2
..................................................................







THE MEMPHIS/GERMANTOWN WFO CLIMATE NORMALS FOR TOMORROW
                         NORMAL    RECORD    YEAR
 MAXIMUM TEMPERATURE (F)   68        85      2012
                                             1998
 MINIMUM TEMPERATURE (F)   44        28      1993


SUNRISE AND SUNSET
MARCH 30 2015.........SUNRISE   649 AM CDT   SUNSET   719 PM CDT
MARCH 31 2015.........SUNRISE   648 AM CDT   SUNSET   720 PM CDT


-  INDICATES NEGATIVE NUMBERS.
R  INDICATES RECORD WAS SET OR TIED.
MM INDICATES DATA IS MISSING.
T  INDICATES TRACE AMOUNT.




$$
