000
CDUS44 KMEG 300632
CLIMEG


CLIMATE REPORT
NATIONAL WEATHER SERVICE MEMPHIS TN
132 AM CDT TUE SEP 30 2014


...................................

...THE MEMPHIS/GERMANTOWN WFO CLIMATE SUMMARY FOR SEPTEMBER 29 2014...

CLIMATE NORMAL PERIOD 1981 TO 2010
CLIMATE RECORD PERIOD 1988 TO 2014


WEATHER ITEM   OBSERVED TIME   RECORD YEAR NORMAL DEPARTURE LAST
                VALUE   (LST)  VALUE       VALUE  FROM      YEAR
                                                  NORMAL
..................................................................
TEMPERATURE (F)
 YESTERDAY
  MAXIMUM         86    400 PM  91    1998  80      6       69
  MINIMUM         61    600 AM  43    2003  56      5       64
  AVERAGE         74                        68      6       67

PRECIPITATION (IN)
  YESTERDAY        0.00          0.43 1999   0.13  -0.13     0.12
  MONTH TO DATE    5.09                      3.15   1.94     3.67
  SINCE SEP 1      5.09                      3.15   1.94     3.67
  SINCE JAN 1     48.05                     39.16   8.89    52.03

SNOWFALL (IN)
  YESTERDAY        0.0          MM      MM   0.0    0.0      0.0
  MONTH TO DATE    0.0                       0.0    0.0      0.0
  SINCE SEP 1      0.0                       0.0    0.0      0.0
  SINCE JUL 1      0.0                       0.0    0.0      0.0
  SNOW DEPTH       0

DEGREE DAYS
 HEATING
  YESTERDAY        0                         2     -2        0
  MONTH TO DATE    5                        15    -10        0
  SINCE SEP 1      5                        15    -10        0
  SINCE JUL 1      5                        15    -10        0

 COOLING
  YESTERDAY        9                         5      4        2
  MONTH TO DATE  278                       254     24      317
  SINCE SEP 1    278                       254     24      317
  SINCE JAN 1   1859                      1849     10     1865
..................................................................







THE MEMPHIS/GERMANTOWN WFO CLIMATE NORMALS FOR TODAY
                         NORMAL    RECORD    YEAR
 MAXIMUM TEMPERATURE (F)   79        95      1998
 MINIMUM TEMPERATURE (F)   55        44      1999


SUNRISE AND SUNSET
SEPTEMBER 30 2014.....SUNRISE   653 AM CDT   SUNSET   645 PM CDT
OCTOBER  1 2014.......SUNRISE   654 AM CDT   SUNSET   643 PM CDT


-  INDICATES NEGATIVE NUMBERS.
R  INDICATES RECORD WAS SET OR TIED.
MM INDICATES DATA IS MISSING.
T  INDICATES TRACE AMOUNT.




$$
