000
CDUS44 KMEG 190732
CLIMEG


CLIMATE REPORT
NATIONAL WEATHER SERVICE MEMPHIS TN
132 AM CST MON FEB 19 2018


...................................

...THE MEMPHIS/GERMANTOWN WFO CLIMATE SUMMARY FOR FEBRUARY 18 2018...

CLIMATE NORMAL PERIOD 1981 TO 2010
CLIMATE RECORD PERIOD 1988 TO 2018


WEATHER ITEM   OBSERVED TIME   RECORD YEAR NORMAL DEPARTURE LAST
                VALUE   (LST)  VALUE       VALUE  FROM      YEAR
                                                  NORMAL
..................................................................
TEMPERATURE (F)
 YESTERDAY
  MAXIMUM         61        MM  73    2014  54      7       66
                                      2009
                                      2000
  MINIMUM         32        MM  15    2006  33     -1       50
  AVERAGE         47                        44      3       58

PRECIPITATION (IN)
  YESTERDAY        T             1.20 1990   0.17  -0.17     0.05
  MONTH TO DATE    5.71                      2.96   2.75     1.14
  SINCE DEC 1     16.96                     12.86   4.10    12.11
  SINCE JAN 1     10.00                      6.92   3.08     4.80

SNOWFALL (IN)
  YESTERDAY        0.0           0.6  2006                   0.0
  MONTH TO DATE    0.0                                       0.0
  SINCE DEC 1      3.8                                       1.0
  SINCE JUL 1      3.8                                       1.0
  SNOW DEPTH       0

DEGREE DAYS
 HEATING
  YESTERDAY       18                        21     -3        7
  MONTH TO DATE  388                       419    -31      253
  SINCE DEC 1   1981                      1949     32     1460
  SINCE JUL 1   2486                      2548    -62     1782

 COOLING
  YESTERDAY        0                         0      0        0
  MONTH TO DATE    5                         0      5        7
  SINCE DEC 1      5                         1      4       12
  SINCE JAN 1      5                         0      5        7
..................................................................







THE MEMPHIS/GERMANTOWN WFO CLIMATE NORMALS FOR TODAY
                         NORMAL    RECORD    YEAR
 MAXIMUM TEMPERATURE (F)   54        79      2017
 MINIMUM TEMPERATURE (F)   34        10      2015


SUNRISE AND SUNSET
FEBRUARY 19 2018......SUNRISE   641 AM CST   SUNSET   546 PM CST
FEBRUARY 20 2018......SUNRISE   640 AM CST   SUNSET   547 PM CST


-  INDICATES NEGATIVE NUMBERS.
R  INDICATES RECORD WAS SET OR TIED.
MM INDICATES DATA IS MISSING.
T  INDICATES TRACE AMOUNT.




$$
