000
CDUS44 KMEG 030739
CLIMEG


CLIMATE REPORT
NATIONAL WEATHER SERVICE MEMPHIS TN
138 AM CST TUE MAR 3 2015


...................................

...THE MEMPHIS/GERMANTOWN WFO CLIMATE SUMMARY FOR MARCH 2 2015...

CLIMATE NORMAL PERIOD 1981 TO 2010
CLIMATE RECORD PERIOD 1988 TO 2015


WEATHER ITEM   OBSERVED TIME   RECORD YEAR NORMAL DEPARTURE LAST
                VALUE   (LST)  VALUE       VALUE  FROM      YEAR
                                                  NORMAL
..................................................................
TEMPERATURE (F)
 YESTERDAY
  MAXIMUM         42        MM  81    2012  58    -16       64
  MINIMUM         33        MM  22    2009  36     -3       32
  AVERAGE         38                        47     -9       48

PRECIPITATION (IN)
  YESTERDAY        T             3.37 1997   0.15  -0.15     2.85
  MONTH TO DATE    0.46                      0.31   0.15     2.85
  SINCE MAR 1      0.46                      0.31   0.15     2.85
  SINCE JAN 1      6.54                      8.94  -2.40    11.47

SNOWFALL (IN)
  YESTERDAY        0.0           0.1  2013   0.1   -0.1       T
  MONTH TO DATE    0.0                       0.1   -0.1       T
  SINCE MAR 1      0.0                       0.1   -0.1       T
  SINCE JUL 1      2.2                       1.7    0.5      0.5
  SNOW DEPTH       0

DEGREE DAYS
 HEATING
  YESTERDAY       27                        18      9       17
  MONTH TO DATE   51                        36     15       23
  SINCE MAR 1     51                        36     15       23
  SINCE JUL 1   2959                      2782    177     3027

 COOLING
  YESTERDAY        0                         0      0        0
  MONTH TO DATE    0                         0      0        0
  SINCE MAR 1      0                         0      0        0
  SINCE JAN 1      0                         1     -1        0
..................................................................







THE MEMPHIS/GERMANTOWN WFO CLIMATE NORMALS FOR TODAY
                         NORMAL    RECORD    YEAR
 MAXIMUM TEMPERATURE (F)   58        78      1992
 MINIMUM TEMPERATURE (F)   37        13      2014


SUNRISE AND SUNSET
MARCH  3 2015.........SUNRISE   626 AM CST   SUNSET   556 PM CST
MARCH  4 2015.........SUNRISE   625 AM CST   SUNSET   557 PM CST


-  INDICATES NEGATIVE NUMBERS.
R  INDICATES RECORD WAS SET OR TIED.
MM INDICATES DATA IS MISSING.
T  INDICATES TRACE AMOUNT.




$$
