000
CDUS44 KMEG 192157
CLIMEG


CLIMATE REPORT
NATIONAL WEATHER SERVICE MEMPHIS TN
455 PM CDT FRI SEP 19 2014


...................................

...THE MEMPHIS/GERMANTOWN WFO CLIMATE SUMMARY FOR SEPTEMBER 19 2014...
VALID TODAY AS OF 0400 PM LOCAL TIME.

CLIMATE NORMAL PERIOD 1981 TO 2010
CLIMATE RECORD PERIOD 1988 TO 2014


WEATHER ITEM   OBSERVED TIME   RECORD YEAR NORMAL DEPARTURE LAST
                VALUE   (LST)  VALUE       VALUE  FROM      YEAR
                                                  NORMAL
..................................................................
TEMPERATURE (F)
 TODAY
  MAXIMUM         85    300 PM  97    2010  83      2       93
  MINIMUM         64    600 AM  45    1991  60      4       69
  AVERAGE         75                        72      3       81

PRECIPITATION (IN)
  TODAY            T             3.05 2011   0.11  -0.11     0.00
  MONTH TO DATE    5.09                      2.00   3.09     0.91
  SINCE SEP 1      5.09                      2.00   3.09     0.91
  SINCE JAN 1     48.05                     38.01  10.04    49.27

SNOWFALL (IN)
  TODAY            0.0

DEGREE DAYS
 HEATING
  TODAY            0                         1     -1        0
  MONTH TO DATE    5                         2      3        0
  SINCE SEP 1      5                         2      3        0
  SINCE JUL 1      5                         2      3        0

 COOLING
  TODAY           10                         7      3       16
  MONTH TO DATE  205                       195     10      254
  SINCE SEP 1    205                       195     10      254
  SINCE JAN 1   1786                      1790     -4     1802
..................................................................







THE MEMPHIS/GERMANTOWN WFO CLIMATE NORMALS FOR TOMORROW
                         NORMAL    RECORD    YEAR
 MAXIMUM TEMPERATURE (F)   83        98      2010
 MINIMUM TEMPERATURE (F)   60        45      1991


SUNRISE AND SUNSET
SEPTEMBER 19 2014.....SUNRISE   645 AM CDT   SUNSET   700 PM CDT
SEPTEMBER 20 2014.....SUNRISE   646 AM CDT   SUNSET   659 PM CDT


-  INDICATES NEGATIVE NUMBERS.
R  INDICATES RECORD WAS SET OR TIED.
MM INDICATES DATA IS MISSING.
T  INDICATES TRACE AMOUNT.




$$
