000
CDUS44 KMEG 300635
CLIMEG


CLIMATE REPORT
NATIONAL WEATHER SERVICE MEMPHIS TN
134 AM CDT TUE AUG 30 2016


...................................

...THE MEMPHIS/GERMANTOWN WFO CLIMATE SUMMARY FOR AUGUST 29 2016...

CLIMATE NORMAL PERIOD 1981 TO 2010
CLIMATE RECORD PERIOD 1988 TO 2016


WEATHER ITEM   OBSERVED TIME   RECORD YEAR NORMAL DEPARTURE LAST
                VALUE   (LST)  VALUE       VALUE  FROM      YEAR
                                                  NORMAL
..................................................................
TEMPERATURE (F)
 YESTERDAY
  MAXIMUM         93    116 PM 104    2000  89      4       94
  MINIMUM         75    633 AM  54    1992  68      7       68
  AVERAGE         84                        78      6       81

PRECIPITATION (IN)
  YESTERDAY        0.01          1.48 1991   0.10  -0.09     0.00
  MONTH TO DATE    4.70                      3.11   1.59     4.20
  SINCE JUN 1     14.79                     11.33   3.46    11.97
  SINCE JAN 1     51.24                     35.82  15.42    33.65

SNOWFALL (IN)
  YESTERDAY        0.0          MM      MM   0.0    0.0      0.0
  MONTH TO DATE    0.0                       0.0    0.0      0.0
  SINCE JUN 1      0.0                       0.0    0.0      0.0
  SINCE JUL 1      0.0                       0.0    0.0      0.0
  SNOW DEPTH       0

DEGREE DAYS
 HEATING
  YESTERDAY        0                         0      0        0
  MONTH TO DATE    0                         0      0        0
  SINCE JUN 1      0                         2     -2        0
  SINCE JUL 1      0                         0      0        0

 COOLING
  YESTERDAY       19                        14      5       16
  MONTH TO DATE  505                       442     63      390
  SINCE JUN 1   1553                      1319    234     1408
  SINCE JAN 1   1798                      1570    228     1708
..................................................................







THE MEMPHIS/GERMANTOWN WFO CLIMATE NORMALS FOR TODAY
                         NORMAL    RECORD    YEAR
 MAXIMUM TEMPERATURE (F)   89       103      2000
 MINIMUM TEMPERATURE (F)   68        55      1992


SUNRISE AND SUNSET
AUGUST 30 2016........SUNRISE   631 AM CDT   SUNSET   728 PM CDT
AUGUST 31 2016........SUNRISE   631 AM CDT   SUNSET   727 PM CDT


-  INDICATES NEGATIVE NUMBERS.
R  INDICATES RECORD WAS SET OR TIED.
MM INDICATES DATA IS MISSING.
T  INDICATES TRACE AMOUNT.


$$
