000
CDUS44 KJAN 290702
CLIMEI


CLIMATE REPORT
NATIONAL WEATHER SERVICE JACKSON MS
201 AM CDT FRI APR 29 2016


...................................

...THE MERIDIAN CLIMATE SUMMARY FOR APRIL 28 2016...

CLIMATE NORMAL PERIOD 1981 TO 2010
CLIMATE RECORD PERIOD 1889 TO 2016


WEATHER ITEM   OBSERVED TIME   RECORD YEAR NORMAL DEPARTURE LAST
                VALUE   (LST)  VALUE       VALUE  FROM      YEAR
                                                  NORMAL
..................................................................
TEMPERATURE (F)
 YESTERDAY
  MAXIMUM         87   1212 PM  90    2002  79      8       64
                                      1970
                                      1899
  MINIMUM         62    114 AM  39    2010  53      9       53
                                      1978
  AVERAGE         75                        66      9       59

PRECIPITATION (IN)
  YESTERDAY        0.00          3.96 1945   0.15  -0.15      T
  MONTH TO DATE    3.85                      4.50  -0.65     5.15
  SINCE MAR 1     16.23                      9.92   6.31    10.06
  SINCE JAN 1     23.72                     20.65   3.07    20.90

SNOWFALL (IN)
  YESTERDAY        0.0           0.0    MM   0.0    0.0      0.0
  MONTH TO DATE    0.0                       0.1   -0.1      0.0
  SINCE MAR 1      0.0                       0.3   -0.3       T
  SINCE JUL 1      T                         0.6   -0.6       T

DEGREE DAYS
 HEATING
  YESTERDAY        0                         2     -2        6
  MONTH TO DATE   63                       126    -63       42
  SINCE MAR 1    245                       433   -188      252
  SINCE JUL 1   1807                      2530   -723     2493

 COOLING
  YESTERDAY       10                         3      7        0
  MONTH TO DATE   49                        52     -3      113
  SINCE MAR 1     81                        69     12      140
  SINCE JAN 1     86                        76     10      140
..................................................................


WIND (MPH)
  HIGHEST WIND SPEED    14   HIGHEST WIND DIRECTION     S (190)
  HIGHEST GUST SPEED    17   HIGHEST GUST DIRECTION     S (180)
  AVERAGE WIND SPEED     4.1


SKY COVER
  POSSIBLE SUNSHINE  MM
  AVERAGE SKY COVER 0.4


WEATHER CONDITIONS
 THE FOLLOWING WEATHER WAS RECORDED YESTERDAY.
  FOG
  FOG W/VISIBILITY <= 1/4 MILE


RELATIVE HUMIDITY (PERCENT)
 HIGHEST   100           100 AM
 LOWEST     48           100 PM
 AVERAGE    74

..........................................................


THE MERIDIAN CLIMATE NORMALS FOR TODAY
                         NORMAL    RECORD    YEAR
 MAXIMUM TEMPERATURE (F)   79        91      1970
 MINIMUM TEMPERATURE (F)   53        39      1992


SUNRISE AND SUNSET
APRIL 29 2016.........SUNRISE   610 AM CDT   SUNSET   735 PM CDT
APRIL 30 2016.........SUNRISE   609 AM CDT   SUNSET   736 PM CDT


-  INDICATES NEGATIVE NUMBERS.
R  INDICATES RECORD WAS SET OR TIED.
MM INDICATES DATA IS MISSING.
T  INDICATES TRACE AMOUNT.




$$
