000
CDUS44 KJAN 140633
CLIMEI


CLIMATE REPORT
NATIONAL WEATHER SERVICE JACKSON MS
1231 AM CST SUN FEB 14 2016


...................................

...THE MERIDIAN CLIMATE SUMMARY FOR FEBRUARY 13 2016...

CLIMATE NORMAL PERIOD 1981 TO 2010
CLIMATE RECORD PERIOD 1889 TO 2016


WEATHER ITEM   OBSERVED TIME   RECORD YEAR NORMAL DEPARTURE LAST
                VALUE   (LST)  VALUE       VALUE  FROM      YEAR
                                                  NORMAL
..................................................................
TEMPERATURE (F)
 YESTERDAY
  MAXIMUM         52    231 PM  84    1962  61     -9       50
  MINIMUM         29   1159 PM  -6    1899  36     -7       25
  AVERAGE         41                        48     -7       38

PRECIPITATION (IN)
  YESTERDAY        0.00          2.74 1950   0.20  -0.20     0.00
  MONTH TO DATE    0.70                      2.65  -1.95     0.39
  SINCE DEC 1     10.02                     12.84  -2.82    15.78
  SINCE JAN 1      3.94                      7.78  -3.84     7.10

SNOWFALL (IN)
  YESTERDAY        0.0           2.1  1960   0.0    0.0      0.0
  MONTH TO DATE    0.0                       0.0    0.0      0.0
  SINCE DEC 1      T                         0.3   -0.3      0.0
  SINCE JUL 1      T                         0.3   -0.3      0.0

DEGREE DAYS
 HEATING
  YESTERDAY       24                        17      7       27
  MONTH TO DATE  228                       236     -8      259
  SINCE DEC 1   1134                      1423   -289     1334
  SINCE JUL 1   1385                      1873   -488     1883

 COOLING
  YESTERDAY        0                         0      0        0
  MONTH TO DATE    4                         0      4        0
  SINCE DEC 1     47                         9     38        0
  SINCE JAN 1      4                         3      1        0
..................................................................


WIND (MPH)
  HIGHEST WIND SPEED    18   HIGHEST WIND DIRECTION     N (20)
  HIGHEST GUST SPEED    23   HIGHEST GUST DIRECTION    NE (30)
  AVERAGE WIND SPEED     9.1


SKY COVER
  POSSIBLE SUNSHINE  MM
  AVERAGE SKY COVER 0.0


WEATHER CONDITIONS
 THE FOLLOWING WEATHER WAS RECORDED YESTERDAY.
  NO SIGNIFICANT WEATHER WAS OBSERVED.


RELATIVE HUMIDITY (PERCENT)
 HIGHEST    72          1100 PM
 LOWEST     18           100 PM
 AVERAGE    45

..........................................................


THE MERIDIAN CLIMATE NORMALS FOR TODAY
                         NORMAL    RECORD    YEAR
 MAXIMUM TEMPERATURE (F)   61        83      1989
 MINIMUM TEMPERATURE (F)   36         7      1899


SUNRISE AND SUNSET
FEBRUARY 14 2016......SUNRISE   639 AM CST   SUNSET   540 PM CST
FEBRUARY 15 2016......SUNRISE   638 AM CST   SUNSET   541 PM CST


-  INDICATES NEGATIVE NUMBERS.
R  INDICATES RECORD WAS SET OR TIED.
MM INDICATES DATA IS MISSING.
T  INDICATES TRACE AMOUNT.




$$
