000
CDUS44 KJAN 250733
CLIMEI


CLIMATE REPORT
NATIONAL WEATHER SERVICE JACKSON MS
127 AM CST SUN FEB 25 2018


...................................

...THE MERIDIAN CLIMATE SUMMARY FOR FEBRUARY 24 2018...

CLIMATE NORMAL PERIOD 1981 TO 2010
CLIMATE RECORD PERIOD 1889 TO 2018


WEATHER ITEM   OBSERVED TIME   RECORD YEAR NORMAL DEPARTURE LAST
                VALUE   (LST)  VALUE       VALUE  FROM      YEAR
                                                  NORMAL
..................................................................
TEMPERATURE (F)
 YESTERDAY
  MAXIMUM         84R   401 PM  82    2017  63     21       82
  MINIMUM         69    740 AM  18    1989  38     31       51
                                      1968
                                      1901
  AVERAGE         77                        51     26       67

PRECIPITATION (IN)
  YESTERDAY        0.03          2.10 1953   0.19  -0.16     0.00
  MONTH TO DATE    6.57                      4.83   1.74     1.32
  SINCE DEC 1     13.14                     15.02  -1.88    12.59
  SINCE JAN 1      9.05                      9.96  -0.91     8.69

SNOWFALL (IN)
  YESTERDAY        0.0           T    2010   0.0    0.0      0.0
  MONTH TO DATE    0.0                       0.0    0.0      0.0
  SINCE DEC 1      5.3                       0.3    5.0      0.8
  SINCE JUL 1      5.3                       0.3    5.0      0.8

DEGREE DAYS
 HEATING
  YESTERDAY        0                        14    -14        0
  MONTH TO DATE  181                       405   -224      155
  SINCE DEC 1   1400                      1592   -192      885
  SINCE JUL 1   1741                      2042   -301     1094

 COOLING
  YESTERDAY       12                         0     12        2
  MONTH TO DATE   63                         0     63       15
  SINCE DEC 1     68                         9     59       57
  SINCE JAN 1     65                         3     62       39
..................................................................


WIND (MPH)
  HIGHEST WIND SPEED    25   HIGHEST WIND DIRECTION     S (190)
  HIGHEST GUST SPEED    32   HIGHEST GUST DIRECTION     S (200)
  AVERAGE WIND SPEED    13.4


SKY COVER
  POSSIBLE SUNSHINE  MM
  AVERAGE SKY COVER 0.7


WEATHER CONDITIONS
 THE FOLLOWING WEATHER WAS RECORDED YESTERDAY.
  LIGHT RAIN
  FOG


RELATIVE HUMIDITY (PERCENT)
 HIGHEST    97           800 AM
 LOWEST     44           300 PM
 AVERAGE    71

..........................................................


THE MERIDIAN CLIMATE NORMALS FOR TODAY
                         NORMAL    RECORD    YEAR
 MAXIMUM TEMPERATURE (F)   64        85      1918
 MINIMUM TEMPERATURE (F)   39        20      1967
                                             1947


SUNRISE AND SUNSET
FEBRUARY 25 2018......SUNRISE   627 AM CST   SUNSET   549 PM CST
FEBRUARY 26 2018......SUNRISE   626 AM CST   SUNSET   550 PM CST


-  INDICATES NEGATIVE NUMBERS.
R  INDICATES RECORD WAS SET OR TIED.
MM INDICATES DATA IS MISSING.
T  INDICATES TRACE AMOUNT.




$$
