000
CDUS44 KJAN 250628
CLIMEI


CLIMATE REPORT
NATIONAL WEATHER SERVICE JACKSON MS
126 AM CDT THU MAY 25 2017


...................................

...THE MERIDIAN CLIMATE SUMMARY FOR MAY 24 2017...

CLIMATE NORMAL PERIOD 1981 TO 2010
CLIMATE RECORD PERIOD 1889 TO 2017


WEATHER ITEM   OBSERVED TIME   RECORD YEAR NORMAL DEPARTURE LAST
                VALUE   (LST)  VALUE       VALUE  FROM      YEAR
                                                  NORMAL
..................................................................
TEMPERATURE (F)
 YESTERDAY
  MAXIMUM         76    225 PM  95    1996  85     -9       87
  MINIMUM         57   1157 PM  45    1892  61     -4       57
  AVERAGE         67                        73     -6       72

PRECIPITATION (IN)
  YESTERDAY        0.01          1.92 1909   0.14  -0.13     0.00
  MONTH TO DATE    3.13                      3.49  -0.36     0.96
  SINCE MAR 1     18.83                     13.69   5.14    17.49
  SINCE JAN 1     28.40                     24.42   3.98    24.98

SNOWFALL (IN)
  YESTERDAY        0.0           0.0    MM   0.0    0.0      0.0
  MONTH TO DATE    0.0                       0.0    0.0      0.0
  SINCE MAR 1      0.0                       0.3   -0.3      0.0
  SINCE JUL 1      0.8                       0.6    0.2       T

DEGREE DAYS
 HEATING
  YESTERDAY        0                         0      0        0
  MONTH TO DATE   13                        16     -3        8
  SINCE MAR 1    234                       453   -219      253
  SINCE JUL 1   1362                      2550  -1188     1815

 COOLING
  YESTERDAY        2                         8     -6        7
  MONTH TO DATE  158                       137     21      107
  SINCE MAR 1    375                       213    162      203
  SINCE JAN 1    421                       220    201      208
..................................................................


WIND (MPH)
  HIGHEST WIND SPEED    21   HIGHEST WIND DIRECTION     W (280)
  HIGHEST GUST SPEED    30   HIGHEST GUST DIRECTION     W (290)
  AVERAGE WIND SPEED     8.9


SKY COVER
  POSSIBLE SUNSHINE  MM
  AVERAGE SKY COVER 0.7


WEATHER CONDITIONS
 THE FOLLOWING WEATHER WAS RECORDED YESTERDAY.
  LIGHT RAIN


RELATIVE HUMIDITY (PERCENT)
 HIGHEST    93           100 AM
 LOWEST     44           500 PM
 AVERAGE    69

..........................................................


THE MERIDIAN CLIMATE NORMALS FOR TODAY
                         NORMAL    RECORD    YEAR
 MAXIMUM TEMPERATURE (F)   85        95      1953
 MINIMUM TEMPERATURE (F)   61        47      1979


SUNRISE AND SUNSET
MAY 25 2017...........SUNRISE   551 AM CDT   SUNSET   753 PM CDT
MAY 26 2017...........SUNRISE   551 AM CDT   SUNSET   754 PM CDT


-  INDICATES NEGATIVE NUMBERS.
R  INDICATES RECORD WAS SET OR TIED.
MM INDICATES DATA IS MISSING.
T  INDICATES TRACE AMOUNT.




$$
