000
CDUS44 KJAN 310720
CLIMEI


CLIMATE REPORT
NATIONAL WEATHER SERVICE JACKSON MS
218 AM CDT FRI OCT 31 2014


...................................

...THE MERIDIAN CLIMATE SUMMARY FOR OCTOBER 30 2014...

CLIMATE NORMAL PERIOD 1981 TO 2010
CLIMATE RECORD PERIOD 1889 TO 2014


WEATHER ITEM   OBSERVED TIME   RECORD YEAR NORMAL DEPARTURE LAST
                VALUE   (LST)  VALUE       VALUE  FROM      YEAR
                                                  NORMAL
..................................................................
TEMPERATURE (F)
 YESTERDAY
  MAXIMUM         72    225 PM  88    1951  73     -1       79
  MINIMUM         39    625 AM  24    1952  46     -7       55
  AVERAGE         56                        60     -4       67

PRECIPITATION (IN)
  YESTERDAY        0.00          3.25 1960   0.12  -0.12      T
  MONTH TO DATE    2.29                      3.63  -1.34     2.50
  SINCE SEP 1      3.98                      7.06  -3.08     5.23
  SINCE JAN 1     42.34                     46.02  -3.68    54.75

SNOWFALL (IN)
  YESTERDAY        0.0           0.0  2002   0.0    0.0      0.0
                                      2001
  MONTH TO DATE    0.0                       0.0    0.0      0.0
  SINCE SEP 1      0.0                       0.0    0.0      0.0
  SINCE JUL 1      0.0                       0.0    0.0      0.0

DEGREE DAYS
 HEATING
  YESTERDAY        9                         7      2        0
  MONTH TO DATE   74                       110    -36       88
  SINCE SEP 1     74                       117    -43       88
  SINCE JUL 1     74                       117    -43       88

 COOLING
  YESTERDAY        0                         1     -1        2
  MONTH TO DATE  123                        89     34      110
  SINCE SEP 1    492                       392    100      450
  SINCE JAN 1   2085                      2012     73     2030
..................................................................


WIND (MPH)
  HIGHEST WIND SPEED    15   HIGHEST WIND DIRECTION     N (340)
  HIGHEST GUST SPEED    20   HIGHEST GUST DIRECTION     N (350)
  AVERAGE WIND SPEED     3.1


SKY COVER
  POSSIBLE SUNSHINE  MM
  AVERAGE SKY COVER 0.0


WEATHER CONDITIONS
 THE FOLLOWING WEATHER WAS RECORDED YESTERDAY.
  NO SIGNIFICANT WEATHER WAS OBSERVED.


RELATIVE HUMIDITY (PERCENT)
 HIGHEST    96           200 AM
 LOWEST     25           200 PM
 AVERAGE    61

..........................................................


THE MERIDIAN CLIMATE NORMALS FOR TODAY
                         NORMAL    RECORD    YEAR
 MAXIMUM TEMPERATURE (F)   73        87      1998
                                             1961
                                             1950
 MINIMUM TEMPERATURE (F)   46        28      1993
                                             1917


SUNRISE AND SUNSET
OCTOBER 31 2014.......SUNRISE   711 AM CDT   SUNSET   606 PM CDT
NOVEMBER  1 2014......SUNRISE   712 AM CDT   SUNSET   605 PM CDT


-  INDICATES NEGATIVE NUMBERS.
R  INDICATES RECORD WAS SET OR TIED.
MM INDICATES DATA IS MISSING.
T  INDICATES TRACE AMOUNT.




$$
