000
CDUS44 KJAN 271120
CLIMEI


CLIMATE REPORT
NATIONAL WEATHER SERVICE JACKSON MS
518 AM CST FRI FEB 27 2015


...................................

...THE MERIDIAN CLIMATE SUMMARY FOR FEBRUARY 26 2015...

CLIMATE NORMAL PERIOD 1981 TO 2010
CLIMATE RECORD PERIOD 1889 TO 2015


WEATHER ITEM   OBSERVED TIME   RECORD YEAR NORMAL DEPARTURE LAST
                VALUE   (LST)  VALUE       VALUE  FROM      YEAR
                                                  NORMAL
..................................................................
TEMPERATURE (F)
 YESTERDAY
  MAXIMUM         49    346 PM  82    1986  64    -15       51
                                      1981
  MINIMUM         31   1155 PM  21    1965  39     -8       32
  AVERAGE         40                        51    -11       42

PRECIPITATION (IN)
  YESTERDAY        0.00          2.52 1998   0.19  -0.19     0.20
  MONTH TO DATE    4.13                      5.21  -1.08     6.88
  SINCE DEC 1     19.52                     15.40   4.12    16.70
  SINCE JAN 1     10.84                     10.34   0.50     9.35

SNOWFALL (IN)
  YESTERDAY        0.0           0.0  2001   0.0    0.0      0.0
  MONTH TO DATE    0.0                       0.0    0.0      0.5
  SINCE DEC 1      0.0                       0.3   -0.3      2.5
  SINCE JUL 1      0.0                       0.3   -0.3      2.5

DEGREE DAYS
 HEATING
  YESTERDAY       25                        14     11       23
  MONTH TO DATE  575                       433    142      454
  SINCE DEC 1   1650                      1620     30     1826
  SINCE JUL 1   2199                      2070    129     2327

 COOLING
  YESTERDAY        0                         0      0        0
  MONTH TO DATE    0                         0      0        7
  SINCE DEC 1      0                         9     -9       32
  SINCE JAN 1      0                         3     -3        7
..................................................................


WIND (MPH)
  HIGHEST WIND SPEED    18   HIGHEST WIND DIRECTION    NW (330)
  HIGHEST GUST SPEED    24   HIGHEST GUST DIRECTION     N (20)
  AVERAGE WIND SPEED    10.1


SKY COVER
  POSSIBLE SUNSHINE  MM
  AVERAGE SKY COVER 0.6


WEATHER CONDITIONS
 THE FOLLOWING WEATHER WAS RECORDED YESTERDAY.
  FOG


RELATIVE HUMIDITY (PERCENT)
 HIGHEST   100          1200 AM
 LOWEST     45           500 PM
 AVERAGE    73

..........................................................


THE MERIDIAN CLIMATE NORMALS FOR TODAY
                         NORMAL    RECORD    YEAR
 MAXIMUM TEMPERATURE (F)   64        84      1981
 MINIMUM TEMPERATURE (F)   39        17      1963


SUNRISE AND SUNSET
FEBRUARY 27 2015......SUNRISE   625 AM CST   SUNSET   551 PM CST
FEBRUARY 28 2015......SUNRISE   624 AM CST   SUNSET   552 PM CST


-  INDICATES NEGATIVE NUMBERS.
R  INDICATES RECORD WAS SET OR TIED.
MM INDICATES DATA IS MISSING.
T  INDICATES TRACE AMOUNT.




$$
