000
CDUS44 KMEG 310636
CLIMEM


CLIMATE REPORT
NATIONAL WEATHER SERVICE MEMPHIS TN
134 AM CDT FRI OCT 31 2014


...................................

...THE MEMPHIS CLIMATE SUMMARY FOR OCTOBER 30 2014...

CLIMATE NORMAL PERIOD 1981 TO 2010
CLIMATE RECORD PERIOD 1872 TO 2014


WEATHER ITEM   OBSERVED TIME   RECORD YEAR NORMAL DEPARTURE LAST
                VALUE   (LST)  VALUE       VALUE  FROM      YEAR
                                                  NORMAL
..................................................................
TEMPERATURE (F)
 YESTERDAY
  MAXIMUM         70    333 PM  87    1937  70      0       75
  MINIMUM         44    525 AM  28    1917  49     -5       64
  AVERAGE         57                        59     -2       70

PRECIPITATION (IN)
  YESTERDAY        T             2.63 1942   0.13  -0.13     0.00
  MONTH TO DATE    4.00                      3.84   0.16     2.09
  SINCE SEP 1      8.75                      6.93   1.82     4.78
  SINCE JAN 1     52.47                     42.31  10.16    50.73

SNOWFALL (IN)
  YESTERDAY        0.0           T    1993   0.0    0.0      0.0
  MONTH TO DATE    0.0                       0.0    0.0      0.0
  SINCE SEP 1      0.0                       0.0    0.0      0.0
  SINCE JUL 1      0.0                       0.0    0.0      0.0
  SNOW DEPTH       0

DEGREE DAYS
 HEATING
  YESTERDAY        8                         7      1        0
  MONTH TO DATE   68                       112    -44      113
  SINCE SEP 1     69                       123    -54      113
  SINCE JUL 1     69                       123    -54      113

 COOLING
  YESTERDAY        0                         1     -1        5
  MONTH TO DATE  108                        91     17      109
  SINCE SEP 1    453                       407     46      510
  SINCE JAN 1   2159                      2242    -83     2236
..................................................................


WIND (MPH)
  HIGHEST WIND SPEED    14   HIGHEST WIND DIRECTION     S (200)
  HIGHEST GUST SPEED    25   HIGHEST GUST DIRECTION     W (250)
  AVERAGE WIND SPEED     3.4


SKY COVER
  POSSIBLE SUNSHINE  MM
  AVERAGE SKY COVER 0.3


WEATHER CONDITIONS
 THE FOLLOWING WEATHER WAS RECORDED YESTERDAY.
  NO SIGNIFICANT WEATHER WAS OBSERVED.


RELATIVE HUMIDITY (PERCENT)
 HIGHEST    86          1200 AM
 LOWEST     33           100 PM
 AVERAGE    60

..........................................................


THE MEMPHIS CLIMATE NORMALS FOR TODAY
                         NORMAL    RECORD    YEAR
 MAXIMUM TEMPERATURE (F)   69        87      1984
 MINIMUM TEMPERATURE (F)   49        31      1993
                                             1923


SUNRISE AND SUNSET
OCTOBER 31 2014.......SUNRISE   720 AM CDT   SUNSET   607 PM CDT
NOVEMBER  1 2014......SUNRISE   721 AM CDT   SUNSET   606 PM CDT


-  INDICATES NEGATIVE NUMBERS.
R  INDICATES RECORD WAS SET OR TIED.
MM INDICATES DATA IS MISSING.
T  INDICATES TRACE AMOUNT.




$$
