000
CDUS44 KMEG 180638
CLIMEM


CLIMATE REPORT
NATIONAL WEATHER SERVICE MEMPHIS TN
137 AM CDT FRI APR 18 2014


...................................

...THE MEMPHIS CLIMATE SUMMARY FOR APRIL 17 2014...

CLIMATE NORMAL PERIOD 1981 TO 2010
CLIMATE RECORD PERIOD 1872 TO 2014


WEATHER ITEM   OBSERVED TIME   RECORD YEAR NORMAL DEPARTURE LAST
                VALUE   (LST)  VALUE       VALUE  FROM      YEAR
                                                  NORMAL
..................................................................
TEMPERATURE (F)
 YESTERDAY
  MAXIMUM         71    232 PM  91    2006  74     -3       86
  MINIMUM         44    542 AM  35    1921  53     -9       68
                                      1875
  AVERAGE         58                        63     -5       77

PRECIPITATION (IN)
  YESTERDAY        0.00          1.61 1959   0.20  -0.20     0.00
  MONTH TO DATE    2.51                      3.07  -0.56     3.50
  SINCE MAR 1      9.89                      8.23   1.66     6.88
  SINCE JAN 1     18.01                     16.60   1.41    20.45

SNOWFALL (IN)
  YESTERDAY        0.0          MM      MM   0.0    0.0      0.0
  MONTH TO DATE    0.0                       0.0    0.0      0.0
  SINCE MAR 1      0.5                       0.4    0.1       T
  SINCE JUL 1      0.8                       3.8   -3.0      0.9
  SNOW DEPTH       0

DEGREE DAYS
 HEATING
  YESTERDAY        7                         4      3        0
  MONTH TO DATE  120                       100     20      105
  SINCE MAR 1    595                       458    137      611
  SINCE JUL 1   3421                      2908    513     2809

 COOLING
  YESTERDAY        0                         3     -3       12
  MONTH TO DATE   32                        33     -1       55
  SINCE MAR 1     34                        50    -16       57
  SINCE JAN 1     34                        53    -19       66
..................................................................


WIND (MPH)
  HIGHEST WIND SPEED    14   HIGHEST WIND DIRECTION     S (190)
  HIGHEST GUST SPEED    23   HIGHEST GUST DIRECTION     S (160)
  AVERAGE WIND SPEED     6.3


SKY COVER
  POSSIBLE SUNSHINE  MM
  AVERAGE SKY COVER 0.6


WEATHER CONDITIONS
 THE FOLLOWING WEATHER WAS RECORDED YESTERDAY.
  NO SIGNIFICANT WEATHER WAS OBSERVED.


RELATIVE HUMIDITY (PERCENT)
 HIGHEST    70           600 AM
 LOWEST     31           300 PM
 AVERAGE    51

..........................................................


THE MEMPHIS CLIMATE NORMALS FOR TODAY
                         NORMAL    RECORD    YEAR
 MAXIMUM TEMPERATURE (F)   74        92      2006
 MINIMUM TEMPERATURE (F)   54        37      1961


SUNRISE AND SUNSET
APRIL 18 2014.........SUNRISE   624 AM CDT   SUNSET   735 PM CDT
APRIL 19 2014.........SUNRISE   623 AM CDT   SUNSET   736 PM CDT


-  INDICATES NEGATIVE NUMBERS.
R  INDICATES RECORD WAS SET OR TIED.
MM INDICATES DATA IS MISSING.
T  INDICATES TRACE AMOUNT.




$$
