432
CDUS44 KMEG 220741
CLIMEM


CLIMATE REPORT
NATIONAL WEATHER SERVICE MEMPHIS TN
141 AM CST SUN JAN 22 2017


...................................

...THE MEMPHIS CLIMATE SUMMARY FOR JANUARY 21 2017...

CLIMATE NORMAL PERIOD 1981 TO 2010
CLIMATE RECORD PERIOD 1872 TO 2017


WEATHER ITEM   OBSERVED TIME   RECORD YEAR NORMAL DEPARTURE LAST
                VALUE   (LST)  VALUE       VALUE  FROM      YEAR
                                                  NORMAL
..................................................................
TEMPERATURE (F)
 YESTERDAY
  MAXIMUM         72   1231 PM  75    1999  50     22       39
  MINIMUM         59    300 AM   1    1985  33     26       34
  AVERAGE         66                        41     25       37

PRECIPITATION (IN)
  YESTERDAY        0.01          3.44 1906   0.12  -0.11     0.30
  MONTH TO DATE    3.62                      2.69   0.93     2.05
  SINCE DEC 1     10.95                      8.43   2.52     6.82
  SINCE JAN 1      3.62                      2.69   0.93     2.05

SNOWFALL (IN)
  YESTERDAY        0.0           3.2  1935   0.1   -0.1      0.0
  MONTH TO DATE    2.0                       1.3    0.7       T
  SINCE DEC 1      2.0                       1.5    0.5       T
  SINCE JUL 1      2.0                       1.5    0.5       T
  SNOW DEPTH       0

DEGREE DAYS
 HEATING
  YESTERDAY        0                        24    -24       28
  MONTH TO DATE  341                       504   -163      534
  SINCE DEC 1    971                      1169   -198      882
  SINCE JUL 1   1241                      1668   -427     1183

 COOLING
  YESTERDAY        1                         0      1        0
  MONTH TO DATE    2                         0      2        0
  SINCE DEC 1      5                         2      3       19
  SINCE JAN 1      2                         0      2        0
..................................................................


WIND (MPH)
  HIGHEST WIND SPEED    20   HIGHEST WIND DIRECTION     S (190)
  HIGHEST GUST SPEED    24   HIGHEST GUST DIRECTION     S (180)
  AVERAGE WIND SPEED     8.8


SKY COVER
  POSSIBLE SUNSHINE  MM
  AVERAGE SKY COVER 0.7


WEATHER CONDITIONS
 THE FOLLOWING WEATHER WAS RECORDED YESTERDAY.
  THUNDERSTORM
  LIGHT RAIN


RELATIVE HUMIDITY (PERCENT)
 HIGHEST    78           100 AM
 LOWEST     49           300 PM
 AVERAGE    64

..........................................................


THE MEMPHIS CLIMATE NORMALS FOR TODAY
                         NORMAL    RECORD    YEAR
 MAXIMUM TEMPERATURE (F)   50        71      2012
                                             1943
                                             1909
 MINIMUM TEMPERATURE (F)   33         3      1885


SUNRISE AND SUNSET
JANUARY 22 2017.......SUNRISE   705 AM CST   SUNSET   519 PM CST
JANUARY 23 2017.......SUNRISE   704 AM CST   SUNSET   520 PM CST


-  INDICATES NEGATIVE NUMBERS.
R  INDICATES RECORD WAS SET OR TIED.
MM INDICATES DATA IS MISSING.
T  INDICATES TRACE AMOUNT.




$$
