000
CDUS44 KMEG 290642
CLIMEM


CLIMATE REPORT
NATIONAL WEATHER SERVICE MEMPHIS TN
142 AM CDT TUE JUL 29 2014


...................................

...THE MEMPHIS CLIMATE SUMMARY FOR JULY 28 2014...

CLIMATE NORMAL PERIOD 1981 TO 2010
CLIMATE RECORD PERIOD 1872 TO 2014


WEATHER ITEM   OBSERVED TIME   RECORD YEAR NORMAL DEPARTURE LAST
                VALUE   (LST)  VALUE       VALUE  FROM      YEAR
                                                  NORMAL
..................................................................
TEMPERATURE (F)
 YESTERDAY
  MAXIMUM         86    238 PM 106    1952  92     -6       83
                                      1930
  MINIMUM         73    540 AM  65    2004  74     -1       70
                                      1920
                                      1891
  AVERAGE         80                        83     -3       77

PRECIPITATION (IN)
  YESTERDAY        0.00          1.94 1998   0.14  -0.14     0.00
  MONTH TO DATE    2.55                      4.18  -1.63     3.43
  SINCE JUN 1     15.95                      7.81   8.14     8.90
  SINCE JAN 1     41.91                     32.09   9.82    43.48

SNOWFALL (IN)
  YESTERDAY        0.0          MM      MM   0.0    0.0      0.0
  MONTH TO DATE    0.0                       0.0    0.0      0.0
  SINCE JUN 1      0.0                       0.0    0.0      0.0
  SINCE JUL 1      0.0                       0.0    0.0      0.0
  SNOW DEPTH       0

DEGREE DAYS
 HEATING
  YESTERDAY        0                         0      0        0
  MONTH TO DATE    0                         0      0        0
  SINCE JUN 1      0                         0      0        0
  SINCE JUL 1      0                         0      0        0

 COOLING
  YESTERDAY       15                        18     -3       12
  MONTH TO DATE  378                       500   -122      436
  SINCE JUN 1    815                       938   -123      886
  SINCE JAN 1   1126                      1259   -133     1171
..................................................................


WIND (MPH)
  HIGHEST WIND SPEED    18   HIGHEST WIND DIRECTION     N (10)
  HIGHEST GUST SPEED    24   HIGHEST GUST DIRECTION     N (20)
  AVERAGE WIND SPEED     8.8


SKY COVER
  POSSIBLE SUNSHINE  MM
  AVERAGE SKY COVER 0.3


WEATHER CONDITIONS
 THE FOLLOWING WEATHER WAS RECORDED YESTERDAY.
  NO SIGNIFICANT WEATHER WAS OBSERVED.


RELATIVE HUMIDITY (PERCENT)
 HIGHEST    79          1200 AM
 LOWEST     44           100 PM
 AVERAGE    62

..........................................................


THE MEMPHIS CLIMATE NORMALS FOR TODAY
                         NORMAL    RECORD    YEAR
 MAXIMUM TEMPERATURE (F)   92       104      1986
                                             1952
 MINIMUM TEMPERATURE (F)   74        65      1994


SUNRISE AND SUNSET
JULY 29 2014..........SUNRISE   607 AM CDT   SUNSET   805 PM CDT
JULY 30 2014..........SUNRISE   608 AM CDT   SUNSET   805 PM CDT


-  INDICATES NEGATIVE NUMBERS.
R  INDICATES RECORD WAS SET OR TIED.
MM INDICATES DATA IS MISSING.
T  INDICATES TRACE AMOUNT.




$$
