000
CDUS44 KMEG 010634
CLIMEM


CLIMATE REPORT
NATIONAL WEATHER SERVICE MEMPHIS TN
134 AM CDT SUN MAY 1 2016


...................................

...THE MEMPHIS CLIMATE SUMMARY FOR APRIL 30 2016...

CLIMATE NORMAL PERIOD 1981 TO 2010
CLIMATE RECORD PERIOD 1872 TO 2016


WEATHER ITEM   OBSERVED TIME   RECORD YEAR NORMAL DEPARTURE LAST
                VALUE   (LST)  VALUE       VALUE  FROM      YEAR
                                                  NORMAL
..................................................................
TEMPERATURE (F)
 YESTERDAY
  MAXIMUM         78    448 PM  91    1987  77      1       80
  MINIMUM         65    818 AM  40    1908  58      7       49
  AVERAGE         72                        67      5       65

PRECIPITATION (IN)
  YESTERDAY        0.59          2.30 1873   0.19   0.40     0.00
  MONTH TO DATE    5.97                      5.50   0.47     3.07
  SINCE MAR 1     22.17                     10.66  11.51     8.55
  SINCE JAN 1     30.02                     19.03  10.99    14.20

SNOWFALL (IN)
  YESTERDAY        0.0          MM      MM   0.0    0.0      0.0
  MONTH TO DATE    0.0                       0.0    0.0      0.0
  SINCE MAR 1      0.0                       0.4   -0.4      3.6
  SINCE JUL 1      0.3                       3.8   -3.5      6.1
  SNOW DEPTH       0

DEGREE DAYS
 HEATING
  YESTERDAY        0                         2     -2        0
  MONTH TO DATE   80                       137    -57       70
  SINCE MAR 1    293                       495   -202      448
  SINCE JUL 1   2164                      2945   -781     3171

 COOLING
  YESTERDAY        7                         4      3        0
  MONTH TO DATE   83                        75      8       84
  SINCE MAR 1    104                        92     12       90
  SINCE JAN 1    107                        95     12       90
..................................................................


WIND (MPH)
  HIGHEST WIND SPEED    43   HIGHEST WIND DIRECTION     S (190)
  HIGHEST GUST SPEED    54   HIGHEST GUST DIRECTION    SW (210)
  AVERAGE WIND SPEED     7.2


SKY COVER
  POSSIBLE SUNSHINE  MM
  AVERAGE SKY COVER 0.7


WEATHER CONDITIONS
 THE FOLLOWING WEATHER WAS RECORDED YESTERDAY.
  THUNDERSTORM
  HEAVY RAIN
  RAIN
  LIGHT RAIN
  FOG


RELATIVE HUMIDITY (PERCENT)
 HIGHEST    93           800 AM
 LOWEST     64           100 PM
 AVERAGE    79

..........................................................


THE MEMPHIS CLIMATE NORMALS FOR TODAY
                         NORMAL    RECORD    YEAR
 MAXIMUM TEMPERATURE (F)   77        92      1901
 MINIMUM TEMPERATURE (F)   58        40      1963
                                             1903


SUNRISE AND SUNSET
MAY  1 2016...........SUNRISE   609 AM CDT   SUNSET   746 PM CDT
MAY  2 2016...........SUNRISE   607 AM CDT   SUNSET   747 PM CDT


-  INDICATES NEGATIVE NUMBERS.
R  INDICATES RECORD WAS SET OR TIED.
MM INDICATES DATA IS MISSING.
T  INDICATES TRACE AMOUNT.




$$
