000
CDUS44 KMEG 220632
CLIMEM


CLIMATE REPORT
NATIONAL WEATHER SERVICE MEMPHIS TN
132 AM CDT FRI SEP 22 2017


...................................

...THE MEMPHIS CLIMATE SUMMARY FOR SEPTEMBER 21 2017...

CLIMATE NORMAL PERIOD 1981 TO 2010
CLIMATE RECORD PERIOD 1872 TO 2017


WEATHER ITEM   OBSERVED TIME   RECORD YEAR NORMAL DEPARTURE LAST
                VALUE   (LST)  VALUE       VALUE  FROM      YEAR
                                                  NORMAL
..................................................................
TEMPERATURE (F)
 YESTERDAY
  MAXIMUM         91    401 PM  98    2010  83      8       91
  MINIMUM         73    455 AM  44    1875  63     10       69
  AVERAGE         82                        73      9       80

PRECIPITATION (IN)
  YESTERDAY        0.00          3.65 1957   0.10  -0.10     0.00
  MONTH TO DATE    1.60                      2.04  -0.44     0.67
  SINCE SEP 1      1.60                      2.04  -0.44     0.67
  SINCE JAN 1     38.26                     37.42   0.84    50.48

SNOWFALL (IN)
  YESTERDAY        0.0           0.0  2002   0.0    0.0      0.0
                                      2001
  MONTH TO DATE    0.0                       0.0    0.0      0.0
  SINCE SEP 1      0.0                       0.0    0.0      0.0
  SINCE JUL 1      0.0                       0.0    0.0      0.0
  SNOW DEPTH       0

DEGREE DAYS
 HEATING
  YESTERDAY        0                         1     -1        0
  MONTH TO DATE    3                         1      2        0
  SINCE SEP 1      3                         1      2        0
  SINCE JUL 1      3                         1      2        0

 COOLING
  YESTERDAY       17                         9      8       15
  MONTH TO DATE  198                       251    -53      366
  SINCE SEP 1    198                       251    -53      366
  SINCE JAN 1   2014                      2086    -72     2467
..................................................................


WIND (MPH)
  HIGHEST WIND SPEED     9   HIGHEST WIND DIRECTION    SE (140)
  HIGHEST GUST SPEED    14   HIGHEST GUST DIRECTION     S (160)
  AVERAGE WIND SPEED     3.6


SKY COVER
  POSSIBLE SUNSHINE  MM
  AVERAGE SKY COVER 0.2


WEATHER CONDITIONS
 THE FOLLOWING WEATHER WAS RECORDED YESTERDAY.
  NO SIGNIFICANT WEATHER WAS OBSERVED.


RELATIVE HUMIDITY (PERCENT)
 HIGHEST    88          1200 AM
 LOWEST     50           500 PM
 AVERAGE    69

..........................................................


THE MEMPHIS CLIMATE NORMALS FOR TODAY
                         NORMAL    RECORD    YEAR
 MAXIMUM TEMPERATURE (F)   83        96      2010
 MINIMUM TEMPERATURE (F)   63        42      1983


SUNRISE AND SUNSET
SEPTEMBER 22 2017.....SUNRISE   648 AM CDT   SUNSET   656 PM CDT
SEPTEMBER 23 2017.....SUNRISE   649 AM CDT   SUNSET   655 PM CDT


-  INDICATES NEGATIVE NUMBERS.
R  INDICATES RECORD WAS SET OR TIED.
MM INDICATES DATA IS MISSING.
T  INDICATES TRACE AMOUNT.




$$
