000
CDUS44 KMEG 222245
CLIMEM


CLIMATE REPORT
NATIONAL WEATHER SERVICE MEMPHIS TN
445 PM CST WED NOV 22 2017


...................................

...THE MEMPHIS CLIMATE SUMMARY FOR NOVEMBER 22 2017...
VALID TODAY AS OF 0400 PM LOCAL TIME.

CLIMATE NORMAL PERIOD 1981 TO 2010
CLIMATE RECORD PERIOD 1872 TO 2017


WEATHER ITEM   OBSERVED TIME   RECORD YEAR NORMAL DEPARTURE LAST
                VALUE   (LST)  VALUE       VALUE  FROM      YEAR
                                                  NORMAL
..................................................................
TEMPERATURE (F)
 TODAY
  MAXIMUM         49    258 PM  78    1931  60    -11       68
                                      1913
  MINIMUM         34    720 AM  18    1964  41     -7       42
                                      1880
  AVERAGE         42                        51     -9       55

PRECIPITATION (IN)
  TODAY            0.00          3.05 1961   0.20  -0.20      T
  MONTH TO DATE    1.79                      3.85  -2.06     0.67
  SINCE SEP 1      7.44                     10.92  -3.48     2.56
  SINCE JAN 1     44.10                     46.30  -2.20    52.37

SNOWFALL (IN)
  TODAY            0.0

DEGREE DAYS
 HEATING
  TODAY           23                        15      8       10
  MONTH TO DATE  218                       239    -21      147
  SINCE SEP 1    349                       370    -21      165
  SINCE JUL 1    349                       370    -21      165

 COOLING
  TODAY            0                         0      0        0
  MONTH TO DATE   22                        11     11       30
  SINCE SEP 1    486                       419     67      703
  SINCE JAN 1   2302                      2254     48     2804
..................................................................


WIND (MPH)
  HIGHEST WIND SPEED    20   HIGHEST WIND DIRECTION    NE (30)
  HIGHEST GUST SPEED    26   HIGHEST GUST DIRECTION     N (10)
  AVERAGE WIND SPEED    11.6


SKY COVER
  POSSIBLE SUNSHINE  MM
  AVERAGE SKY COVER 0.1


WEATHER CONDITIONS
 THE FOLLOWING WEATHER WAS RECORDED TODAY.
  NO SIGNIFICANT WEATHER WAS OBSERVED.


RELATIVE HUMIDITY (PERCENT)
 HIGHEST    71          1200 AM
 LOWEST     39           200 PM
 AVERAGE    55

..........................................................


THE MEMPHIS CLIMATE NORMALS FOR TOMORROW
                         NORMAL    RECORD    YEAR
 MAXIMUM TEMPERATURE (F)   59        77      1973
 MINIMUM TEMPERATURE (F)   41        19      1964


SUNRISE AND SUNSET
NOVEMBER 22 2017......SUNRISE   642 AM CST   SUNSET   451 PM CST
NOVEMBER 23 2017......SUNRISE   642 AM CST   SUNSET   450 PM CST


-  INDICATES NEGATIVE NUMBERS.
R  INDICATES RECORD WAS SET OR TIED.
MM INDICATES DATA IS MISSING.
T  INDICATES TRACE AMOUNT.




$$
