000
CDUS44 KMEG 280634
CLIMEM


CLIMATE REPORT
NATIONAL WEATHER SERVICE MEMPHIS TN
133 AM CDT SAT MAY 28 2016


...................................

...THE MEMPHIS CLIMATE SUMMARY FOR MAY 27 2016...

CLIMATE NORMAL PERIOD 1981 TO 2010
CLIMATE RECORD PERIOD 1872 TO 2016


WEATHER ITEM   OBSERVED TIME   RECORD YEAR NORMAL DEPARTURE LAST
                VALUE   (LST)  VALUE       VALUE  FROM      YEAR
                                                  NORMAL
..................................................................
TEMPERATURE (F)
 YESTERDAY
  MAXIMUM         83    129 PM  95    1911  84     -1       80
  MINIMUM         69    858 PM  41    1961  65      4       70
  AVERAGE         76                        75      1       75

PRECIPITATION (IN)
  YESTERDAY        1.02          3.69 1955   0.15   0.87     0.02
  MONTH TO DATE    4.85                      4.63   0.22     4.10
  SINCE MAR 1     27.02                     15.29  11.73    12.65
  SINCE JAN 1     34.87                     23.66  11.21    18.30

SNOWFALL (IN)
  YESTERDAY        0.0          MM      MM   0.0    0.0      0.0
  MONTH TO DATE    0.0                       0.0    0.0      0.0
  SINCE MAR 1      0.0                       0.4   -0.4      3.6
  SINCE JUL 1      0.3                       3.8   -3.5      6.1
  SNOW DEPTH       0

DEGREE DAYS
 HEATING
  YESTERDAY        0                         0      0        0
  MONTH TO DATE   22                        17      5       13
  SINCE MAR 1    315                       512   -197      461
  SINCE JUL 1   2186                      2962   -776     3184

 COOLING
  YESTERDAY       11                        10      1       10
  MONTH TO DATE  143                       184    -41      220
  SINCE MAR 1    247                       276    -29      310
  SINCE JAN 1    250                       279    -29      310
..................................................................


WIND (MPH)
  HIGHEST WIND SPEED    25   HIGHEST WIND DIRECTION    SW (240)
  HIGHEST GUST SPEED    37   HIGHEST GUST DIRECTION    SW (240)
  AVERAGE WIND SPEED    10.3


SKY COVER
  POSSIBLE SUNSHINE  MM
  AVERAGE SKY COVER 1.0


WEATHER CONDITIONS
 THE FOLLOWING WEATHER WAS RECORDED YESTERDAY.
  THUNDERSTORM
  HEAVY RAIN
  RAIN
  LIGHT RAIN
  FOG
  HAZE


RELATIVE HUMIDITY (PERCENT)
 HIGHEST    90          1200 AM
 LOWEST     58           400 PM
 AVERAGE    74

..........................................................


THE MEMPHIS CLIMATE NORMALS FOR TODAY
                         NORMAL    RECORD    YEAR
 MAXIMUM TEMPERATURE (F)   85        97      1911
 MINIMUM TEMPERATURE (F)   66        44      1961


SUNRISE AND SUNSET
MAY 28 2016...........SUNRISE   548 AM CDT   SUNSET   807 PM CDT
MAY 29 2016...........SUNRISE   548 AM CDT   SUNSET   807 PM CDT


-  INDICATES NEGATIVE NUMBERS.
R  INDICATES RECORD WAS SET OR TIED.
MM INDICATES DATA IS MISSING.
T  INDICATES TRACE AMOUNT.




$$
