000
CDUS44 KMEG 062257
CLIMEM


CLIMATE REPORT
NATIONAL WEATHER SERVICE MEMPHIS TN
455 PM CST FRI MAR 6 2015


...................................

...THE MEMPHIS CLIMATE SUMMARY FOR MARCH 6 2015...
VALID TODAY AS OF 0400 PM LOCAL TIME.

CLIMATE NORMAL PERIOD 1981 TO 2010
CLIMATE RECORD PERIOD 1872 TO 2015


WEATHER ITEM   OBSERVED TIME   RECORD YEAR NORMAL DEPARTURE LAST
                VALUE   (LST)  VALUE       VALUE  FROM      YEAR
                                                  NORMAL
..................................................................
TEMPERATURE (F)
 TODAY
  MAXIMUM         41    358 PM  80    1956  61    -20       42
  MINIMUM         15R   657 AM  20    1920  41    -26       33
                                      1899
  AVERAGE         28                        51    -23       38

PRECIPITATION (IN)
  TODAY            0.00          2.82 1887   0.16  -0.16     0.00
  MONTH TO DATE    2.32                      0.94   1.38     2.40
  SINCE MAR 1      2.32                      0.94   1.38     2.40
  SINCE JAN 1      7.97                      9.31  -1.34    10.52

SNOWFALL (IN)
  TODAY            0.0

DEGREE DAYS
 HEATING
  TODAY           37                        14     23       27
  MONTH TO DATE  159                        90     69      160
  SINCE MAR 1    159                        90     69      160
  SINCE JUL 1   2882                      2540    342     2986

 COOLING
  TODAY            0                         0      0        0
  MONTH TO DATE    0                         0      0        0
  SINCE MAR 1      0                         0      0        0
  SINCE JAN 1      0                         3     -3        0
..................................................................


WIND (MPH)
  HIGHEST WIND SPEED     8   HIGHEST WIND DIRECTION    NE (50)
  HIGHEST GUST SPEED    16   HIGHEST GUST DIRECTION    NW (300)
  AVERAGE WIND SPEED     2.5


SKY COVER
  POSSIBLE SUNSHINE  MM
  AVERAGE SKY COVER 0.0


WEATHER CONDITIONS
 THE FOLLOWING WEATHER WAS RECORDED TODAY.
  NO SIGNIFICANT WEATHER WAS OBSERVED.


RELATIVE HUMIDITY (PERCENT)
 HIGHEST    73           600 AM
 LOWEST     33           300 PM
 AVERAGE    53

..........................................................


THE MEMPHIS CLIMATE NORMALS FOR TOMORROW
                         NORMAL    RECORD    YEAR
 MAXIMUM TEMPERATURE (F)   61        80      1974
                                             1911
 MINIMUM TEMPERATURE (F)   42        15      1899


SUNRISE AND SUNSET
MARCH  6 2015.........SUNRISE   623 AM CST   SUNSET   600 PM CST
MARCH  7 2015.........SUNRISE   622 AM CST   SUNSET   601 PM CST


-  INDICATES NEGATIVE NUMBERS.
R  INDICATES RECORD WAS SET OR TIED.
MM INDICATES DATA IS MISSING.
T  INDICATES TRACE AMOUNT.




$$
