000
CDUS44 KMEG 300636
CLIMEM


CLIMATE REPORT
NATIONAL WEATHER SERVICE MEMPHIS TN
135 AM CDT SUN APR 30 2017


...................................

...THE MEMPHIS CLIMATE SUMMARY FOR APRIL 29 2017...

CLIMATE NORMAL PERIOD 1981 TO 2010
CLIMATE RECORD PERIOD 1872 TO 2017


WEATHER ITEM   OBSERVED TIME   RECORD YEAR NORMAL DEPARTURE LAST
                VALUE   (LST)  VALUE       VALUE  FROM      YEAR
                                                  NORMAL
..................................................................
TEMPERATURE (F)
 YESTERDAY
  MAXIMUM         88    351 PM  91    1952  77     11       72
  MINIMUM         69    758 PM  39    1908  57     12       61
  AVERAGE         79                        67     12       67

PRECIPITATION (IN)
  YESTERDAY        0.35          3.29 1953   0.18   0.17     1.58
  MONTH TO DATE    4.30                      5.31  -1.01     5.38
  SINCE MAR 1      7.91                     10.47  -2.56    21.58
  SINCE JAN 1     13.57                     18.84  -5.27    29.43

SNOWFALL (IN)
  YESTERDAY        0.0          MM      MM   0.0    0.0      0.0
  MONTH TO DATE    0.0                       0.0    0.0      0.0
  SINCE MAR 1      T                         0.4   -0.4      0.0
  SINCE JUL 1      2.0                       3.8   -1.8      0.3
  SNOW DEPTH       0

DEGREE DAYS
 HEATING
  YESTERDAY        0                         2     -2        0
  MONTH TO DATE   57                       135    -78       80
  SINCE MAR 1    337                       493   -156      293
  SINCE JUL 1   2036                      2943   -907     2164

 COOLING
  YESTERDAY       14                         4     10        2
  MONTH TO DATE  112                        72     40       76
  SINCE MAR 1    150                        89     61       97
  SINCE JAN 1    172                        92     80      100
..................................................................


WIND (MPH)
  HIGHEST WIND SPEED    30   HIGHEST WIND DIRECTION    SW (240)
  HIGHEST GUST SPEED    40   HIGHEST GUST DIRECTION    SW (240)
  AVERAGE WIND SPEED    16.7


SKY COVER
  POSSIBLE SUNSHINE  MM
  AVERAGE SKY COVER 0.7


WEATHER CONDITIONS
 THE FOLLOWING WEATHER WAS RECORDED YESTERDAY.
  THUNDERSTORM
  HEAVY RAIN
  RAIN
  LIGHT RAIN
  FOG


RELATIVE HUMIDITY (PERCENT)
 HIGHEST    82           100 AM
 LOWEST     55           200 PM
 AVERAGE    69

..........................................................


THE MEMPHIS CLIMATE NORMALS FOR TODAY
                         NORMAL    RECORD    YEAR
 MAXIMUM TEMPERATURE (F)   77        91      1987
 MINIMUM TEMPERATURE (F)   58        40      1908


SUNRISE AND SUNSET
APRIL 30 2017.........SUNRISE   610 AM CDT   SUNSET   745 PM CDT
MAY  1 2017...........SUNRISE   609 AM CDT   SUNSET   746 PM CDT


-  INDICATES NEGATIVE NUMBERS.
R  INDICATES RECORD WAS SET OR TIED.
MM INDICATES DATA IS MISSING.
T  INDICATES TRACE AMOUNT.




$$
