000
CDUS44 KMEG 280633
CLIMEM


CLIMATE REPORT
NATIONAL WEATHER SERVICE MEMPHIS TN
132 AM CDT WED SEP 28 2016


...................................

...THE MEMPHIS CLIMATE SUMMARY FOR SEPTEMBER 27 2016...

CLIMATE NORMAL PERIOD 1981 TO 2010
CLIMATE RECORD PERIOD 1872 TO 2016


WEATHER ITEM   OBSERVED TIME   RECORD YEAR NORMAL DEPARTURE LAST
                VALUE   (LST)  VALUE       VALUE  FROM      YEAR
                                                  NORMAL
..................................................................
TEMPERATURE (F)
 YESTERDAY
  MAXIMUM         82    308 PM  95    1998  81      1       86
                                      1954
  MINIMUM         59    612 AM  40    1942  61     -2       67
  AVERAGE         71                        71      0       77

PRECIPITATION (IN)
  YESTERDAY        0.00          1.56 1906   0.12  -0.12     0.00
  MONTH TO DATE    0.67                      2.73  -2.06     1.21
  SINCE SEP 1      0.67                      2.73  -2.06     1.21
  SINCE JAN 1     50.48                     38.11  12.37    35.18

SNOWFALL (IN)
  YESTERDAY        0.0           0.0  2002   0.0    0.0      0.0
                                      2001
  MONTH TO DATE    0.0                       0.0    0.0      0.0
  SINCE SEP 1      0.0                       0.0    0.0      0.0
  SINCE JUL 1      0.0                       0.0    0.0      0.0
  SNOW DEPTH       0

DEGREE DAYS
 HEATING
  YESTERDAY        0                         1     -1        0
  MONTH TO DATE    0                         7     -7        0
  SINCE SEP 1      0                         7     -7        0
  SINCE JUL 1      0                         7     -7        0

 COOLING
  YESTERDAY        6                         7     -1       12
  MONTH TO DATE  457                       296    161      353
  SINCE SEP 1    457                       296    161      353
  SINCE JAN 1   2558                      2131    427     2292
..................................................................


WIND (MPH)
  HIGHEST WIND SPEED    14   HIGHEST WIND DIRECTION    NW (320)
  HIGHEST GUST SPEED    31   HIGHEST GUST DIRECTION    SW (230)
  AVERAGE WIND SPEED     4.2


SKY COVER
  POSSIBLE SUNSHINE  MM
  AVERAGE SKY COVER 0.2


WEATHER CONDITIONS
 THE FOLLOWING WEATHER WAS RECORDED YESTERDAY.
  NO SIGNIFICANT WEATHER WAS OBSERVED.


RELATIVE HUMIDITY (PERCENT)
 HIGHEST    87           500 AM
 LOWEST     20           300 PM
 AVERAGE    54

..........................................................


THE MEMPHIS CLIMATE NORMALS FOR TODAY
                         NORMAL    RECORD    YEAR
 MAXIMUM TEMPERATURE (F)   81        98      1953
 MINIMUM TEMPERATURE (F)   60        39      1942


SUNRISE AND SUNSET
SEPTEMBER 28 2016.....SUNRISE   653 AM CDT   SUNSET   647 PM CDT
SEPTEMBER 29 2016.....SUNRISE   654 AM CDT   SUNSET   646 PM CDT


-  INDICATES NEGATIVE NUMBERS.
R  INDICATES RECORD WAS SET OR TIED.
MM INDICATES DATA IS MISSING.
T  INDICATES TRACE AMOUNT.




$$
