337
CDUS44 KMEG 090737
CLIMEM


CLIMATE REPORT
NATIONAL WEATHER SERVICE MEMPHIS TN
137 AM CST TUE FEB 9 2016


...................................

...THE MEMPHIS CLIMATE SUMMARY FOR FEBRUARY 8 2016...

CLIMATE NORMAL PERIOD 1981 TO 2010
CLIMATE RECORD PERIOD 1872 TO 2016


WEATHER ITEM   OBSERVED TIME   RECORD YEAR NORMAL DEPARTURE LAST
                VALUE   (LST)  VALUE       VALUE  FROM      YEAR
                                                  NORMAL
..................................................................
TEMPERATURE (F)
 YESTERDAY
  MAXIMUM         48    221 PM  77    1999  53     -5       62
  MINIMUM         36   1159 PM  -3    1895  35      1       55
  AVERAGE         42                        44     -2       59

PRECIPITATION (IN)
  YESTERDAY        0.00          3.96 1944   0.15  -0.15     0.00
  MONTH TO DATE    1.74                      1.22   0.52     0.72
  SINCE DEC 1      8.78                     10.94  -2.16     4.62
  SINCE JAN 1      4.01                      5.20  -1.19     2.02

SNOWFALL (IN)
  YESTERDAY        0.0           5.0  2010   0.1   -0.1      0.0
  MONTH TO DATE    0.0                       0.5   -0.5      0.0
  SINCE DEC 1      0.3                       2.6   -2.3      0.0
  SINCE JUL 1      0.3                       2.6   -2.3      0.2
  SNOW DEPTH       0

DEGREE DAYS
 HEATING
  YESTERDAY       23                        21      2        6
  MONTH TO DATE  138                       176    -38      177
  SINCE DEC 1   1222                      1579   -357     1489
  SINCE JUL 1   1523                      2078   -555     2098

 COOLING
  YESTERDAY        0                         0      0        0
  MONTH TO DATE    1                         0      1        0
  SINCE DEC 1     22                         3     19        0
  SINCE JAN 1      3                         1      2        0
..................................................................


WIND (MPH)
  HIGHEST WIND SPEED    35   HIGHEST WIND DIRECTION    NW (310)
  HIGHEST GUST SPEED    44   HIGHEST GUST DIRECTION    NW (300)
  AVERAGE WIND SPEED    13.7


SKY COVER
  POSSIBLE SUNSHINE  MM
  AVERAGE SKY COVER 0.7


WEATHER CONDITIONS
 THE FOLLOWING WEATHER WAS RECORDED YESTERDAY.
  NO SIGNIFICANT WEATHER WAS OBSERVED.


RELATIVE HUMIDITY (PERCENT)
 HIGHEST    53          1200 AM
 LOWEST     33           400 PM
 AVERAGE    43

..........................................................


THE MEMPHIS CLIMATE NORMALS FOR TODAY
                         NORMAL    RECORD    YEAR
 MAXIMUM TEMPERATURE (F)   53        77      1957
 MINIMUM TEMPERATURE (F)   35         6      1899


SUNRISE AND SUNSET
FEBRUARY  9 2016......SUNRISE   652 AM CST   SUNSET   536 PM CST
FEBRUARY 10 2016......SUNRISE   651 AM CST   SUNSET   537 PM CST


-  INDICATES NEGATIVE NUMBERS.
R  INDICATES RECORD WAS SET OR TIED.
MM INDICATES DATA IS MISSING.
T  INDICATES TRACE AMOUNT.




$$
