000
CDUS44 KMEG 270632
CLIMEM


CLIMATE REPORT
NATIONAL WEATHER SERVICE MEMPHIS TN
132 AM CDT WED AUG 27 2014


...................................

...THE MEMPHIS CLIMATE SUMMARY FOR AUGUST 26 2014...

CLIMATE NORMAL PERIOD 1981 TO 2010
CLIMATE RECORD PERIOD 1872 TO 2014


WEATHER ITEM   OBSERVED TIME   RECORD YEAR NORMAL DEPARTURE LAST
                VALUE   (LST)  VALUE       VALUE  FROM      YEAR
                                                  NORMAL
..................................................................
TEMPERATURE (F)
 YESTERDAY
  MAXIMUM         93    409 PM 103    1943  91      2       91
  MINIMUM         77    602 AM  55    1958  72      5       73
  AVERAGE         85                        81      4       82

PRECIPITATION (IN)
  YESTERDAY        T             4.32 1947   0.07  -0.07     0.00
  MONTH TO DATE    0.93                      2.50  -1.57     2.17
  SINCE JUN 1     16.89                     10.72   6.17    11.37
  SINCE JAN 1     42.85                     35.00   7.85    45.95

SNOWFALL (IN)
  YESTERDAY        0.0          MM      MM   0.0    0.0      0.0
  MONTH TO DATE    0.0                       0.0    0.0      0.0
  SINCE JUN 1      0.0                       0.0    0.0      0.0
  SINCE JUL 1      0.0                       0.0    0.0      0.0
  SNOW DEPTH       0

DEGREE DAYS
 HEATING
  YESTERDAY        0                         0      0        0
  MONTH TO DATE    0                         0      0        0
  SINCE JUN 1      0                         0      0        0
  SINCE JUL 1      0                         0      0        0

 COOLING
  YESTERDAY       20                        16      4       17
  MONTH TO DATE  463                       451     12      411
  SINCE JUN 1   1307                      1438   -131     1346
  SINCE JAN 1   1618                      1759   -141     1631
..................................................................


WIND (MPH)
  HIGHEST WIND SPEED    12   HIGHEST WIND DIRECTION     S (180)
  HIGHEST GUST SPEED    18   HIGHEST GUST DIRECTION     W (250)
  AVERAGE WIND SPEED     5.9


SKY COVER
  POSSIBLE SUNSHINE  MM
  AVERAGE SKY COVER 0.4


WEATHER CONDITIONS
 THE FOLLOWING WEATHER WAS RECORDED YESTERDAY.
  LIGHT RAIN


RELATIVE HUMIDITY (PERCENT)
 HIGHEST    82           600 AM
 LOWEST     47           200 PM
 AVERAGE    65

..........................................................


THE MEMPHIS CLIMATE NORMALS FOR TODAY
                         NORMAL    RECORD    YEAR
 MAXIMUM TEMPERATURE (F)   91       105      1943
 MINIMUM TEMPERATURE (F)   72        58      1945
                                             1927


SUNRISE AND SUNSET
AUGUST 27 2014........SUNRISE   629 AM CDT   SUNSET   733 PM CDT
AUGUST 28 2014........SUNRISE   630 AM CDT   SUNSET   732 PM CDT


-  INDICATES NEGATIVE NUMBERS.
R  INDICATES RECORD WAS SET OR TIED.
MM INDICATES DATA IS MISSING.
T  INDICATES TRACE AMOUNT.




$$
