000
CDUS41 KCLE 210527
CLIMFD


CLIMATE REPORT
NATIONAL WEATHER SERVICE CLEVELAND OH
1226 AM EST TUE NOV 21 2017


...................................

...THE MANSFIELD OH CLIMATE SUMMARY FOR NOVEMBER 20 2017...

CLIMATE NORMAL PERIOD 1981 TO 2010
CLIMATE RECORD PERIOD 1916 TO 2017


WEATHER ITEM   OBSERVED TIME   RECORD YEAR NORMAL DEPARTURE LAST
                VALUE   (LST)  VALUE       VALUE  FROM      YEAR
                                                  NORMAL
..................................................................
TEMPERATURE (F)
 YESTERDAY
  MAXIMUM         44    322 PM  72    1931  47     -3       31
  MINIMUM         24    723 AM  10    1951  32     -8       27
  AVERAGE         34                        40     -6       29

PRECIPITATION (IN)
  YESTERDAY        0.00                      0.13  -0.13      T
  MONTH TO DATE    6.08                      2.54   3.54     0.52
  SINCE SEP 1     10.61                      8.80   1.81     7.70
  SINCE JAN 1     47.19                     39.63   7.56    31.33

SNOWFALL (IN)
  YESTERDAY        0.0                       0.1   -0.1       T
  MONTH TO DATE    0.1                       1.0   -0.9      0.2
  SINCE SEP 1      0.1                       1.5   -1.4      0.2
  SINCE JUL 1      0.1                       1.5   -1.4      0.2
  SNOW DEPTH       0

DEGREE DAYS
 HEATING
  YESTERDAY       31                        25      6       36
  MONTH TO DATE  466                       434     32      315
  SINCE SEP 1    829                       977   -148      623
  SINCE JUL 1    843                      1002   -159      624

 COOLING
  YESTERDAY        0                         0      0        0
  MONTH TO DATE    0                         0      0        6
  SINCE SEP 1    131                        70     61      180
  SINCE JAN 1    748                       632    116     1084
..................................................................


WIND (MPH)
  HIGHEST WIND SPEED    23   HIGHEST WIND DIRECTION     S (180)
  HIGHEST GUST SPEED    30   HIGHEST GUST DIRECTION     S (190)
  AVERAGE WIND SPEED    14.9


SKY COVER
  POSSIBLE SUNSHINE  MM
  AVERAGE SKY COVER 0.1


WEATHER CONDITIONS
 THE FOLLOWING WEATHER WAS RECORDED YESTERDAY.
  NO SIGNIFICANT WEATHER WAS OBSERVED.


RELATIVE HUMIDITY (PERCENT)
 HIGHEST    92           500 AM
 LOWEST     49           100 PM
 AVERAGE    71

..........................................................


THE MANSFIELD OH CLIMATE NORMALS FOR TODAY
                         NORMAL    RECORD    YEAR
 MAXIMUM TEMPERATURE (F)   47        69      1934
 MINIMUM TEMPERATURE (F)   31        12      2014


SUNRISE AND SUNSET
NOVEMBER 21 2017......SUNRISE   724 AM EST   SUNSET   507 PM EST
NOVEMBER 22 2017......SUNRISE   725 AM EST   SUNSET   507 PM EST


-  INDICATES NEGATIVE NUMBERS.
R  INDICATES RECORD WAS SET OR TIED.
MM INDICATES DATA IS MISSING.
T  INDICATES TRACE AMOUNT.




$$
