000
CDUS41 KCLE 020538
CLIMFD


CLIMATE REPORT
NATIONAL WEATHER SERVICE CLEVELAND OH
126 AM EDT SUN AUG 2 2015


...................................

...THE MANSFIELD OH CLIMATE SUMMARY FOR AUGUST 1 2015...

CLIMATE NORMAL PERIOD 1981 TO 2010
CLIMATE RECORD PERIOD 1916 TO 2015


WEATHER ITEM   OBSERVED TIME   RECORD YEAR NORMAL DEPARTURE LAST
                VALUE   (LST)  VALUE       VALUE  FROM      YEAR
                                                  NORMAL
..................................................................
TEMPERATURE (F)
 YESTERDAY
  MAXIMUM         82    459 PM  94    1935  81      1       82
                                      1933
  MINIMUM         62    556 AM  41    1947  61      1       58
  AVERAGE         72                        71      1       70

PRECIPITATION (IN)
  YESTERDAY        0.00                      0.14  -0.14     0.52
  MONTH TO DATE    0.00                      0.14  -0.14     0.52
  SINCE JUN 1      8.93                      9.27  -0.34     9.74
  SINCE JAN 1     26.72                     26.60   0.12    26.07

SNOWFALL (IN)
  YESTERDAY        0.0                       0.0    0.0      0.0
  MONTH TO DATE    0.0                       0.0    0.0      0.0
  SINCE JUN 1      0.0                       0.0    0.0      0.0
  SINCE JUL 1      0.0                       0.0    0.0      0.0
  SNOW DEPTH       0

DEGREE DAYS
 HEATING
  YESTERDAY        0                         0      0        0
  MONTH TO DATE    0                         0      0        0
  SINCE JUN 1     36                        61    -25       41
  SINCE JUL 1      3                         8     -5       17

 COOLING
  YESTERDAY        7                         6      1        5
  MONTH TO DATE    7                         6      1        5
  SINCE JUN 1    352                       350      2      311
  SINCE JAN 1    470                       396     74      374
..................................................................


WIND (MPH)
  HIGHEST WIND SPEED    15   HIGHEST WIND DIRECTION    NW (310)
  HIGHEST GUST SPEED    22   HIGHEST GUST DIRECTION     W (250)
  AVERAGE WIND SPEED     7.1


SKY COVER
  POSSIBLE SUNSHINE  MM
  AVERAGE SKY COVER 0.2


WEATHER CONDITIONS
 THE FOLLOWING WEATHER WAS RECORDED YESTERDAY.
  NO SIGNIFICANT WEATHER WAS OBSERVED.


RELATIVE HUMIDITY (PERCENT)
 HIGHEST    81           100 AM
 LOWEST     36           300 PM
 AVERAGE    59

..........................................................


THE MANSFIELD OH CLIMATE NORMALS FOR TODAY
                         NORMAL    RECORD    YEAR
 MAXIMUM TEMPERATURE (F)   81        98      1930
 MINIMUM TEMPERATURE (F)   61        42      1959


SUNRISE AND SUNSET
AUGUST  2 2015........SUNRISE   627 AM EDT   SUNSET   845 PM EDT
AUGUST  3 2015........SUNRISE   628 AM EDT   SUNSET   844 PM EDT


-  INDICATES NEGATIVE NUMBERS.
R  INDICATES RECORD WAS SET OR TIED.
MM INDICATES DATA IS MISSING.
T  INDICATES TRACE AMOUNT.




$$
