000
CDUS44 KBRO 242229
CLIMFE


CLIMATE REPORT
NATIONAL WEATHER SERVICE BROWNSVILLE TX
429 PM CST WED DEC 24 2014


...................................

...THE MCALLEN CLIMATE SUMMARY FOR DECEMBER 24 2014...
VALID TODAY AS OF 0400 PM LOCAL TIME.

CLIMATE NORMAL PERIOD 1981 TO 2010
CLIMATE RECORD PERIOD 1941 TO 2014


WEATHER ITEM   OBSERVED TIME   RECORD YEAR NORMAL DEPARTURE LAST
                VALUE   (LST)  VALUE       VALUE  FROM      YEAR
                                                  NORMAL
..................................................................
TEMPERATURE (F)
 TODAY
  MAXIMUM         65    333 PM  92    1948  71     -6       66
  MINIMUM         47    725 AM  18    1989  51     -4       38
  AVERAGE         56                        61     -5       52

PRECIPITATION (IN)
  TODAY            0.00          0.40 1943   0.04  -0.04     0.00
  MONTH TO DATE    0.47                      0.90  -0.43     0.02
  SINCE DEC 1      0.47                      0.90  -0.43     0.02
  SINCE JAN 1     19.74                     21.91  -2.17    15.49

SNOWFALL (IN)
  TODAY            0.0
  MONTH TO DATE    0.0
  SINCE DEC 1      0.0
  SINCE JUL 1      0.0
  SNOW DEPTH       0

DEGREE DAYS
 HEATING
  TODAY            9                         7      2       13
  MONTH TO DATE   44                       129    -85      172
  SINCE DEC 1     44                       129    -85      172
  SINCE JUL 1    173                       189    -16      298

 COOLING
  TODAY            0                         2     -2        0
  MONTH TO DATE   76                        68      8       46
  SINCE DEC 1     76                        68      8       46
  SINCE JAN 1   4310                      4437   -127     4581
..................................................................


WIND (MPH)
  HIGHEST WIND SPEED    25   HIGHEST WIND DIRECTION    NW (310)
  HIGHEST GUST SPEED    32   HIGHEST GUST DIRECTION    NW (310)
  AVERAGE WIND SPEED    15.4



WEATHER CONDITIONS
 THE FOLLOWING WEATHER WAS RECORDED TODAY.
  NO SIGNIFICANT WEATHER WAS OBSERVED.


..........................................................


THE MCALLEN CLIMATE NORMALS FOR TOMORROW
                         NORMAL    RECORD    YEAR
 MAXIMUM TEMPERATURE (F)   71        90      1951
                                             1964
                                             1974
 MINIMUM TEMPERATURE (F)   51        19      1983


SUNRISE AND SUNSET
DECEMBER 24 2014......SUNRISE   717 AM CST   SUNSET   548 PM CST
DECEMBER 25 2014......SUNRISE   718 AM CST   SUNSET   548 PM CST


-  INDICATES NEGATIVE NUMBERS.
R  INDICATES RECORD WAS SET OR TIED.
MM INDICATES DATA IS MISSING.
T  INDICATES TRACE AMOUNT.




$$
