000
CDUS44 KBRO 310627
CLIMFE


CLIMATE REPORT
NATIONAL WEATHER SERVICE BROWNSVILLE TX
126 AM CDT FRI JUL 31 2015


...................................

...THE MCALLEN CLIMATE SUMMARY FOR JULY 30 2015...

CLIMATE NORMAL PERIOD 1981 TO 2010
CLIMATE RECORD PERIOD 1941 TO 2015


WEATHER ITEM   OBSERVED TIME   RECORD YEAR NORMAL DEPARTURE LAST
                VALUE   (LST)  VALUE       VALUE  FROM      YEAR
                                                  NORMAL
..................................................................
TEMPERATURE (F)
 YESTERDAY
  MAXIMUM        104    411 PM 106    2009  98      6      104
  MINIMUM         78    611 AM  65    1974  77      1       75
  AVERAGE         91                        87      4

PRECIPITATION (IN)
  YESTERDAY        0.00          1.15 1947   0.05  -0.05     0.00
  MONTH TO DATE    0.25                      1.96  -1.71     0.60
  SINCE JUN 1      5.64                      4.54   1.10     0.90
  SINCE JAN 1     17.11                     11.32   5.79     3.78

SNOWFALL (IN)
  YESTERDAY        0.0
  MONTH TO DATE    0.0
  SINCE JUN 1      0.0
  SINCE JUL 1      0.0

DEGREE DAYS
 HEATING
  YESTERDAY        0                         0      0        0
  MONTH TO DATE    0                         0      0        0
  SINCE JUN 1      0                         0      0        0
  SINCE JUL 1      0                         0      0        0

 COOLING
  YESTERDAY       26                        22      4       25
  MONTH TO DATE  730                       650     80      686
  SINCE JUN 1   1371                      1278     93     1356
  SINCE JAN 1   2616                      2533     83     2412
..................................................................


WIND (MPH)
  HIGHEST WIND SPEED    20   HIGHEST WIND DIRECTION     E (100)
  HIGHEST GUST SPEED    26   HIGHEST GUST DIRECTION    SE (130)
  AVERAGE WIND SPEED     8.8



WEATHER CONDITIONS
 THE FOLLOWING WEATHER WAS RECORDED YESTERDAY.
  FOG
  HAZE


RELATIVE HUMIDITY (PERCENT)
 HIGHEST    85
 LOWEST     25
 AVERAGE    55

..........................................................


THE MCALLEN CLIMATE NORMALS FOR TODAY
                         NORMAL    RECORD    YEAR
 MAXIMUM TEMPERATURE (F)   98       106      2009
 MINIMUM TEMPERATURE (F)   77        64      1974


SUNRISE AND SUNSET
JULY 31 2015..........SUNRISE   658 AM CDT   SUNSET   820 PM CDT
AUGUST  1 2015........SUNRISE   659 AM CDT   SUNSET   820 PM CDT


-  INDICATES NEGATIVE NUMBERS.
R  INDICATES RECORD WAS SET OR TIED.
MM INDICATES DATA IS MISSING.
T  INDICATES TRACE AMOUNT.




$$
