000
CDUS44 KBRO 260630
CLIMFE


CLIMATE REPORT
NATIONAL WEATHER SERVICE BROWNSVILLE TX
129 AM CDT WED APR 26 2017


...................................

...THE MCALLEN CLIMATE SUMMARY FOR APRIL 25 2017...

CLIMATE NORMAL PERIOD 1981 TO 2010
CLIMATE RECORD PERIOD 1961 TO 2017


WEATHER ITEM   OBSERVED TIME   RECORD YEAR NORMAL DEPARTURE LAST
                VALUE   (LST)  VALUE       VALUE  FROM      YEAR
                                                  NORMAL
..................................................................
TEMPERATURE (F)
 YESTERDAY
  MAXIMUM         99R   223 PM  99    1961  88     11       96
  MINIMUM         70   1212 AM  56    1968  68      2       76
  AVERAGE         85                        78      7

PRECIPITATION (IN)
  YESTERDAY        0.00          3.24 1992   0.06  -0.06     0.00
  MONTH TO DATE    0.73                      1.04  -0.31     0.59
  SINCE MAR 1      3.25                      2.07   1.18     0.62
  SINCE JAN 1      4.88                      4.23   0.65     1.02

SNOWFALL (IN)
  YESTERDAY        0.0
  MONTH TO DATE    0.0
  SINCE MAR 1      0.0
  SINCE JUL 1      0.0

DEGREE DAYS
 HEATING
  YESTERDAY        0                         0      0        0
  MONTH TO DATE    0                         3     -3        1
  SINCE MAR 1      1                        41    -40        7
  SINCE JUL 1    189                       574   -385      318

 COOLING
  YESTERDAY       20                        13      7       21
  MONTH TO DATE  379                       286     93      350
  SINCE MAR 1    740                       504    236      711
  SINCE JAN 1   1221                       663    558      916
..................................................................


WIND (MPH)
  HIGHEST WIND SPEED    24   HIGHEST WIND DIRECTION    SE (130)
  HIGHEST GUST SPEED    33   HIGHEST GUST DIRECTION    SE (130)
  AVERAGE WIND SPEED    15.8



WEATHER CONDITIONS
 THE FOLLOWING WEATHER WAS RECORDED YESTERDAY.
  NO SIGNIFICANT WEATHER WAS OBSERVED.


RELATIVE HUMIDITY (PERCENT)
 HIGHEST    90
 LOWEST     42
 AVERAGE    66

..........................................................


THE MCALLEN CLIMATE NORMALS FOR TODAY
                         NORMAL    RECORD    YEAR
 MAXIMUM TEMPERATURE (F)   88       107      1984
 MINIMUM TEMPERATURE (F)   68        58      2001


SUNRISE AND SUNSET
APRIL 26 2017.........SUNRISE   659 AM CDT   SUNSET   802 PM CDT
APRIL 27 2017.........SUNRISE   659 AM CDT   SUNSET   803 PM CDT


-  INDICATES NEGATIVE NUMBERS.
R  INDICATES RECORD WAS SET OR TIED.
MM INDICATES DATA IS MISSING.
T  INDICATES TRACE AMOUNT.




$$
