232
CDUS44 KBRO 160729
CLIMFE


CLIMATE REPORT
NATIONAL WEATHER SERVICE BROWNSVILLE TX
126 AM CST SAT DEC 16 2017


...................................

...THE MCALLEN CLIMATE SUMMARY FOR DECEMBER 15 2017...

CLIMATE NORMAL PERIOD 1981 TO 2010
CLIMATE RECORD PERIOD 1961 TO 2017


WEATHER ITEM   OBSERVED TIME   RECORD YEAR NORMAL DEPARTURE LAST
                VALUE   (LST)  VALUE       VALUE  FROM      YEAR
                                                  NORMAL
..................................................................
TEMPERATURE (F)
 YESTERDAY
  MAXIMUM         61    157 AM  89    2015  72    -11       68
  MINIMUM         49   1159 PM  33    1964  52     -3       61
  AVERAGE         55                        62     -7

PRECIPITATION (IN)
  YESTERDAY        0.19          0.84 1965   0.04   0.15     0.03
  MONTH TO DATE    1.02                      0.54   0.48     0.59
  SINCE DEC 1      1.02                      0.54   0.48     0.59
  SINCE JAN 1     19.54                     21.55  -2.01    13.74

SNOWFALL (IN)
  YESTERDAY        0.0
  MONTH TO DATE    0.0
  SINCE DEC 1      0.0
  SINCE JUL 1      0.0

DEGREE DAYS
 HEATING
  YESTERDAY       10                         6      4        0
  MONTH TO DATE  113                        73     40       49
  SINCE DEC 1    113                        73     40       49
  SINCE JUL 1    142                       133      9       56

 COOLING
  YESTERDAY        0                         3     -3        0
  MONTH TO DATE   47                        47      0       47
  SINCE DEC 1     47                        47      0       47
  SINCE JAN 1   5657                      4416   1241     5561
..................................................................


WIND (MPH)
  HIGHEST WIND SPEED    23   HIGHEST WIND DIRECTION     N (350)
  HIGHEST GUST SPEED    33   HIGHEST GUST DIRECTION     N (340)
  AVERAGE WIND SPEED    11.1



WEATHER CONDITIONS
 THE FOLLOWING WEATHER WAS RECORDED YESTERDAY.
  LIGHT RAIN
  FOG


RELATIVE HUMIDITY (PERCENT)
 HIGHEST    90
 LOWEST     71
 AVERAGE    81

..........................................................


THE MCALLEN CLIMATE NORMALS FOR TODAY
                         NORMAL    RECORD    YEAR
 MAXIMUM TEMPERATURE (F)   72        89      1977
 MINIMUM TEMPERATURE (F)   52        30      1989


SUNRISE AND SUNSET
DECEMBER 16 2017......SUNRISE   713 AM CST   SUNSET   544 PM CST
DECEMBER 17 2017......SUNRISE   714 AM CST   SUNSET   544 PM CST


-  INDICATES NEGATIVE NUMBERS.
R  INDICATES RECORD WAS SET OR TIED.
MM INDICATES DATA IS MISSING.
T  INDICATES TRACE AMOUNT.




$$
