000
CDUS44 KBRO 260645
CLIMFE


CLIMATE REPORT
NATIONAL WEATHER SERVICE BROWNSVILLE TX
145 AM CDT TUE JUL 26 2016


...................................

...THE MCALLEN CLIMATE SUMMARY FOR JULY 25 2016...

CLIMATE NORMAL PERIOD 1981 TO 2010
CLIMATE RECORD PERIOD 1961 TO 2016


WEATHER ITEM   OBSERVED TIME   RECORD YEAR NORMAL DEPARTURE LAST
                VALUE   (LST)  VALUE       VALUE  FROM      YEAR
                                                  NORMAL
..................................................................
TEMPERATURE (F)
 YESTERDAY
  MAXIMUM        103    315 PM 105    2009  98      5      102
  MINIMUM         80    608 AM  69    1976  77      3       81
  AVERAGE         92                        87      5

PRECIPITATION (IN)
  YESTERDAY        0.00          1.02 2001   0.05  -0.05     0.00
  MONTH TO DATE    0.25                      1.71  -1.46     0.25
  SINCE JUN 1      0.49                      4.29  -3.80     5.64
  SINCE JAN 1      8.46                     11.07  -2.61    17.11

SNOWFALL (IN)
  YESTERDAY        0.0
  MONTH TO DATE    0.0
  SINCE JUN 1      0.0
  SINCE JUL 1      0.0

DEGREE DAYS
 HEATING
  YESTERDAY        0                         0      0        0
  MONTH TO DATE    0                         0      0        0
  SINCE JUN 1      0                         0      0        0
  SINCE JUL 1      0                         0      0        0

 COOLING
  YESTERDAY       27                        22      5       27
  MONTH TO DATE  660                       540    120      595
  SINCE JUN 1   1317                      1168    149     1236
  SINCE JAN 1   2935                      2423    512     2481
..................................................................


WIND (MPH)
  HIGHEST WIND SPEED    24   HIGHEST WIND DIRECTION    SE (140)
  HIGHEST GUST SPEED    29   HIGHEST GUST DIRECTION    SE (120)
  AVERAGE WIND SPEED    10.9



WEATHER CONDITIONS
 THE FOLLOWING WEATHER WAS RECORDED YESTERDAY.
  FOG
  HAZE


RELATIVE HUMIDITY (PERCENT)
 HIGHEST    85
 LOWEST     35
 AVERAGE    60

..........................................................


THE MCALLEN CLIMATE NORMALS FOR TODAY
                         NORMAL    RECORD    YEAR
 MAXIMUM TEMPERATURE (F)   98       106      1986
 MINIMUM TEMPERATURE (F)   77        71      1988
                                             1976
                                             1968


SUNRISE AND SUNSET
JULY 26 2016..........SUNRISE   656 AM CDT   SUNSET   823 PM CDT
JULY 27 2016..........SUNRISE   656 AM CDT   SUNSET   822 PM CDT


-  INDICATES NEGATIVE NUMBERS.
R  INDICATES RECORD WAS SET OR TIED.
MM INDICATES DATA IS MISSING.
T  INDICATES TRACE AMOUNT.




$$
