000
CDUS44 KBRO 202126
CLIMFE


CLIMATE REPORT
NATIONAL WEATHER SERVICE BROWNSVILLE TX
426 PM CDT SUN AUG 20 2017


...................................

...THE MCALLEN CLIMATE SUMMARY FOR AUGUST 20 2017...
VALID TODAY AS OF 0400 PM LOCAL TIME.

CLIMATE NORMAL PERIOD 1981 TO 2010
CLIMATE RECORD PERIOD 1961 TO 2017


WEATHER ITEM   OBSERVED TIME   RECORD YEAR NORMAL DEPARTURE LAST
                VALUE   (LST)  VALUE       VALUE  FROM      YEAR
                                                  NORMAL
..................................................................
TEMPERATURE (F)
 TODAY
  MAXIMUM        102    255 PM 105    2009  98      4      103
                                      1986
  MINIMUM         79    515 AM  71    1967  77      2       82
  AVERAGE         91                        88      3       93

PRECIPITATION (IN)
  TODAY            0.00          2.21 2015   0.08  -0.08     0.00
  MONTH TO DATE    0.55                      1.08  -0.53     0.71
  SINCE JUN 1      0.91                      5.66  -4.75     1.20
  SINCE JAN 1      6.78                     12.44  -5.66     9.17

SNOWFALL (IN)
  TODAY            0.0
  MONTH TO DATE    0.0
  SINCE JUN 1      0.0
  SINCE JUL 1      0.0
  SNOW DEPTH       0

DEGREE DAYS
 HEATING
  TODAY            0                         0      0        0
  MONTH TO DATE    0                         0      0        0
  SINCE JUN 1      0                         0      0        0
  SINCE JUL 1      0                         0      0        0

 COOLING
  TODAY           26                        22      4       28
  MONTH TO DATE  528                       458     70      533
  SINCE JUN 1   2051                      1760    291     2011
  SINCE JAN 1   3990                      3015    975     3629
..................................................................


WIND (MPH)
  HIGHEST WIND SPEED    20   HIGHEST WIND DIRECTION    SE (120)
  HIGHEST GUST SPEED    26   HIGHEST GUST DIRECTION    SE (130)
  AVERAGE WIND SPEED     9.4



WEATHER CONDITIONS
 THE FOLLOWING WEATHER WAS RECORDED TODAY.
  NO SIGNIFICANT WEATHER WAS OBSERVED.


..........................................................


THE MCALLEN CLIMATE NORMALS FOR TOMORROW
                         NORMAL    RECORD    YEAR
 MAXIMUM TEMPERATURE (F)   98       103      1997
 MINIMUM TEMPERATURE (F)   77        70      1961


SUNRISE AND SUNSET
AUGUST 20 2017........SUNRISE   708 AM CDT   SUNSET   804 PM CDT
AUGUST 21 2017........SUNRISE   708 AM CDT   SUNSET   803 PM CDT


-  INDICATES NEGATIVE NUMBERS.
R  INDICATES RECORD WAS SET OR TIED.
MM INDICATES DATA IS MISSING.
T  INDICATES TRACE AMOUNT.




$$
