000
CDUS44 KBRO 062227
CLIMFE


CLIMATE REPORT
NATIONAL WEATHER SERVICE BROWNSVILLE TX
427 PM CST FRI MAR 6 2015


...................................

...THE MCALLEN CLIMATE SUMMARY FOR MARCH 6 2015...
VALID TODAY AS OF 0400 PM LOCAL TIME.

CLIMATE NORMAL PERIOD 1981 TO 2010
CLIMATE RECORD PERIOD 1941 TO 2015


WEATHER ITEM   OBSERVED TIME   RECORD YEAR NORMAL DEPARTURE LAST
                VALUE   (LST)  VALUE       VALUE  FROM      YEAR
                                                  NORMAL
..................................................................
TEMPERATURE (F)
 TODAY
  MAXIMUM         53    358 PM 100    1956  79    -26       72
  MINIMUM         44    821 AM  32    1942  58    -14       48
  AVERAGE         49                        69    -20       60

PRECIPITATION (IN)
  TODAY            0.00          0.04 1994   0.03  -0.03     0.00
  MONTH TO DATE    T                         0.23  -0.23     0.02
  SINCE MAR 1      T                         0.23  -0.23     0.02
  SINCE JAN 1      0.59                      2.39  -1.80     0.90

SNOWFALL (IN)
  TODAY            0.0
  MONTH TO DATE    0.0
  SINCE MAR 1      0.0
  SINCE JUL 1      0.0
  SNOW DEPTH       0

DEGREE DAYS
 HEATING
  TODAY           16                         2     14        5
  MONTH TO DATE   41                        12     29       57
  SINCE MAR 1     41                        12     29       57
  SINCE JUL 1    731                       545    186      833

 COOLING
  TODAY            0                         6     -6        0
  MONTH TO DATE   17                        31    -14       15
  SINCE MAR 1     17                        31    -14       15
  SINCE JAN 1    102                       190    -88      143
..................................................................


WIND (MPH)
  HIGHEST WIND SPEED    18   HIGHEST WIND DIRECTION     N (10)
  HIGHEST GUST SPEED    23   HIGHEST GUST DIRECTION     N (10)
  AVERAGE WIND SPEED    10.0



WEATHER CONDITIONS
 THE FOLLOWING WEATHER WAS RECORDED TODAY.
  NO SIGNIFICANT WEATHER WAS OBSERVED.


..........................................................


THE MCALLEN CLIMATE NORMALS FOR TOMORROW
                         NORMAL    RECORD    YEAR
 MAXIMUM TEMPERATURE (F)   80        98      1991
 MINIMUM TEMPERATURE (F)   58        35      1989


SUNRISE AND SUNSET
MARCH  6 2015.........SUNRISE   652 AM CST   SUNSET   637 PM CST
MARCH  7 2015.........SUNRISE   651 AM CST   SUNSET   638 PM CST


-  INDICATES NEGATIVE NUMBERS.
R  INDICATES RECORD WAS SET OR TIED.
MM INDICATES DATA IS MISSING.
T  INDICATES TRACE AMOUNT.




$$
