660
CDUS44 KBRO 200628
CLIMFE


CLIMATE REPORT
NATIONAL WEATHER SERVICE BROWNSVILLE TX
127 AM CDT FRI OCT 20 2017


...................................

...THE MCALLEN CLIMATE SUMMARY FOR OCTOBER 19 2017...

CLIMATE NORMAL PERIOD 1981 TO 2010
CLIMATE RECORD PERIOD 1961 TO 2017


WEATHER ITEM   OBSERVED TIME   RECORD YEAR NORMAL DEPARTURE LAST
                VALUE   (LST)  VALUE       VALUE  FROM      YEAR
                                                  NORMAL
..................................................................
TEMPERATURE (F)
 YESTERDAY
  MAXIMUM         91    259 PM 100    2016  87      4      100
  MINIMUM         66    427 AM  51    1989  66      0       76
  AVERAGE         79                        77      2

PRECIPITATION (IN)
  YESTERDAY        0.00          1.90 1980   0.07  -0.07     0.00
  MONTH TO DATE    6.00                      1.38   4.62     0.05
  SINCE SEP 1      8.44                      5.85   2.59     1.74
  SINCE JAN 1     15.23                     19.42  -4.19    11.04

SNOWFALL (IN)
  YESTERDAY        0.0
  MONTH TO DATE    0.0
  SINCE SEP 1      0.0
  SINCE JUL 1      0.0

DEGREE DAYS
 HEATING
  YESTERDAY        0                         0      0        0
  MONTH TO DATE    0                         0      0        0
  SINCE SEP 1      0                         0      0        0
  SINCE JUL 1      0                         0      0        0

 COOLING
  YESTERDAY       14                        12      2       23
  MONTH TO DATE  294                       257     37      380
  SINCE SEP 1    944                       805    139     1101
  SINCE JAN 1   5210                      4056   1154     5003
..................................................................


WIND (MPH)
  HIGHEST WIND SPEED    17   HIGHEST WIND DIRECTION    NE (50)
  HIGHEST GUST SPEED    23   HIGHEST GUST DIRECTION    NE (50)
  AVERAGE WIND SPEED     5.8



WEATHER CONDITIONS
 THE FOLLOWING WEATHER WAS RECORDED YESTERDAY.
  NO SIGNIFICANT WEATHER WAS OBSERVED.


RELATIVE HUMIDITY (PERCENT)
 HIGHEST    93
 LOWEST     44
 AVERAGE    69

..........................................................


THE MCALLEN CLIMATE NORMALS FOR TODAY
                         NORMAL    RECORD    YEAR
 MAXIMUM TEMPERATURE (F)   87       100      2016
 MINIMUM TEMPERATURE (F)   66        44      1989


SUNRISE AND SUNSET
OCTOBER 20 2017.......SUNRISE   735 AM CDT   SUNSET   700 PM CDT
OCTOBER 21 2017.......SUNRISE   735 AM CDT   SUNSET   659 PM CDT


-  INDICATES NEGATIVE NUMBERS.
R  INDICATES RECORD WAS SET OR TIED.
MM INDICATES DATA IS MISSING.
T  INDICATES TRACE AMOUNT.




$$
