000
CDUS44 KBRO 280626
CLIMFE


CLIMATE REPORT
NATIONAL WEATHER SERVICE BROWNSVILLE TX
126 AM CDT THU MAY 28 2015


...................................

...THE MCALLEN CLIMATE SUMMARY FOR MAY 27 2015...

CLIMATE NORMAL PERIOD 1981 TO 2010
CLIMATE RECORD PERIOD 1941 TO 2015


WEATHER ITEM   OBSERVED TIME   RECORD YEAR NORMAL DEPARTURE LAST
                VALUE   (LST)  VALUE       VALUE  FROM      YEAR
                                                  NORMAL
..................................................................
TEMPERATURE (F)
 YESTERDAY
  MAXIMUM         94    227 PM  99    2011  94      0       95
                                      1964
                                      2000
  MINIMUM         79    619 AM  63    1947  74      5       78
  AVERAGE         87                        84      3

PRECIPITATION (IN)
  YESTERDAY        0.00          1.00 1992   0.07  -0.07      T
  MONTH TO DATE    3.76                      1.93   1.83     0.50
  SINCE MAR 1      9.74                      4.30   5.44     1.70
  SINCE JAN 1     10.33                      6.46   3.87     2.58

SNOWFALL (IN)
  YESTERDAY        0.0
  MONTH TO DATE    0.0
  SINCE MAR 1      0.0
  SINCE JUL 1      0.0

DEGREE DAYS
 HEATING
  YESTERDAY        0                         0      0        0
  MONTH TO DATE    0                         0      0        0
  SINCE MAR 1     66                        46     20      107
  SINCE JUL 1    756                       579    177      883

 COOLING
  YESTERDAY       22                        19      3       22
  MONTH TO DATE  495                       447     48      362
  SINCE MAR 1   1091                      1019     72      847
  SINCE JAN 1   1176                      1178     -2      975
..................................................................


WIND (MPH)
  HIGHEST WIND SPEED    23   HIGHEST WIND DIRECTION     E (110)
  HIGHEST GUST SPEED    28   HIGHEST GUST DIRECTION    SE (130)
  AVERAGE WIND SPEED    13.1



WEATHER CONDITIONS
 THE FOLLOWING WEATHER WAS RECORDED YESTERDAY.
  FOG
  HAZE


RELATIVE HUMIDITY (PERCENT)
 HIGHEST    91
 LOWEST     52
 AVERAGE    72

..........................................................


THE MCALLEN CLIMATE NORMALS FOR TODAY
                         NORMAL    RECORD    YEAR
 MAXIMUM TEMPERATURE (F)   94       104      1973
 MINIMUM TEMPERATURE (F)   74        60      1951


SUNRISE AND SUNSET
MAY 28 2015...........SUNRISE   642 AM CDT   SUNSET   819 PM CDT
MAY 29 2015...........SUNRISE   641 AM CDT   SUNSET   820 PM CDT


-  INDICATES NEGATIVE NUMBERS.
R  INDICATES RECORD WAS SET OR TIED.
MM INDICATES DATA IS MISSING.
T  INDICATES TRACE AMOUNT.




$$
