000
CDUS46 KMFR 160836
CLIMFR


CLIMATE REPORT
NATIONAL WEATHER SERVICE MEDFORD, OR
1236 AM PST TUE JAN 16 2018


...................................

...THE MEDFORD OR CLIMATE SUMMARY FOR JANUARY 15 2018...

CLIMATE NORMAL PERIOD 1981 TO 2010
CLIMATE RECORD PERIOD 1911 TO 2018


WEATHER ITEM   OBSERVED TIME   RECORD YEAR NORMAL DEPARTURE LAST
                VALUE   (LST)  VALUE       VALUE  FROM      YEAR
                                                  NORMAL
..................................................................
TEMPERATURE (F)
 YESTERDAY
  MAXIMUM         60R   626 PM  59    2010  47     13       44
                                      1996
  MINIMUM         33    800 AM   2    1930  33      0       26
  AVERAGE         47                        40      7       35

PRECIPITATION (IN)
  YESTERDAY        0.09          1.33 1974   0.07   0.02      T
  MONTH TO DATE    0.70                      1.33  -0.63     3.69
  SINCE OCT 1      5.31                      8.97  -3.66    15.38
  SINCE JAN 1      0.70                      1.33  -0.63     3.69

SNOWFALL (IN)
  YESTERDAY        0.0                       0.1   -0.1       T
  MONTH TO DATE    0.0                       0.7   -0.7     11.4
  SINCE JUL 1      0.0                       2.4   -2.4     11.8
  SNOW DEPTH       0

DEGREE DAYS
 HEATING
  YESTERDAY       18                        25     -7       30
  MONTH TO DATE  334                       384    -50      482
  SINCE DEC 1   1160                      1181    -21     1334
  SINCE JUL 1   2095                      2150    -55     2107

 COOLING
  YESTERDAY        0                         0      0        0
  MONTH TO DATE    0                         0      0        0
  SINCE DEC 1      0                         0      0        0
  SINCE JAN 1      0                         0      0        0
..................................................................


WIND (MPH)
  HIGHEST WIND SPEED    14   HIGHEST WIND DIRECTION    NW (320)
  HIGHEST GUST SPEED    17   HIGHEST GUST DIRECTION    NW (320)
  AVERAGE WIND SPEED     3.5


SKY COVER
  POSSIBLE SUNSHINE  MM
  AVERAGE SKY COVER 0.2


WEATHER CONDITIONS
 THE FOLLOWING WEATHER WAS RECORDED YESTERDAY.
  LIGHT RAIN
  FOG
  FOG W/VISIBILITY <= 1/4 MILE


RELATIVE HUMIDITY (PERCENT)
 HIGHEST   100           300 AM
 LOWEST     71           600 PM
 AVERAGE    86

..........................................................


THE MEDFORD OR CLIMATE NORMALS FOR TODAY
                         NORMAL    RECORD    YEAR
 MAXIMUM TEMPERATURE (F)   48        62      1944
 MINIMUM TEMPERATURE (F)   33        15      1987
                                             1949


SUNRISE AND SUNSET
JANUARY 16 2018.......SUNRISE   737 AM PST   SUNSET   506 PM PST
JANUARY 17 2018.......SUNRISE   737 AM PST   SUNSET   507 PM PST


-  INDICATES NEGATIVE NUMBERS.
R  INDICATES RECORD WAS SET OR TIED.
MM INDICATES DATA IS MISSING.
T  INDICATES TRACE AMOUNT.




$$
