000
CDUS46 KMFR 280837
CLIMFR


CLIMATE REPORT
NATIONAL WEATHER SERVICE MEDFORD, OR
137 AM PDT FRI AUG 28 2015


...................................

...THE MEDFORD OR CLIMATE SUMMARY FOR AUGUST 27 2015...

CLIMATE NORMAL PERIOD 1981 TO 2010
CLIMATE RECORD PERIOD 1911 TO 2015


WEATHER ITEM   OBSERVED TIME   RECORD YEAR NORMAL DEPARTURE LAST
                VALUE   (LST)  VALUE       VALUE  FROM      YEAR
                                                  NORMAL
..................................................................
TEMPERATURE (F)
 YESTERDAY
  MAXIMUM         91    358 PM 106    1972  89      2       98
  MINIMUM         56    626 AM  39    1962  55      1       61
  AVERAGE         74                        72      2       80

PRECIPITATION (IN)
  YESTERDAY        0.00          0.20 1920   0.02  -0.02     0.00
  MONTH TO DATE    0.01                      0.34  -0.33     0.63
  SINCE OCT 1     14.29                     17.72  -3.43    13.07
  SINCE JAN 1      7.44                     10.08  -2.64    11.39

SNOWFALL (IN)
  YESTERDAY        0.0                       0.0    0.0      0.0
  MONTH TO DATE    0.0                       0.0    0.0      0.0
  SINCE JUL 1      0.0                       0.0    0.0      0.0
  SNOW DEPTH       0

DEGREE DAYS
 HEATING
  YESTERDAY        0                         0      0        0
  MONTH TO DATE    0                         0      0        0
  SINCE JUN 1     10                        60    -50       22
  SINCE JUL 1      0                         6     -6        0

 COOLING
  YESTERDAY        9                         7      2       15
  MONTH TO DATE  324                       250     74      337
  SINCE JUN 1   1060                       644    416      919
  SINCE JAN 1   1105                       682    423      975
..................................................................


WIND (MPH)
  HIGHEST WIND SPEED    17   HIGHEST WIND DIRECTION    NW (310)
  HIGHEST GUST SPEED    23   HIGHEST GUST DIRECTION    NW (310)
  AVERAGE WIND SPEED     5.0


SKY COVER
  POSSIBLE SUNSHINE  MM
  AVERAGE SKY COVER 0.0


WEATHER CONDITIONS
 THE FOLLOWING WEATHER WAS RECORDED YESTERDAY.
  HAZE


RELATIVE HUMIDITY (PERCENT)
 HIGHEST    57           500 AM
 LOWEST     18           400 PM
 AVERAGE    38

..........................................................


THE MEDFORD OR CLIMATE NORMALS FOR TODAY
                         NORMAL    RECORD    YEAR
 MAXIMUM TEMPERATURE (F)   88       104      1967
 MINIMUM TEMPERATURE (F)   55        41      1937


SUNRISE AND SUNSET
AUGUST 28 2015........SUNRISE   632 AM PDT   SUNSET   752 PM PDT
AUGUST 29 2015........SUNRISE   633 AM PDT   SUNSET   751 PM PDT


-  INDICATES NEGATIVE NUMBERS.
R  INDICATES RECORD WAS SET OR TIED.
MM INDICATES DATA IS MISSING.
T  INDICATES TRACE AMOUNT.




$$
