000
CDUS46 KMFR 271812
CLIMFR

CLIMATE REPORT
NATIONAL WEATHER SERVICE MEDFORD, OR
1110 AM PDT FRI MAR 27 2015


...................................

...THE MEDFORD OR CLIMATE SUMMARY FOR MARCH 26 2015...

CLIMATE NORMAL PERIOD 1981 TO 2010
CLIMATE RECORD PERIOD 1911 TO 2015


WEATHER ITEM   OBSERVED TIME   RECORD YEAR NORMAL DEPARTURE LAST
                VALUE   (LST)  VALUE       VALUE  FROM      YEAR
                                                  NORMAL
..................................................................
TEMPERATURE (F)
 YESTERDAY
  MAXIMUM         80R   509 PM  80    1923  61     19       58
  MINIMUM         42    614 AM  23    1914  38      4       43
  AVERAGE         61                        50     11       51

PRECIPITATION (IN)
  YESTERDAY        0.00          1.57 1940   0.05  -0.05     0.05
  MONTH TO DATE    1.32                      1.45  -0.13     2.53
  SINCE OCT 1     12.62                     13.53  -0.91     9.54
  SINCE JAN 1      5.77                      5.89  -0.12     7.86

SNOWFALL (IN)
  YESTERDAY        0.0                       0.0    0.0      0.0
  MONTH TO DATE    0.0                       0.5   -0.5      0.0
  SINCE JUL 1      T                         4.1   -4.1      3.4
  SNOW DEPTH       0

DEGREE DAYS
 HEATING
  YESTERDAY        4                        15    -11       14
  MONTH TO DATE  309                       443   -134      345
  SINCE MAR 1    309                       443   -134      345
  SINCE JUL 1   2749                      3557   -808     3715

 COOLING
  YESTERDAY        0                         0      0        0
  MONTH TO DATE    0                         0      0        0
  SINCE MAR 1      0                         0      0        0
  SINCE JAN 1      0                         0      0        0
..................................................................


WIND (MPH)
  HIGHEST WIND SPEED    10   HIGHEST WIND DIRECTION     S (170)
  HIGHEST GUST SPEED    14   HIGHEST GUST DIRECTION    SW (210)
  AVERAGE WIND SPEED     1.9


SKY COVER
  POSSIBLE SUNSHINE  MM
  AVERAGE SKY COVER 0.0


WEATHER CONDITIONS
 THE FOLLOWING WEATHER WAS RECORDED YESTERDAY.
  NO SIGNIFICANT WEATHER WAS OBSERVED.


RELATIVE HUMIDITY (PERCENT)
 HIGHEST    89           500 AM
 LOWEST     30           400 PM
 AVERAGE    60

..........................................................


THE MEDFORD OR CLIMATE NORMALS FOR TODAY
                         NORMAL    RECORD    YEAR
 MAXIMUM TEMPERATURE (F)   61        83      1994
 MINIMUM TEMPERATURE (F)   38        24      1944


SUNRISE AND SUNSET
MARCH 27 2015.........SUNRISE   703 AM PDT   SUNSET   732 PM PDT
MARCH 28 2015.........SUNRISE   701 AM PDT   SUNSET   733 PM PDT


-  INDICATES NEGATIVE NUMBERS.
R  INDICATES RECORD WAS SET OR TIED.
MM INDICATES DATA IS MISSING.
T  INDICATES TRACE AMOUNT.

&&

LOW TEMPERATURE SINCE MIDNIGHT...46 DEGREES
24-HOUR PRECIPITATION............0

$$
