000
CDUS46 KMFR 270835
CLIMFR


CLIMATE REPORT
NATIONAL WEATHER SERVICE MEDFORD, OR
135 AM PDT FRI MAY 27 2016


...................................

...THE MEDFORD OR CLIMATE SUMMARY FOR MAY 26 2016...

CLIMATE NORMAL PERIOD 1981 TO 2010
CLIMATE RECORD PERIOD 1911 TO 2016


WEATHER ITEM   OBSERVED TIME   RECORD YEAR NORMAL DEPARTURE LAST
                VALUE   (LST)  VALUE       VALUE  FROM      YEAR
                                                  NORMAL
..................................................................
TEMPERATURE (F)
 YESTERDAY
  MAXIMUM         75    401 PM  95    2005  76     -1       83
  MINIMUM         46    505 AM  32    1922  48     -2       47
  AVERAGE         61                        62     -1       65

PRECIPITATION (IN)
  YESTERDAY        0.00          1.40 1953   0.04  -0.04     0.00
  MONTH TO DATE    0.33                      1.11  -0.78     0.31
  SINCE OCT 1     18.75                     16.28   2.47    13.66
  SINCE JAN 1      8.99                      8.64   0.35     6.81

SNOWFALL (IN)
  YESTERDAY        0.0                       0.0    0.0      0.0
  MONTH TO DATE    0.0                       0.0    0.0      0.0
  SINCE JUL 1      1.9                       4.1   -2.2       T
  SNOW DEPTH       0

DEGREE DAYS
 HEATING
  YESTERDAY        4                         5     -1        0
  MONTH TO DATE   81                       177    -96      107
  SINCE MAR 1    736                      1062   -326      796
  SINCE JUL 1   3410                      4176   -766     3236

 COOLING
  YESTERDAY        0                         2     -2        0
  MONTH TO DATE   31                        28      3        6
  SINCE MAR 1     48                        31     17        6
  SINCE JAN 1     48                        31     17        6
..................................................................


WIND (MPH)
  HIGHEST WIND SPEED    21   HIGHEST WIND DIRECTION     N (360)
  HIGHEST GUST SPEED    24   HIGHEST GUST DIRECTION     N (360)
  AVERAGE WIND SPEED     5.3


SKY COVER
  POSSIBLE SUNSHINE  MM
  AVERAGE SKY COVER 0.3


WEATHER CONDITIONS
 THE FOLLOWING WEATHER WAS RECORDED YESTERDAY.
  NO SIGNIFICANT WEATHER WAS OBSERVED.


RELATIVE HUMIDITY (PERCENT)
 HIGHEST    86           500 AM
 LOWEST     29           200 PM
 AVERAGE    58

..........................................................


THE MEDFORD OR CLIMATE NORMALS FOR TODAY
                         NORMAL    RECORD    YEAR
 MAXIMUM TEMPERATURE (F)   76        99      1983
 MINIMUM TEMPERATURE (F)   48        34      1977
                                             1961
                                             1922


SUNRISE AND SUNSET
MAY 27 2016...........SUNRISE   540 AM PDT   SUNSET   838 PM PDT
MAY 28 2016...........SUNRISE   539 AM PDT   SUNSET   839 PM PDT


-  INDICATES NEGATIVE NUMBERS.
R  INDICATES RECORD WAS SET OR TIED.
MM INDICATES DATA IS MISSING.
T  INDICATES TRACE AMOUNT.




$$
