375
CDUS46 KMFR 260035
CLIMFR


CLIMATE REPORT
NATIONAL WEATHER SERVICE MEDFORD, OR
535 PM PDT THU AUG 25 2016


...................................

...THE MEDFORD OR CLIMATE SUMMARY FOR AUGUST 25 2016...
VALID TODAY AS OF 0500 PM LOCAL TIME.

CLIMATE NORMAL PERIOD 1981 TO 2010
CLIMATE RECORD PERIOD 1911 TO 2016


WEATHER ITEM   OBSERVED TIME   RECORD YEAR NORMAL DEPARTURE LAST
                VALUE   (LST)  VALUE       VALUE  FROM      YEAR
                                                  NORMAL
..................................................................
TEMPERATURE (F)
 TODAY
  MAXIMUM         98    333 PM 106    1916  89      9       93
  MINIMUM         55    453 AM  41    1993  55      0       60
                                      1969
  AVERAGE         77                        72      5       77

PRECIPITATION (IN)
  TODAY            0.00          0.32 2013   0.01  -0.01     0.00
  MONTH TO DATE    0.00                      0.31  -0.31     0.01
  SINCE OCT 1     19.77                     17.69   2.08    14.29
  SINCE JAN 1     10.01                     10.05  -0.04     7.44

SNOWFALL (IN)
  TODAY            0.0                       0.0    0.0      0.0
  MONTH TO DATE    0.0                       0.0    0.0      0.0
  SINCE JUL 1      0.0                       0.0    0.0      0.0
  SNOW DEPTH       0

DEGREE DAYS
 HEATING
  TODAY            0                         0      0        0
  MONTH TO DATE    0                         0      0        0
  SINCE JUN 1     42                        60    -18       10
  SINCE JUL 1      2                         6     -4        0

 COOLING
  TODAY           12                         7      5       12
  MONTH TO DATE  331                       236     95      305
  SINCE JUN 1    825                       630    195     1041
  SINCE JAN 1    886                       668    218     1086
..................................................................


WIND (MPH)
  HIGHEST WIND SPEED    14   HIGHEST WIND DIRECTION     N (10)
  HIGHEST GUST SPEED    17   HIGHEST GUST DIRECTION     N (10)
  AVERAGE WIND SPEED     2.0


SKY COVER
  POSSIBLE SUNSHINE  MM
  AVERAGE SKY COVER 0.0


WEATHER CONDITIONS
 THE FOLLOWING WEATHER WAS RECORDED TODAY.
  NO SIGNIFICANT WEATHER WAS OBSERVED.


RELATIVE HUMIDITY (PERCENT)
 HIGHEST    66           500 AM
 LOWEST     10           400 PM
 AVERAGE    38

..........................................................


THE MEDFORD OR CLIMATE NORMALS FOR TOMORROW
                         NORMAL    RECORD    YEAR
 MAXIMUM TEMPERATURE (F)   89       104      1924
                                             1916
 MINIMUM TEMPERATURE (F)   55        42      1920


SUNRISE AND SUNSET
AUGUST 25 2016........SUNRISE   630 AM PDT   SUNSET   756 PM PDT
AUGUST 26 2016........SUNRISE   631 AM PDT   SUNSET   754 PM PDT


-  INDICATES NEGATIVE NUMBERS.
R  INDICATES RECORD WAS SET OR TIED.
MM INDICATES DATA IS MISSING.
T  INDICATES TRACE AMOUNT.




$$
