000
CDUS44 KBMX 160945
CLIMGM


CLIMATE REPORT
NATIONAL WEATHER SERVICE BIRMINGHAM, AL
444 AM CDT TUE SEP 16 2014


...................................

...THE MONTGOMERY CLIMATE SUMMARY FOR SEPTEMBER 15 2014...

CLIMATE NORMAL PERIOD 1981 TO 2010
CLIMATE RECORD PERIOD 1872 TO 2014


WEATHER ITEM   OBSERVED TIME   RECORD YEAR NORMAL DEPARTURE LAST
                VALUE   (LST)  VALUE       VALUE  FROM      YEAR
                                                  NORMAL
..................................................................
TEMPERATURE (F)
 YESTERDAY
  MAXIMUM         92   1256 PM 101    1927  88      4       92
  MINIMUM         73    506 AM  50    1985  66      7       61
  AVERAGE         83                        77      6       77

PRECIPITATION (IN)
  YESTERDAY        0.16          2.30 1946   0.14   0.02     0.00
  MONTH TO DATE    0.51                      2.08  -1.57     0.10
  SINCE SEP 1      0.51                      2.08  -1.57     0.10
  SINCE JAN 1     40.26                     38.79   1.47    43.11

DEGREE DAYS
 HEATING
  YESTERDAY        0                         0      0        0
  MONTH TO DATE    0                         0      0        0
  SINCE SEP 1      0                         0      0        0
  SINCE JUL 1      0                         0      0        0

 COOLING
  YESTERDAY       18                        12      6       12
  MONTH TO DATE  272                       203     69      242
  SINCE SEP 1    272                       203     69      242
  SINCE JAN 1   2171                      1992    179     2064
..................................................................


WIND (MPH)
  HIGHEST WIND SPEED    14   HIGHEST WIND DIRECTION     N (350)
  HIGHEST GUST SPEED    18   HIGHEST GUST DIRECTION     N (350)
  AVERAGE WIND SPEED     4.3


SKY COVER
  AVERAGE SKY COVER 0.5


WEATHER CONDITIONS
 THE FOLLOWING WEATHER WAS RECORDED YESTERDAY.
  THUNDERSTORM
  HEAVY RAIN
  LIGHT RAIN
  FOG


RELATIVE HUMIDITY (PERCENT)
 HIGHEST    94          1100 PM
 LOWEST     52           100 PM
 AVERAGE    73

..........................................................


THE MONTGOMERY CLIMATE NORMALS FOR TODAY
                         NORMAL    RECORD    YEAR
 MAXIMUM TEMPERATURE (F)   87       101      1927
 MINIMUM TEMPERATURE (F)   65        51      1961


SUNRISE AND SUNSET
SEPTEMBER 16 2014.....SUNRISE   630 AM CDT   SUNSET   650 PM CDT
SEPTEMBER 17 2014.....SUNRISE   631 AM CDT   SUNSET   649 PM CDT


-  INDICATES NEGATIVE NUMBERS.
R  INDICATES RECORD WAS SET OR TIED.
MM INDICATES DATA IS MISSING.
T  INDICATES TRACE AMOUNT.




$$
