000
CDUS44 KBMX 180932
CLIMGM


CLIMATE REPORT
NATIONAL WEATHER SERVICE BIRMINGHAM, AL
431 AM CDT FRI APR 18 2014


...................................

...THE MONTGOMERY CLIMATE SUMMARY FOR APRIL 17 2014...

CLIMATE NORMAL PERIOD 1981 TO 2010
CLIMATE RECORD PERIOD 1872 TO 2014


WEATHER ITEM   OBSERVED TIME   RECORD YEAR NORMAL DEPARTURE LAST
                VALUE   (LST)  VALUE       VALUE  FROM      YEAR
                                                  NORMAL
..................................................................
TEMPERATURE (F)
 YESTERDAY
  MAXIMUM         72    141 PM  90    1955  77     -5       86
                                      1894
  MINIMUM         46    244 AM  36    1949  52     -6       68
  AVERAGE         59                        64     -5       77

PRECIPITATION (IN)
  YESTERDAY        0.00          1.27 1912   0.12  -0.12      T
  MONTH TO DATE    6.00                      2.52   3.48     3.12
  SINCE MAR 1     11.52                      8.47   3.05     6.49
  SINCE JAN 1     19.19                     18.40   0.79    23.26

SNOWFALL (IN)
  YESTERDAY        0.0                       0.0    0.0      0.0
  MONTH TO DATE    0.0                       0.0    0.0      0.0
  SINCE MAR 1      0.0                       0.3   -0.3      0.0
  SINCE JUL 1      0.5                       0.4    0.1      0.0
  SNOW DEPTH       0

DEGREE DAYS
 HEATING
  YESTERDAY        6                         3      3        0
  MONTH TO DATE   52                        72    -20       44
  SINCE MAR 1    332                       327      5      414
  SINCE JUL 1   2290                      2199     91     1892

 COOLING
  YESTERDAY        0                         2     -2       12
  MONTH TO DATE   27                        30     -3       59
  SINCE MAR 1     30                        53    -23       70
  SINCE JAN 1     37                        59    -22       92
..................................................................


WIND (MPH)
  HIGHEST WIND SPEED    22   HIGHEST WIND DIRECTION     E (90)
  HIGHEST GUST SPEED    28   HIGHEST GUST DIRECTION     E (100)
  AVERAGE WIND SPEED    11.3


SKY COVER
  AVERAGE SKY COVER 0.4


WEATHER CONDITIONS
 THE FOLLOWING WEATHER WAS RECORDED YESTERDAY.
  NO SIGNIFICANT WEATHER WAS OBSERVED.


RELATIVE HUMIDITY (PERCENT)
 HIGHEST    77           600 AM
 LOWEST     47           100 PM
 AVERAGE    62

..........................................................


THE MONTGOMERY CLIMATE NORMALS FOR TODAY
                         NORMAL    RECORD    YEAR
 MAXIMUM TEMPERATURE (F)   77        91      2006
 MINIMUM TEMPERATURE (F)   52        34      1997


SUNRISE AND SUNSET
APRIL 18 2014.........SUNRISE   613 AM CDT   SUNSET   717 PM CDT
APRIL 19 2014.........SUNRISE   612 AM CDT   SUNSET   718 PM CDT


-  INDICATES NEGATIVE NUMBERS.
R  INDICATES RECORD WAS SET OR TIED.
MM INDICATES DATA IS MISSING.
T  INDICATES TRACE AMOUNT.




$$
