000
CDUS44 KBMX 280748
CLIMGM


CLIMATE REPORT
NATIONAL WEATHER SERVICE BIRMINGHAM, AL
247 AM CDT WED SEP 28 2016


...................................

...THE MONTGOMERY CLIMATE SUMMARY FOR SEPTEMBER 27 2016...

CLIMATE NORMAL PERIOD 1981 TO 2010
CLIMATE RECORD PERIOD 1872 TO 2016


WEATHER ITEM   OBSERVED TIME   RECORD YEAR NORMAL DEPARTURE LAST
                VALUE   (LST)  VALUE       VALUE  FROM      YEAR
                                                  NORMAL
..................................................................
TEMPERATURE (F)
 YESTERDAY
  MAXIMUM         92    314 PM  96    1954  84      8       82
  MINIMUM         69    535 AM  43    2001  61      8       70
  AVERAGE         81                        73      8       76

PRECIPITATION (IN)
  YESTERDAY        0.00          3.47 1917   0.12  -0.12      T
  MONTH TO DATE    2.24                      3.61  -1.37     2.02
  SINCE SEP 1      2.24                      3.61  -1.37     2.02
  SINCE JAN 1     35.28                     40.32  -5.04    33.12

DEGREE DAYS
 HEATING
  YESTERDAY        0                         0      0        0
  MONTH TO DATE    0                         0      0        0
  SINCE SEP 1      0                         0      0        0
  SINCE JUL 1      0                         0      0        0

 COOLING
  YESTERDAY       16                         8      8       11
  MONTH TO DATE  497                       320    177      323
  SINCE SEP 1    497                       320    177      323
  SINCE JAN 1   2726                      2109    617     2544
..................................................................


WIND (MPH)
  HIGHEST WIND SPEED     9   HIGHEST WIND DIRECTION    NW (300)
  HIGHEST GUST SPEED    13   HIGHEST GUST DIRECTION     W (280)
  AVERAGE WIND SPEED     1.8


SKY COVER
  AVERAGE SKY COVER 0.1


WEATHER CONDITIONS
 THE FOLLOWING WEATHER WAS RECORDED YESTERDAY.
  THUNDERSTORM
  FOG
  HAZE


RELATIVE HUMIDITY (PERCENT)
 HIGHEST    84          1200 AM
 LOWEST     38           300 PM
 AVERAGE    61

..........................................................


THE MONTGOMERY CLIMATE NORMALS FOR TODAY
                         NORMAL    RECORD    YEAR
 MAXIMUM TEMPERATURE (F)   84        96      1986
 MINIMUM TEMPERATURE (F)   61        44      2001


SUNRISE AND SUNSET
SEPTEMBER 28 2016.....SUNRISE   638 AM CDT   SUNSET   634 PM CDT
SEPTEMBER 29 2016.....SUNRISE   639 AM CDT   SUNSET   632 PM CDT


-  INDICATES NEGATIVE NUMBERS.
R  INDICATES RECORD WAS SET OR TIED.
MM INDICATES DATA IS MISSING.
T  INDICATES TRACE AMOUNT.




$$
