000
CDUS44 KBMX 250837
CLIMGM


CLIMATE REPORT
NATIONAL WEATHER SERVICE BIRMINGHAM, AL
237 AM CST SAT FEB 25 2017


...................................

...THE MONTGOMERY CLIMATE SUMMARY FOR FEBRUARY 24 2017...

CLIMATE NORMAL PERIOD 1981 TO 2010
CLIMATE RECORD PERIOD 1872 TO 2017


WEATHER ITEM   OBSERVED TIME   RECORD YEAR NORMAL DEPARTURE LAST
                VALUE   (LST)  VALUE       VALUE  FROM      YEAR
                                                  NORMAL
..................................................................
TEMPERATURE (F)
 YESTERDAY
  MAXIMUM         83R   314 PM  80    1890  64     19       68
  MINIMUM         55    632 AM  20    1989  41     14       46
  AVERAGE         69                        53     16       57

PRECIPITATION (IN)
  YESTERDAY        0.00          5.54 1961   0.19  -0.19     0.21
  MONTH TO DATE    2.92                      4.53  -1.61     5.41
  SINCE DEC 1     18.20                     14.04   4.16    24.79
  SINCE JAN 1     14.09                      9.18   4.91    10.66

SNOWFALL (IN)
  YESTERDAY        0.0                       0.0    0.0      0.0
  MONTH TO DATE    0.0                       0.0    0.0      0.0
  SINCE DEC 1      0.0                       0.1   -0.1       T
  SINCE JUL 1      0.0                       0.1   -0.1       T
  SNOW DEPTH       0

DEGREE DAYS
 HEATING
  YESTERDAY        0                        12    -12        8
  MONTH TO DATE  144                       362   -218      285
  SINCE DEC 1    792                      1453   -661     1073
  SINCE JUL 1    967                      1824   -857     1260
..................................................................


WIND (MPH)
  HIGHEST WIND SPEED    16   HIGHEST WIND DIRECTION     S (190)
  HIGHEST GUST SPEED    22   HIGHEST GUST DIRECTION     S (190)
  AVERAGE WIND SPEED     6.7


SKY COVER
  AVERAGE SKY COVER 0.1


WEATHER CONDITIONS
 THE FOLLOWING WEATHER WAS RECORDED YESTERDAY.
  FOG
  HAZE


RELATIVE HUMIDITY (PERCENT)
 HIGHEST    86           400 AM
 LOWEST     40           300 PM
 AVERAGE    63

..........................................................


THE MONTGOMERY CLIMATE NORMALS FOR TODAY
                         NORMAL    RECORD    YEAR
 MAXIMUM TEMPERATURE (F)   65        84      1918
 MINIMUM TEMPERATURE (F)   41        22      1989
                                             1967


SUNRISE AND SUNSET
FEBRUARY 25 2017......SUNRISE   617 AM CST   SUNSET   540 PM CST
FEBRUARY 26 2017......SUNRISE   616 AM CST   SUNSET   541 PM CST


-  INDICATES NEGATIVE NUMBERS.
R  INDICATES RECORD WAS SET OR TIED.
MM INDICATES DATA IS MISSING.
T  INDICATES TRACE AMOUNT.




$$
