000
CDUS44 KBMX 312118
CLIMGM


CLIMATE REPORT
NATIONAL WEATHER SERVICE BIRMINGHAM, AL
417 PM CDT THU JUL 31 2014


...................................

...THE MONTGOMERY CLIMATE SUMMARY FOR JULY 31 2014...
VALID AS OF 0400 PM LOCAL TIME.

CLIMATE NORMAL PERIOD 1981 TO 2010
CLIMATE RECORD PERIOD 1872 TO 2014


WEATHER ITEM   OBSERVED TIME   RECORD YEAR NORMAL DEPARTURE LAST
                VALUE   (LST)  VALUE       VALUE  FROM      YEAR
                                                  NORMAL
..................................................................
TEMPERATURE (F)
 TODAY
  MAXIMUM         91    251 PM 101    1896  92     -1       91
  MINIMUM         64    534 AM  62    1936  72     -8       75
  AVERAGE         78                        82     -4       83

PRECIPITATION (IN)
  TODAY            0.00          4.35 1936   0.14  -0.14     0.03
  MONTH TO DATE    2.28                      5.24  -2.96     9.36
  SINCE JUN 1      7.45                      9.31  -1.86    13.21
  SINCE JAN 1     36.34                     32.75   3.59    38.92

DEGREE DAYS
 COOLING
  TODAY           13                        17     -4       18
  MONTH TO DATE  508                       521    -13      476
  SINCE JUN 1    980                       940     40      967
  SINCE JAN 1   1346                      1279     67     1326
..................................................................


WIND (MPH)
  HIGHEST WIND SPEED    13   HIGHEST WIND DIRECTION    NE (40)
  HIGHEST GUST SPEED    15   HIGHEST GUST DIRECTION    NE (30)
  AVERAGE WIND SPEED     1.5


SKY COVER
  AVERAGE SKY COVER 0.1


WEATHER CONDITIONS
 THE FOLLOWING WEATHER WAS RECORDED TODAY.
  NO SIGNIFICANT WEATHER WAS OBSERVED.


RELATIVE HUMIDITY (PERCENT)
 HIGHEST    87           600 AM
 LOWEST     37           200 PM
 AVERAGE    62

..........................................................


THE MONTGOMERY CLIMATE NORMALS FOR TOMORROW
                         NORMAL    RECORD    YEAR
 MAXIMUM TEMPERATURE (F)   92       101      2010
                                             1897
 MINIMUM TEMPERATURE (F)   72        62      1993


SUNRISE AND SUNSET
JULY 31 2014..........SUNRISE   600 AM CDT   SUNSET   744 PM CDT
AUGUST  1 2014........SUNRISE   600 AM CDT   SUNSET   743 PM CDT


-  INDICATES NEGATIVE NUMBERS.
R  INDICATES RECORD WAS SET OR TIED.
MM INDICATES DATA IS MISSING.
T  INDICATES TRACE AMOUNT.




$$
