000
CDUS44 KBMX 072108
CLIMGM


CLIMATE REPORT
NATIONAL WEATHER SERVICE BIRMINGHAM, AL
408 PM CDT TUE JUL 7 2015


...................................

...THE MONTGOMERY CLIMATE SUMMARY FOR JULY 7 2015...
VALID AS OF 0400 PM LOCAL TIME.

CLIMATE NORMAL PERIOD 1981 TO 2010
CLIMATE RECORD PERIOD 1994 TO 2015


WEATHER ITEM   OBSERVED TIME   RECORD YEAR NORMAL DEPARTURE LAST
                VALUE   (LST)  VALUE       VALUE  FROM      YEAR
                                                  NORMAL
..................................................................
TEMPERATURE (F)
 TODAY
  MAXIMUM         93    245 PM 107    1881  92      1       94
  MINIMUM         73    522 AM  62    1972  71      2       69
  AVERAGE         83                        82      1       82

PRECIPITATION (IN)
  TODAY            0.00          2.49 1996   0.18  -0.18     0.00
  MONTH TO DATE    1.99                      1.24   0.75      T
  SINCE JUN 1      5.98                      5.31   0.67     5.17
  SINCE JAN 1     26.48                     28.75  -2.27    34.06

DEGREE DAYS
 COOLING
  TODAY           18                        17      1       17
  MONTH TO DATE  114                       113      1      112
  SINCE JUN 1    611                       532     79      584
  SINCE JAN 1   1149                       871    278      950
..................................................................


WIND (MPH)
  HIGHEST WIND SPEED     9   HIGHEST WIND DIRECTION    SW (210)
  HIGHEST GUST SPEED    12   HIGHEST GUST DIRECTION    SW (210)
  AVERAGE WIND SPEED     3.5


SKY COVER
  AVERAGE SKY COVER 0.1


WEATHER CONDITIONS
 THE FOLLOWING WEATHER WAS RECORDED TODAY.
  FOG


RELATIVE HUMIDITY (PERCENT)
 HIGHEST    93           200 AM
 LOWEST     49           200 PM
 AVERAGE    71

..........................................................


THE MONTGOMERY CLIMATE NORMALS FOR TOMORROW
                         NORMAL    RECORD    YEAR
 MAXIMUM TEMPERATURE (F)   92       105      1881
 MINIMUM TEMPERATURE (F)   71        63      1988


SUNRISE AND SUNSET
JULY  7 2015..........SUNRISE   545 AM CDT   SUNSET   756 PM CDT
JULY  8 2015..........SUNRISE   546 AM CDT   SUNSET   756 PM CDT


-  INDICATES NEGATIVE NUMBERS.
R  INDICATES RECORD WAS SET OR TIED.
MM INDICATES DATA IS MISSING.
T  INDICATES TRACE AMOUNT.




$$
