000
CDUS44 KBMX 030839
CLIMGM


CLIMATE REPORT
NATIONAL WEATHER SERVICE BIRMINGHAM, AL
238 AM CST SAT DEC 3 2016


...................................

...THE MONTGOMERY CLIMATE SUMMARY FOR DECEMBER 2 2016...

CLIMATE NORMAL PERIOD 1981 TO 2010
CLIMATE RECORD PERIOD 1872 TO 2016


WEATHER ITEM   OBSERVED TIME   RECORD YEAR NORMAL DEPARTURE LAST
                VALUE   (LST)  VALUE       VALUE  FROM      YEAR
                                                  NORMAL
..................................................................
TEMPERATURE (F)
 YESTERDAY
  MAXIMUM         66    330 PM  85    1982  63      3       MM
  MINIMUM         33    651 AM  20    1876  40     -7       MM
  AVERAGE         50                        52     -2       MM

PRECIPITATION (IN)
  YESTERDAY        0.00          2.01 1971   0.17  -0.17     0.21
  MONTH TO DATE    0.00                      0.34  -0.34     0.21
  SINCE DEC 1      0.00                      0.34  -0.34     0.21
  SINCE JAN 1     37.39                     48.55 -11.16    42.76

SNOWFALL (IN)
  YESTERDAY        0.0                       0.0    0.0      0.0
  MONTH TO DATE    0.0                       0.0    0.0      0.0
  SINCE DEC 1      0.0                       0.0    0.0      0.0
  SINCE JUL 1      0.0                       0.0    0.0      0.0
  SNOW DEPTH       0

DEGREE DAYS
 HEATING
  YESTERDAY       15                        14      1       MM
  MONTH TO DATE   30                        28      2        0
  SINCE DEC 1     30                        28      2        0
  SINCE JUL 1    205                       399   -194      187
..................................................................


WIND (MPH)
  HIGHEST WIND SPEED    14   HIGHEST WIND DIRECTION     N (360)
  HIGHEST GUST SPEED    21   HIGHEST GUST DIRECTION    NE (40)
  AVERAGE WIND SPEED     4.1


SKY COVER
  AVERAGE SKY COVER 0.0


WEATHER CONDITIONS
 THE FOLLOWING WEATHER WAS RECORDED YESTERDAY.
  NO SIGNIFICANT WEATHER WAS OBSERVED.


RELATIVE HUMIDITY (PERCENT)
 HIGHEST    82          1200 AM
 LOWEST     20           300 PM
 AVERAGE    51

..........................................................


THE MONTGOMERY CLIMATE NORMALS FOR TODAY
                         NORMAL    RECORD    YEAR
 MAXIMUM TEMPERATURE (F)   63        82      1983
 MINIMUM TEMPERATURE (F)   40        20      1960
                                             1929


SUNRISE AND SUNSET
DECEMBER  3 2016......SUNRISE   631 AM CST   SUNSET   440 PM CST
DECEMBER  4 2016......SUNRISE   632 AM CST   SUNSET   440 PM CST


-  INDICATES NEGATIVE NUMBERS.
R  INDICATES RECORD WAS SET OR TIED.
MM INDICATES DATA IS MISSING.
T  INDICATES TRACE AMOUNT.




$$
