000
CDUS44 KBMX 230734
CLIMGM


CLIMATE REPORT
NATIONAL WEATHER SERVICE BIRMINGHAM, AL
234 AM CDT SAT SEP 23 2017


...................................

...THE MONTGOMERY CLIMATE SUMMARY FOR SEPTEMBER 22 2017...

CLIMATE NORMAL PERIOD 1981 TO 2010
CLIMATE RECORD PERIOD 1872 TO 2017


WEATHER ITEM   OBSERVED TIME   RECORD YEAR NORMAL DEPARTURE LAST
                VALUE   (LST)  VALUE       VALUE  FROM      YEAR
                                                  NORMAL
..................................................................
TEMPERATURE (F)
 YESTERDAY
  MAXIMUM         94    243 PM  99    1925  86      8       95
  MINIMUM         72    558 AM  44    1983  63      9       74
  AVERAGE         83                        74      9       85

PRECIPITATION (IN)
  YESTERDAY        0.00          2.16 2011   0.12  -0.12     0.00
  MONTH TO DATE    2.22                      2.98  -0.76     2.24
  SINCE SEP 1      2.22                      2.98  -0.76     2.24
  SINCE JAN 1     60.82                     39.69  21.13    35.28

DEGREE DAYS
 HEATING
  YESTERDAY        0                         0      0        0
  MONTH TO DATE    1                         0      1        0
  SINCE SEP 1      1                         0      1        0
  SINCE JUL 1      1                         0      1        0

 COOLING
  YESTERDAY       18                        10      8       20
  MONTH TO DATE  266                       277    -11      404
  SINCE SEP 1    266                       277    -11      404
  SINCE JAN 1   2434                      2066    368     2633
..................................................................


WIND (MPH)
  HIGHEST WIND SPEED     9   HIGHEST WIND DIRECTION     E (110)
  HIGHEST GUST SPEED    13   HIGHEST GUST DIRECTION     E (80)
  AVERAGE WIND SPEED     3.3


SKY COVER
  AVERAGE SKY COVER 0.0


WEATHER CONDITIONS
 THE FOLLOWING WEATHER WAS RECORDED YESTERDAY.
  FOG
  HAZE


RELATIVE HUMIDITY (PERCENT)
 HIGHEST    90           400 AM
 LOWEST     39           300 PM
 AVERAGE    65

..........................................................


THE MONTGOMERY CLIMATE NORMALS FOR TODAY
                         NORMAL    RECORD    YEAR
 MAXIMUM TEMPERATURE (F)   85        98      2016
 MINIMUM TEMPERATURE (F)   63        43      1999


SUNRISE AND SUNSET
SEPTEMBER 23 2017.....SUNRISE   635 AM CDT   SUNSET   641 PM CDT
SEPTEMBER 24 2017.....SUNRISE   635 AM CDT   SUNSET   639 PM CDT


-  INDICATES NEGATIVE NUMBERS.
R  INDICATES RECORD WAS SET OR TIED.
MM INDICATES DATA IS MISSING.
T  INDICATES TRACE AMOUNT.




$$
