000
CDUS44 KBMX 230836
CLIMGM


CLIMATE REPORT
NATIONAL WEATHER SERVICE BIRMINGHAM, AL
236 AM CST MON JAN 23 2017


...................................

...THE MONTGOMERY CLIMATE SUMMARY FOR JANUARY 22 2017...

CLIMATE NORMAL PERIOD 1981 TO 2010
CLIMATE RECORD PERIOD 1872 TO 2017


WEATHER ITEM   OBSERVED TIME   RECORD YEAR NORMAL DEPARTURE LAST
                VALUE   (LST)  VALUE       VALUE  FROM      YEAR
                                                  NORMAL
..................................................................
TEMPERATURE (F)
 YESTERDAY
  MAXIMUM         69    951 AM  81    1937  58     11       59
  MINIMUM         51    852 PM  12    1985  36     15       34
  AVERAGE         60                        47     13       47

PRECIPITATION (IN)
  YESTERDAY        0.74          2.62 1896   0.16   0.58     1.00
  MONTH TO DATE   10.85                      3.13   7.72     4.36
  SINCE DEC 1     14.96                      7.99   6.97    18.49
  SINCE JAN 1     10.85                      3.13   7.72     4.36

SNOWFALL (IN)
  YESTERDAY        0.0                       0.0    0.0       T
  MONTH TO DATE    0.0                       0.0    0.0       T
  SINCE DEC 1      0.0                       0.1   -0.1       T
  SINCE JUL 1      0.0                       0.1   -0.1       T
  SNOW DEPTH       0

DEGREE DAYS
 HEATING
  YESTERDAY        5                        18    -13       18
  MONTH TO DATE  186                       416   -230      422
  SINCE DEC 1    535                       933   -398      641
  SINCE JUL 1    710                      1304   -594      828
..................................................................


WIND (MPH)
  HIGHEST WIND SPEED    38   HIGHEST WIND DIRECTION     W (260)
  HIGHEST GUST SPEED    51   HIGHEST GUST DIRECTION     W (260)
  AVERAGE WIND SPEED     9.2


SKY COVER
  AVERAGE SKY COVER 0.6


WEATHER CONDITIONS
 THE FOLLOWING WEATHER WAS RECORDED YESTERDAY.
  THUNDERSTORM
  HEAVY RAIN
  RAIN
  LIGHT RAIN
  FOG
  HAZE


RELATIVE HUMIDITY (PERCENT)
 HIGHEST    87           400 AM
 LOWEST     67           500 PM
 AVERAGE    77

..........................................................


THE MONTGOMERY CLIMATE NORMALS FOR TODAY
                         NORMAL    RECORD    YEAR
 MAXIMUM TEMPERATURE (F)   58        80      1920
 MINIMUM TEMPERATURE (F)   36        13      1963


SUNRISE AND SUNSET
JANUARY 23 2017.......SUNRISE   644 AM CST   SUNSET   511 PM CST
JANUARY 24 2017.......SUNRISE   644 AM CST   SUNSET   512 PM CST


-  INDICATES NEGATIVE NUMBERS.
R  INDICATES RECORD WAS SET OR TIED.
MM INDICATES DATA IS MISSING.
T  INDICATES TRACE AMOUNT.




$$
