000
CDUS44 KBMX 270808
CLIMGM


CLIMATE REPORT
NATIONAL WEATHER SERVICE BIRMINGHAM, AL
252 AM CDT WED MAY 27 2015


...................................

...THE MONTGOMERY CLIMATE SUMMARY FOR MAY 26 2015...

CLIMATE NORMAL PERIOD 1981 TO 2010
CLIMATE RECORD PERIOD 1994 TO 2015


WEATHER ITEM   OBSERVED TIME   RECORD YEAR NORMAL DEPARTURE LAST
                VALUE   (LST)  VALUE       VALUE  FROM      YEAR
                                                  NORMAL
..................................................................
TEMPERATURE (F)
 YESTERDAY
  MAXIMUM         81    938 AM  97    1916  86     -5       92
  MINIMUM         67   1034 PM  43    1979  64      3       66
  AVERAGE         74                        75     -1       79

PRECIPITATION (IN)
  YESTERDAY        0.55          2.02 2011   0.11   0.44     0.00
  MONTH TO DATE    3.17                      2.99   0.18     4.72
  SINCE MAR 1     11.67                     12.96  -1.29    20.39
  SINCE JAN 1     19.33                     22.89  -3.56    28.06

DEGREE DAYS
 COOLING
  YESTERDAY        9                        10     -1       14
  MONTH TO DATE  249                       183     66      204
  SINCE MAR 1    470                       278    192      296
  SINCE JAN 1    470                       284    186      303
..................................................................


WIND (MPH)
  HIGHEST WIND SPEED    24   HIGHEST WIND DIRECTION     W (280)
  HIGHEST GUST SPEED    32   HIGHEST GUST DIRECTION     W (270)
  AVERAGE WIND SPEED     4.8


SKY COVER
  AVERAGE SKY COVER 0.6


WEATHER CONDITIONS
 THE FOLLOWING WEATHER WAS RECORDED YESTERDAY.
  THUNDERSTORM
  HEAVY RAIN
  RAIN
  LIGHT RAIN
  FOG
  FOG W/VISIBILITY <= 1/4 MILE


RELATIVE HUMIDITY (PERCENT)
 HIGHEST    93           100 AM
 LOWEST     76           900 AM
 AVERAGE    85

..........................................................


THE MONTGOMERY CLIMATE NORMALS FOR TODAY
                         NORMAL    RECORD    YEAR
 MAXIMUM TEMPERATURE (F)   87        99      1916
 MINIMUM TEMPERATURE (F)   64        44      1961


SUNRISE AND SUNSET
MAY 27 2015...........SUNRISE   541 AM CDT   SUNSET   744 PM CDT
MAY 28 2015...........SUNRISE   541 AM CDT   SUNSET   745 PM CDT


-  INDICATES NEGATIVE NUMBERS.
R  INDICATES RECORD WAS SET OR TIED.
MM INDICATES DATA IS MISSING.
T  INDICATES TRACE AMOUNT.




$$
