000
CDUS44 KBMX 190905
CLIMGM


CLIMATE REPORT
NATIONAL WEATHER SERVICE BIRMINGHAM, AL
304 AM CST FRI JAN 19 2018


...................................

...THE MONTGOMERY CLIMATE SUMMARY FOR JANUARY 18 2018...

CLIMATE NORMAL PERIOD 1981 TO 2010
CLIMATE RECORD PERIOD 1872 TO 2018


WEATHER ITEM   OBSERVED TIME   RECORD YEAR NORMAL DEPARTURE LAST
                VALUE   (LST)  VALUE       VALUE  FROM      YEAR
                                                  NORMAL
..................................................................
TEMPERATURE (F)
 YESTERDAY
  MAXIMUM         43    402 PM  79    2017  57    -14       79
                                      1929
  MINIMUM         10    629 AM   8    1948  36    -26       60
  AVERAGE         27                        46    -19       70

PRECIPITATION (IN)
  YESTERDAY        0.00          2.21 1936   0.15  -0.15     0.00
  MONTH TO DATE    0.87                      2.49  -1.62     7.64
  SINCE DEC 1      3.48                      7.35  -3.87    11.75
  SINCE JAN 1      0.87                      2.49  -1.62     7.64

SNOWFALL (IN)
  YESTERDAY        0.0                       0.0    0.0      0.0
  MONTH TO DATE    0.0                       0.0    0.0      0.0
  SINCE DEC 1      T                         0.1   -0.1      0.0
  SINCE JUL 1      T                         0.1   -0.1      0.0
  SNOW DEPTH       0

DEGREE DAYS
 HEATING
  YESTERDAY       38                        19     19        0
  MONTH TO DATE  472                       342    130      181
  SINCE DEC 1    984                       859    125      530
  SINCE JUL 1   1319                      1230     89      705
..................................................................


WIND (MPH)
  HIGHEST WIND SPEED    13   HIGHEST WIND DIRECTION     W (290)
  HIGHEST GUST SPEED    15   HIGHEST GUST DIRECTION     W (280)
  AVERAGE WIND SPEED     4.7


SKY COVER
  AVERAGE SKY COVER 0.0


WEATHER CONDITIONS
 THE FOLLOWING WEATHER WAS RECORDED YESTERDAY.
  NO SIGNIFICANT WEATHER WAS OBSERVED.


RELATIVE HUMIDITY (PERCENT)
 HIGHEST    84           700 AM
 LOWEST     30           300 PM
 AVERAGE    57

..........................................................


THE MONTGOMERY CLIMATE NORMALS FOR TODAY
                         NORMAL    RECORD    YEAR
 MAXIMUM TEMPERATURE (F)   57        78      2017
 MINIMUM TEMPERATURE (F)   36         7      1977


SUNRISE AND SUNSET
JANUARY 19 2018.......SUNRISE   646 AM CST   SUNSET   507 PM CST
JANUARY 20 2018.......SUNRISE   646 AM CST   SUNSET   508 PM CST


-  INDICATES NEGATIVE NUMBERS.
R  INDICATES RECORD WAS SET OR TIED.
MM INDICATES DATA IS MISSING.
T  INDICATES TRACE AMOUNT.




$$
