000
CDUS41 KPBZ 220704
CLIMGW


CLIMATE REPORT
NATIONAL WEATHER SERVICE PITTSBURGH PA
304 AM EDT SAT JUL 22 2017


...................................

...THE MORGANTOWN WV CLIMATE SUMMARY FOR JULY 21 2017...

CLIMATE NORMAL PERIOD 1981 TO 2010
CLIMATE RECORD PERIOD 1872 TO 2017


WEATHER ITEM   OBSERVED TIME   RECORD YEAR NORMAL DEPARTURE LAST
                VALUE   (LST)  VALUE       VALUE  FROM      YEAR
                                                  NORMAL
..................................................................
TEMPERATURE (F)
 YESTERDAY
  MAXIMUM         87   1150 AM 102    1934  83      4       90
                                      1892
  MINIMUM         70   1157 PM  46    1965  63      7       56
  AVERAGE         79                        73      6       73

PRECIPITATION (IN)
  YESTERDAY        T             1.77 1939   0.15  -0.15     0.00
  MONTH TO DATE    4.00                      3.23   0.77     1.59
  SINCE JUN 1      7.99                      7.34   0.65     6.07
  SINCE JAN 1     31.08                     24.53   6.55    22.11

DEGREE DAYS
 HEATING
  YESTERDAY        0                         0      0        0
  MONTH TO DATE    0                         0      0        0
  SINCE JUN 1     18                        31    -13       10
  SINCE JUL 1      0                         0      0        0

 COOLING
  YESTERDAY       14                         8      6        8
  MONTH TO DATE  223                       168     55      206
  SINCE JUN 1    404                       330     74      428
  SINCE JAN 1    511                       397    114      502
..................................................................


WIND (MPH)
  HIGHEST WIND SPEED    12   HIGHEST WIND DIRECTION    SW (220)
  HIGHEST GUST SPEED    16   HIGHEST GUST DIRECTION    SW (210)
  AVERAGE WIND SPEED     2.9


SKY COVER
  POSSIBLE SUNSHINE  MM
  AVERAGE SKY COVER 0.5


WEATHER CONDITIONS
 THE FOLLOWING WEATHER WAS RECORDED YESTERDAY.
  THUNDERSTORM
  FOG
  HAZE


RELATIVE HUMIDITY (PERCENT)
 HIGHEST    93           100 AM
 LOWEST     65          1200 PM
 AVERAGE    79

..........................................................


THE MORGANTOWN WV CLIMATE NORMALS FOR TODAY
                         NORMAL    RECORD    YEAR
 MAXIMUM TEMPERATURE (F)   83        98      1934
                                             1926
                                             1892
 MINIMUM TEMPERATURE (F)   63        50      1965
                                             1944
                                             1939


SUNRISE AND SUNSET
JULY 22 2017..........SUNRISE   610 AM EDT   SUNSET   841 PM EDT
JULY 23 2017..........SUNRISE   611 AM EDT   SUNSET   841 PM EDT


-  INDICATES NEGATIVE NUMBERS.
R  INDICATES RECORD WAS SET OR TIED.
MM INDICATES DATA IS MISSING.
T  INDICATES TRACE AMOUNT.




$$
