000
CDUS41 KPBZ 291250
CLIMGW


CLIMATE REPORT
NATIONAL WEATHER SERVICE PITTSBURGH PA
850 AM EDT MON AUG 29 2016


...................................

...THE MORGANTOWN WV CLIMATE SUMMARY FOR AUGUST 29 2016...
VALID AS OF 0800 AM LOCAL TIME.

CLIMATE NORMAL PERIOD 1981 TO 2010
CLIMATE RECORD PERIOD 1948 TO 2016


WEATHER ITEM   OBSERVED TIME   RECORD YEAR NORMAL DEPARTURE LAST
                VALUE   (LST)  VALUE       VALUE  FROM      YEAR
                                                  NORMAL
..................................................................
TEMPERATURE (F)
 TODAY
  MAXIMUM         70    100 AM  96    1991
  MINIMUM         70    100 AM  38    1982  60     10       57

PRECIPITATION (IN)
  TODAY            0.00         MM      MM   0.11  -0.11     0.00
  MONTH TO DATE    3.94                      3.33   0.61     2.00
  SINCE JUN 1     15.31                     12.06   3.25    11.75
  SINCE JAN 1     31.35                     29.25   2.10    29.00

DEGREE DAYS
 HEATING
  TODAY            0

 COOLING
  TODAY            5
..................................................................





WEATHER CONDITIONS
 THE FOLLOWING WEATHER WAS RECORDED TODAY.
  NO SIGNIFICANT WEATHER WAS OBSERVED.


RELATIVE HUMIDITY (PERCENT)
 HIGHEST     0          1200 AM

..........................................................


THE MORGANTOWN WV CLIMATE NORMALS FOR TOMORROW
                         NORMAL    RECORD    YEAR
 MAXIMUM TEMPERATURE (F)   81        98      1953
 MINIMUM TEMPERATURE (F)   60        42      1986


SUNRISE AND SUNSET
AUGUST 29 2016........SUNRISE   645 AM EDT   SUNSET   755 PM EDT
AUGUST 30 2016........SUNRISE   646 AM EDT   SUNSET   753 PM EDT


-  INDICATES NEGATIVE NUMBERS.
R  INDICATES RECORD WAS SET OR TIED.
MM INDICATES DATA IS MISSING.
T  INDICATES TRACE AMOUNT.




$$
