000
CDUS41 KPBZ 160801
CLIMGW


CLIMATE REPORT
NATIONAL WEATHER SERVICE PITTSBURGH PA
301 AM EST TUE JAN 16 2018


...................................

...THE MORGANTOWN WV CLIMATE SUMMARY FOR JANUARY 15 2018...

CLIMATE NORMAL PERIOD 1981 TO 2010
CLIMATE RECORD PERIOD 1872 TO 2018


WEATHER ITEM   OBSERVED TIME   RECORD YEAR NORMAL DEPARTURE LAST
                VALUE   (LST)  VALUE       VALUE  FROM      YEAR
                                                  NORMAL
..................................................................
TEMPERATURE (F)
 YESTERDAY
  MAXIMUM         36   1158 PM  69    1937  39     -3       38
  MINIMUM         14    623 AM -14    1972  24    -10       31
  AVERAGE         25                        31     -6       35

PRECIPITATION (IN)
  YESTERDAY        0.00          1.52 1877   0.09  -0.09     0.00
  MONTH TO DATE    1.74                      1.35   0.39     2.29
  SINCE JUN 1     28.07                     25.99   2.08    31.70
  SINCE JAN 1      1.74                      1.35   0.39     2.29

DEGREE DAYS
 HEATING
  YESTERDAY       40                        34      6       30
  MONTH TO DATE  629                       507    122      462
  SINCE DEC 1   1633                      1443    190     1338
  SINCE JUL 1   2528                      2491     37     2024

 COOLING
  YESTERDAY        0                         0      0        0
  MONTH TO DATE    0                         0      0        0
  SINCE DEC 1      0                         0      0        0
  SINCE JAN 1      0                         0      0        0
..................................................................


WIND (MPH)
  HIGHEST WIND SPEED    12   HIGHEST WIND DIRECTION    SW (230)
  HIGHEST GUST SPEED    17   HIGHEST GUST DIRECTION    SW (220)
  AVERAGE WIND SPEED     5.0


SKY COVER
  POSSIBLE SUNSHINE  MM
  AVERAGE SKY COVER 0.6


WEATHER CONDITIONS
 THE FOLLOWING WEATHER WAS RECORDED YESTERDAY.
  NO SIGNIFICANT WEATHER WAS OBSERVED.


RELATIVE HUMIDITY (PERCENT)
 HIGHEST    72           900 PM
 LOWEST     49           800 AM
 AVERAGE    61

..........................................................


THE MORGANTOWN WV CLIMATE NORMALS FOR TODAY
                         NORMAL    RECORD    YEAR
 MAXIMUM TEMPERATURE (F)   39        62      1949
                                             1932
 MINIMUM TEMPERATURE (F)   24       -20      1972


SUNRISE AND SUNSET
JANUARY 16 2018.......SUNRISE   738 AM EST   SUNSET   521 PM EST
JANUARY 17 2018.......SUNRISE   738 AM EST   SUNSET   522 PM EST


-  INDICATES NEGATIVE NUMBERS.
R  INDICATES RECORD WAS SET OR TIED.
MM INDICATES DATA IS MISSING.
T  INDICATES TRACE AMOUNT.




$$
