000
CDUS41 KPBZ 272111
CLIMGW


CLIMATE REPORT
NATIONAL WEATHER SERVICE PITTSBURGH PA
511 PM EDT SAT MAY 27 2017


...................................

...THE MORGANTOWN WV CLIMATE SUMMARY FOR MAY 27 2017...
VALID TODAY AS OF 0500 PM LOCAL TIME.

CLIMATE NORMAL PERIOD 1981 TO 2010
CLIMATE RECORD PERIOD 1948 TO 2017


WEATHER ITEM   OBSERVED TIME   RECORD YEAR NORMAL DEPARTURE LAST
                VALUE   (LST)  VALUE       VALUE  FROM      YEAR
                                                  NORMAL
..................................................................
TEMPERATURE (F)
 TODAY
  MAXIMUM         72    349 PM  91    2012  75     -3       87
  MINIMUM         57    202 AM  30    1925  53      4       66
  AVERAGE         65                        64      1       77

PRECIPITATION (IN)
  TODAY            0.48          2.82 1956   0.15   0.33     0.00
  MONTH TO DATE    5.23                      3.99   1.24     5.20
  SINCE JUN 1     52.22                     41.21  11.01    39.57
  SINCE JAN 1     22.81                     16.57   6.24    16.03

DEGREE DAYS
 HEATING
  TODAY            0                         4     -4        0
  MONTH TO DATE  151                       158     -7      171
  SINCE MAR 1   1006                      1252   -246      942
  SINCE JUL 1   4019                      5141  -1122     4036

 COOLING
  TODAY            0                         2     -2       12
  MONTH TO DATE   49                        40      9       33
  SINCE MAR 1     86                        56     30       39
  SINCE JAN 1     89                        56     33       39
..................................................................


WIND (MPH)
  RESULTANT WIND SPEED   1   RESULTANT WIND DIRECTION  NE (50)
  HIGHEST WIND SPEED    12   HIGHEST WIND DIRECTION     N (360)
  HIGHEST GUST SPEED    18   HIGHEST GUST DIRECTION    NW (330)
  AVERAGE WIND SPEED     3.0


SKY COVER
  POSSIBLE SUNSHINE  MM
  AVERAGE SKY COVER 0.8


WEATHER CONDITIONS
 THE FOLLOWING WEATHER WAS RECORDED TODAY.
  HEAVY RAIN
  RAIN
  LIGHT RAIN
  FOG


RELATIVE HUMIDITY (PERCENT)
 HIGHEST    93           100 AM
 LOWEST     73          1200 PM
 AVERAGE    83

..........................................................


THE MORGANTOWN WV CLIMATE NORMALS FOR TOMORROW
                         NORMAL    RECORD    YEAR
 MAXIMUM TEMPERATURE (F)   75        90      2012
                                             1955
                                             1941
 MINIMUM TEMPERATURE (F)   54        34      1936
                                             1907


SUNRISE AND SUNSET
MAY 27 2017...........SUNRISE   556 AM EDT   SUNSET   838 PM EDT
MAY 28 2017...........SUNRISE   556 AM EDT   SUNSET   839 PM EDT


-  INDICATES NEGATIVE NUMBERS.
R  INDICATES RECORD WAS SET OR TIED.
MM INDICATES DATA IS MISSING.
T  INDICATES TRACE AMOUNT.




$$
