000
CDUS41 KPBZ 021220
CLIMGW


CLIMATE REPORT
NATIONAL WEATHER SERVICE PITTSBURGH PA
820 AM EDT WED SEP 2 2015


...................................

...THE MORGANTOWN WV CLIMATE SUMMARY FOR SEPTEMBER 2 2015...
VALID AS OF 0800 AM LOCAL TIME.

CLIMATE NORMAL PERIOD 1981 TO 2010
CLIMATE RECORD PERIOD 1948 TO 2015


WEATHER ITEM   OBSERVED TIME   RECORD YEAR NORMAL DEPARTURE LAST
                VALUE   (LST)  VALUE       VALUE  FROM      YEAR
                                                  NORMAL
..................................................................
TEMPERATURE (F)
 TODAY
  MAXIMUM         75   1221 AM  99    1953
  MINIMUM         69    545 AM  43    1949  59     10       72

PRECIPITATION (IN)
  TODAY            0.00         MM      MM   0.11  -0.11     0.29
  MONTH TO DATE    0.00                      0.22  -0.22     0.52
  SINCE JUN 1     11.84                     12.50  -0.66    15.50
  SINCE JAN 1     29.09                     29.69  -0.60    30.99

DEGREE DAYS
 HEATING
  TODAY            0

 COOLING
  TODAY            7
..................................................................





WEATHER CONDITIONS
 THE FOLLOWING WEATHER WAS RECORDED TODAY.
  HAZE


RELATIVE HUMIDITY (PERCENT)
 HIGHEST    84           300 AM

..........................................................


THE MORGANTOWN WV CLIMATE NORMALS FOR TOMORROW
                         NORMAL    RECORD    YEAR
 MAXIMUM TEMPERATURE (F)   80       102      1953
 MINIMUM TEMPERATURE (F)   59        47      1967


SUNRISE AND SUNSET
SEPTEMBER  2 2015.....SUNRISE   648 AM EDT   SUNSET   750 PM EDT
SEPTEMBER  3 2015.....SUNRISE   649 AM EDT   SUNSET   748 PM EDT


-  INDICATES NEGATIVE NUMBERS.
R  INDICATES RECORD WAS SET OR TIED.
MM INDICATES DATA IS MISSING.
T  INDICATES TRACE AMOUNT.




$$
