000
CDUS41 KPBZ 022228
CLIMGW


CLIMATE REPORT
NATIONAL WEATHER SERVICE PITTSBURGH PA
528 PM EST FRI DEC 2 2016


...................................

...THE MORGANTOWN WV CLIMATE SUMMARY FOR DECEMBER 2 2016...
VALID TODAY AS OF 0500 PM LOCAL TIME.

CLIMATE NORMAL PERIOD 1981 TO 2010
CLIMATE RECORD PERIOD 1948 TO 2016


WEATHER ITEM   OBSERVED TIME   RECORD YEAR NORMAL DEPARTURE LAST
                VALUE   (LST)  VALUE       VALUE  FROM      YEAR
                                                  NORMAL
..................................................................
TEMPERATURE (F)
 TODAY
  MAXIMUM         40    152 AM  74    1982  47     -7       57
  MINIMUM         37    359 PM   7    1976  31      6       37
  AVERAGE         39                        39      0       47

PRECIPITATION (IN)
  TODAY            T            MM      MM   0.11  -0.11     0.67
  MONTH TO DATE    T                         0.21  -0.21     1.33
  SINCE JUN 1     25.36                     21.94   3.42    21.09
  SINCE JAN 1     41.40                     39.13   2.27    38.34

DEGREE DAYS
 HEATING
  TODAY           26                        26      0       18
  MONTH TO DATE   45                        52     -7       29
  SINCE DEC 1     45                        52     -7       29
  SINCE JUL 1    731                      1100   -369      748

 COOLING
  TODAY            0                         0      0        0
  MONTH TO DATE    0                         0      0        0
  SINCE DEC 1      0                         0      0        0
  SINCE JAN 1   1283                       814    469     1211
..................................................................


WIND (MPH)
  RESULTANT WIND SPEED   2   RESULTANT WIND DIRECTION  SW (220)
  HIGHEST WIND SPEED    12   HIGHEST WIND DIRECTION    SW (230)
  HIGHEST GUST SPEED    20   HIGHEST GUST DIRECTION     W (260)
  AVERAGE WIND SPEED     5.4


SKY COVER
  POSSIBLE SUNSHINE  MM
  AVERAGE SKY COVER 0.9


WEATHER CONDITIONS
 THE FOLLOWING WEATHER WAS RECORDED TODAY.
  LIGHT RAIN
  LIGHT SNOW
  HAZE


RELATIVE HUMIDITY (PERCENT)
 HIGHEST    70           200 PM
 LOWEST     54          1200 AM
 AVERAGE    62

..........................................................


THE MORGANTOWN WV CLIMATE NORMALS FOR TOMORROW
                         NORMAL    RECORD    YEAR
 MAXIMUM TEMPERATURE (F)   46        76      1982
 MINIMUM TEMPERATURE (F)   31         0      1976


SUNRISE AND SUNSET
DECEMBER  2 2016......SUNRISE   723 AM EST   SUNSET   456 PM EST
DECEMBER  3 2016......SUNRISE   724 AM EST   SUNSET   455 PM EST


-  INDICATES NEGATIVE NUMBERS.
R  INDICATES RECORD WAS SET OR TIED.
MM INDICATES DATA IS MISSING.
T  INDICATES TRACE AMOUNT.




$$
