000
CDUS41 KPBZ 242127
CLIMGW


CLIMATE REPORT
NATIONAL WEATHER SERVICE PITTSBURGH PA
526 PM EDT FRI MAR 24 2017


...................................

...THE MORGANTOWN WV CLIMATE SUMMARY FOR MARCH 24 2017...
VALID TODAY AS OF 0500 PM LOCAL TIME.

CLIMATE NORMAL PERIOD 1981 TO 2010
CLIMATE RECORD PERIOD 1948 TO 2017


WEATHER ITEM   OBSERVED TIME   RECORD YEAR NORMAL DEPARTURE LAST
                VALUE   (LST)  VALUE       VALUE  FROM      YEAR
                                                  NORMAL
..................................................................
TEMPERATURE (F)
 TODAY
  MAXIMUM         74    359 PM  80    2016  55     19       80
  MINIMUM         41    633 AM  14    2014  35      6       45
  AVERAGE         58                        45     13       63

PRECIPITATION (IN)
  TODAY            0.06         MM      MM   0.12  -0.06      T
  MONTH TO DATE    3.19                      2.78   0.41     2.45
  SINCE JUN 1     39.50                     32.83   6.67    30.12
  SINCE JAN 1     10.09                      8.19   1.90     6.58

DEGREE DAYS
 HEATING
  TODAY            7                        20    -13        2
  MONTH TO DATE  621                       579     42      372
  SINCE MAR 1    621                       579     42      372
  SINCE JUL 1   3634                      4468   -834     3466

 COOLING
  TODAY            0                         0      0        0
  MONTH TO DATE    0                         0      0        0
  SINCE MAR 1      0                         0      0        0
  SINCE JAN 1      3                         0      3        0
..................................................................


WIND (MPH)
  RESULTANT WIND SPEED   6   RESULTANT WIND DIRECTION  SW (210)
  HIGHEST WIND SPEED    16   HIGHEST WIND DIRECTION    SW (220)
  HIGHEST GUST SPEED    24   HIGHEST GUST DIRECTION     S (200)
  AVERAGE WIND SPEED     7.1


SKY COVER
  POSSIBLE SUNSHINE  MM
  AVERAGE SKY COVER 0.4


WEATHER CONDITIONS
 THE FOLLOWING WEATHER WAS RECORDED TODAY.
  LIGHT RAIN


RELATIVE HUMIDITY (PERCENT)
 HIGHEST    89           600 AM
 LOWEST     32           300 AM
 AVERAGE    61

..........................................................


THE MORGANTOWN WV CLIMATE NORMALS FOR TOMORROW
                         NORMAL    RECORD    YEAR
 MAXIMUM TEMPERATURE (F)   55        82      1954
 MINIMUM TEMPERATURE (F)   35        10      1974


SUNRISE AND SUNSET
MARCH 24 2017.........SUNRISE   716 AM EDT   SUNSET   736 PM EDT
MARCH 25 2017.........SUNRISE   715 AM EDT   SUNSET   737 PM EDT


-  INDICATES NEGATIVE NUMBERS.
R  INDICATES RECORD WAS SET OR TIED.
MM INDICATES DATA IS MISSING.
T  INDICATES TRACE AMOUNT.




$$
