000
CDUS41 KPBZ 112203
CLIMGW


CLIMATE REPORT
NATIONAL WEATHER SERVICE PITTSBURGH PA
602 PM EDT FRI JUL 11 2014


...................................

...THE MORGANTOWN WV CLIMATE SUMMARY FOR JULY 11 2014...
VALID TODAY AS OF 0500 PM LOCAL TIME.

CLIMATE NORMAL PERIOD 1981 TO 2010
CLIMATE RECORD PERIOD 1948 TO 2014


WEATHER ITEM   OBSERVED TIME   RECORD YEAR NORMAL DEPARTURE LAST
                VALUE   (LST)  VALUE       VALUE  FROM      YEAR
                                                  NORMAL
..................................................................
TEMPERATURE (F)
 TODAY
  MAXIMUM         87    229 PM  94    1977  84      3       76
  MINIMUM         62    541 AM  48    1953  63     -1       66
  AVERAGE         75                        73      2       71

PRECIPITATION (IN)
  TODAY            0.00         MM      MM   0.16  -0.16     0.00
  MONTH TO DATE    0.91                      1.69  -0.78     2.75
  SINCE JUN 1      5.43                      5.80  -0.37     7.53
  SINCE JAN 1     20.92                     22.99  -2.07    20.17

DEGREE DAYS
 HEATING
  TODAY            0                         0      0        0
  MONTH TO DATE    0                         0      0        0
  SINCE JUN 1      2                        31    -29       11
  SINCE JUL 1      0                         0      0        0

 COOLING
  TODAY           10                         8      2        6
  MONTH TO DATE   99                        88     11      125
  SINCE JUN 1    339                       250     89      294
  SINCE JAN 1    448                       317    131      440
..................................................................


WIND (MPH)
  RESULTANT WIND SPEED   1   RESULTANT WIND DIRECTION  SE (130)
  HIGHEST WIND SPEED     9   HIGHEST WIND DIRECTION     E (80)
  HIGHEST GUST SPEED    11   HIGHEST GUST DIRECTION     E (80)
  AVERAGE WIND SPEED     2.3


SKY COVER
  POSSIBLE SUNSHINE  MM
  AVERAGE SKY COVER 0.1


WEATHER CONDITIONS
 THE FOLLOWING WEATHER WAS RECORDED TODAY.
  FOG
  HAZE


RELATIVE HUMIDITY (PERCENT)
 HIGHEST    90           500 AM
 LOWEST     37           200 PM
 AVERAGE    64

..........................................................


THE MORGANTOWN WV CLIMATE NORMALS FOR TOMORROW
                         NORMAL    RECORD    YEAR
 MAXIMUM TEMPERATURE (F)   84        93      1968
 MINIMUM TEMPERATURE (F)   63        46      1973


SUNRISE AND SUNSET
JULY 11 2014..........SUNRISE   602 AM EDT   SUNSET   848 PM EDT
JULY 12 2014..........SUNRISE   602 AM EDT   SUNSET   848 PM EDT


-  INDICATES NEGATIVE NUMBERS.
R  INDICATES RECORD WAS SET OR TIED.
MM INDICATES DATA IS MISSING.
T  INDICATES TRACE AMOUNT.




$$
