692
CDUS43 KFSD 300626
CLIMHE


CLIMATE REPORT
NATIONAL WEATHER SERVICE SIOUX FALLS SD
126 AM CDT TUE AUG 30 2016


...................................

...THE MITCHELL SD CLIMATE SUMMARY FOR AUGUST 29 2016...

CLIMATE NORMAL PERIOD 1981 TO 2010
CLIMATE RECORD PERIOD 1893 TO 2016


WEATHER ITEM   OBSERVED TIME   RECORD YEAR NORMAL DEPARTURE LAST
                VALUE   (LST)  VALUE       VALUE  FROM      YEAR
                                                  NORMAL
..................................................................
TEMPERATURE (F)
 YESTERDAY
  MAXIMUM         90    130 PM 103    2012  81      9       82
  MINIMUM         68    559 AM  37    1946  58     10       57
  AVERAGE         79                        70      9       70

PRECIPITATION (IN)
  YESTERDAY        0.00          2.51 1920   0.07  -0.07     0.00
  MONTH TO DATE    3.31                      2.24   1.07     3.66
  SINCE JUN 1      6.89                      9.48  -2.59     9.84
  SINCE JAN 1     19.41                     16.21   3.20    16.93

SNOWFALL (IN)
  YESTERDAY        0.0           0.0    MM  MM     MM        0.0
  MONTH TO DATE    0.0                      MM     MM        0.0
  SINCE JUN 1      0.0                      MM     MM        0.0
  SINCE JUL 1      0.0                      MM     MM        0.0
  SNOW DEPTH       0

DEGREE DAYS
 HEATING
  YESTERDAY        0                         1     -1        0
  MONTH TO DATE    5                         4      1       26
  SINCE JUN 1     12                        44    -32       31
  SINCE JUL 1      8                         9     -1       28

 COOLING
  YESTERDAY       14                         5      9        5
  MONTH TO DATE  251                       218     33      182
  SINCE JUN 1    866                       696    170      672
  SINCE JAN 1    910                       736    174      703
..................................................................


WIND (MPH)
  HIGHEST WIND SPEED    20   HIGHEST WIND DIRECTION    SE (150)
  HIGHEST GUST SPEED    24   HIGHEST GUST DIRECTION    SE (150)
  AVERAGE WIND SPEED     8.2


SKY COVER
  POSSIBLE SUNSHINE  MM
  AVERAGE SKY COVER 0.0


WEATHER CONDITIONS
 THE FOLLOWING WEATHER WAS RECORDED YESTERDAY.
  NO SIGNIFICANT WEATHER WAS OBSERVED.


RELATIVE HUMIDITY (PERCENT)
 HIGHEST    97           200 AM
 LOWEST     51           400 PM
 AVERAGE    74

..........................................................


THE MITCHELL SD CLIMATE NORMALS FOR TODAY
                         NORMAL    RECORD    YEAR
 MAXIMUM TEMPERATURE (F)   81       103      1898
 MINIMUM TEMPERATURE (F)   57        40      1946
                                             1935
                                             1915


SUNRISE AND SUNSET
AUGUST 30 2016........SUNRISE   654 AM CDT   SUNSET   810 PM CDT
AUGUST 31 2016........SUNRISE   655 AM CDT   SUNSET   809 PM CDT


-  INDICATES NEGATIVE NUMBERS.
R  INDICATES RECORD WAS SET OR TIED.
MM INDICATES DATA IS MISSING.
T  INDICATES TRACE AMOUNT.




$$
