000
CDUS43 KTOP 180631
CLIMHK


CLIMATE REPORT
NATIONAL WEATHER SERVICE TOPEKA KS
131 AM CDT FRI APR 18 2014


...................................

...THE MANHATTAN KS CLIMATE SUMMARY FOR APRIL 17 2014...

CLIMATE NORMAL PERIOD 1981 TO 2010
CLIMATE RECORD PERIOD 9999 TO 9999


WEATHER ITEM   OBSERVED NORMAL DEPARTURE LAST
                VALUE   VALUE  FROM      YEAR
                               NORMAL
...............................................
TEMPERATURE (F)
 YESTERDAY
  MAXIMUM         57     67    -10       47
  MINIMUM         34     42     -8       40
  AVERAGE         46     54     -8       44

PRECIPITATION (IN)
  YESTERDAY        0.00   0.10  -0.10     1.51
  MONTH TO DATE    0.63   1.27  -0.64     2.56
  SINCE MAR 1      1.16   3.47  -2.31     3.63
  SINCE JAN 1      2.38   5.19  -2.81     5.34

DEGREE DAYS
 HEATING
  YESTERDAY       19     11      8       21
  MONTH TO DATE  263    229     34      293
  SINCE MAR 1   1013    905    108     1073
  SINCE JUL 1   5544   5065    479     4830

 COOLING
  YESTERDAY        0      1     -1        0
  MONTH TO DATE    9      6      3        2
  SINCE MAR 1      9      8      1        2
  SINCE JAN 1      9      8      1        2
...............................................


WIND (MPH)
  HIGHEST WIND SPEED    14   HIGHEST WIND DIRECTION     N (20)
  HIGHEST GUST SPEED    19   HIGHEST GUST DIRECTION     N (20)
  AVERAGE WIND SPEED     4.7


SKY COVER
  AVERAGE SKY COVER 0.3


WEATHER CONDITIONS
 THE FOLLOWING WEATHER WAS RECORDED YESTERDAY.
  FOG
  HAZE


RELATIVE HUMIDITY (PERCENT)
 HIGHEST    70
 LOWEST     36
 AVERAGE    53

..........................................................


THE MANHATTAN KS CLIMATE NORMALS FOR TODAY
                         NORMAL
 MAXIMUM TEMPERATURE (F)   68
 MINIMUM TEMPERATURE (F)   42


SUNRISE AND SUNSET
APRIL 18 2014.........SUNRISE   646 AM CDT   SUNSET   807 PM CDT
APRIL 19 2014.........SUNRISE   644 AM CDT   SUNSET   808 PM CDT


-  INDICATES NEGATIVE NUMBERS.
R  INDICATES RECORD WAS SET OR TIED.
MM INDICATES DATA IS MISSING.
T  INDICATES TRACE AMOUNT.




$$
