000
CDUS43 KTOP 070635
CLIMHK


CLIMATE REPORT
NATIONAL WEATHER SERVICE TOPEKA KS
133 AM CDT TUE JUL 7 2015


...................................

...THE MANHATTAN KS CLIMATE SUMMARY FOR JULY 6 2015...

CLIMATE NORMAL PERIOD 1981 TO 2010
CLIMATE RECORD PERIOD 9999 TO 9999


WEATHER ITEM   OBSERVED NORMAL DEPARTURE LAST
                VALUE   VALUE  FROM      YEAR
                               NORMAL
...............................................
TEMPERATURE (F)
 YESTERDAY
  MAXIMUM         93     90      3       99
  MINIMUM         70     67      3       75
  AVERAGE         82     78      4       87

PRECIPITATION (IN)
  YESTERDAY        1.04   0.14   0.90     0.00
  MONTH TO DATE    1.14   0.90   0.24      T
  SINCE JUN 1      4.80   5.99  -1.19     6.82
  SINCE JAN 1     19.02  17.19   1.83    12.67

DEGREE DAYS
 HEATING
  YESTERDAY        0      0      0        0
  MONTH TO DATE    0      0      0        0
  SINCE JUN 1      0     11    -11        0
  SINCE JUL 1      0      0      0        0

 COOLING
  YESTERDAY       17     13      4       22
  MONTH TO DATE   83     78      5       59
  SINCE JUN 1    444    348     96      364
  SINCE JAN 1    525    448     77      567
...............................................


WIND (MPH)
  HIGHEST WIND SPEED    22   HIGHEST WIND DIRECTION    NE (30)
  HIGHEST GUST SPEED    30   HIGHEST GUST DIRECTION    NW (330)
  AVERAGE WIND SPEED     9.6


SKY COVER
  AVERAGE SKY COVER 0.5


WEATHER CONDITIONS
 THE FOLLOWING WEATHER WAS RECORDED YESTERDAY.
  THUNDERSTORM
  HEAVY RAIN
  RAIN
  LIGHT RAIN
  FOG
  HAZE


RELATIVE HUMIDITY (PERCENT)
 HIGHEST   100
 LOWEST     49
 AVERAGE    75

..........................................................


THE MANHATTAN KS CLIMATE NORMALS FOR TODAY
                         NORMAL
 MAXIMUM TEMPERATURE (F)   91
 MINIMUM TEMPERATURE (F)   67


SUNRISE AND SUNSET
JULY  7 2015..........SUNRISE   607 AM CDT   SUNSET   855 PM CDT
JULY  8 2015..........SUNRISE   608 AM CDT   SUNSET   855 PM CDT


-  INDICATES NEGATIVE NUMBERS.
R  INDICATES RECORD WAS SET OR TIED.
MM INDICATES DATA IS MISSING.
T  INDICATES TRACE AMOUNT.




$$
