000
CDUS43 KTOP 200632
CLIMHK


CLIMATE REPORT
NATIONAL WEATHER SERVICE TOPEKA KS
131 AM CDT MON OCT 20 2014


...................................

...THE MANHATTAN KS CLIMATE SUMMARY FOR OCTOBER 19 2014...

CLIMATE NORMAL PERIOD 1981 TO 2010
CLIMATE RECORD PERIOD 9999 TO 9999


WEATHER ITEM   OBSERVED NORMAL DEPARTURE LAST
                VALUE   VALUE  FROM      YEAR
                               NORMAL
...............................................
TEMPERATURE (F)
 YESTERDAY
  MAXIMUM         73     67      6       66
  MINIMUM         37     41     -4       31
  AVERAGE         55     54      1       49

PRECIPITATION (IN)
  YESTERDAY        0.00   0.07  -0.07     0.00
  MONTH TO DATE    2.13   1.47   0.66     2.63
  SINCE SEP 1      3.40   4.64  -1.24     5.73
  SINCE JAN 1     20.30  29.18  -8.88    26.95

DEGREE DAYS
 HEATING
  YESTERDAY       10     11     -1       16
  MONTH TO DATE  163    164     -1      145
  SINCE SEP 1    219    231    -12      162
  SINCE JUL 1    220    234    -14      165

 COOLING
  YESTERDAY        0      0      0        0
  MONTH TO DATE   11     21    -10       33
  SINCE SEP 1    186    175     11      285
  SINCE JAN 1   1564   1358    206     1513
...............................................


WIND (MPH)
  HIGHEST WIND SPEED    20   HIGHEST WIND DIRECTION    SW (220)
  HIGHEST GUST SPEED    24   HIGHEST GUST DIRECTION     S (200)
  AVERAGE WIND SPEED     5.0


SKY COVER
  AVERAGE SKY COVER 0.0


WEATHER CONDITIONS
 THE FOLLOWING WEATHER WAS RECORDED YESTERDAY.
  NO SIGNIFICANT WEATHER WAS OBSERVED.


RELATIVE HUMIDITY (PERCENT)
 HIGHEST   100
 LOWEST     44
 AVERAGE    72

..........................................................


THE MANHATTAN KS CLIMATE NORMALS FOR TODAY
                         NORMAL
 MAXIMUM TEMPERATURE (F)   67
 MINIMUM TEMPERATURE (F)   41


SUNRISE AND SUNSET
OCTOBER 20 2014.......SUNRISE   741 AM CDT   SUNSET   641 PM CDT
OCTOBER 21 2014.......SUNRISE   742 AM CDT   SUNSET   639 PM CDT


-  INDICATES NEGATIVE NUMBERS.
R  INDICATES RECORD WAS SET OR TIED.
MM INDICATES DATA IS MISSING.
T  INDICATES TRACE AMOUNT.




$$
