599
CDUS43 KTOP 040637
CLIMHK


CLIMATE REPORT
NATIONAL WEATHER SERVICE TOPEKA KS
1237 AM CST SUN DEC 4 2016


...................................

...THE MANHATTAN KS CLIMATE SUMMARY FOR DECEMBER 3 2016...

CLIMATE NORMAL PERIOD 1981 TO 2010
CLIMATE RECORD PERIOD 9999 TO 9999


WEATHER ITEM   OBSERVED NORMAL DEPARTURE LAST
                VALUE   VALUE  FROM      YEAR
                               NORMAL
...............................................
TEMPERATURE (F)
 YESTERDAY
  MAXIMUM         41     46     -5       51
  MINIMUM         27     23      4       19
  AVERAGE         34     34      0       35

PRECIPITATION (IN)
  YESTERDAY        0.40   0.04   0.36     0.00
  MONTH TO DATE    0.40   0.13   0.27      T
  SINCE DEC 1      0.40   0.13   0.27      T
  SINCE JAN 1     33.92  31.66   2.26    34.78

DEGREE DAYS
 HEATING
  YESTERDAY       31     31      0       30
  MONTH TO DATE   92     91      1       88
  SINCE DEC 1     92     91      1       88
  SINCE JUL 1    702   1166   -464      827

 COOLING
  YESTERDAY        0      0      0        0
  MONTH TO DATE    0      0      0        0
  SINCE DEC 1      0      0      0        0
  SINCE JAN 1   1749   1362    387     1617
...............................................


WIND (MPH)
  HIGHEST WIND SPEED    13   HIGHEST WIND DIRECTION    NE (50)
  HIGHEST GUST SPEED    15   HIGHEST GUST DIRECTION    NE (60)
  AVERAGE WIND SPEED     3.9


SKY COVER
  AVERAGE SKY COVER 0.7


WEATHER CONDITIONS
 THE FOLLOWING WEATHER WAS RECORDED YESTERDAY.
  RAIN
  LIGHT RAIN
  FOG


RELATIVE HUMIDITY (PERCENT)
 HIGHEST   100
 LOWEST     75
 AVERAGE    88

..........................................................


THE MANHATTAN KS CLIMATE NORMALS FOR TODAY
                         NORMAL
 MAXIMUM TEMPERATURE (F)   45
 MINIMUM TEMPERATURE (F)   23


SUNRISE AND SUNSET
DECEMBER  4 2016......SUNRISE   730 AM CST   SUNSET   504 PM CST
DECEMBER  5 2016......SUNRISE   731 AM CST   SUNSET   504 PM CST


-  INDICATES NEGATIVE NUMBERS.
R  INDICATES RECORD WAS SET OR TIED.
MM INDICATES DATA IS MISSING.
T  INDICATES TRACE AMOUNT.




$$
