000
CDUS43 KTOP 220644
CLIMHK


CLIMATE REPORT
NATIONAL WEATHER SERVICE TOPEKA KS
1243 AM CST SAT NOV 22 2014


...................................

...THE MANHATTAN KS CLIMATE SUMMARY FOR NOVEMBER 21 2014...

CLIMATE NORMAL PERIOD 1981 TO 2010
CLIMATE RECORD PERIOD 9999 TO 9999


WEATHER ITEM   OBSERVED NORMAL DEPARTURE LAST
                VALUE   VALUE  FROM      YEAR
                               NORMAL
...............................................
TEMPERATURE (F)
 YESTERDAY
  MAXIMUM         38     52    -14       49
  MINIMUM         20     28     -8       25
  AVERAGE         29     40    -11       37

PRECIPITATION (IN)
  YESTERDAY        T      0.04  -0.04     0.04
  MONTH TO DATE    0.04   1.26  -1.22     0.54
  SINCE SEP 1      3.76   6.65  -2.89     7.38
  SINCE JAN 1     20.66  31.19 -10.53    28.60

DEGREE DAYS
 HEATING
  YESTERDAY       36     25     11       28
  MONTH TO DATE  614    430    184      407
  SINCE SEP 1    913    826     87      756
  SINCE JUL 1    914    829     85      759

 COOLING
  YESTERDAY        0      0      0        0
  MONTH TO DATE    0      0      0        0
  SINCE SEP 1    203    178     25      285
  SINCE JAN 1   1581   1361    220     1513
...............................................


WIND (MPH)
  HIGHEST WIND SPEED    10   HIGHEST WIND DIRECTION     E (80)
  HIGHEST GUST SPEED    13   HIGHEST GUST DIRECTION     E (80)
  AVERAGE WIND SPEED     5.4


SKY COVER
  AVERAGE SKY COVER 0.5


WEATHER CONDITIONS
 THE FOLLOWING WEATHER WAS RECORDED YESTERDAY.
  FOG
  FOG W/VISIBILITY <= 1/4 MILE
  HAZE


RELATIVE HUMIDITY (PERCENT)
 HIGHEST   100
 LOWEST     59
 AVERAGE    80

..........................................................


THE MANHATTAN KS CLIMATE NORMALS FOR TODAY
                         NORMAL
 MAXIMUM TEMPERATURE (F)   52
 MINIMUM TEMPERATURE (F)   27


SUNRISE AND SUNSET
NOVEMBER 22 2014......SUNRISE   718 AM CST   SUNSET   508 PM CST
NOVEMBER 23 2014......SUNRISE   719 AM CST   SUNSET   507 PM CST


-  INDICATES NEGATIVE NUMBERS.
R  INDICATES RECORD WAS SET OR TIED.
MM INDICATES DATA IS MISSING.
T  INDICATES TRACE AMOUNT.




$$
