000
CDUS43 KTOP 260642
CLIMHK


CLIMATE REPORT
NATIONAL WEATHER SERVICE TOPEKA KS
138 AM CDT TUE MAY 26 2015


...................................

...THE MANHATTAN KS CLIMATE SUMMARY FOR MAY 25 2015...

CLIMATE NORMAL PERIOD 1981 TO 2010
CLIMATE RECORD PERIOD 9999 TO 9999


WEATHER ITEM   OBSERVED NORMAL DEPARTURE LAST
                VALUE   VALUE  FROM      YEAR
                               NORMAL
...............................................
TEMPERATURE (F)
 YESTERDAY
  MAXIMUM         82     79      3       84
  MINIMUM         56     54      2       66
  AVERAGE         69     67      2       75

PRECIPITATION (IN)
  YESTERDAY        0.48   0.16   0.32     0.27
  MONTH TO DATE    8.99   3.45   5.54     2.15
  SINCE MAR 1     11.77   8.45   3.32     4.63
  SINCE JAN 1     13.23  10.17   3.06     5.85

DEGREE DAYS
 HEATING
  YESTERDAY        0      2     -2        0
  MONTH TO DATE  101    114    -13      118
  SINCE MAR 1    926   1135   -209     1210
  SINCE JUL 1   5120   5295   -175     5741

 COOLING
  YESTERDAY        4      4      0       10
  MONTH TO DATE   58     56      2      113
  SINCE MAR 1     66     73     -7      143
  SINCE JAN 1     66     73     -7      143
...............................................


WIND (MPH)
  HIGHEST WIND SPEED    23   HIGHEST WIND DIRECTION     S (190)
  HIGHEST GUST SPEED    31   HIGHEST GUST DIRECTION     W (260)
  AVERAGE WIND SPEED     7.4


SKY COVER
  AVERAGE SKY COVER 0.7


WEATHER CONDITIONS
 THE FOLLOWING WEATHER WAS RECORDED YESTERDAY.
  THUNDERSTORM
  HEAVY RAIN
  RAIN
  LIGHT RAIN
  FOG


RELATIVE HUMIDITY (PERCENT)
 HIGHEST   100
 LOWEST     62
 AVERAGE    81

..........................................................


THE MANHATTAN KS CLIMATE NORMALS FOR TODAY
                         NORMAL
 MAXIMUM TEMPERATURE (F)   79
 MINIMUM TEMPERATURE (F)   55


SUNRISE AND SUNSET
MAY 26 2015...........SUNRISE   606 AM CDT   SUNSET   842 PM CDT
MAY 27 2015...........SUNRISE   605 AM CDT   SUNSET   843 PM CDT


-  INDICATES NEGATIVE NUMBERS.
R  INDICATES RECORD WAS SET OR TIED.
MM INDICATES DATA IS MISSING.
T  INDICATES TRACE AMOUNT.




$$
