000
CDUS43 KTOP 180638
CLIMHK


CLIMATE REPORT
NATIONAL WEATHER SERVICE TOPEKA KS
138 AM CDT THU SEP 18 2014


...................................

...THE MANHATTAN KS CLIMATE SUMMARY FOR SEPTEMBER 17 2014...

CLIMATE NORMAL PERIOD 1981 TO 2010
CLIMATE RECORD PERIOD 9999 TO 9999


WEATHER ITEM   OBSERVED NORMAL DEPARTURE LAST
                VALUE   VALUE  FROM      YEAR
                               NORMAL
...............................................
TEMPERATURE (F)
 YESTERDAY
  MAXIMUM         80     81     -1       84
  MINIMUM         61     54      7       61
  AVERAGE         71     67      4       73

PRECIPITATION (IN)
  YESTERDAY        0.00   0.09  -0.09     0.20
  MONTH TO DATE    0.74   2.01  -1.27     2.86
  SINCE SEP 1      0.74   2.01  -1.27     2.86
  SINCE JAN 1     17.64  26.55  -8.91    24.08

DEGREE DAYS
 HEATING
  YESTERDAY        0      2     -2        0
  MONTH TO DATE   51     16     35        4
  SINCE SEP 1     51     16     35        4
  SINCE JUL 1     52     19     33        7

 COOLING
  YESTERDAY        6      5      1        8
  MONTH TO DATE   99    113    -14      191
  SINCE SEP 1     99    113    -14      191
  SINCE JAN 1   1477   1296    181     1419
...............................................


WIND (MPH)
  HIGHEST WIND SPEED    14   HIGHEST WIND DIRECTION     E (80)
  HIGHEST GUST SPEED    19   HIGHEST GUST DIRECTION     E (80)
  AVERAGE WIND SPEED     6.1


SKY COVER
  AVERAGE SKY COVER 0.6


WEATHER CONDITIONS
 THE FOLLOWING WEATHER WAS RECORDED YESTERDAY.
  THUNDERSTORM
  FOG
  HAZE


RELATIVE HUMIDITY (PERCENT)
 HIGHEST    93
 LOWEST     62
 AVERAGE    78

..........................................................


THE MANHATTAN KS CLIMATE NORMALS FOR TODAY
                         NORMAL
 MAXIMUM TEMPERATURE (F)   80
 MINIMUM TEMPERATURE (F)   54


SUNRISE AND SUNSET
SEPTEMBER 18 2014.....SUNRISE   711 AM CDT   SUNSET   730 PM CDT
SEPTEMBER 19 2014.....SUNRISE   712 AM CDT   SUNSET   728 PM CDT


-  INDICATES NEGATIVE NUMBERS.
R  INDICATES RECORD WAS SET OR TIED.
MM INDICATES DATA IS MISSING.
T  INDICATES TRACE AMOUNT.




$$
