000
CDUS43 KTOP 240633
CLIMHK


CLIMATE REPORT
NATIONAL WEATHER SERVICE TOPEKA KS
132 AM CDT SAT JUN 24 2017


...................................

...THE MANHATTAN KS CLIMATE SUMMARY FOR JUNE 23 2017...

CLIMATE NORMAL PERIOD 1981 TO 2010
CLIMATE RECORD PERIOD 9999 TO 9999


WEATHER ITEM   OBSERVED NORMAL DEPARTURE LAST
                VALUE   VALUE  FROM      YEAR
                               NORMAL
...............................................
TEMPERATURE (F)
 YESTERDAY
  MAXIMUM         82     88     -6       93
  MINIMUM         61     64     -3       68
  AVERAGE         72     76     -4       81

PRECIPITATION (IN)
  YESTERDAY        T      0.17  -0.17     0.00
  MONTH TO DATE    0.40   4.08  -3.68     0.22
  SINCE JUN 1      0.40   4.08  -3.68     0.22
  SINCE JAN 1     14.26  15.28  -1.02    15.50

DEGREE DAYS
 HEATING
  YESTERDAY        0      0      0        0
  MONTH TO DATE    0      8     -8        0
  SINCE JUN 1      0      8     -8        0
  SINCE JUL 1   4169   5312  -1143     4115

 COOLING
  YESTERDAY        7     11     -4       16
  MONTH TO DATE  295    188    107      350
  SINCE JUN 1    295    188    107      350
  SINCE JAN 1    429    288    141      460
...............................................


WIND (MPH)
  HIGHEST WIND SPEED    25   HIGHEST WIND DIRECTION    NE (40)
  HIGHEST GUST SPEED    34   HIGHEST GUST DIRECTION    NE (40)
  AVERAGE WIND SPEED     9.2


SKY COVER
  AVERAGE SKY COVER 0.2


WEATHER CONDITIONS
 THE FOLLOWING WEATHER WAS RECORDED YESTERDAY.
  NO SIGNIFICANT WEATHER WAS OBSERVED.


RELATIVE HUMIDITY (PERCENT)
 HIGHEST    87
 LOWEST     30
 AVERAGE    59

..........................................................


THE MANHATTAN KS CLIMATE NORMALS FOR TODAY
                         NORMAL
 MAXIMUM TEMPERATURE (F)   88
 MINIMUM TEMPERATURE (F)   65


SUNRISE AND SUNSET
JUNE 24 2017..........SUNRISE   602 AM CDT   SUNSET   857 PM CDT
JUNE 25 2017..........SUNRISE   602 AM CDT   SUNSET   857 PM CDT


-  INDICATES NEGATIVE NUMBERS.
R  INDICATES RECORD WAS SET OR TIED.
MM INDICATES DATA IS MISSING.
T  INDICATES TRACE AMOUNT.




$$
