000
CDUS46 KMFR 010038
CLIMHS


CLIMATE REPORT
NATIONAL WEATHER SERVICE MEDFORD, OR
538 PM PDT TUE MAY 31 2016


...................................

...THE MT SHASTA CITY CA CLIMATE SUMMARY FOR MAY 31 2016...
VALID TODAY AS OF 0500 PM LOCAL TIME.

CLIMATE NORMAL PERIOD 1981 TO 2010
CLIMATE RECORD PERIOD 1908 TO 2016


WEATHER ITEM   OBSERVED TIME   RECORD YEAR NORMAL DEPARTURE LAST
                VALUE   (LST)  VALUE       VALUE  FROM      YEAR
                                                  NORMAL
..................................................................
TEMPERATURE (F)
 TODAY
  MAXIMUM         90    251 PM  96    1910  73     17       80
  MINIMUM         47    530 AM  18    1908  43      4       49
  AVERAGE         69                        58     11       65

PRECIPITATION (IN)
  TODAY            0.00          2.15 1993   0.07  -0.07     0.00
  MONTH TO DATE    1.28                      2.22  -0.94     1.76
  SINCE OCT 1     39.91                     40.61  -0.70    34.67
  SINCE JAN 1     30.42                     25.40   5.02    15.15

SNOWFALL (IN)
  TODAY           MM                         0.0   MM       MM
  MONTH TO DATE   MM                         0.3   MM       MM
  SINCE JUL 1     MM                        91.8   MM       MM
  SNOW DEPTH      MM

DEGREE DAYS
 HEATING
  TODAY            0                         8     -8        0
  MONTH TO DATE  221                       336   -115      229
  SINCE MAR 1   1211                      1577   -366     1183
  SINCE JUL 1   4726                      5552   -826     4149

 COOLING
  TODAY            4                         1      3        0
  MONTH TO DATE    8                         8      0        5
  SINCE MAR 1      8                         8      0        5
  SINCE JAN 1      8                         8      0        5
..................................................................


WIND (MPH)
  HIGHEST WIND SPEED     6   HIGHEST WIND DIRECTION    SW (230)
  HIGHEST GUST SPEED    10   HIGHEST GUST DIRECTION    SW (220)
  AVERAGE WIND SPEED     1.9


SKY COVER
  POSSIBLE SUNSHINE  MM
  AVERAGE SKY COVER 0.0


WEATHER CONDITIONS
 THE FOLLOWING WEATHER WAS RECORDED TODAY.
  NO SIGNIFICANT WEATHER WAS OBSERVED.


RELATIVE HUMIDITY (PERCENT)
 HIGHEST    71           400 AM
 LOWEST     15           300 PM

..........................................................


THE MT SHASTA CITY CA CLIMATE NORMALS FOR TOMORROW
                         NORMAL    RECORD    YEAR
 MAXIMUM TEMPERATURE (F)   73        94      1986
 MINIMUM TEMPERATURE (F)   43        25      1929


SUNRISE AND SUNSET
MAY 31 2016...........SUNRISE   539 AM PDT   SUNSET   836 PM PDT
JUNE  1 2016..........SUNRISE   538 AM PDT   SUNSET   837 PM PDT


-  INDICATES NEGATIVE NUMBERS.
R  INDICATES RECORD WAS SET OR TIED.
MM INDICATES DATA IS MISSING.
T  INDICATES TRACE AMOUNT.




$$
