000
CDUS46 KMFR 250838
CLIMHS


CLIMATE REPORT
NATIONAL WEATHER SERVICE MEDFORD, OR
1238 AM PST SUN JAN 25 2015


...................................

...THE MT SHASTA CITY CA CLIMATE SUMMARY FOR JANUARY 24 2015...

CLIMATE NORMAL PERIOD 1981 TO 2010
CLIMATE RECORD PERIOD 1908 TO 2015


WEATHER ITEM   OBSERVED TIME   RECORD YEAR NORMAL DEPARTURE LAST
                VALUE   (LST)  VALUE       VALUE  FROM      YEAR
                                                  NORMAL
..................................................................
TEMPERATURE (F)
 YESTERDAY
  MAXIMUM         60    402 PM  63    2014  46     14       63
                                      1975
  MINIMUM         32    658 AM   4    1949  27      5       35
  AVERAGE         46                        36     10       49

PRECIPITATION (IN)
  YESTERDAY        0.00          3.52 1994   0.22  -0.22     0.00
  MONTH TO DATE    0.48                      5.58  -5.10     0.15
  SINCE OCT 1     20.00                     20.79  -0.79     1.26
  SINCE JAN 1      0.48                      5.58  -5.10     0.15

SNOWFALL (IN)
  YESTERDAY       MM                         0.6   MM       MM
  MONTH TO DATE   MM                        16.5   MM        0.0
  SINCE JUL 1     MM                        49.2   MM        0.0
  SNOW DEPTH      MM

DEGREE DAYS
 HEATING
  YESTERDAY       19                        29    -10       16
  MONTH TO DATE  552                       706   -154      610
  SINCE DEC 1   1285                      1631   -346     1548
  SINCE JUL 1   2295                      3028   -733     2785

 COOLING
  YESTERDAY        0                         0      0        0
  MONTH TO DATE    0                         0      0        0
  SINCE DEC 1      0                         0      0        0
  SINCE JAN 1      0                         0      0        0
..................................................................


WIND (MPH)
  HIGHEST WIND SPEED    10   HIGHEST WIND DIRECTION    NW (300)
  HIGHEST GUST SPEED    19   HIGHEST GUST DIRECTION    NW (310)
  AVERAGE WIND SPEED     2.9


SKY COVER
  POSSIBLE SUNSHINE  MM
  AVERAGE SKY COVER 0.0


WEATHER CONDITIONS
 THE FOLLOWING WEATHER WAS RECORDED YESTERDAY.
  FOG
  HAZE


RELATIVE HUMIDITY (PERCENT)
 HIGHEST    89           300 AM
 LOWEST     40           400 PM

..........................................................


THE MT SHASTA CITY CA CLIMATE NORMALS FOR TODAY
                         NORMAL    RECORD    YEAR
 MAXIMUM TEMPERATURE (F)   46        59      2014
                                             1951
 MINIMUM TEMPERATURE (F)   27         2      1949


SUNRISE AND SUNSET
JANUARY 25 2015.......SUNRISE   727 AM PST   SUNSET   517 PM PST
JANUARY 26 2015.......SUNRISE   726 AM PST   SUNSET   518 PM PST


-  INDICATES NEGATIVE NUMBERS.
R  INDICATES RECORD WAS SET OR TIED.
MM INDICATES DATA IS MISSING.
T  INDICATES TRACE AMOUNT.




$$
