000
CDUS46 KMFR 220837
CLIMHS


CLIMATE REPORT
NATIONAL WEATHER SERVICE MEDFORD, OR
1236 AM PST WED NOV 22 2017


...................................

...THE MT SHASTA CITY CA CLIMATE SUMMARY FOR NOVEMBER 21 2017...

CLIMATE NORMAL PERIOD 1981 TO 2010
CLIMATE RECORD PERIOD 1908 TO 2017


WEATHER ITEM   OBSERVED TIME   RECORD YEAR NORMAL DEPARTURE LAST
                VALUE   (LST)  VALUE       VALUE  FROM      YEAR
                                                  NORMAL
..................................................................
TEMPERATURE (F)
 YESTERDAY
  MAXIMUM         60    151 PM  76    1914  49     11       53
  MINIMUM         43    246 AM  10    1985  29     14       31
  AVERAGE         52                        39     13       42

PRECIPITATION (IN)
  YESTERDAY        0.03          1.94 1974   0.17  -0.14      T
  MONTH TO DATE    3.61                      3.33   0.28     2.72
  SINCE OCT 1      4.26                      5.61  -1.35    14.59
  SINCE JAN 1     43.25                     33.61   9.64    47.49

SNOWFALL (IN)
  YESTERDAY       MM                         0.4   MM       MM
  MONTH TO DATE   MM                         4.1   MM       MM
  SINCE JUL 1     MM                         4.3   MM       MM
  SNOW DEPTH      MM

DEGREE DAYS
 HEATING
  YESTERDAY       13                        26    -13       23
  MONTH TO DATE  506                       487     19      360
  SINCE SEP 1   1057                      1076    -19      925
  SINCE JUL 1   1057                      1151    -94      940

 COOLING
  YESTERDAY        0                         0      0        0
  MONTH TO DATE    0                         0      0        0
  SINCE SEP 1    100                        28     72       35
  SINCE JAN 1    700                       288    412      513
..................................................................


WIND (MPH)
  HIGHEST WIND SPEED     8   HIGHEST WIND DIRECTION     E (100)
  HIGHEST GUST SPEED    14   HIGHEST GUST DIRECTION     E (80)
  AVERAGE WIND SPEED     0.8


SKY COVER
  POSSIBLE SUNSHINE  MM
  AVERAGE SKY COVER 0.8


WEATHER CONDITIONS
 THE FOLLOWING WEATHER WAS RECORDED YESTERDAY.
  LIGHT RAIN
  FOG
  FOG W/VISIBILITY <= 1/4 MILE


RELATIVE HUMIDITY (PERCENT)
 HIGHEST   100          1200 AM
 LOWEST     67           300 PM

..........................................................


THE MT SHASTA CITY CA CLIMATE NORMALS FOR TODAY
                         NORMAL    RECORD    YEAR
 MAXIMUM TEMPERATURE (F)   49        75      1914
                                             1954
 MINIMUM TEMPERATURE (F)   29        10      1994


SUNRISE AND SUNSET
NOVEMBER 22 2017......SUNRISE   706 AM PST   SUNSET   445 PM PST
NOVEMBER 23 2017......SUNRISE   707 AM PST   SUNSET   444 PM PST


-  INDICATES NEGATIVE NUMBERS.
R  INDICATES RECORD WAS SET OR TIED.
MM INDICATES DATA IS MISSING.
T  INDICATES TRACE AMOUNT.




$$
