000
CDUS46 KMFR 250853
CLIMHS


CLIMATE REPORT
NATIONAL WEATHER SERVICE MEDFORD, OR
1253 AM PST THU DEC 25 2014


...................................

...THE MT SHASTA CITY CA CLIMATE SUMMARY FOR DECEMBER 24 2014...

CLIMATE NORMAL PERIOD 1981 TO 2010
CLIMATE RECORD PERIOD 1908 TO 2014


WEATHER ITEM   OBSERVED TIME   RECORD YEAR NORMAL DEPARTURE LAST
                VALUE   (LST)  VALUE       VALUE  FROM      YEAR
                                                  NORMAL
..................................................................
TEMPERATURE (F)
 YESTERDAY
  MAXIMUM         47   1022 AM  64    1950  44      3       51
  MINIMUM         33   1143 PM   1    1990  26      7       28
  AVERAGE         40                        35      5       40

PRECIPITATION (IN)
  YESTERDAY        0.42          3.21 1940   0.26   0.16     0.00
  MONTH TO DATE   12.77                      6.05   6.72     0.24
  SINCE SEP 1     22.02                     14.08   7.94     2.82
  SINCE JAN 1     34.30                     41.41  -7.11    10.00

SNOWFALL (IN)
  YESTERDAY       MM                         1.0   MM       MM
  MONTH TO DATE   MM                        18.1   MM       MM
  SINCE JUL 1     MM                        25.9   MM        0.0
  SNOW DEPTH      MM

DEGREE DAYS
 HEATING
  YESTERDAY       25                        30     -5       25
  MONTH TO DATE  511                       712   -201      762
  SINCE DEC 1    511                       712   -201      762
  SINCE JUL 1   1521                      2109   -588     1999

 COOLING
  YESTERDAY        0                         0      0        0
  MONTH TO DATE    0                         0      0        0
  SINCE DEC 1      0                         0      0        0
  SINCE JAN 1    547                       288    259      474
..................................................................


WIND (MPH)
  HIGHEST WIND SPEED    18   HIGHEST WIND DIRECTION     N (340)
  HIGHEST GUST SPEED    33   HIGHEST GUST DIRECTION    NW (320)
  AVERAGE WIND SPEED     6.4


SKY COVER
  POSSIBLE SUNSHINE  MM
  AVERAGE SKY COVER 1.0


WEATHER CONDITIONS
 THE FOLLOWING WEATHER WAS RECORDED YESTERDAY.
  HEAVY RAIN
  RAIN
  LIGHT RAIN
  LIGHT SNOW
  FOG
  FOG W/VISIBILITY <= 1/4 MILE
  HAZE


RELATIVE HUMIDITY (PERCENT)
 HIGHEST   100           400 AM
 LOWEST     75          1100 PM

..........................................................


THE MT SHASTA CITY CA CLIMATE NORMALS FOR TODAY
                         NORMAL    RECORD    YEAR
 MAXIMUM TEMPERATURE (F)   44        62      1922
 MINIMUM TEMPERATURE (F)   26         2      1924


SUNRISE AND SUNSET
DECEMBER 25 2014......SUNRISE   733 AM PST   SUNSET   445 PM PST
DECEMBER 26 2014......SUNRISE   734 AM PST   SUNSET   446 PM PST


-  INDICATES NEGATIVE NUMBERS.
R  INDICATES RECORD WAS SET OR TIED.
MM INDICATES DATA IS MISSING.
T  INDICATES TRACE AMOUNT.




$$
