000
CDUS46 KMFR 220919
CLIMHS


CLIMATE REPORT
NATIONAL WEATHER SERVICE MEDFORD, OR
119 AM PST THU FEB 22 2018


...................................

...THE MT SHASTA CITY CA CLIMATE SUMMARY FOR FEBRUARY 21 2018...

CLIMATE NORMAL PERIOD 1981 TO 2010
CLIMATE RECORD PERIOD 1908 TO 2018


WEATHER ITEM   OBSERVED TIME   RECORD YEAR NORMAL DEPARTURE LAST
                VALUE   (LST)  VALUE       VALUE  FROM      YEAR
                                                  NORMAL
..................................................................
TEMPERATURE (F)
 YESTERDAY
  MAXIMUM         43    225 PM  68    1995  50     -7       49
  MINIMUM         18    733 AM   5    1915  28    -10       31
  AVERAGE         31                        39     -8       40

PRECIPITATION (IN)
  YESTERDAY        0.00          2.79 1956   0.27  -0.27     0.20
  MONTH TO DATE    0.09                      5.33  -5.24    10.82
  SINCE OCT 1     10.20                     27.60 -17.40    43.08
  SINCE JAN 1      4.37                     12.39  -8.02    21.92

SNOWFALL (IN)
  YESTERDAY       MM                         0.8   MM       MM
  MONTH TO DATE   MM                        14.7   MM       MM
  SINCE JUL 1     MM                        68.0   MM       MM
  SNOW DEPTH      MM

DEGREE DAYS
 HEATING
  YESTERDAY       34                        26      8       25
  MONTH TO DATE  500                       571    -71      488
  SINCE DEC 1   2112                      2400   -288     2478
  SINCE JUL 1   3363                      3797   -434     3663

 COOLING
  YESTERDAY        0                         0      0        0
  MONTH TO DATE    0                         0      0        0
  SINCE DEC 1      0                         0      0        0
  SINCE JAN 1      0                         0      0        0
..................................................................


WIND (MPH)
  HIGHEST WIND SPEED    10   HIGHEST WIND DIRECTION    NW (320)
  HIGHEST GUST SPEED    18   HIGHEST GUST DIRECTION    NW (300)
  AVERAGE WIND SPEED     2.6


SKY COVER
  POSSIBLE SUNSHINE  MM
  AVERAGE SKY COVER 0.7


WEATHER CONDITIONS
 THE FOLLOWING WEATHER WAS RECORDED YESTERDAY.
  HAZE


RELATIVE HUMIDITY (PERCENT)
 HIGHEST    73           500 AM
 LOWEST     36           200 PM

..........................................................


THE MT SHASTA CITY CA CLIMATE NORMALS FOR TODAY
                         NORMAL    RECORD    YEAR
 MAXIMUM TEMPERATURE (F)   50        68      1995
 MINIMUM TEMPERATURE (F)   28        12      1920


SUNRISE AND SUNSET
FEBRUARY 22 2018......SUNRISE   654 AM PST   SUNSET   552 PM PST
FEBRUARY 23 2018......SUNRISE   653 AM PST   SUNSET   553 PM PST


-  INDICATES NEGATIVE NUMBERS.
R  INDICATES RECORD WAS SET OR TIED.
MM INDICATES DATA IS MISSING.
T  INDICATES TRACE AMOUNT.




$$
