000
CDUS46 KMFR 290037
CLIMHS


CLIMATE REPORT
NATIONAL WEATHER SERVICE MEDFORD, OR
537 PM PDT SAT MAR 28 2015


...................................

...THE MT SHASTA CITY CA CLIMATE SUMMARY FOR MARCH 28 2015...
VALID TODAY AS OF 0500 PM LOCAL TIME.

CLIMATE NORMAL PERIOD 1981 TO 2010
CLIMATE RECORD PERIOD 1908 TO 2015


WEATHER ITEM   OBSERVED TIME   RECORD YEAR NORMAL DEPARTURE LAST
                VALUE   (LST)  VALUE       VALUE  FROM      YEAR
                                                  NORMAL
..................................................................
TEMPERATURE (F)
 TODAY
  MAXIMUM         66    300 PM  76    1966  57      9       48
  MINIMUM         38    632 AM  17    1975  31      7       42
  AVERAGE         52                        44      8       45

PRECIPITATION (IN)
  TODAY            0.00          2.10 1915   0.14  -0.14     0.66
  MONTH TO DATE    1.27                      5.57  -4.30     3.44
  SINCE OCT 1     31.43                     35.07  -3.64    10.59
  SINCE JAN 1     11.91                     19.86  -7.95     9.48

SNOWFALL (IN)
  TODAY           MM                         0.3   MM       MM
  MONTH TO DATE   MM                        12.2   MM       MM
  SINCE JUL 1     MM                        85.1   MM        0.0
  SNOW DEPTH      MM

DEGREE DAYS
 HEATING
  TODAY           13                        21     -8       20
  MONTH TO DATE  451                       642   -191      528
  SINCE MAR 1    451                       642   -191      528
  SINCE JUL 1   3417                      4617  -1200     4144

 COOLING
  TODAY            0                         0      0        0
  MONTH TO DATE    0                         0      0        0
  SINCE MAR 1      0                         0      0        0
  SINCE JAN 1      0                         0      0        0
..................................................................


WIND (MPH)
  HIGHEST WIND SPEED    16   HIGHEST WIND DIRECTION    NW (330)
  HIGHEST GUST SPEED    29   HIGHEST GUST DIRECTION     N (350)
  AVERAGE WIND SPEED     6.5


SKY COVER
  POSSIBLE SUNSHINE  MM
  AVERAGE SKY COVER 0.0


WEATHER CONDITIONS
 THE FOLLOWING WEATHER WAS RECORDED TODAY.
  NO SIGNIFICANT WEATHER WAS OBSERVED.


RELATIVE HUMIDITY (PERCENT)
 HIGHEST    70           600 AM
 LOWEST     20           300 PM

..........................................................


THE MT SHASTA CITY CA CLIMATE NORMALS FOR TOMORROW
                         NORMAL    RECORD    YEAR
 MAXIMUM TEMPERATURE (F)   57        78      1966
 MINIMUM TEMPERATURE (F)   31        17      1929


SUNRISE AND SUNSET
MARCH 28 2015.........SUNRISE   659 AM PDT   SUNSET   730 PM PDT
MARCH 29 2015.........SUNRISE   658 AM PDT   SUNSET   731 PM PDT


-  INDICATES NEGATIVE NUMBERS.
R  INDICATES RECORD WAS SET OR TIED.
MM INDICATES DATA IS MISSING.
T  INDICATES TRACE AMOUNT.




$$
