000
CDUS46 KMFR 220836
CLIMHS


CLIMATE REPORT
NATIONAL WEATHER SERVICE MEDFORD, OR
136 AM PDT TUE JUL 22 2014


...................................

...THE MT SHASTA CITY CA CLIMATE SUMMARY FOR JULY 21 2014...

CLIMATE NORMAL PERIOD 1981 TO 2010
CLIMATE RECORD PERIOD 1908 TO 2014


WEATHER ITEM   OBSERVED TIME   RECORD YEAR NORMAL DEPARTURE LAST
                VALUE   (LST)  VALUE       VALUE  FROM      YEAR
                                                  NORMAL
..................................................................
TEMPERATURE (F)
 YESTERDAY
  MAXIMUM         79    156 PM 101    2013  87     -8      101
  MINIMUM         54    549 AM  35    1929  51      3       58
  AVERAGE         67                        69     -2       80

PRECIPITATION (IN)
  YESTERDAY        0.00          0.51 1987   0.01  -0.01     0.00
  MONTH TO DATE    0.24                      0.29  -0.05     0.05
  SINCE SEP 1     14.89                     42.77 -27.88    27.83
  SINCE JAN 1     12.07                     26.89 -14.82     7.13

SNOWFALL (IN)
  YESTERDAY       MM                         0.0   MM       MM
  MONTH TO DATE   MM                         0.0   MM       MM
  SINCE JUL 1     MM                         0.0   MM       MM
  SNOW DEPTH      MM

DEGREE DAYS
 HEATING
  YESTERDAY        0                         1     -1        0
  MONTH TO DATE    0                        27    -27        0
  SINCE JUN 1     56                       169   -113       87
  SINCE JUL 1      0                        27    -27        0

 COOLING
  YESTERDAY        2                         5     -3       15
  MONTH TO DATE  215                        77    138      149
  SINCE JUN 1    273                       114    159      248
  SINCE JAN 1    282                       122    160      257
..................................................................


WIND (MPH)
  HIGHEST WIND SPEED     6   HIGHEST WIND DIRECTION     E (100)
  HIGHEST GUST SPEED    13   HIGHEST GUST DIRECTION    SE (150)
  AVERAGE WIND SPEED     1.1


SKY COVER
  POSSIBLE SUNSHINE  MM
  AVERAGE SKY COVER 0.3


WEATHER CONDITIONS
 THE FOLLOWING WEATHER WAS RECORDED YESTERDAY.
  NO SIGNIFICANT WEATHER WAS OBSERVED.


RELATIVE HUMIDITY (PERCENT)
 HIGHEST    89           500 AM
 LOWEST     42           200 PM

..........................................................


THE MT SHASTA CITY CA CLIMATE NORMALS FOR TODAY
                         NORMAL    RECORD    YEAR
 MAXIMUM TEMPERATURE (F)   87       100      1938
                                             1951
 MINIMUM TEMPERATURE (F)   51        38      1929


SUNRISE AND SUNSET
JULY 22 2014..........SUNRISE   555 AM PDT   SUNSET   836 PM PDT
JULY 23 2014..........SUNRISE   556 AM PDT   SUNSET   835 PM PDT


-  INDICATES NEGATIVE NUMBERS.
R  INDICATES RECORD WAS SET OR TIED.
MM INDICATES DATA IS MISSING.
T  INDICATES TRACE AMOUNT.




$$
