000
CDUS46 KMFR 260835
CLIMHS


CLIMATE REPORT
NATIONAL WEATHER SERVICE MEDFORD, OR
135 AM PDT SUN MAR 26 2017


...................................

...THE MT SHASTA CITY CA CLIMATE SUMMARY FOR MARCH 25 2017...

CLIMATE NORMAL PERIOD 1981 TO 2010
CLIMATE RECORD PERIOD 1908 TO 2017


WEATHER ITEM   OBSERVED TIME   RECORD YEAR NORMAL DEPARTURE LAST
                VALUE   (LST)  VALUE       VALUE  FROM      YEAR
                                                  NORMAL
..................................................................
TEMPERATURE (F)
 YESTERDAY
  MAXIMUM         52    213 PM  74    1997  56     -4       60
  MINIMUM         32    643 AM  15    1929  31      1       35
  AVERAGE         42                        44     -2       48

PRECIPITATION (IN)
  YESTERDAY        0.01          1.79 1971   0.15  -0.14     0.00
  MONTH TO DATE    5.58                      5.15   0.43    11.20
  SINCE OCT 1     48.89                     34.65  14.24    36.72
  SINCE JAN 1     27.73                     19.44   8.29    27.23

SNOWFALL (IN)
  YESTERDAY       MM                         0.4   MM       MM
  MONTH TO DATE   MM                        11.2   MM       MM
  SINCE JUL 1     MM                        84.1   MM       MM
  SNOW DEPTH      MM

DEGREE DAYS
 HEATING
  YESTERDAY       23                        21      2       17
  MONTH TO DATE  503                       579    -76      515
  SINCE MAR 1    503                       579    -76      515
  SINCE JUL 1   4400                      4554   -154     4030

 COOLING
  YESTERDAY        0                         0      0        0
  MONTH TO DATE    0                         0      0        0
  SINCE MAR 1      0                         0      0        0
  SINCE JAN 1      0                         0      0        0
..................................................................


WIND (MPH)
  HIGHEST WIND SPEED     7   HIGHEST WIND DIRECTION     E (100)
  HIGHEST GUST SPEED    12   HIGHEST GUST DIRECTION     E (90)
  AVERAGE WIND SPEED     1.4


SKY COVER
  POSSIBLE SUNSHINE  MM
  AVERAGE SKY COVER 0.5


WEATHER CONDITIONS
 THE FOLLOWING WEATHER WAS RECORDED YESTERDAY.
  LIGHT RAIN
  FOG
  FOG W/VISIBILITY <= 1/4 MILE


RELATIVE HUMIDITY (PERCENT)
 HIGHEST   100           300 AM
 LOWEST     52           300 PM

..........................................................


THE MT SHASTA CITY CA CLIMATE NORMALS FOR TODAY
                         NORMAL    RECORD    YEAR
 MAXIMUM TEMPERATURE (F)   57        77      2015
 MINIMUM TEMPERATURE (F)   31        17      1996


SUNRISE AND SUNSET
MARCH 26 2017.........SUNRISE   702 AM PDT   SUNSET   728 PM PDT
MARCH 27 2017.........SUNRISE   700 AM PDT   SUNSET   729 PM PDT


-  INDICATES NEGATIVE NUMBERS.
R  INDICATES RECORD WAS SET OR TIED.
MM INDICATES DATA IS MISSING.
T  INDICATES TRACE AMOUNT.




$$
