000
CDUS46 KMFR 230039
CLIMHS


CLIMATE REPORT
NATIONAL WEATHER SERVICE MEDFORD, OR
538 PM PDT SAT JUL 22 2017


...................................

...THE MT SHASTA CITY CA CLIMATE SUMMARY FOR JULY 22 2017...
VALID TODAY AS OF 0500 PM LOCAL TIME.

CLIMATE NORMAL PERIOD 1981 TO 2010
CLIMATE RECORD PERIOD 1908 TO 2017


WEATHER ITEM   OBSERVED TIME   RECORD YEAR NORMAL DEPARTURE LAST
                VALUE   (LST)  VALUE       VALUE  FROM      YEAR
                                                  NORMAL
..................................................................
TEMPERATURE (F)
 TODAY
  MAXIMUM         92    259 PM 100    1938  87      5       85
                                      1951
  MINIMUM         57    535 AM  38    1929  51      6       47
  AVERAGE         75                        69      6       66

PRECIPITATION (IN)
  TODAY            0.00          0.55 1913   0.01  -0.01     0.00
  MONTH TO DATE    0.00                      0.30  -0.30      T
  SINCE OCT 1     59.73                     42.11  17.62    42.31
  SINCE JAN 1     38.57                     26.90  11.67    32.82

SNOWFALL (IN)
  TODAY           MM                         0.0   MM       MM
  MONTH TO DATE   MM                         0.0   MM       MM
  SINCE JUL 1     MM                         0.0   MM       MM
  SNOW DEPTH      MM

DEGREE DAYS
 HEATING
  TODAY            0                         1     -1        0
  MONTH TO DATE    0                        28    -28       15
  SINCE JUN 1    105                       170    -65      102
  SINCE JUL 1      0                        28    -28       15

 COOLING
  TODAY           10                         5      5        1
  MONTH TO DATE  149                        82     67       70
  SINCE JUN 1    255                       119    136      177
  SINCE JAN 1    269                       127    142      185
..................................................................


WIND (MPH)
  HIGHEST WIND SPEED     8   HIGHEST WIND DIRECTION    NW (300)
  HIGHEST GUST SPEED    16   HIGHEST GUST DIRECTION     W (290)
  AVERAGE WIND SPEED     3.9


SKY COVER
  POSSIBLE SUNSHINE  MM
  AVERAGE SKY COVER 0.0


WEATHER CONDITIONS
 THE FOLLOWING WEATHER WAS RECORDED TODAY.
  NO SIGNIFICANT WEATHER WAS OBSERVED.


RELATIVE HUMIDITY (PERCENT)
 HIGHEST    51           500 AM
 LOWEST     23           200 PM

..........................................................


THE MT SHASTA CITY CA CLIMATE NORMALS FOR TOMORROW
                         NORMAL    RECORD    YEAR
 MAXIMUM TEMPERATURE (F)   88       101      2006
 MINIMUM TEMPERATURE (F)   51        38      1987


SUNRISE AND SUNSET
JULY 22 2017..........SUNRISE   555 AM PDT   SUNSET   836 PM PDT
JULY 23 2017..........SUNRISE   556 AM PDT   SUNSET   835 PM PDT


-  INDICATES NEGATIVE NUMBERS.
R  INDICATES RECORD WAS SET OR TIED.
MM INDICATES DATA IS MISSING.
T  INDICATES TRACE AMOUNT.




$$
