000
CDUS42 KMFL 270826
CLIMIA


CLIMATE REPORT
NATIONAL WEATHER SERVICE MIAMI, FL
426 AM EDT THU APR 27 2017


...................................

...THE MIAMI CLIMATE SUMMARY FOR APRIL 26 2017...

CLIMATE NORMAL PERIOD 1981 TO 2010
CLIMATE RECORD PERIOD 1895 TO 2017


WEATHER ITEM   OBSERVED TIME   RECORD YEAR NORMAL DEPARTURE LAST
                VALUE   (LST)  VALUE       VALUE  FROM      YEAR
                                                  NORMAL
..................................................................
TEMPERATURE (F)
 YESTERDAY
  MAXIMUM         85    213 PM  96    2015  85      0       83
  MINIMUM         65    541 AM  55    1983  70     -5       70
                                      1910
  AVERAGE         75                        77     -2       77

PRECIPITATION (IN)
  YESTERDAY        0.00          2.85 1997   0.11  -0.11     0.00
  MONTH TO DATE    2.16                      2.76  -0.60     1.09
  SINCE NOV 1     14.06                     14.94  -0.88    29.49
  SINCE JAN 1     10.79                      9.63   1.16    12.12

SNOWFALL (IN)
  YESTERDAY        0.0
  MONTH TO DATE    0.0
  SINCE MAR 1      0.0
  SINCE JUL 1      0.0
  SNOW DEPTH       0

DEGREE DAYS
 HEATING
  YESTERDAY        0                         0      0        0
  MONTH TO DATE    0                         0      0        0
  SINCE MAR 1      3                        11     -8        0
  SINCE JUL 1     17                       127   -110       67

 COOLING
  YESTERDAY       10                        12     -2       12
  MONTH TO DATE  320                       274     46      309
  SINCE MAR 1    591                       521     70      673
  SINCE JAN 1   1085                       843    242      930
..................................................................


WIND (MPH)
  HIGHEST WIND SPEED    17   HIGHEST WIND DIRECTION     E (110)
  HIGHEST GUST SPEED    24   HIGHEST GUST DIRECTION    SE (120)
  AVERAGE WIND SPEED     7.9


SKY COVER
  POSSIBLE SUNSHINE  85 PERCENT
  AVERAGE SKY COVER 0.3


WEATHER CONDITIONS
 THE FOLLOWING WEATHER WAS RECORDED YESTERDAY.
  NO SIGNIFICANT WEATHER WAS OBSERVED.


RELATIVE HUMIDITY (PERCENT)
 HIGHEST    81
 LOWEST     51
 AVERAGE    66

..........................................................


THE MIAMI CLIMATE NORMALS FOR TODAY
                         NORMAL    RECORD    YEAR
 MAXIMUM TEMPERATURE (F)   85        94      2015
 MINIMUM TEMPERATURE (F)   70        54      1937


SUNRISE AND SUNSET
APRIL 27 2017.........SUNRISE   647 AM EDT   SUNSET   750 PM EDT
APRIL 28 2017.........SUNRISE   646 AM EDT   SUNSET   751 PM EDT


-  INDICATES NEGATIVE NUMBERS.
R  INDICATES RECORD WAS SET OR TIED.
MM INDICATES DATA IS MISSING.
T  INDICATES TRACE AMOUNT.




$$
