000
CDUS42 KMFL 272017
CLIMIA


CLIMATE REPORT
NATIONAL WEATHER SERVICE MIAMI, FL
417 PM EDT FRI MAR 27 2015


...................................

...THE MIAMI CLIMATE SUMMARY FOR MARCH 27 2015...
VALID TODAY AS OF 0400 PM LOCAL TIME.

CLIMATE NORMAL PERIOD 1981 TO 2010
CLIMATE RECORD PERIOD 1895 TO 2015


WEATHER ITEM   OBSERVED TIME   RECORD YEAR NORMAL DEPARTURE LAST
                VALUE   (LST)  VALUE       VALUE  FROM      YEAR
                                                  NORMAL
..................................................................
TEMPERATURE (F)
 TODAY
  MAXIMUM         91R   113 PM  89    2011  81     10       79
                                      1984
  MINIMUM         75    644 AM  46    1947  66      9       62
  AVERAGE         83                        74      9       71

PRECIPITATION (IN)
  TODAY            T             1.99 1940   0.11  -0.11     0.00
  MONTH TO DATE    0.96                      2.55  -1.59     2.33
  SINCE NOV 1      8.70                     11.73  -3.03    15.80
  SINCE JAN 1      4.72                      6.42  -1.70     5.40

SNOWFALL (IN)
  TODAY            0.0
  MONTH TO DATE    0.0
  SINCE MAR 1      0.0
  SINCE JUL 1      0.0
  SNOW DEPTH       0

DEGREE DAYS
 HEATING
  TODAY            0                         0      0        0
  MONTH TO DATE    0                         8     -8        0
  SINCE MAR 1      0                         8     -8        0
  SINCE JUL 1     76                       124    -48       61

 COOLING
  TODAY           18                         9      9        6
  MONTH TO DATE  356                       211    145      239
  SINCE MAR 1    356                       211    145      239
  SINCE JAN 1    695                       533    162      660
..................................................................


WIND (MPH)
  HIGHEST WIND SPEED    24   HIGHEST WIND DIRECTION     S (200)
  HIGHEST GUST SPEED    31   HIGHEST GUST DIRECTION    SW (210)
  AVERAGE WIND SPEED    10.6


SKY COVER
  AVERAGE SKY COVER 0.6


WEATHER CONDITIONS
 THE FOLLOWING WEATHER WAS RECORDED TODAY.
  NO SIGNIFICANT WEATHER WAS OBSERVED.


RELATIVE HUMIDITY (PERCENT)
 HIGHEST    87
 LOWEST     41
 AVERAGE    64

..........................................................


THE MIAMI CLIMATE NORMALS FOR TOMORROW
                         NORMAL    RECORD    YEAR
 MAXIMUM TEMPERATURE (F)   81        89      1946
 MINIMUM TEMPERATURE (F)   66        52      1955
                                             1897


SUNRISE AND SUNSET
MARCH 27 2015.........SUNRISE   718 AM EDT   SUNSET   736 PM EDT
MARCH 28 2015.........SUNRISE   717 AM EDT   SUNSET   736 PM EDT


-  INDICATES NEGATIVE NUMBERS.
R  INDICATES RECORD WAS SET OR TIED.
MM INDICATES DATA IS MISSING.
T  INDICATES TRACE AMOUNT.




$$
