000
CDUS42 KMFL 030821
CLIMIA


CLIMATE REPORT
NATIONAL WEATHER SERVICE MIAMI, FL
421 AM EDT FRI JUL 3 2015


...................................

...THE MIAMI CLIMATE SUMMARY FOR JULY 2 2015...

CLIMATE NORMAL PERIOD 1981 TO 2010
CLIMATE RECORD PERIOD 1895 TO 2015


WEATHER ITEM   OBSERVED TIME   RECORD YEAR NORMAL DEPARTURE LAST
                VALUE   (LST)  VALUE       VALUE  FROM      YEAR
                                                  NORMAL
..................................................................
TEMPERATURE (F)
 YESTERDAY
  MAXIMUM         92    200 PM  95    1998  90      2       90
  MINIMUM         80    755 AM  68    1929  77      3       77
  AVERAGE         86                        84      2       84

PRECIPITATION (IN)
  YESTERDAY        0.07          4.67 2003   0.27  -0.20     0.66
  MONTH TO DATE    0.07                      0.54  -0.47     0.68
  SINCE JUN 1      3.67                     10.21  -6.54    20.30
  SINCE JAN 1     15.17                     25.56 -10.39    30.45

SNOWFALL (IN)
  YESTERDAY        0.0
  MONTH TO DATE    0.0
  SINCE JUN 1      0.0
  SINCE JUL 1      0.0
  SNOW DEPTH       0

DEGREE DAYS
 HEATING
  YESTERDAY        0                         0      0        0
  MONTH TO DATE    0                         0      0        0
  SINCE JUN 1      0                         0      0        0
  SINCE JUL 1      0                         0      0        0

 COOLING
  YESTERDAY       21                        19      2       19
  MONTH TO DATE   41                        37      4       37
  SINCE JUN 1    606                       569     37      539
  SINCE JAN 1   2283                      1925    358     2113
..................................................................


WIND (MPH)
  HIGHEST WIND SPEED    20   HIGHEST WIND DIRECTION    SE (120)
  HIGHEST GUST SPEED    23   HIGHEST GUST DIRECTION    SE (120)
  AVERAGE WIND SPEED     9.6


SKY COVER
  POSSIBLE SUNSHINE  81 PERCENT
  AVERAGE SKY COVER 0.5


WEATHER CONDITIONS
 THE FOLLOWING WEATHER WAS RECORDED YESTERDAY.
  THUNDERSTORM
  LIGHT RAIN


RELATIVE HUMIDITY (PERCENT)
 HIGHEST    74
 LOWEST     44
 AVERAGE    59

..........................................................


THE MIAMI CLIMATE NORMALS FOR TODAY
                         NORMAL    RECORD    YEAR
 MAXIMUM TEMPERATURE (F)   90        98      1998
 MINIMUM TEMPERATURE (F)   77        68      1938


SUNRISE AND SUNSET
JULY  3 2015..........SUNRISE   634 AM EDT   SUNSET   817 PM EDT
JULY  4 2015..........SUNRISE   634 AM EDT   SUNSET   817 PM EDT


-  INDICATES NEGATIVE NUMBERS.
R  INDICATES RECORD WAS SET OR TIED.
MM INDICATES DATA IS MISSING.
T  INDICATES TRACE AMOUNT.




$$
