000
CDUS42 KMFL 222116
CLIMIA


CLIMATE REPORT
NATIONAL WEATHER SERVICE MIAMI, FL
416 PM EST MON DEC 22 2014


...................................

...THE MIAMI CLIMATE SUMMARY FOR DECEMBER 22 2014...
VALID TODAY AS OF 0400 PM LOCAL TIME.

CLIMATE NORMAL PERIOD 1981 TO 2010
CLIMATE RECORD PERIOD 1895 TO 2014


WEATHER ITEM   OBSERVED TIME   RECORD YEAR NORMAL DEPARTURE LAST
                VALUE   (LST)  VALUE       VALUE  FROM      YEAR
                                                  NORMAL
..................................................................
TEMPERATURE (F)
 TODAY
  MAXIMUM         82    221 PM  86    1948  77      5       83
  MINIMUM         66    632 AM  39    1973  62      4       76
                                      1960
                                      1927
  AVERAGE         74                        70      4       80

PRECIPITATION (IN)
  TODAY            0.00          1.83 1971   0.06  -0.06     0.00
  MONTH TO DATE    0.88                      1.51  -0.63     0.46
  SINCE NOV 1      3.54                      4.78  -1.24     6.19
  SINCE JAN 1     63.16                     61.37   1.79    66.21

SNOWFALL (IN)
  TODAY            0.0
  MONTH TO DATE    0.0
  SINCE DEC 1      0.0
  SINCE JUL 1      0.0
  SNOW DEPTH       0

DEGREE DAYS
 HEATING
  TODAY            0                         1     -1        0
  MONTH TO DATE   18                        18      0        0
  SINCE DEC 1     18                        18      0        0
  SINCE JUL 1     29                        21      8        2

 COOLING
  TODAY            9                         6      3       15
  MONTH TO DATE  125                       152    -27      225
  SINCE DEC 1    125                       152    -27      225
  SINCE JAN 1   4669                      4524    145     4766
..................................................................


WIND (MPH)
  HIGHEST WIND SPEED    13   HIGHEST WIND DIRECTION    SE (130)
  HIGHEST GUST SPEED    20   HIGHEST GUST DIRECTION     S (160)
  AVERAGE WIND SPEED     5.9


SKY COVER
  AVERAGE SKY COVER 0.7


WEATHER CONDITIONS
 THE FOLLOWING WEATHER WAS RECORDED TODAY.
  NO SIGNIFICANT WEATHER WAS OBSERVED.


RELATIVE HUMIDITY (PERCENT)
 HIGHEST    93
 LOWEST     67
 AVERAGE    80

..........................................................


THE MIAMI CLIMATE NORMALS FOR TOMORROW
                         NORMAL    RECORD    YEAR
 MAXIMUM TEMPERATURE (F)   77        86      1897
 MINIMUM TEMPERATURE (F)   62        37      1989


SUNRISE AND SUNSET
DECEMBER 22 2014......SUNRISE   704 AM EST   SUNSET   536 PM EST
DECEMBER 23 2014......SUNRISE   704 AM EST   SUNSET   536 PM EST


-  INDICATES NEGATIVE NUMBERS.
R  INDICATES RECORD WAS SET OR TIED.
MM INDICATES DATA IS MISSING.
T  INDICATES TRACE AMOUNT.




$$
