000
CDUS42 KMFL 242116
CLIMIA


CLIMATE REPORT
NATIONAL WEATHER SERVICE MIAMI, FL
416 PM EST TUE JAN 24 2017


...................................

...THE MIAMI CLIMATE SUMMARY FOR JANUARY 24 2017...
VALID TODAY AS OF 0400 PM LOCAL TIME.

CLIMATE NORMAL PERIOD 1981 TO 2010
CLIMATE RECORD PERIOD 1895 TO 2017


WEATHER ITEM   OBSERVED TIME   RECORD YEAR NORMAL DEPARTURE LAST
                VALUE   (LST)  VALUE       VALUE  FROM      YEAR
                                                  NORMAL
..................................................................
TEMPERATURE (F)
 TODAY
  MAXIMUM         80    359 PM  85    1898  77      3       61
  MINIMUM         63    719 AM  36    2003  60      3       46
  AVERAGE         72                        68      4       54

PRECIPITATION (IN)
  TODAY            0.00          1.01 1999   0.05  -0.05     0.00
  MONTH TO DATE    2.74                      1.23   1.51     4.93
  SINCE NOV 1      6.01                      6.54  -0.53    22.30
  SINCE JAN 1      2.74                      1.23   1.51     4.93

SNOWFALL (IN)
  TODAY            0.0
  MONTH TO DATE    0.0
  SINCE DEC 1      0.0
  SINCE JUL 1      0.0
  SNOW DEPTH       0

DEGREE DAYS
 HEATING
  TODAY            0                         2     -2       11
  MONTH TO DATE    6                        48    -42       31
  SINCE DEC 1      6                        82    -76       31
  SINCE JUL 1      6                        85    -79       31

 COOLING
  TODAY            7                         5      2        0
  MONTH TO DATE  230                       120    110       94
  SINCE DEC 1    601                       323    278      482
  SINCE JAN 1    230                       120    110       94
..................................................................


WIND (MPH)
  HIGHEST WIND SPEED    15   HIGHEST WIND DIRECTION     W (260)
  HIGHEST GUST SPEED    23   HIGHEST GUST DIRECTION     W (260)
  AVERAGE WIND SPEED    MM


SKY COVER
  AVERAGE SKY COVER  MM


WEATHER CONDITIONS
 THE FOLLOWING WEATHER WAS RECORDED TODAY.
  NO SIGNIFICANT WEATHER WAS OBSERVED.


RELATIVE HUMIDITY (PERCENT)
 HIGHEST    MM
 LOWEST     MM
 AVERAGE    MM

..........................................................


THE MIAMI CLIMATE NORMALS FOR TOMORROW
                         NORMAL    RECORD    YEAR
 MAXIMUM TEMPERATURE (F)   77        84      2002
                                             1991
                                             1990
 MINIMUM TEMPERATURE (F)   60        36      1940


SUNRISE AND SUNSET
JANUARY 24 2017.......SUNRISE   708 AM EST   SUNSET   559 PM EST
JANUARY 25 2017.......SUNRISE   708 AM EST   SUNSET   600 PM EST


-  INDICATES NEGATIVE NUMBERS.
R  INDICATES RECORD WAS SET OR TIED.
MM INDICATES DATA IS MISSING.
T  INDICATES TRACE AMOUNT.




$$
