000
CDUS42 KMFL 302020
CLIMIA


CLIMATE REPORT
NATIONAL WEATHER SERVICE MIAMI, FL
420 PM EDT SAT AUG 30 2014


...................................

...THE MIAMI CLIMATE SUMMARY FOR AUGUST 30 2014...
VALID TODAY AS OF 0400 PM LOCAL TIME.

CLIMATE NORMAL PERIOD 1981 TO 2010
CLIMATE RECORD PERIOD 1839 TO 2014


WEATHER ITEM   OBSERVED TIME   RECORD YEAR NORMAL DEPARTURE LAST
                VALUE   (LST)  VALUE       VALUE  FROM      YEAR
                                                  NORMAL
..................................................................
TEMPERATURE (F)
 TODAY
  MAXIMUM         92    259 PM  95    1981  90      2       90
                                      1951
  MINIMUM         83    628 AM  68    1942  77      6       77
  AVERAGE         88                        84      4       84

PRECIPITATION (IN)
  TODAY            0.00          3.54 1989   0.31  -0.31     0.00
  MONTH TO DATE    9.07                      8.56   0.51     4.02
  SINCE JUN 1     38.98                     24.73  14.25    22.90
  SINCE JAN 1     49.13                     40.08   9.05    42.27

SNOWFALL (IN)
  TODAY            0.0
  MONTH TO DATE    0.0
  SINCE JUN 1      0.0
  SINCE JUL 1      0.0
  SNOW DEPTH       0

DEGREE DAYS
 HEATING
  TODAY            0                         0      0        0
  MONTH TO DATE    0                         0      0        0
  SINCE JUN 1      0                         0      0        0
  SINCE JUL 1      0                         0      0        0

 COOLING
  TODAY           23                        19      4       19
  MONTH TO DATE  604                       578     26      576
  SINCE JUN 1   1699                      1702     -3     1675
  SINCE JAN 1   3273                      3058    215     3120
..................................................................


WIND (MPH)
  HIGHEST WIND SPEED    20   HIGHEST WIND DIRECTION     E (90)
  HIGHEST GUST SPEED    27   HIGHEST GUST DIRECTION    SE (120)
  AVERAGE WIND SPEED    11.4


SKY COVER
  AVERAGE SKY COVER 0.5


WEATHER CONDITIONS
 THE FOLLOWING WEATHER WAS RECORDED TODAY.
  NO SIGNIFICANT WEATHER WAS OBSERVED.


RELATIVE HUMIDITY (PERCENT)
 HIGHEST    75
 LOWEST     56
 AVERAGE    66

..........................................................


THE MIAMI CLIMATE NORMALS FOR TOMORROW
                         NORMAL    RECORD    YEAR
 MAXIMUM TEMPERATURE (F)   90        95      1998
 MINIMUM TEMPERATURE (F)   77        70      1942


SUNRISE AND SUNSET
AUGUST 30 2014........SUNRISE   701 AM EDT   SUNSET   742 PM EDT
AUGUST 31 2014........SUNRISE   701 AM EDT   SUNSET   741 PM EDT


-  INDICATES NEGATIVE NUMBERS.
R  INDICATES RECORD WAS SET OR TIED.
MM INDICATES DATA IS MISSING.
T  INDICATES TRACE AMOUNT.

$$
