000
CDUS43 KIND 230531
CLIMIE


CLIMATE REPORT
NATIONAL WEATHER SERVICE INDIANAPOLIS IN
130 AM EDT TUE MAY 23 2017


...................................

...THE MUNCIE IN CLIMATE SUMMARY FOR MAY 22 2017...

CLIMATE NORMAL PERIOD 1981 TO 2010
CLIMATE RECORD PERIOD 9999 TO 9999


WEATHER ITEM   OBSERVED TIME   NORMAL DEPARTURE LAST
                VALUE   (LST)  VALUE  FROM      YEAR
                                      NORMAL
......................................................
TEMPERATURE (F)
 YESTERDAY
  MAXIMUM         72    600 PM  74     -2       78
  MINIMUM         49    557 AM  54     -5       50
  AVERAGE         61            64     -3       64

PRECIPITATION (IN)
  YESTERDAY        0.00          0.15  -0.15     0.00
  MONTH TO DATE    2.91          3.01  -0.10     2.64
  SINCE MAR 1     13.21          9.63   3.58    10.90
  SINCE JAN 1     18.92         14.17   4.75    14.01

DEGREE DAYS
 HEATING
  YESTERDAY        4             4      0        1
  MONTH TO DATE  148           139      9      164
  SINCE MAR 1   1067          1348   -281     1044
  SINCE JUL 1   4355          5731  -1376     4635

 COOLING
  YESTERDAY        0             3     -3        0
  MONTH TO DATE   54            37     17       10
  SINCE MAR 1     88            52     36       20
  SINCE JAN 1     88            52     36       20
......................................................


WIND (MPH)
  HIGHEST WIND SPEED    20   HIGHEST WIND DIRECTION     W (290)
  HIGHEST GUST SPEED    24   HIGHEST GUST DIRECTION     W (280)
  AVERAGE WIND SPEED     6.1


SKY COVER
  AVERAGE SKY COVER 0.1


WEATHER CONDITIONS
 THE FOLLOWING WEATHER WAS RECORDED YESTERDAY.
  NO SIGNIFICANT WEATHER WAS OBSERVED.


RELATIVE HUMIDITY (PERCENT)
 HIGHEST    80           600 AM
 LOWEST     34           400 PM
 AVERAGE    57

..........................................................


THE MUNCIE IN CLIMATE NORMALS FOR TODAY
                         NORMAL
 MAXIMUM TEMPERATURE (F)   74
 MINIMUM TEMPERATURE (F)   54


SUNRISE AND SUNSET
MAY 23 2017...........SUNRISE   619 AM EDT   SUNSET   858 PM EDT
MAY 24 2017...........SUNRISE   618 AM EDT   SUNSET   859 PM EDT


-  INDICATES NEGATIVE NUMBERS.
R  INDICATES RECORD WAS SET OR TIED.
MM INDICATES DATA IS MISSING.
T  INDICATES TRACE AMOUNT.




$$
