490
CDUS43 KIND 230534
CLIMIE


CLIMATE REPORT
NATIONAL WEATHER SERVICE INDIANAPOLIS IN
1231 AM EST TUE JAN 23 2018


...................................

...THE MUNCIE IN CLIMATE SUMMARY FOR JANUARY 22 2018...

CLIMATE NORMAL PERIOD 1981 TO 2010
CLIMATE RECORD PERIOD 9999 TO 9999


WEATHER ITEM   OBSERVED TIME   NORMAL DEPARTURE LAST
                VALUE   (LST)  VALUE  FROM      YEAR
                                      NORMAL
......................................................
TEMPERATURE (F)
 YESTERDAY
  MAXIMUM         56    442 PM  34     22       63
  MINIMUM         41   1159 PM  19     22       48
  AVERAGE         49            26     23       56

PRECIPITATION (IN)
  YESTERDAY        0.11          0.07   0.04     0.00
  MONTH TO DATE    0.92          1.56  -0.64     4.67
  SINCE DEC 1      1.89          4.44  -2.55     5.86
  SINCE JAN 1      0.92          1.56  -0.64     4.67

DEGREE DAYS
 HEATING
  YESTERDAY       16            39    -23        9
  MONTH TO DATE  934           849     85      654
  SINCE DEC 1   2020          1912    108     1712
  SINCE JUL 1   2932          3047   -115     2414

 COOLING
  YESTERDAY        0             0      0        0
  MONTH TO DATE    0             0      0        0
  SINCE DEC 1      0             0      0        0
  SINCE JAN 1      0             0      0        0
......................................................


WIND (MPH)
  HIGHEST WIND SPEED    33   HIGHEST WIND DIRECTION     W (250)
  HIGHEST GUST SPEED    52   HIGHEST GUST DIRECTION     W (270)
  AVERAGE WIND SPEED    15.9


SKY COVER
  AVERAGE SKY COVER 0.8


WEATHER CONDITIONS
 THE FOLLOWING WEATHER WAS RECORDED YESTERDAY.
  LIGHT RAIN


RELATIVE HUMIDITY (PERCENT)
 HIGHEST    89          1200 AM
 LOWEST     66           700 AM
 AVERAGE    78

..........................................................


THE MUNCIE IN CLIMATE NORMALS FOR TODAY
                         NORMAL
 MAXIMUM TEMPERATURE (F)   34
 MINIMUM TEMPERATURE (F)   19


SUNRISE AND SUNSET
JANUARY 23 2018.......SUNRISE   758 AM EST   SUNSET   549 PM EST
JANUARY 24 2018.......SUNRISE   757 AM EST   SUNSET   551 PM EST


-  INDICATES NEGATIVE NUMBERS.
R  INDICATES RECORD WAS SET OR TIED.
MM INDICATES DATA IS MISSING.
T  INDICATES TRACE AMOUNT.




$$
