000
CDUS43 KIND 250546
CLIMIE


CLIMATE REPORT
NATIONAL WEATHER SERVICE INDIANAPOLIS IN
146 AM EDT THU AUG 25 2016


...................................

...THE MUNCIE IN CLIMATE SUMMARY FOR AUGUST 24 2016...

CLIMATE NORMAL PERIOD 1981 TO 2010
CLIMATE RECORD PERIOD 9999 TO 9999


WEATHER ITEM   OBSERVED TIME   NORMAL DEPARTURE LAST
                VALUE   (LST)  VALUE  FROM      YEAR
                                      NORMAL
......................................................
TEMPERATURE (F)
 YESTERDAY
  MAXIMUM         85    156 PM  83      2       72
  MINIMUM         69    357 AM  62      7       54
  AVERAGE         77            72      5       63

PRECIPITATION (IN)
  YESTERDAY        0.15          0.10   0.05     0.00
  MONTH TO DATE    7.60          2.53   5.07     2.13
  SINCE JUN 1     13.55         11.57   1.98    16.68
  SINCE JAN 1     27.62         27.14   0.48    31.48

DEGREE DAYS
 HEATING
  YESTERDAY        0             0      0        2
  MONTH TO DATE    0             0      0        7
  SINCE JUN 1      6            27    -21       35
  SINCE JUL 1      3             3      0        7

 COOLING
  YESTERDAY       12             7      5        0
  MONTH TO DATE  279           192     87      114
  SINCE JUN 1    900           702    198      589
  SINCE JAN 1   1007           785    222      733
......................................................


WIND (MPH)
  HIGHEST WIND SPEED    17   HIGHEST WIND DIRECTION     S (190)
  HIGHEST GUST SPEED    25   HIGHEST GUST DIRECTION    SW (220)
  AVERAGE WIND SPEED     8.8


SKY COVER
  AVERAGE SKY COVER 0.3


WEATHER CONDITIONS
 THE FOLLOWING WEATHER WAS RECORDED YESTERDAY.
  THUNDERSTORM
  LIGHT RAIN
  FOG


RELATIVE HUMIDITY (PERCENT)
 HIGHEST    85           400 PM
 LOWEST     69           300 PM
 AVERAGE    77

..........................................................


THE MUNCIE IN CLIMATE NORMALS FOR TODAY
                         NORMAL
 MAXIMUM TEMPERATURE (F)   83
 MINIMUM TEMPERATURE (F)   61


SUNRISE AND SUNSET
AUGUST 25 2016........SUNRISE   703 AM EDT   SUNSET   823 PM EDT
AUGUST 26 2016........SUNRISE   704 AM EDT   SUNSET   822 PM EDT


-  INDICATES NEGATIVE NUMBERS.
R  INDICATES RECORD WAS SET OR TIED.
MM INDICATES DATA IS MISSING.
T  INDICATES TRACE AMOUNT.




$$
