000
CDUS43 KIND 230532
CLIMIE


CLIMATE REPORT
NATIONAL WEATHER SERVICE INDIANAPOLIS IN
132 AM EDT MON OCT 23 2017


...................................

...THE MUNCIE IN CLIMATE SUMMARY FOR OCTOBER 22 2017...

CLIMATE NORMAL PERIOD 1981 TO 2010
CLIMATE RECORD PERIOD 9999 TO 9999


WEATHER ITEM   OBSERVED TIME   NORMAL DEPARTURE LAST
                VALUE   (LST)  VALUE  FROM      YEAR
                                      NORMAL
......................................................
TEMPERATURE (F)
 YESTERDAY
  MAXIMUM         80    318 PM  62     18       58
  MINIMUM         60    736 AM  42     18       41
  AVERAGE         70            52     18       50

PRECIPITATION (IN)
  YESTERDAY        0.00          0.09  -0.09     0.00
  MONTH TO DATE    3.01          2.10   0.91     2.29
  SINCE SEP 1      4.85          5.06  -0.21     6.99
  SINCE JAN 1     39.74         32.97   6.77    36.27

DEGREE DAYS
 HEATING
  YESTERDAY        0            13    -13       15
  MONTH TO DATE   53           230   -177       98
  SINCE SEP 1    108           321   -213      108
  SINCE JUL 1    111           331   -220      111

 COOLING
  YESTERDAY        5             0      5        0
  MONTH TO DATE   57            13     44       51
  SINCE SEP 1    212           118     94      239
  SINCE JAN 1   1090           952    138     1339
......................................................


WIND (MPH)
  HIGHEST WIND SPEED    20   HIGHEST WIND DIRECTION     S (200)
  HIGHEST GUST SPEED    27   HIGHEST GUST DIRECTION    SW (220)
  AVERAGE WIND SPEED    10.2


SKY COVER
  AVERAGE SKY COVER 0.1


WEATHER CONDITIONS
 THE FOLLOWING WEATHER WAS RECORDED YESTERDAY.
  NO SIGNIFICANT WEATHER WAS OBSERVED.


RELATIVE HUMIDITY (PERCENT)
 HIGHEST    69           800 AM
 LOWEST     45           100 PM
 AVERAGE    57

..........................................................


THE MUNCIE IN CLIMATE NORMALS FOR TODAY
                         NORMAL
 MAXIMUM TEMPERATURE (F)   62
 MINIMUM TEMPERATURE (F)   41


SUNRISE AND SUNSET
OCTOBER 23 2017.......SUNRISE   801 AM EDT   SUNSET   650 PM EDT
OCTOBER 24 2017.......SUNRISE   802 AM EDT   SUNSET   649 PM EDT


-  INDICATES NEGATIVE NUMBERS.
R  INDICATES RECORD WAS SET OR TIED.
MM INDICATES DATA IS MISSING.
T  INDICATES TRACE AMOUNT.




$$
