000
CDUS43 KIND 010533
CLIMIE


CLIMATE REPORT
NATIONAL WEATHER SERVICE INDIANAPOLIS IN
133 AM EDT WED JUL 1 2015


...................................

...THE MUNCIE IN CLIMATE SUMMARY FOR JUNE 30 2015...

CLIMATE NORMAL PERIOD 1981 TO 2010
CLIMATE RECORD PERIOD 9999 TO 9999


WEATHER ITEM   OBSERVED TIME   NORMAL DEPARTURE LAST
                VALUE   (LST)  VALUE  FROM      YEAR
                                      NORMAL
......................................................
TEMPERATURE (F)
 YESTERDAY
  MAXIMUM         79    508 PM  85     -6       81
  MINIMUM         63    550 AM  64     -1       70
  AVERAGE         71            74     -3       76

PRECIPITATION (IN)
  YESTERDAY        0.02          0.15  -0.13     0.00
  MONTH TO DATE    7.69          4.66   3.03     5.46
  SINCE JUN 1      7.69          4.66   3.03     5.46
  SINCE JAN 1     22.49         20.23   2.26    20.23

DEGREE DAYS
 HEATING
  YESTERDAY        0             0      0        0
  MONTH TO DATE   28            21      7        8
  SINCE JUN 1     28            24      4        8
  SINCE JUL 1   6219          5783    436     6419

 COOLING
  YESTERDAY        6            10     -4       11
  MONTH TO DATE  220           216      4      245
  SINCE JUN 1    220           216      4      245
  SINCE JAN 1    364           299     65      360
......................................................


WIND (MPH)
  HIGHEST WIND SPEED    20   HIGHEST WIND DIRECTION     W (270)
  HIGHEST GUST SPEED    23   HIGHEST GUST DIRECTION     W (280)
  AVERAGE WIND SPEED     6.8


SKY COVER
  AVERAGE SKY COVER 0.5


WEATHER CONDITIONS
 THE FOLLOWING WEATHER WAS RECORDED YESTERDAY.
  FOG


RELATIVE HUMIDITY (PERCENT)
 HIGHEST   100           400 AM
 LOWEST     54           300 PM
 AVERAGE    77

..........................................................


THE MUNCIE IN CLIMATE NORMALS FOR TODAY
                         NORMAL
 MAXIMUM TEMPERATURE (F)   85
 MINIMUM TEMPERATURE (F)   65


SUNRISE AND SUNSET
JULY  1 2015..........SUNRISE   616 AM EDT   SUNSET   915 PM EDT
JULY  2 2015..........SUNRISE   616 AM EDT   SUNSET   915 PM EDT


-  INDICATES NEGATIVE NUMBERS.
R  INDICATES RECORD WAS SET OR TIED.
MM INDICATES DATA IS MISSING.
T  INDICATES TRACE AMOUNT.




$$
