000
CDUS43 KIND 260532
CLIMIE


CLIMATE REPORT
NATIONAL WEATHER SERVICE INDIANAPOLIS IN
132 AM EDT MON JUN 26 2017


...................................

...THE MUNCIE IN CLIMATE SUMMARY FOR JUNE 25 2017...

CLIMATE NORMAL PERIOD 1981 TO 2010
CLIMATE RECORD PERIOD 9999 TO 9999


WEATHER ITEM   OBSERVED TIME   NORMAL DEPARTURE LAST
                VALUE   (LST)  VALUE  FROM      YEAR
                                      NORMAL
......................................................
TEMPERATURE (F)
 YESTERDAY
  MAXIMUM         73    608 PM  84    -11       89
  MINIMUM         57    442 AM  64     -7       60
  AVERAGE         65            74     -9       75

PRECIPITATION (IN)
  YESTERDAY        0.00          0.16  -0.16     0.00
  MONTH TO DATE    6.91          3.89   3.02     3.58
  SINCE JUN 1      6.91          3.89   3.02     3.58
  SINCE JAN 1     26.48         19.46   7.02    17.65

DEGREE DAYS
 HEATING
  YESTERDAY        0             0      0        0
  MONTH TO DATE    1            21    -20        3
  SINCE JUN 1      1            21    -20        3
  SINCE JUL 1   4362          5780  -1418     4640

 COOLING
  YESTERDAY        0             9     -9       10
  MONTH TO DATE  217           168     49      235
  SINCE JUN 1    217           168     49      235
  SINCE JAN 1    333           251     82      342
......................................................


WIND (MPH)
  HIGHEST WIND SPEED    20   HIGHEST WIND DIRECTION     W (290)
  HIGHEST GUST SPEED    28   HIGHEST GUST DIRECTION     W (270)
  AVERAGE WIND SPEED     9.5


SKY COVER
  AVERAGE SKY COVER 0.2


WEATHER CONDITIONS
 THE FOLLOWING WEATHER WAS RECORDED YESTERDAY.
  NO SIGNIFICANT WEATHER WAS OBSERVED.


RELATIVE HUMIDITY (PERCENT)
 HIGHEST    72           400 AM
 LOWEST     38           500 PM
 AVERAGE    55

..........................................................


THE MUNCIE IN CLIMATE NORMALS FOR TODAY
                         NORMAL
 MAXIMUM TEMPERATURE (F)   84
 MINIMUM TEMPERATURE (F)   64


SUNRISE AND SUNSET
JUNE 26 2017..........SUNRISE   614 AM EDT   SUNSET   915 PM EDT
JUNE 27 2017..........SUNRISE   614 AM EDT   SUNSET   915 PM EDT


-  INDICATES NEGATIVE NUMBERS.
R  INDICATES RECORD WAS SET OR TIED.
MM INDICATES DATA IS MISSING.
T  INDICATES TRACE AMOUNT.




$$
